Apr 28 20:12:46.428514 np0000171183 neutron-periodic-workers[106186]: DEBUG cotyledon.oslo_config_glue [-] database.backend = sqlalchemy {{(pid=106186) log_opt_values /opt/stack/data/venv/lib/python3.12/site-packages/oslo_config/cfg.py:3006}}
Apr 28 20:12:46.428568 np0000171183 neutron-periodic-workers[106186]: DEBUG cotyledon.oslo_config_glue [-] database.connection = **** {{(pid=106186) log_opt_values /opt/stack/data/venv/lib/python3.12/site-packages/oslo_config/cfg.py:3006}}
Apr 28 20:12:46.428619 np0000171183 neutron-periodic-workers[106186]: DEBUG cotyledon.oslo_config_glue [-] database.connection_debug = 0 {{(pid=106186) log_opt_values /opt/stack/data/venv/lib/python3.12/site-packages/oslo_config/cfg.py:3006}}
Apr 28 20:12:46.428659 np0000171183 neutron-periodic-workers[106186]: DEBUG cotyledon.oslo_config_glue [-] database.connection_parameters = {{(pid=106186) log_opt_values /opt/stack/data/venv/lib/python3.12/site-packages/oslo_config/cfg.py:3006}}
Apr 28 20:12:46.428712 np0000171183 neutron-periodic-workers[106186]: DEBUG cotyledon.oslo_config_glue [-] database.connection_recycle_time = 3600 {{(pid=106186) log_opt_values /opt/stack/data/venv/lib/python3.12/site-packages/oslo_config/cfg.py:3006}}
Apr 28 20:12:46.428744 np0000171183 neutron-periodic-workers[106186]: DEBUG cotyledon.oslo_config_glue [-] database.connection_trace = False {{(pid=106186) log_opt_values /opt/stack/data/venv/lib/python3.12/site-packages/oslo_config/cfg.py:3006}}
Apr 28 20:12:46.428795 np0000171183 neutron-periodic-workers[106186]: DEBUG cotyledon.oslo_config_glue [-] database.db_inc_retry_interval = True {{(pid=106186) log_opt_values /opt/stack/data/venv/lib/python3.12/site-packages/oslo_config/cfg.py:3006}}
Apr 28 20:12:46.428832 np0000171183 neutron-periodic-workers[106186]: DEBUG cotyledon.oslo_config_glue [-] database.db_max_retries = 20 {{(pid=106186) log_opt_values /opt/stack/data/venv/lib/python3.12/site-packages/oslo_config/cfg.py:3006}}
Apr 28 20:12:46.428868 np0000171183 neutron-periodic-workers[106186]: DEBUG cotyledon.oslo_config_glue [-] database.db_max_retry_interval = 10 {{(pid=106186) log_opt_values /opt/stack/data/venv/lib/python3.12/site-packages/oslo_config/cfg.py:3006}}
Apr 28 20:12:46.428913 np0000171183 neutron-periodic-workers[106186]: DEBUG cotyledon.oslo_config_glue [-] database.db_retry_interval = 1 {{(pid=106186) log_opt_values /opt/stack/data/venv/lib/python3.12/site-packages/oslo_config/cfg.py:3006}}
Apr 28 20:12:46.428945 np0000171183 neutron-periodic-workers[106186]: DEBUG cotyledon.oslo_config_glue [-] database.max_overflow = 50 {{(pid=106186) log_opt_values /opt/stack/data/venv/lib/python3.12/site-packages/oslo_config/cfg.py:3006}}
Apr 28 20:12:46.428997 np0000171183 neutron-periodic-workers[106186]: DEBUG cotyledon.oslo_config_glue [-] database.max_pool_size = 5 {{(pid=106186) log_opt_values /opt/stack/data/venv/lib/python3.12/site-packages/oslo_config/cfg.py:3006}}
Apr 28 20:12:46.429035 np0000171183 neutron-periodic-workers[106186]: DEBUG cotyledon.oslo_config_glue [-] database.max_retries = 10 {{(pid=106186) log_opt_values /opt/stack/data/venv/lib/python3.12/site-packages/oslo_config/cfg.py:3006}}
Apr 28 20:12:46.429087 np0000171183 neutron-periodic-workers[106186]: DEBUG cotyledon.oslo_config_glue [-] database.mysql_sql_mode = TRADITIONAL {{(pid=106186) log_opt_values /opt/stack/data/venv/lib/python3.12/site-packages/oslo_config/cfg.py:3006}}
Apr 28 20:12:46.429127 np0000171183 neutron-periodic-workers[106186]: DEBUG cotyledon.oslo_config_glue [-] database.mysql_wsrep_sync_wait = None {{(pid=106186) log_opt_values /opt/stack/data/venv/lib/python3.12/site-packages/oslo_config/cfg.py:3006}}
Apr 28 20:12:46.429166 np0000171183 neutron-periodic-workers[106186]: DEBUG cotyledon.oslo_config_glue [-] database.pool_timeout = None {{(pid=106186) log_opt_values /opt/stack/data/venv/lib/python3.12/site-packages/oslo_config/cfg.py:3006}}
Apr 28 20:12:46.429221 np0000171183 neutron-periodic-workers[106186]: DEBUG cotyledon.oslo_config_glue [-] database.retry_interval = 10 {{(pid=106186) log_opt_values /opt/stack/data/venv/lib/python3.12/site-packages/oslo_config/cfg.py:3006}}
Apr 28 20:12:46.429263 np0000171183 neutron-periodic-workers[106186]: DEBUG cotyledon.oslo_config_glue [-] database.slave_connection = **** {{(pid=106186) log_opt_values /opt/stack/data/venv/lib/python3.12/site-packages/oslo_config/cfg.py:3006}}
Apr 28 20:12:46.429294 np0000171183 neutron-periodic-workers[106186]: DEBUG cotyledon.oslo_config_glue [-] database.sqlite_synchronous = True {{(pid=106186) log_opt_values /opt/stack/data/venv/lib/python3.12/site-packages/oslo_config/cfg.py:3006}}
Apr 28 20:12:46.429353 np0000171183 neutron-periodic-workers[106186]: DEBUG cotyledon.oslo_config_glue [-] database.synchronous_reader = True {{(pid=106186) log_opt_values /opt/stack/data/venv/lib/python3.12/site-packages/oslo_config/cfg.py:3006}}
Apr 28 20:12:46.429410 np0000171183 neutron-periodic-workers[106186]: DEBUG cotyledon.oslo_config_glue [-] database.use_db_reconnect = False {{(pid=106186) log_opt_values /opt/stack/data/venv/lib/python3.12/site-packages/oslo_config/cfg.py:3006}}
Apr 28 20:12:46.429489 np0000171183 neutron-periodic-workers[106186]: DEBUG cotyledon.oslo_config_glue [-] ovn.bfd_min_rx = 1000 {{(pid=106186) log_opt_values /opt/stack/data/venv/lib/python3.12/site-packages/oslo_config/cfg.py:3006}}
Apr 28 20:12:46.429523 np0000171183 neutron-periodic-workers[106186]: DEBUG cotyledon.oslo_config_glue [-] ovn.bfd_min_tx = 100 {{(pid=106186) log_opt_values /opt/stack/data/venv/lib/python3.12/site-packages/oslo_config/cfg.py:3006}}
Apr 28 20:12:46.429582 np0000171183 neutron-periodic-workers[106186]: DEBUG cotyledon.oslo_config_glue [-] ovn.bfd_mult = 3 {{(pid=106186) log_opt_values /opt/stack/data/venv/lib/python3.12/site-packages/oslo_config/cfg.py:3006}}
Apr 28 20:12:46.429623 np0000171183 neutron-periodic-workers[106186]: DEBUG cotyledon.oslo_config_glue [-] ovn.broadcast_arps_to_all_routers = True {{(pid=106186) log_opt_values /opt/stack/data/venv/lib/python3.12/site-packages/oslo_config/cfg.py:3006}}
Apr 28 20:12:46.429655 np0000171183 neutron-periodic-workers[106186]: DEBUG cotyledon.oslo_config_glue [-] ovn.dhcp_default_lease_time = 43200 {{(pid=106186) log_opt_values /opt/stack/data/venv/lib/python3.12/site-packages/oslo_config/cfg.py:3006}}
Apr 28 20:12:46.429706 np0000171183 neutron-periodic-workers[106186]: DEBUG cotyledon.oslo_config_glue [-] ovn.disable_ovn_dhcp_for_baremetal_ports = False {{(pid=106186) log_opt_values /opt/stack/data/venv/lib/python3.12/site-packages/oslo_config/cfg.py:3006}}
Apr 28 20:12:46.429739 np0000171183 neutron-periodic-workers[106186]: DEBUG cotyledon.oslo_config_glue [-] ovn.dns_records_ovn_owned = False {{(pid=106186) log_opt_values /opt/stack/data/venv/lib/python3.12/site-packages/oslo_config/cfg.py:3006}}
Apr 28 20:12:46.429827 np0000171183 neutron-periodic-workers[106186]: DEBUG cotyledon.oslo_config_glue [-] ovn.dns_servers = [] {{(pid=106186) log_opt_values /opt/stack/data/venv/lib/python3.12/site-packages/oslo_config/cfg.py:3006}}
Apr 28 20:12:46.429863 np0000171183 neutron-periodic-workers[106186]: DEBUG cotyledon.oslo_config_glue [-] ovn.enable_distributed_floating_ip = False {{(pid=106186) log_opt_values /opt/stack/data/venv/lib/python3.12/site-packages/oslo_config/cfg.py:3006}}
Apr 28 20:12:46.429913 np0000171183 neutron-periodic-workers[106186]: DEBUG cotyledon.oslo_config_glue [-] ovn.fdb_age_threshold = 300 {{(pid=106186) log_opt_values /opt/stack/data/venv/lib/python3.12/site-packages/oslo_config/cfg.py:3006}}
Apr 28 20:12:46.429952 np0000171183 neutron-periodic-workers[106186]: DEBUG cotyledon.oslo_config_glue [-] ovn.ha_failover_strategy = normal {{(pid=106186) log_opt_values /opt/stack/data/venv/lib/python3.12/site-packages/oslo_config/cfg.py:3006}}
Apr 28 20:12:46.429983 np0000171183 neutron-periodic-workers[106186]: DEBUG cotyledon.oslo_config_glue [-] ovn.live_migration_activation_strategy = rarp {{(pid=106186) log_opt_values /opt/stack/data/venv/lib/python3.12/site-packages/oslo_config/cfg.py:3006}}
Apr 28 20:12:46.430037 np0000171183 neutron-periodic-workers[106186]: DEBUG cotyledon.oslo_config_glue [-] ovn.localnet_learn_fdb = False {{(pid=106186) log_opt_values /opt/stack/data/venv/lib/python3.12/site-packages/oslo_config/cfg.py:3006}}
Apr 28 20:12:46.430075 np0000171183 neutron-periodic-workers[106186]: DEBUG cotyledon.oslo_config_glue [-] ovn.mac_binding_age_threshold = 300 {{(pid=106186) log_opt_values /opt/stack/data/venv/lib/python3.12/site-packages/oslo_config/cfg.py:3006}}
Apr 28 20:12:46.430136 np0000171183 neutron-periodic-workers[106186]: DEBUG cotyledon.oslo_config_glue [-] ovn.neutron_sync_mode = log {{(pid=106186) log_opt_values /opt/stack/data/venv/lib/python3.12/site-packages/oslo_config/cfg.py:3006}}
Apr 28 20:12:46.430173 np0000171183 neutron-periodic-workers[106186]: DEBUG cotyledon.oslo_config_glue [-] ovn.ovn_dhcp4_global_options = {} {{(pid=106186) log_opt_values /opt/stack/data/venv/lib/python3.12/site-packages/oslo_config/cfg.py:3006}}
Apr 28 20:12:46.430210 np0000171183 neutron-periodic-workers[106186]: DEBUG cotyledon.oslo_config_glue [-] ovn.ovn_dhcp6_global_options = {} {{(pid=106186) log_opt_values /opt/stack/data/venv/lib/python3.12/site-packages/oslo_config/cfg.py:3006}}
Apr 28 20:12:46.430275 np0000171183 neutron-periodic-workers[106186]: DEBUG cotyledon.oslo_config_glue [-] ovn.ovn_l3_scheduler = leastloaded {{(pid=106186) log_opt_values /opt/stack/data/venv/lib/python3.12/site-packages/oslo_config/cfg.py:3006}}
Apr 28 20:12:46.430308 np0000171183 neutron-periodic-workers[106186]: DEBUG cotyledon.oslo_config_glue [-] ovn.ovn_metadata_enabled = True {{(pid=106186) log_opt_values /opt/stack/data/venv/lib/python3.12/site-packages/oslo_config/cfg.py:3006}}
Apr 28 20:12:46.430374 np0000171183 neutron-periodic-workers[106186]: DEBUG cotyledon.oslo_config_glue [-] ovn.ovn_nb_ca_cert = /opt/stack/data/CA/int-ca/ca-chain.pem {{(pid=106186) log_opt_values /opt/stack/data/venv/lib/python3.12/site-packages/oslo_config/cfg.py:3006}}
Apr 28 20:12:46.430433 np0000171183 neutron-periodic-workers[106186]: DEBUG cotyledon.oslo_config_glue [-] ovn.ovn_nb_certificate = /opt/stack/data/CA/int-ca/devstack-cert.crt {{(pid=106186) log_opt_values /opt/stack/data/venv/lib/python3.12/site-packages/oslo_config/cfg.py:3006}}
Apr 28 20:12:46.430476 np0000171183 neutron-periodic-workers[106186]: DEBUG cotyledon.oslo_config_glue [-] ovn.ovn_nb_connection = ['ssl:199.19.213.143:6641'] {{(pid=106186) log_opt_values /opt/stack/data/venv/lib/python3.12/site-packages/oslo_config/cfg.py:3006}}
Apr 28 20:12:46.430529 np0000171183 neutron-periodic-workers[106186]: DEBUG cotyledon.oslo_config_glue [-] ovn.ovn_nb_private_key = /opt/stack/data/CA/int-ca/private/devstack-cert.key {{(pid=106186) log_opt_values /opt/stack/data/venv/lib/python3.12/site-packages/oslo_config/cfg.py:3006}}
Apr 28 20:12:46.430562 np0000171183 neutron-periodic-workers[106186]: DEBUG cotyledon.oslo_config_glue [-] ovn.ovn_router_indirect_snat = False {{(pid=106186) log_opt_values /opt/stack/data/venv/lib/python3.12/site-packages/oslo_config/cfg.py:3006}}
Apr 28 20:12:46.430611 np0000171183 neutron-periodic-workers[106186]: DEBUG cotyledon.oslo_config_glue [-] ovn.ovn_sb_ca_cert = /opt/stack/data/CA/int-ca/ca-chain.pem {{(pid=106186) log_opt_values /opt/stack/data/venv/lib/python3.12/site-packages/oslo_config/cfg.py:3006}}
Apr 28 20:12:46.430644 np0000171183 neutron-periodic-workers[106186]: DEBUG cotyledon.oslo_config_glue [-] ovn.ovn_sb_certificate = /opt/stack/data/CA/int-ca/devstack-cert.crt {{(pid=106186) log_opt_values /opt/stack/data/venv/lib/python3.12/site-packages/oslo_config/cfg.py:3006}}
Apr 28 20:12:46.430680 np0000171183 neutron-periodic-workers[106186]: DEBUG cotyledon.oslo_config_glue [-] ovn.ovn_sb_connection = ['ssl:199.19.213.143:6642'] {{(pid=106186) log_opt_values /opt/stack/data/venv/lib/python3.12/site-packages/oslo_config/cfg.py:3006}}
Apr 28 20:12:46.430732 np0000171183 neutron-periodic-workers[106186]: DEBUG cotyledon.oslo_config_glue [-] ovn.ovn_sb_private_key = /opt/stack/data/CA/int-ca/private/devstack-cert.key {{(pid=106186) log_opt_values /opt/stack/data/venv/lib/python3.12/site-packages/oslo_config/cfg.py:3006}}
Apr 28 20:12:46.430766 np0000171183 neutron-periodic-workers[106186]: DEBUG cotyledon.oslo_config_glue [-] ovn.ovs_create_tap = False {{(pid=106186) log_opt_values /opt/stack/data/venv/lib/python3.12/site-packages/oslo_config/cfg.py:3006}}
Apr 28 20:12:46.430803 np0000171183 neutron-periodic-workers[106186]: DEBUG cotyledon.oslo_config_glue [-] ovn.ovsdb_connection_timeout = 180 {{(pid=106186) log_opt_values /opt/stack/data/venv/lib/python3.12/site-packages/oslo_config/cfg.py:3006}}
Apr 28 20:12:46.430844 np0000171183 neutron-periodic-workers[106186]: DEBUG cotyledon.oslo_config_glue [-] ovn.ovsdb_log_level = INFO {{(pid=106186) log_opt_values /opt/stack/data/venv/lib/python3.12/site-packages/oslo_config/cfg.py:3006}}
Apr 28 20:12:46.430920 np0000171183 neutron-periodic-workers[106186]: DEBUG cotyledon.oslo_config_glue [-] ovn.ovsdb_probe_interval = 60000 {{(pid=106186) log_opt_values /opt/stack/data/venv/lib/python3.12/site-packages/oslo_config/cfg.py:3006}}
Apr 28 20:12:46.430920 np0000171183 neutron-periodic-workers[106186]: DEBUG cotyledon.oslo_config_glue [-] ovn.ovsdb_retry_max_interval = 180 {{(pid=106186) log_opt_values /opt/stack/data/venv/lib/python3.12/site-packages/oslo_config/cfg.py:3006}}
Apr 28 20:12:46.430973 np0000171183 neutron-periodic-workers[106186]: DEBUG cotyledon.oslo_config_glue [-] ovn.stateless_nat_enabled = False {{(pid=106186) log_opt_values /opt/stack/data/venv/lib/python3.12/site-packages/oslo_config/cfg.py:3006}}
Apr 28 20:12:46.431005 np0000171183 neutron-periodic-workers[106186]: DEBUG cotyledon.oslo_config_glue [-] ovn.vhost_sock_dir = /var/run/openvswitch {{(pid=106186) log_opt_values /opt/stack/data/venv/lib/python3.12/site-packages/oslo_config/cfg.py:3006}}
Apr 28 20:12:46.431069 np0000171183 neutron-periodic-workers[106186]: DEBUG cotyledon.oslo_config_glue [-] OVS.bridge_mac_table_size = 50000 {{(pid=106186) log_opt_values /opt/stack/data/venv/lib/python3.12/site-packages/oslo_config/cfg.py:3006}}
Apr 28 20:12:46.431120 np0000171183 neutron-periodic-workers[106186]: DEBUG cotyledon.oslo_config_glue [-] OVS.igmp_flood = False {{(pid=106186) log_opt_values /opt/stack/data/venv/lib/python3.12/site-packages/oslo_config/cfg.py:3006}}
Apr 28 20:12:46.431153 np0000171183 neutron-periodic-workers[106186]: DEBUG cotyledon.oslo_config_glue [-] OVS.igmp_flood_reports = True {{(pid=106186) log_opt_values /opt/stack/data/venv/lib/python3.12/site-packages/oslo_config/cfg.py:3006}}
Apr 28 20:12:46.431211 np0000171183 neutron-periodic-workers[106186]: DEBUG cotyledon.oslo_config_glue [-] OVS.igmp_flood_unregistered = False {{(pid=106186) log_opt_values /opt/stack/data/venv/lib/python3.12/site-packages/oslo_config/cfg.py:3006}}
Apr 28 20:12:46.431269 np0000171183 neutron-periodic-workers[106186]: DEBUG cotyledon.oslo_config_glue [-] OVS.igmp_snooping_enable = False {{(pid=106186) log_opt_values /opt/stack/data/venv/lib/python3.12/site-packages/oslo_config/cfg.py:3006}}
Apr 28 20:12:46.431303 np0000171183 neutron-periodic-workers[106186]: DEBUG cotyledon.oslo_config_glue [-] OVS.ovsdb_timeout = 10 {{(pid=106186) log_opt_values /opt/stack/data/venv/lib/python3.12/site-packages/oslo_config/cfg.py:3006}}
Apr 28 20:12:46.431367 np0000171183 neutron-periodic-workers[106186]: DEBUG cotyledon.oslo_config_glue [-] ovn_nb_global.fdb_removal_limit = 0 {{(pid=106186) log_opt_values /opt/stack/data/venv/lib/python3.12/site-packages/oslo_config/cfg.py:3006}}
Apr 28 20:12:46.431434 np0000171183 neutron-periodic-workers[106186]: DEBUG cotyledon.oslo_config_glue [-] ovn_nb_global.ignore_lsp_down = False {{(pid=106186) log_opt_values /opt/stack/data/venv/lib/python3.12/site-packages/oslo_config/cfg.py:3006}}
Apr 28 20:12:46.431487 np0000171183 neutron-periodic-workers[106186]: DEBUG cotyledon.oslo_config_glue [-] ovn_nb_global.mac_binding_removal_limit = 0 {{(pid=106186) log_opt_values /opt/stack/data/venv/lib/python3.12/site-packages/oslo_config/cfg.py:3006}}
Apr 28 20:12:46.431519 np0000171183 neutron-periodic-workers[106186]: DEBUG cotyledon.oslo_config_glue [-] ******************************************************************************** {{(pid=106186) log_opt_values /opt/stack/data/venv/lib/python3.12/site-packages/oslo_config/cfg.py:3013}}
Apr 28 20:12:46.431735 np0000171183 neutron-periodic-workers[106186]: DEBUG cotyledon._service_worker [-] Run service ServiceWrapper(0) [106186] {{(pid=106186) wait_forever /opt/stack/data/venv/lib/python3.12/site-packages/cotyledon/_service_worker.py:218}}
Apr 28 20:12:56.039967 np0000171183 neutron-periodic-workers[105400]: DEBUG dbcounter [-] [105400] Writing DB stats neutron:SELECT=4 {{(pid=105400) stat_writer /opt/stack/data/venv/lib/python3.12/site-packages/dbcounter.py:115}}
Apr 28 20:13:26.427294 np0000171183 neutron-periodic-workers[106175]: DEBUG oslo_db.sqlalchemy.engines [None req-6cdac4dc-8cc5-4fc2-a327-5416b4b2afd3 None None] Parent process 105400 forked (106175) with an open database connection, which is being discarded and recreated. {{(pid=106175) checkout /opt/stack/data/venv/lib/python3.12/site-packages/oslo_db/sqlalchemy/engines.py:402}}
Apr 28 20:13:26.436708 np0000171183 neutron-periodic-workers[106175]: DEBUG dbcounter [-] [106175] Writer thread running {{(pid=106175) stat_writer /opt/stack/data/venv/lib/python3.12/site-packages/dbcounter.py:102}}
Apr 28 20:13:26.440136 np0000171183 neutron-periodic-workers[106175]: DEBUG neutron.db.agents_db [None req-6cdac4dc-8cc5-4fc2-a327-5416b4b2afd3 None None] Agent healthcheck: found 0 active agents {{(pid=106175) agent_health_check /opt/stack/neutron/neutron/db/agents_db.py:317}}
Apr 28 20:13:26.440381 np0000171183 neutron-periodic-workers[106175]: DEBUG oslo.service.backend._threading.loopingcall [None req-6cdac4dc-8cc5-4fc2-a327-5416b4b2afd3 None None] Fixed interval looping call 'neutron.plugins.ml2.plugin.AgentDbMixin.agent_health_check' sleeping for 36.98 seconds {{(pid=106175) _run_loop /opt/stack/data/venv/lib/python3.12/site-packages/oslo_service/backend/_threading/loopingcall.py:125}}
Apr 28 20:13:36.438438 np0000171183 neutron-periodic-workers[106175]: DEBUG dbcounter [-] [106175] Writing DB stats neutron:SELECT=1 {{(pid=106175) stat_writer /opt/stack/data/venv/lib/python3.12/site-packages/dbcounter.py:115}}
Apr 28 20:13:55.405744 np0000171183 neutron-periodic-workers[106161]: DEBUG dbcounter [-] [106161] Writer thread running {{(pid=106161) stat_writer /opt/stack/data/venv/lib/python3.12/site-packages/dbcounter.py:102}}
Apr 28 20:13:55.417874 np0000171183 neutron-periodic-workers[106161]: DEBUG oslo.service.backend._threading.loopingcall [None req-ec8c02aa-06c4-4988-a533-aa15187f28af None None] Fixed interval looping call 'neutron.plugins.ml2.plugin.DhcpAgentSchedulerDbMixin.remove_networks_from_down_agents' sleeping for 36.97 seconds {{(pid=106161) _run_loop /opt/stack/data/venv/lib/python3.12/site-packages/oslo_service/backend/_threading/loopingcall.py:125}}
Apr 28 20:14:03.425739 np0000171183 neutron-periodic-workers[106175]: DEBUG neutron.db.agents_db [None req-6cdac4dc-8cc5-4fc2-a327-5416b4b2afd3 None None] Agent healthcheck: found 0 active agents {{(pid=106175) agent_health_check /opt/stack/neutron/neutron/db/agents_db.py:317}}
Apr 28 20:14:03.426652 np0000171183 neutron-periodic-workers[106175]: DEBUG oslo.service.backend._threading.loopingcall [None req-6cdac4dc-8cc5-4fc2-a327-5416b4b2afd3 None None] Fixed interval looping call 'neutron.plugins.ml2.plugin.AgentDbMixin.agent_health_check' sleeping for 37.00 seconds {{(pid=106175) _run_loop /opt/stack/data/venv/lib/python3.12/site-packages/oslo_service/backend/_threading/loopingcall.py:125}}
Apr 28 20:14:05.416596 np0000171183 neutron-periodic-workers[106161]: DEBUG dbcounter [-] [106161] Writing DB stats neutron:SELECT=3 {{(pid=106161) stat_writer /opt/stack/data/venv/lib/python3.12/site-packages/dbcounter.py:115}}
Apr 28 20:14:13.424188 np0000171183 neutron-periodic-workers[106175]: DEBUG dbcounter [-] [106175] Writing DB stats neutron:SELECT=1 {{(pid=106175) stat_writer /opt/stack/data/venv/lib/python3.12/site-packages/dbcounter.py:115}}
Apr 28 20:14:32.398308 np0000171183 neutron-periodic-workers[106161]: DEBUG oslo.service.backend._threading.loopingcall [None req-ec8c02aa-06c4-4988-a533-aa15187f28af None None] Fixed interval looping call 'neutron.plugins.ml2.plugin.DhcpAgentSchedulerDbMixin.remove_networks_from_down_agents' sleeping for 36.99 seconds {{(pid=106161) _run_loop /opt/stack/data/venv/lib/python3.12/site-packages/oslo_service/backend/_threading/loopingcall.py:125}}
Apr 28 20:14:40.463657 np0000171183 neutron-periodic-workers[106175]: DEBUG neutron.db.agents_db [None req-6cdac4dc-8cc5-4fc2-a327-5416b4b2afd3 None None] Agent healthcheck: found 0 active agents {{(pid=106175) agent_health_check /opt/stack/neutron/neutron/db/agents_db.py:317}}
Apr 28 20:14:40.464312 np0000171183 neutron-periodic-workers[106175]: DEBUG oslo.service.backend._threading.loopingcall [None req-6cdac4dc-8cc5-4fc2-a327-5416b4b2afd3 None None] Fixed interval looping call 'neutron.plugins.ml2.plugin.AgentDbMixin.agent_health_check' sleeping for 36.96 seconds {{(pid=106175) _run_loop /opt/stack/data/venv/lib/python3.12/site-packages/oslo_service/backend/_threading/loopingcall.py:125}}
Apr 28 20:14:42.396941 np0000171183 neutron-periodic-workers[106161]: DEBUG dbcounter [-] [106161] Writing DB stats neutron:SELECT=3 {{(pid=106161) stat_writer /opt/stack/data/venv/lib/python3.12/site-packages/dbcounter.py:115}}
Apr 28 20:14:46.450148 np0000171183 neutron-periodic-workers[106186]: DEBUG dbcounter [-] [106186] Writer thread running {{(pid=106186) stat_writer /opt/stack/data/venv/lib/python3.12/site-packages/dbcounter.py:102}}
Apr 28 20:14:46.452226 np0000171183 neutron-periodic-workers[106186]: DEBUG oslo.service.backend._threading.loopingcall [None req-2d0f0430-97fb-46d9-b039-7c5cca3b5666 None None] Fixed interval looping call 'neutron.db.quota.driver_nolock.DbQuotaNoLockDriver._remove_expired_reservations' sleeping for 119.98 seconds {{(pid=106186) _run_loop /opt/stack/data/venv/lib/python3.12/site-packages/oslo_service/backend/_threading/loopingcall.py:125}}
Apr 28 20:14:50.430432 np0000171183 neutron-periodic-workers[106175]: DEBUG dbcounter [-] [106175] Writing DB stats neutron:SELECT=1 {{(pid=106175) stat_writer /opt/stack/data/venv/lib/python3.12/site-packages/dbcounter.py:115}}
Apr 28 20:14:56.450957 np0000171183 neutron-periodic-workers[106186]: DEBUG dbcounter [-] [106186] Writing DB stats neutron:DELETE=1 {{(pid=106186) stat_writer /opt/stack/data/venv/lib/python3.12/site-packages/dbcounter.py:115}}
Apr 28 20:15:09.397610 np0000171183 neutron-periodic-workers[106161]: DEBUG oslo.service.backend._threading.loopingcall [None req-ec8c02aa-06c4-4988-a533-aa15187f28af None None] Fixed interval looping call 'neutron.plugins.ml2.plugin.DhcpAgentSchedulerDbMixin.remove_networks_from_down_agents' sleeping for 36.99 seconds {{(pid=106161) _run_loop /opt/stack/data/venv/lib/python3.12/site-packages/oslo_service/backend/_threading/loopingcall.py:125}}
Apr 28 20:15:17.429777 np0000171183 neutron-periodic-workers[106175]: DEBUG neutron.db.agents_db [None req-6cdac4dc-8cc5-4fc2-a327-5416b4b2afd3 None None] Agent healthcheck: found 0 active agents {{(pid=106175) agent_health_check /opt/stack/neutron/neutron/db/agents_db.py:317}}
Apr 28 20:15:17.430535 np0000171183 neutron-periodic-workers[106175]: DEBUG oslo.service.backend._threading.loopingcall [None req-6cdac4dc-8cc5-4fc2-a327-5416b4b2afd3 None None] Fixed interval looping call 'neutron.plugins.ml2.plugin.AgentDbMixin.agent_health_check' sleeping for 36.99 seconds {{(pid=106175) _run_loop /opt/stack/data/venv/lib/python3.12/site-packages/oslo_service/backend/_threading/loopingcall.py:125}}
Apr 28 20:15:19.396545 np0000171183 neutron-periodic-workers[106161]: DEBUG dbcounter [-] [106161] Writing DB stats neutron:SELECT=3 {{(pid=106161) stat_writer /opt/stack/data/venv/lib/python3.12/site-packages/dbcounter.py:115}}
Apr 28 20:15:27.428364 np0000171183 neutron-periodic-workers[106175]: DEBUG dbcounter [-] [106175] Writing DB stats neutron:SELECT=1 {{(pid=106175) stat_writer /opt/stack/data/venv/lib/python3.12/site-packages/dbcounter.py:115}}
Apr 28 20:15:46.397934 np0000171183 neutron-periodic-workers[106161]: DEBUG oslo.service.backend._threading.loopingcall [None req-ec8c02aa-06c4-4988-a533-aa15187f28af None None] Fixed interval looping call 'neutron.plugins.ml2.plugin.DhcpAgentSchedulerDbMixin.remove_networks_from_down_agents' sleeping for 36.99 seconds {{(pid=106161) _run_loop /opt/stack/data/venv/lib/python3.12/site-packages/oslo_service/backend/_threading/loopingcall.py:125}}
Apr 28 20:15:54.426728 np0000171183 neutron-periodic-workers[106175]: DEBUG neutron.db.agents_db [None req-6cdac4dc-8cc5-4fc2-a327-5416b4b2afd3 None None] Agent healthcheck: found 0 active agents {{(pid=106175) agent_health_check /opt/stack/neutron/neutron/db/agents_db.py:317}}
Apr 28 20:15:54.427493 np0000171183 neutron-periodic-workers[106175]: DEBUG oslo.service.backend._threading.loopingcall [None req-6cdac4dc-8cc5-4fc2-a327-5416b4b2afd3 None None] Fixed interval looping call 'neutron.plugins.ml2.plugin.AgentDbMixin.agent_health_check' sleeping for 36.99 seconds {{(pid=106175) _run_loop /opt/stack/data/venv/lib/python3.12/site-packages/oslo_service/backend/_threading/loopingcall.py:125}}
Apr 28 20:15:56.396807 np0000171183 neutron-periodic-workers[106161]: DEBUG dbcounter [-] [106161] Writing DB stats neutron:SELECT=3 {{(pid=106161) stat_writer /opt/stack/data/venv/lib/python3.12/site-packages/dbcounter.py:115}}
Apr 28 20:16:04.424482 np0000171183 neutron-periodic-workers[106175]: DEBUG dbcounter [-] [106175] Writing DB stats neutron:SELECT=1 {{(pid=106175) stat_writer /opt/stack/data/venv/lib/python3.12/site-packages/dbcounter.py:115}}
Apr 28 20:16:21.393377 np0000171183 neutron-periodic-workers[106149]: DEBUG dbcounter [-] [106149] Writer thread running {{(pid=106149) stat_writer /opt/stack/data/venv/lib/python3.12/site-packages/dbcounter.py:102}}
Apr 28 20:16:21.408075 np0000171183 neutron-periodic-workers[106149]: DEBUG oslo.service.backend._threading.loopingcall [None req-c01758ae-a7c4-4fb9-99fa-159b475a6e33 None None] Fixed interval looping call 'neutron.services.ovn_l3.plugin.L3_NAT_dbonly_mixin._clean_garbage' sleeping for 299.95 seconds {{(pid=106149) _run_loop /opt/stack/data/venv/lib/python3.12/site-packages/oslo_service/backend/_threading/loopingcall.py:125}}
Apr 28 20:16:23.399912 np0000171183 neutron-periodic-workers[106161]: DEBUG oslo.service.backend._threading.loopingcall [None req-ec8c02aa-06c4-4988-a533-aa15187f28af None None] Fixed interval looping call 'neutron.plugins.ml2.plugin.DhcpAgentSchedulerDbMixin.remove_networks_from_down_agents' sleeping for 36.99 seconds {{(pid=106161) _run_loop /opt/stack/data/venv/lib/python3.12/site-packages/oslo_service/backend/_threading/loopingcall.py:125}}
Apr 28 20:16:31.394067 np0000171183 neutron-periodic-workers[106149]: DEBUG dbcounter [-] [106149] Writing DB stats neutron:SELECT=1 {{(pid=106149) stat_writer /opt/stack/data/venv/lib/python3.12/site-packages/dbcounter.py:115}}
Apr 28 20:16:31.423574 np0000171183 neutron-periodic-workers[106175]: DEBUG neutron.db.agents_db [None req-6cdac4dc-8cc5-4fc2-a327-5416b4b2afd3 None None] Agent healthcheck: found 0 active agents {{(pid=106175) agent_health_check /opt/stack/neutron/neutron/db/agents_db.py:317}}
Apr 28 20:16:31.423574 np0000171183 neutron-periodic-workers[106175]: DEBUG oslo.service.backend._threading.loopingcall [None req-6cdac4dc-8cc5-4fc2-a327-5416b4b2afd3 None None] Fixed interval looping call 'neutron.plugins.ml2.plugin.AgentDbMixin.agent_health_check' sleeping for 36.99 seconds {{(pid=106175) _run_loop /opt/stack/data/venv/lib/python3.12/site-packages/oslo_service/backend/_threading/loopingcall.py:125}}
Apr 28 20:16:33.398451 np0000171183 neutron-periodic-workers[106161]: DEBUG dbcounter [-] [106161] Writing DB stats neutron:SELECT=3 {{(pid=106161) stat_writer /opt/stack/data/venv/lib/python3.12/site-packages/dbcounter.py:115}}
Apr 28 20:16:41.421347 np0000171183 neutron-periodic-workers[106175]: DEBUG dbcounter [-] [106175] Writing DB stats neutron:SELECT=1 {{(pid=106175) stat_writer /opt/stack/data/venv/lib/python3.12/site-packages/dbcounter.py:115}}
Apr 28 20:16:46.438766 np0000171183 neutron-periodic-workers[106186]: DEBUG oslo.service.backend._threading.loopingcall [None req-2d0f0430-97fb-46d9-b039-7c5cca3b5666 None None] Fixed interval looping call 'neutron.db.quota.driver_nolock.DbQuotaNoLockDriver._remove_expired_reservations' sleeping for 119.99 seconds {{(pid=106186) _run_loop /opt/stack/data/venv/lib/python3.12/site-packages/oslo_service/backend/_threading/loopingcall.py:125}}
Apr 28 20:16:56.436829 np0000171183 neutron-periodic-workers[106186]: DEBUG dbcounter [-] [106186] Writing DB stats neutron:DELETE=1 {{(pid=106186) stat_writer /opt/stack/data/venv/lib/python3.12/site-packages/dbcounter.py:115}}
Apr 28 20:17:00.405935 np0000171183 neutron-periodic-workers[106161]: DEBUG oslo.service.backend._threading.loopingcall [None req-ec8c02aa-06c4-4988-a533-aa15187f28af None None] Fixed interval looping call 'neutron.plugins.ml2.plugin.DhcpAgentSchedulerDbMixin.remove_networks_from_down_agents' sleeping for 36.99 seconds {{(pid=106161) _run_loop /opt/stack/data/venv/lib/python3.12/site-packages/oslo_service/backend/_threading/loopingcall.py:125}}
Apr 28 20:17:08.419785 np0000171183 neutron-periodic-workers[106175]: DEBUG neutron.db.agents_db [None req-6cdac4dc-8cc5-4fc2-a327-5416b4b2afd3 None None] Agent healthcheck: found 0 active agents {{(pid=106175) agent_health_check /opt/stack/neutron/neutron/db/agents_db.py:317}}
Apr 28 20:17:08.420807 np0000171183 neutron-periodic-workers[106175]: DEBUG oslo.service.backend._threading.loopingcall [None req-6cdac4dc-8cc5-4fc2-a327-5416b4b2afd3 None None] Fixed interval looping call 'neutron.plugins.ml2.plugin.AgentDbMixin.agent_health_check' sleeping for 36.99 seconds {{(pid=106175) _run_loop /opt/stack/data/venv/lib/python3.12/site-packages/oslo_service/backend/_threading/loopingcall.py:125}}
Apr 28 20:17:10.405575 np0000171183 neutron-periodic-workers[106161]: DEBUG dbcounter [-] [106161] Writing DB stats neutron:SELECT=3 {{(pid=106161) stat_writer /opt/stack/data/venv/lib/python3.12/site-packages/dbcounter.py:115}}
Apr 28 20:17:18.418000 np0000171183 neutron-periodic-workers[106175]: DEBUG dbcounter [-] [106175] Writing DB stats neutron:SELECT=1 {{(pid=106175) stat_writer /opt/stack/data/venv/lib/python3.12/site-packages/dbcounter.py:115}}
Apr 28 20:17:37.416258 np0000171183 neutron-periodic-workers[106161]: DEBUG oslo.service.backend._threading.loopingcall [None req-ec8c02aa-06c4-4988-a533-aa15187f28af None None] Fixed interval looping call 'neutron.plugins.ml2.plugin.DhcpAgentSchedulerDbMixin.remove_networks_from_down_agents' sleeping for 36.98 seconds {{(pid=106161) _run_loop /opt/stack/data/venv/lib/python3.12/site-packages/oslo_service/backend/_threading/loopingcall.py:125}}
Apr 28 20:17:45.418187 np0000171183 neutron-periodic-workers[106175]: DEBUG neutron.db.agents_db [None req-6cdac4dc-8cc5-4fc2-a327-5416b4b2afd3 None None] Agent healthcheck: found 0 active agents {{(pid=106175) agent_health_check /opt/stack/neutron/neutron/db/agents_db.py:317}}
Apr 28 20:17:45.418930 np0000171183 neutron-periodic-workers[106175]: DEBUG oslo.service.backend._threading.loopingcall [None req-6cdac4dc-8cc5-4fc2-a327-5416b4b2afd3 None None] Fixed interval looping call 'neutron.plugins.ml2.plugin.AgentDbMixin.agent_health_check' sleeping for 36.99 seconds {{(pid=106175) _run_loop /opt/stack/data/venv/lib/python3.12/site-packages/oslo_service/backend/_threading/loopingcall.py:125}}
Apr 28 20:17:47.414918 np0000171183 neutron-periodic-workers[106161]: DEBUG dbcounter [-] [106161] Writing DB stats neutron:SELECT=3 {{(pid=106161) stat_writer /opt/stack/data/venv/lib/python3.12/site-packages/dbcounter.py:115}}
Apr 28 20:17:55.416274 np0000171183 neutron-periodic-workers[106175]: DEBUG dbcounter [-] [106175] Writing DB stats neutron:SELECT=1 {{(pid=106175) stat_writer /opt/stack/data/venv/lib/python3.12/site-packages/dbcounter.py:115}}
Apr 28 20:18:14.407407 np0000171183 neutron-periodic-workers[106161]: DEBUG oslo.service.backend._threading.loopingcall [None req-ec8c02aa-06c4-4988-a533-aa15187f28af None None] Fixed interval looping call 'neutron.plugins.ml2.plugin.DhcpAgentSchedulerDbMixin.remove_networks_from_down_agents' sleeping for 36.99 seconds {{(pid=106161) _run_loop /opt/stack/data/venv/lib/python3.12/site-packages/oslo_service/backend/_threading/loopingcall.py:125}}
Apr 28 20:18:22.415621 np0000171183 neutron-periodic-workers[106175]: DEBUG neutron.db.agents_db [None req-6cdac4dc-8cc5-4fc2-a327-5416b4b2afd3 None None] Agent healthcheck: found 0 active agents {{(pid=106175) agent_health_check /opt/stack/neutron/neutron/db/agents_db.py:317}}
Apr 28 20:18:22.416287 np0000171183 neutron-periodic-workers[106175]: DEBUG oslo.service.backend._threading.loopingcall [None req-6cdac4dc-8cc5-4fc2-a327-5416b4b2afd3 None None] Fixed interval looping call 'neutron.plugins.ml2.plugin.AgentDbMixin.agent_health_check' sleeping for 36.99 seconds {{(pid=106175) _run_loop /opt/stack/data/venv/lib/python3.12/site-packages/oslo_service/backend/_threading/loopingcall.py:125}}
Apr 28 20:18:24.406312 np0000171183 neutron-periodic-workers[106161]: DEBUG dbcounter [-] [106161] Writing DB stats neutron:SELECT=3 {{(pid=106161) stat_writer /opt/stack/data/venv/lib/python3.12/site-packages/dbcounter.py:115}}
Apr 28 20:18:32.414226 np0000171183 neutron-periodic-workers[106175]: DEBUG dbcounter [-] [106175] Writing DB stats neutron:SELECT=1 {{(pid=106175) stat_writer /opt/stack/data/venv/lib/python3.12/site-packages/dbcounter.py:115}}
Apr 28 20:18:46.431966 np0000171183 neutron-periodic-workers[106186]: DEBUG oslo.service.backend._threading.loopingcall [None req-2d0f0430-97fb-46d9-b039-7c5cca3b5666 None None] Fixed interval looping call 'neutron.db.quota.driver_nolock.DbQuotaNoLockDriver._remove_expired_reservations' sleeping for 120.00 seconds {{(pid=106186) _run_loop /opt/stack/data/venv/lib/python3.12/site-packages/oslo_service/backend/_threading/loopingcall.py:125}}
Apr 28 20:18:51.408909 np0000171183 neutron-periodic-workers[106161]: DEBUG oslo.service.backend._threading.loopingcall [None req-ec8c02aa-06c4-4988-a533-aa15187f28af None None] Fixed interval looping call 'neutron.plugins.ml2.plugin.DhcpAgentSchedulerDbMixin.remove_networks_from_down_agents' sleeping for 36.99 seconds {{(pid=106161) _run_loop /opt/stack/data/venv/lib/python3.12/site-packages/oslo_service/backend/_threading/loopingcall.py:125}}
Apr 28 20:18:56.430878 np0000171183 neutron-periodic-workers[106186]: DEBUG dbcounter [-] [106186] Writing DB stats neutron:DELETE=1 {{(pid=106186) stat_writer /opt/stack/data/venv/lib/python3.12/site-packages/dbcounter.py:115}}
Apr 28 20:18:59.411614 np0000171183 neutron-periodic-workers[106175]: DEBUG neutron.db.agents_db [None req-6cdac4dc-8cc5-4fc2-a327-5416b4b2afd3 None None] Agent healthcheck: found 0 active agents {{(pid=106175) agent_health_check /opt/stack/neutron/neutron/db/agents_db.py:317}}
Apr 28 20:18:59.412223 np0000171183 neutron-periodic-workers[106175]: DEBUG oslo.service.backend._threading.loopingcall [None req-6cdac4dc-8cc5-4fc2-a327-5416b4b2afd3 None None] Fixed interval looping call 'neutron.plugins.ml2.plugin.AgentDbMixin.agent_health_check' sleeping for 36.99 seconds {{(pid=106175) _run_loop /opt/stack/data/venv/lib/python3.12/site-packages/oslo_service/backend/_threading/loopingcall.py:125}}
Apr 28 20:19:01.407701 np0000171183 neutron-periodic-workers[106161]: DEBUG dbcounter [-] [106161] Writing DB stats neutron:SELECT=3 {{(pid=106161) stat_writer /opt/stack/data/venv/lib/python3.12/site-packages/dbcounter.py:115}}
Apr 28 20:19:09.409944 np0000171183 neutron-periodic-workers[106175]: DEBUG dbcounter [-] [106175] Writing DB stats neutron:SELECT=1 {{(pid=106175) stat_writer /opt/stack/data/venv/lib/python3.12/site-packages/dbcounter.py:115}}
Apr 28 20:19:28.409094 np0000171183 neutron-periodic-workers[106161]: DEBUG oslo.service.backend._threading.loopingcall [None req-ec8c02aa-06c4-4988-a533-aa15187f28af None None] Fixed interval looping call 'neutron.plugins.ml2.plugin.DhcpAgentSchedulerDbMixin.remove_networks_from_down_agents' sleeping for 36.99 seconds {{(pid=106161) _run_loop /opt/stack/data/venv/lib/python3.12/site-packages/oslo_service/backend/_threading/loopingcall.py:125}}
Apr 28 20:19:36.405036 np0000171183 neutron-periodic-workers[106175]: DEBUG neutron.db.agents_db [None req-6cdac4dc-8cc5-4fc2-a327-5416b4b2afd3 None None] Agent healthcheck: found 0 active agents {{(pid=106175) agent_health_check /opt/stack/neutron/neutron/db/agents_db.py:317}}
Apr 28 20:19:36.405036 np0000171183 neutron-periodic-workers[106175]: DEBUG oslo.service.backend._threading.loopingcall [None req-6cdac4dc-8cc5-4fc2-a327-5416b4b2afd3 None None] Fixed interval looping call 'neutron.plugins.ml2.plugin.AgentDbMixin.agent_health_check' sleeping for 37.00 seconds {{(pid=106175) _run_loop /opt/stack/data/venv/lib/python3.12/site-packages/oslo_service/backend/_threading/loopingcall.py:125}}
Apr 28 20:19:38.408178 np0000171183 neutron-periodic-workers[106161]: DEBUG dbcounter [-] [106161] Writing DB stats neutron:SELECT=3 {{(pid=106161) stat_writer /opt/stack/data/venv/lib/python3.12/site-packages/dbcounter.py:115}}
Apr 28 20:19:46.404033 np0000171183 neutron-periodic-workers[106175]: DEBUG dbcounter [-] [106175] Writing DB stats neutron:SELECT=1 {{(pid=106175) stat_writer /opt/stack/data/venv/lib/python3.12/site-packages/dbcounter.py:115}}
Apr 28 20:20:05.410013 np0000171183 neutron-periodic-workers[106161]: DEBUG oslo.service.backend._threading.loopingcall [None req-ec8c02aa-06c4-4988-a533-aa15187f28af None None] Fixed interval looping call 'neutron.plugins.ml2.plugin.DhcpAgentSchedulerDbMixin.remove_networks_from_down_agents' sleeping for 36.99 seconds {{(pid=106161) _run_loop /opt/stack/data/venv/lib/python3.12/site-packages/oslo_service/backend/_threading/loopingcall.py:125}}
Apr 28 20:20:13.414165 np0000171183 neutron-periodic-workers[106175]: DEBUG neutron.db.agents_db [None req-6cdac4dc-8cc5-4fc2-a327-5416b4b2afd3 None None] Agent healthcheck: found 0 active agents {{(pid=106175) agent_health_check /opt/stack/neutron/neutron/db/agents_db.py:317}}
Apr 28 20:20:13.414165 np0000171183 neutron-periodic-workers[106175]: DEBUG oslo.service.backend._threading.loopingcall [None req-6cdac4dc-8cc5-4fc2-a327-5416b4b2afd3 None None] Fixed interval looping call 'neutron.plugins.ml2.plugin.AgentDbMixin.agent_health_check' sleeping for 36.99 seconds {{(pid=106175) _run_loop /opt/stack/data/venv/lib/python3.12/site-packages/oslo_service/backend/_threading/loopingcall.py:125}}
Apr 28 20:20:15.408242 np0000171183 neutron-periodic-workers[106161]: DEBUG dbcounter [-] [106161] Writing DB stats neutron:SELECT=3 {{(pid=106161) stat_writer /opt/stack/data/venv/lib/python3.12/site-packages/dbcounter.py:115}}
Apr 28 20:20:23.409225 np0000171183 neutron-periodic-workers[106175]: DEBUG dbcounter [-] [106175] Writing DB stats neutron:SELECT=1 {{(pid=106175) stat_writer /opt/stack/data/venv/lib/python3.12/site-packages/dbcounter.py:115}}
Apr 28 20:20:42.408900 np0000171183 neutron-periodic-workers[106161]: DEBUG oslo.service.backend._threading.loopingcall [None req-ec8c02aa-06c4-4988-a533-aa15187f28af None None] Fixed interval looping call 'neutron.plugins.ml2.plugin.DhcpAgentSchedulerDbMixin.remove_networks_from_down_agents' sleeping for 36.99 seconds {{(pid=106161) _run_loop /opt/stack/data/venv/lib/python3.12/site-packages/oslo_service/backend/_threading/loopingcall.py:125}}
Apr 28 20:20:46.436943 np0000171183 neutron-periodic-workers[106186]: DEBUG oslo.service.backend._threading.loopingcall [None req-2d0f0430-97fb-46d9-b039-7c5cca3b5666 None None] Fixed interval looping call 'neutron.db.quota.driver_nolock.DbQuotaNoLockDriver._remove_expired_reservations' sleeping for 120.00 seconds {{(pid=106186) _run_loop /opt/stack/data/venv/lib/python3.12/site-packages/oslo_service/backend/_threading/loopingcall.py:125}}
Apr 28 20:20:50.408230 np0000171183 neutron-periodic-workers[106175]: DEBUG neutron.db.agents_db [None req-6cdac4dc-8cc5-4fc2-a327-5416b4b2afd3 None None] Agent healthcheck: found 0 active agents {{(pid=106175) agent_health_check /opt/stack/neutron/neutron/db/agents_db.py:317}}
Apr 28 20:20:50.409554 np0000171183 neutron-periodic-workers[106175]: DEBUG oslo.service.backend._threading.loopingcall [None req-6cdac4dc-8cc5-4fc2-a327-5416b4b2afd3 None None] Fixed interval looping call 'neutron.plugins.ml2.plugin.AgentDbMixin.agent_health_check' sleeping for 36.99 seconds {{(pid=106175) _run_loop /opt/stack/data/venv/lib/python3.12/site-packages/oslo_service/backend/_threading/loopingcall.py:125}}
Apr 28 20:20:52.407773 np0000171183 neutron-periodic-workers[106161]: DEBUG dbcounter [-] [106161] Writing DB stats neutron:SELECT=3 {{(pid=106161) stat_writer /opt/stack/data/venv/lib/python3.12/site-packages/dbcounter.py:115}}
Apr 28 20:20:56.435920 np0000171183 neutron-periodic-workers[106186]: DEBUG dbcounter [-] [106186] Writing DB stats neutron:DELETE=1 {{(pid=106186) stat_writer /opt/stack/data/venv/lib/python3.12/site-packages/dbcounter.py:115}}
Apr 28 20:21:00.405972 np0000171183 neutron-periodic-workers[106175]: DEBUG dbcounter [-] [106175] Writing DB stats neutron:SELECT=1 {{(pid=106175) stat_writer /opt/stack/data/venv/lib/python3.12/site-packages/dbcounter.py:115}}
Apr 28 20:21:19.409361 np0000171183 neutron-periodic-workers[106161]: DEBUG oslo.service.backend._threading.loopingcall [None req-ec8c02aa-06c4-4988-a533-aa15187f28af None None] Fixed interval looping call 'neutron.plugins.ml2.plugin.DhcpAgentSchedulerDbMixin.remove_networks_from_down_agents' sleeping for 36.99 seconds {{(pid=106161) _run_loop /opt/stack/data/venv/lib/python3.12/site-packages/oslo_service/backend/_threading/loopingcall.py:125}}
Apr 28 20:21:21.370226 np0000171183 neutron-periodic-workers[106149]: DEBUG oslo.service.backend._threading.loopingcall [None req-c01758ae-a7c4-4fb9-99fa-159b475a6e33 None None] Fixed interval looping call 'neutron.services.ovn_l3.plugin.L3_NAT_dbonly_mixin._clean_garbage' sleeping for 299.99 seconds {{(pid=106149) _run_loop /opt/stack/data/venv/lib/python3.12/site-packages/oslo_service/backend/_threading/loopingcall.py:125}}
Apr 28 20:21:27.403696 np0000171183 neutron-periodic-workers[106175]: DEBUG neutron.db.agents_db [None req-6cdac4dc-8cc5-4fc2-a327-5416b4b2afd3 None None] Agent healthcheck: found 0 active agents {{(pid=106175) agent_health_check /opt/stack/neutron/neutron/db/agents_db.py:317}}
Apr 28 20:21:27.404663 np0000171183 neutron-periodic-workers[106175]: DEBUG oslo.service.backend._threading.loopingcall [None req-6cdac4dc-8cc5-4fc2-a327-5416b4b2afd3 None None] Fixed interval looping call 'neutron.plugins.ml2.plugin.AgentDbMixin.agent_health_check' sleeping for 36.99 seconds {{(pid=106175) _run_loop /opt/stack/data/venv/lib/python3.12/site-packages/oslo_service/backend/_threading/loopingcall.py:125}}
Apr 28 20:21:29.408212 np0000171183 neutron-periodic-workers[106161]: DEBUG dbcounter [-] [106161] Writing DB stats neutron:SELECT=3 {{(pid=106161) stat_writer /opt/stack/data/venv/lib/python3.12/site-packages/dbcounter.py:115}}
Apr 28 20:21:31.363960 np0000171183 neutron-periodic-workers[106149]: DEBUG dbcounter [-] [106149] Writing DB stats neutron:SELECT=1 {{(pid=106149) stat_writer /opt/stack/data/venv/lib/python3.12/site-packages/dbcounter.py:115}}
Apr 28 20:21:37.402431 np0000171183 neutron-periodic-workers[106175]: DEBUG dbcounter [-] [106175] Writing DB stats neutron:SELECT=1 {{(pid=106175) stat_writer /opt/stack/data/venv/lib/python3.12/site-packages/dbcounter.py:115}}
Apr 28 20:21:56.407851 np0000171183 neutron-periodic-workers[106161]: DEBUG oslo.service.backend._threading.loopingcall [None req-ec8c02aa-06c4-4988-a533-aa15187f28af None None] Fixed interval looping call 'neutron.plugins.ml2.plugin.DhcpAgentSchedulerDbMixin.remove_networks_from_down_agents' sleeping for 36.99 seconds {{(pid=106161) _run_loop /opt/stack/data/venv/lib/python3.12/site-packages/oslo_service/backend/_threading/loopingcall.py:125}}
Apr 28 20:22:04.399063 np0000171183 neutron-periodic-workers[106175]: DEBUG neutron.db.agents_db [None req-6cdac4dc-8cc5-4fc2-a327-5416b4b2afd3 None None] Agent healthcheck: found 0 active agents {{(pid=106175) agent_health_check /opt/stack/neutron/neutron/db/agents_db.py:317}}
Apr 28 20:22:04.399945 np0000171183 neutron-periodic-workers[106175]: DEBUG oslo.service.backend._threading.loopingcall [None req-6cdac4dc-8cc5-4fc2-a327-5416b4b2afd3 None None] Fixed interval looping call 'neutron.plugins.ml2.plugin.AgentDbMixin.agent_health_check' sleeping for 36.99 seconds {{(pid=106175) _run_loop /opt/stack/data/venv/lib/python3.12/site-packages/oslo_service/backend/_threading/loopingcall.py:125}}
Apr 28 20:22:06.407008 np0000171183 neutron-periodic-workers[106161]: DEBUG dbcounter [-] [106161] Writing DB stats neutron:SELECT=3 {{(pid=106161) stat_writer /opt/stack/data/venv/lib/python3.12/site-packages/dbcounter.py:115}}
Apr 28 20:22:14.398026 np0000171183 neutron-periodic-workers[106175]: DEBUG dbcounter [-] [106175] Writing DB stats neutron:SELECT=1 {{(pid=106175) stat_writer /opt/stack/data/venv/lib/python3.12/site-packages/dbcounter.py:115}}
Apr 28 20:22:33.407090 np0000171183 neutron-periodic-workers[106161]: DEBUG oslo.service.backend._threading.loopingcall [None req-ec8c02aa-06c4-4988-a533-aa15187f28af None None] Fixed interval looping call 'neutron.plugins.ml2.plugin.DhcpAgentSchedulerDbMixin.remove_networks_from_down_agents' sleeping for 36.99 seconds {{(pid=106161) _run_loop /opt/stack/data/venv/lib/python3.12/site-packages/oslo_service/backend/_threading/loopingcall.py:125}}
Apr 28 20:22:41.394187 np0000171183 neutron-periodic-workers[106175]: DEBUG neutron.db.agents_db [None req-6cdac4dc-8cc5-4fc2-a327-5416b4b2afd3 None None] Agent healthcheck: found 0 active agents {{(pid=106175) agent_health_check /opt/stack/neutron/neutron/db/agents_db.py:317}}
Apr 28 20:22:41.394852 np0000171183 neutron-periodic-workers[106175]: DEBUG oslo.service.backend._threading.loopingcall [None req-6cdac4dc-8cc5-4fc2-a327-5416b4b2afd3 None None] Fixed interval looping call 'neutron.plugins.ml2.plugin.AgentDbMixin.agent_health_check' sleeping for 37.00 seconds {{(pid=106175) _run_loop /opt/stack/data/venv/lib/python3.12/site-packages/oslo_service/backend/_threading/loopingcall.py:125}}
Apr 28 20:22:43.407018 np0000171183 neutron-periodic-workers[106161]: DEBUG dbcounter [-] [106161] Writing DB stats neutron:SELECT=3 {{(pid=106161) stat_writer /opt/stack/data/venv/lib/python3.12/site-packages/dbcounter.py:115}}
Apr 28 20:22:46.440835 np0000171183 neutron-periodic-workers[106186]: DEBUG oslo.service.backend._threading.loopingcall [None req-2d0f0430-97fb-46d9-b039-7c5cca3b5666 None None] Fixed interval looping call 'neutron.db.quota.driver_nolock.DbQuotaNoLockDriver._remove_expired_reservations' sleeping for 120.00 seconds {{(pid=106186) _run_loop /opt/stack/data/venv/lib/python3.12/site-packages/oslo_service/backend/_threading/loopingcall.py:125}}
Apr 28 20:22:51.393294 np0000171183 neutron-periodic-workers[106175]: DEBUG dbcounter [-] [106175] Writing DB stats neutron:SELECT=1 {{(pid=106175) stat_writer /opt/stack/data/venv/lib/python3.12/site-packages/dbcounter.py:115}}
Apr 28 20:22:56.441239 np0000171183 neutron-periodic-workers[106186]: DEBUG dbcounter [-] [106186] Writing DB stats neutron:DELETE=1 {{(pid=106186) stat_writer /opt/stack/data/venv/lib/python3.12/site-packages/dbcounter.py:115}}
Apr 28 20:23:10.407660 np0000171183 neutron-periodic-workers[106161]: DEBUG oslo.service.backend._threading.loopingcall [None req-ec8c02aa-06c4-4988-a533-aa15187f28af None None] Fixed interval looping call 'neutron.plugins.ml2.plugin.DhcpAgentSchedulerDbMixin.remove_networks_from_down_agents' sleeping for 36.99 seconds {{(pid=106161) _run_loop /opt/stack/data/venv/lib/python3.12/site-packages/oslo_service/backend/_threading/loopingcall.py:125}}
Apr 28 20:23:18.403536 np0000171183 neutron-periodic-workers[106175]: DEBUG neutron.db.agents_db [None req-6cdac4dc-8cc5-4fc2-a327-5416b4b2afd3 None None] Agent healthcheck: found 0 active agents {{(pid=106175) agent_health_check /opt/stack/neutron/neutron/db/agents_db.py:317}}
Apr 28 20:23:18.404348 np0000171183 neutron-periodic-workers[106175]: DEBUG oslo.service.backend._threading.loopingcall [None req-6cdac4dc-8cc5-4fc2-a327-5416b4b2afd3 None None] Fixed interval looping call 'neutron.plugins.ml2.plugin.AgentDbMixin.agent_health_check' sleeping for 36.99 seconds {{(pid=106175) _run_loop /opt/stack/data/venv/lib/python3.12/site-packages/oslo_service/backend/_threading/loopingcall.py:125}}
Apr 28 20:23:20.406368 np0000171183 neutron-periodic-workers[106161]: DEBUG dbcounter [-] [106161] Writing DB stats neutron:SELECT=3 {{(pid=106161) stat_writer /opt/stack/data/venv/lib/python3.12/site-packages/dbcounter.py:115}}
Apr 28 20:23:28.400992 np0000171183 neutron-periodic-workers[106175]: DEBUG dbcounter [-] [106175] Writing DB stats neutron:SELECT=1 {{(pid=106175) stat_writer /opt/stack/data/venv/lib/python3.12/site-packages/dbcounter.py:115}}
