Feb 19 01:28:14.431577 np0000156444 devstack@m-api.service[40343]: [pid: 40343|app: 0|req: 172/296] 199.204.45.115 () {66 vars in 1658 bytes} [Thu Feb 19 01:28:14 2026] GET /share/v2/6877a58dfea24d13b8a99acadb09c66c/shares/fe8d310d-81a6-4d14-886d-78baf99a5430/export_locations/ed817ac4-1f71-43a8-a5e9-fc4d36a6dc75 => generated 311 bytes in 80 msecs (HTTP/1.1 200) 7 headers in 297 bytes (1 switches on core 0)
Feb 19 01:28:14.444240 np0000156444 devstack@m-api.service[40343]: INFO manila.api.openstack.wsgi [None req-9e7baf15-b45e-4aa5-859c-a35523fcd9b5 tempest-TestProjectReaderTestsCIFS-1286885017 tempest-TestProjectReaderTestsCIFS-1286885017-project-member] GET https://199.204.45.115/share/v2/d9ef677bf8664f8ca561b6e588c9deb9/shares/044c93ca-fafe-46b5-8a10-768194596d36/export_locations
Feb 19 01:28:14.444240 np0000156444 devstack@m-api.service[40343]: DEBUG manila.api.openstack.wsgi [None req-9e7baf15-b45e-4aa5-859c-a35523fcd9b5 tempest-TestProjectReaderTestsCIFS-1286885017 tempest-TestProjectReaderTestsCIFS-1286885017-project-member] Empty body provided in request {{(pid=40343) get_body /opt/stack/manila/manila/api/openstack/wsgi.py:652}}
Feb 19 01:28:14.444240 np0000156444 devstack@m-api.service[40343]: DEBUG manila.api.openstack.wsgi [None req-9e7baf15-b45e-4aa5-859c-a35523fcd9b5 tempest-TestProjectReaderTestsCIFS-1286885017 tempest-TestProjectReaderTestsCIFS-1286885017-project-member] Calling method 'Controller.__getattribute__..version_select' {{(pid=40343) _process_stack /opt/stack/manila/manila/api/openstack/wsgi.py:798}}
Feb 19 01:28:14.513018 np0000156444 devstack@m-api.service[40343]: INFO manila.api.openstack.wsgi [None req-9e7baf15-b45e-4aa5-859c-a35523fcd9b5 tempest-TestProjectReaderTestsCIFS-1286885017 tempest-TestProjectReaderTestsCIFS-1286885017-project-member] https://199.204.45.115/share/v2/d9ef677bf8664f8ca561b6e588c9deb9/shares/044c93ca-fafe-46b5-8a10-768194596d36/export_locations returned with HTTP 200
Feb 19 01:28:14.513549 np0000156444 devstack@m-api.service[40343]: [pid: 40343|app: 0|req: 173/297] 199.204.45.115 () {66 vars in 1547 bytes} [Thu Feb 19 01:28:14 2026] GET /share/v2/d9ef677bf8664f8ca561b6e588c9deb9/shares/044c93ca-fafe-46b5-8a10-768194596d36/export_locations => generated 431 bytes in 73 msecs (HTTP/1.1 200) 7 headers in 297 bytes (1 switches on core 0)
Feb 19 01:28:14.521481 np0000156444 devstack@m-api.service[40343]: INFO manila.api.openstack.wsgi [None req-b58409e7-2468-4ff9-9d17-1f0aa8b6c5fb tempest-TestProjectReaderTestsCIFS-1418184951 tempest-TestProjectReaderTestsCIFS-1418184951-project-reader] GET https://199.204.45.115/share/v2/6877a58dfea24d13b8a99acadb09c66c/shares/044c93ca-fafe-46b5-8a10-768194596d36/export_locations/741ddaa4-d807-49c9-8018-fd9576902453
Feb 19 01:28:14.523526 np0000156444 devstack@m-api.service[40343]: DEBUG manila.api.openstack.wsgi [None req-b58409e7-2468-4ff9-9d17-1f0aa8b6c5fb tempest-TestProjectReaderTestsCIFS-1418184951 tempest-TestProjectReaderTestsCIFS-1418184951-project-reader] Empty body provided in request {{(pid=40343) get_body /opt/stack/manila/manila/api/openstack/wsgi.py:652}}
Feb 19 01:28:14.523526 np0000156444 devstack@m-api.service[40343]: DEBUG manila.api.openstack.wsgi [None req-b58409e7-2468-4ff9-9d17-1f0aa8b6c5fb tempest-TestProjectReaderTestsCIFS-1418184951 tempest-TestProjectReaderTestsCIFS-1418184951-project-reader] Calling method 'Controller.__getattribute__..version_select' {{(pid=40343) _process_stack /opt/stack/manila/manila/api/openstack/wsgi.py:798}}
Feb 19 01:28:14.533640 np0000156444 devstack@m-api.service[40344]: DEBUG oslo_concurrency.lockutils [None req-a477d002-f2a6-4a18-bf78-d9814e092e7a tempest-TestProjectAdminTestsNFS-2121273084 tempest-TestProjectAdminTestsNFS-2121273084-project-admin] Acquiring lock "locked_access_rules_operation_by_share_instance_08f86717-f983-4fec-8c2a-7d78c9ae3836" by "manila.share.access.locked_access_rules_operation..wrapped..locked_operation" {{(pid=40344) inner /opt/stack/data/venv/lib/python3.12/site-packages/oslo_concurrency/lockutils.py:506}}
Feb 19 01:28:14.533904 np0000156444 devstack@m-api.service[40344]: DEBUG oslo_concurrency.lockutils [None req-a477d002-f2a6-4a18-bf78-d9814e092e7a tempest-TestProjectAdminTestsNFS-2121273084 tempest-TestProjectAdminTestsNFS-2121273084-project-admin] Lock "locked_access_rules_operation_by_share_instance_08f86717-f983-4fec-8c2a-7d78c9ae3836" acquired by "manila.share.access.locked_access_rules_operation..wrapped..locked_operation" :: waited 0.000s {{(pid=40344) inner /opt/stack/data/venv/lib/python3.12/site-packages/oslo_concurrency/lockutils.py:519}}
Feb 19 01:28:14.536989 np0000156444 devstack@m-api.service[40343]: DEBUG manila.policy [None req-b58409e7-2468-4ff9-9d17-1f0aa8b6c5fb tempest-TestProjectReaderTestsCIFS-1418184951 tempest-TestProjectReaderTestsCIFS-1418184951-project-reader] Policy check for share:get failed with credentials {'is_admin': False, 'user_id': 'b4adcc8577034c07b0cdc718384526d7', 'user_domain_id': 'default', 'system_scope': None, 'domain_id': None, 'project_id': '6877a58dfea24d13b8a99acadb09c66c', 'project_domain_id': 'default', 'roles': ['reader'], 'is_admin_project': True, 'service_user_id': None, 'service_user_domain_id': None, 'service_project_id': None, 'service_project_domain_id': None, 'service_roles': []} {{(pid=40343) authorize /opt/stack/manila/manila/policy.py:200}}
Feb 19 01:28:14.537264 np0000156444 devstack@m-api.service[40343]: INFO manila.api.openstack.wsgi [None req-b58409e7-2468-4ff9-9d17-1f0aa8b6c5fb tempest-TestProjectReaderTestsCIFS-1418184951 tempest-TestProjectReaderTestsCIFS-1418184951-project-reader] https://199.204.45.115/share/v2/6877a58dfea24d13b8a99acadb09c66c/shares/044c93ca-fafe-46b5-8a10-768194596d36/export_locations/741ddaa4-d807-49c9-8018-fd9576902453 returned with HTTP 403
Feb 19 01:28:14.540619 np0000156444 devstack@m-api.service[40343]: [pid: 40343|app: 0|req: 174/298] 199.204.45.115 () {66 vars in 1658 bytes} [Thu Feb 19 01:28:14 2026] GET /share/v2/6877a58dfea24d13b8a99acadb09c66c/shares/044c93ca-fafe-46b5-8a10-768194596d36/export_locations/741ddaa4-d807-49c9-8018-fd9576902453 => generated 90 bytes in 19 msecs (HTTP/1.1 403) 7 headers in 303 bytes (1 switches on core 0)
Feb 19 01:28:14.609898 np0000156444 devstack@m-api.service[40344]: DEBUG oslo_concurrency.lockutils [None req-a477d002-f2a6-4a18-bf78-d9814e092e7a tempest-TestProjectAdminTestsNFS-2121273084 tempest-TestProjectAdminTestsNFS-2121273084-project-admin] Lock "locked_access_rules_operation_by_share_instance_08f86717-f983-4fec-8c2a-7d78c9ae3836" "released" by "manila.share.access.locked_access_rules_operation..wrapped..locked_operation" :: held 0.076s {{(pid=40344) inner /opt/stack/data/venv/lib/python3.12/site-packages/oslo_concurrency/lockutils.py:538}}
Feb 19 01:28:14.610303 np0000156444 devstack@m-api.service[40344]: DEBUG oslo_concurrency.lockutils [None req-a477d002-f2a6-4a18-bf78-d9814e092e7a tempest-TestProjectAdminTestsNFS-2121273084 tempest-TestProjectAdminTestsNFS-2121273084-project-admin] Acquiring lock "locked_access_rules_operation_by_share_instance_08f86717-f983-4fec-8c2a-7d78c9ae3836" by "manila.share.access.locked_access_rules_operation..wrapped..locked_operation" {{(pid=40344) inner /opt/stack/data/venv/lib/python3.12/site-packages/oslo_concurrency/lockutils.py:506}}
Feb 19 01:28:14.610303 np0000156444 devstack@m-api.service[40344]: DEBUG oslo_concurrency.lockutils [None req-a477d002-f2a6-4a18-bf78-d9814e092e7a tempest-TestProjectAdminTestsNFS-2121273084 tempest-TestProjectAdminTestsNFS-2121273084-project-admin] Lock "locked_access_rules_operation_by_share_instance_08f86717-f983-4fec-8c2a-7d78c9ae3836" acquired by "manila.share.access.locked_access_rules_operation..wrapped..locked_operation" :: waited 0.000s {{(pid=40344) inner /opt/stack/data/venv/lib/python3.12/site-packages/oslo_concurrency/lockutils.py:519}}
Feb 19 01:28:14.647126 np0000156444 devstack@m-api.service[40343]: INFO manila.api.openstack.wsgi [None req-d4aa7097-9de4-4f3b-ab58-81987b74c2ff tempest-TestProjectReaderTestsCIFS-1286885017 tempest-TestProjectReaderTestsCIFS-1286885017-project-member] DELETE https://199.204.45.115/share/v2/d9ef677bf8664f8ca561b6e588c9deb9/shares/044c93ca-fafe-46b5-8a10-768194596d36
Feb 19 01:28:14.647333 np0000156444 devstack@m-api.service[40343]: DEBUG manila.api.openstack.wsgi [None req-d4aa7097-9de4-4f3b-ab58-81987b74c2ff tempest-TestProjectReaderTestsCIFS-1286885017 tempest-TestProjectReaderTestsCIFS-1286885017-project-member] Empty body provided in request {{(pid=40343) get_body /opt/stack/manila/manila/api/openstack/wsgi.py:652}}
Feb 19 01:28:14.647776 np0000156444 devstack@m-api.service[40343]: DEBUG manila.api.openstack.wsgi [None req-d4aa7097-9de4-4f3b-ab58-81987b74c2ff tempest-TestProjectReaderTestsCIFS-1286885017 tempest-TestProjectReaderTestsCIFS-1286885017-project-member] Calling method 'ShareMixin.delete' {{(pid=40343) _process_stack /opt/stack/manila/manila/api/openstack/wsgi.py:798}}
Feb 19 01:28:14.648290 np0000156444 devstack@m-api.service[40343]: INFO manila.api.v2.shares [None req-d4aa7097-9de4-4f3b-ab58-81987b74c2ff tempest-TestProjectReaderTestsCIFS-1286885017 tempest-TestProjectReaderTestsCIFS-1286885017-project-member] Delete share with id: 044c93ca-fafe-46b5-8a10-768194596d36
Feb 19 01:28:14.662584 np0000156444 devstack@m-api.service[40344]: DEBUG oslo_concurrency.lockutils [None req-a477d002-f2a6-4a18-bf78-d9814e092e7a tempest-TestProjectAdminTestsNFS-2121273084 tempest-TestProjectAdminTestsNFS-2121273084-project-admin] Lock "locked_access_rules_operation_by_share_instance_08f86717-f983-4fec-8c2a-7d78c9ae3836" "released" by "manila.share.access.locked_access_rules_operation..wrapped..locked_operation" :: held 0.052s {{(pid=40344) inner /opt/stack/data/venv/lib/python3.12/site-packages/oslo_concurrency/lockutils.py:538}}
Feb 19 01:28:14.664151 np0000156444 devstack@m-api.service[40344]: INFO manila.api.openstack.wsgi [None req-a477d002-f2a6-4a18-bf78-d9814e092e7a tempest-TestProjectAdminTestsNFS-2121273084 tempest-TestProjectAdminTestsNFS-2121273084-project-admin] https://199.204.45.115/share/v2/eb8be19b3df64a47871902cb3ef5919c/shares/6d57c81f-7766-4bf6-a5e4-b500cf528b94/action returned with HTTP 202
Feb 19 01:28:14.666111 np0000156444 devstack@m-api.service[40344]: [pid: 40344|app: 0|req: 125/299] 199.204.45.115 () {68 vars in 1538 bytes} [Thu Feb 19 01:28:14 2026] POST /share/v2/eb8be19b3df64a47871902cb3ef5919c/shares/6d57c81f-7766-4bf6-a5e4-b500cf528b94/action => generated 0 bytes in 245 msecs (HTTP/1.1 202) 7 headers in 309 bytes (1 switches on core 0)
Feb 19 01:28:14.681788 np0000156444 devstack@m-api.service[40344]: INFO manila.api.openstack.wsgi [None req-16513200-2f35-4045-9ffd-cd54a9c4cc3d tempest-TestProjectAdminTestsNFS-2121273084 tempest-TestProjectAdminTestsNFS-2121273084-project-admin] GET https://199.204.45.115/share/v2/eb8be19b3df64a47871902cb3ef5919c/share-access-rules?share_id=6d57c81f-7766-4bf6-a5e4-b500cf528b94
Feb 19 01:28:14.681788 np0000156444 devstack@m-api.service[40344]: DEBUG manila.api.openstack.wsgi [None req-16513200-2f35-4045-9ffd-cd54a9c4cc3d tempest-TestProjectAdminTestsNFS-2121273084 tempest-TestProjectAdminTestsNFS-2121273084-project-admin] Empty body provided in request {{(pid=40344) get_body /opt/stack/manila/manila/api/openstack/wsgi.py:652}}
Feb 19 01:28:14.681905 np0000156444 devstack@m-api.service[40344]: DEBUG manila.api.openstack.wsgi [None req-16513200-2f35-4045-9ffd-cd54a9c4cc3d tempest-TestProjectAdminTestsNFS-2121273084 tempest-TestProjectAdminTestsNFS-2121273084-project-admin] Calling method 'Controller.__getattribute__..version_select' {{(pid=40344) _process_stack /opt/stack/manila/manila/api/openstack/wsgi.py:798}}
Feb 19 01:28:14.733262 np0000156444 devstack@m-api.service[40344]: DEBUG manila.lock.api [None req-16513200-2f35-4045-9ffd-cd54a9c4cc3d tempest-TestProjectAdminTestsNFS-2121273084 tempest-TestProjectAdminTestsNFS-2121273084-project-admin] Searching for locks by: {'resource_id': '671bd2fd-79f2-4935-9409-0e19b7ff6a5d', 'resource_action': 'show', 'resource_type': 'access_rule', 'all_projects': True} {{(pid=40344) get_all /opt/stack/manila/manila/lock/api.py:112}}
Feb 19 01:28:14.740070 np0000156444 devstack@m-api.service[40344]: INFO manila.api.openstack.wsgi [None req-16513200-2f35-4045-9ffd-cd54a9c4cc3d tempest-TestProjectAdminTestsNFS-2121273084 tempest-TestProjectAdminTestsNFS-2121273084-project-admin] https://199.204.45.115/share/v2/eb8be19b3df64a47871902cb3ef5919c/share-access-rules?share_id=6d57c81f-7766-4bf6-a5e4-b500cf528b94 returned with HTTP 200
Feb 19 01:28:14.740070 np0000156444 devstack@m-api.service[40344]: [pid: 40344|app: 0|req: 126/300] 199.204.45.115 () {66 vars in 1512 bytes} [Thu Feb 19 01:28:14 2026] GET /share/v2/eb8be19b3df64a47871902cb3ef5919c/share-access-rules?share_id=6d57c81f-7766-4bf6-a5e4-b500cf528b94 => generated 288 bytes in 64 msecs (HTTP/1.1 200) 7 headers in 297 bytes (1 switches on core 0)
Feb 19 01:28:14.747763 np0000156444 devstack@m-api.service[40343]: INFO manila.api.openstack.wsgi [None req-d4aa7097-9de4-4f3b-ab58-81987b74c2ff tempest-TestProjectReaderTestsCIFS-1286885017 tempest-TestProjectReaderTestsCIFS-1286885017-project-member] https://199.204.45.115/share/v2/d9ef677bf8664f8ca561b6e588c9deb9/shares/044c93ca-fafe-46b5-8a10-768194596d36 returned with HTTP 202
Feb 19 01:28:14.748596 np0000156444 devstack@m-api.service[40343]: [pid: 40343|app: 0|req: 175/301] 199.204.45.115 () {66 vars in 1499 bytes} [Thu Feb 19 01:28:14 2026] DELETE /share/v2/d9ef677bf8664f8ca561b6e588c9deb9/shares/044c93ca-fafe-46b5-8a10-768194596d36 => generated 0 bytes in 104 msecs (HTTP/1.1 202) 7 headers in 309 bytes (1 switches on core 0)
Feb 19 01:28:14.767203 np0000156444 devstack@m-api.service[40344]: INFO manila.api.openstack.wsgi [None req-ba6d73d6-9669-4d29-b7f2-a99babe97cf1 tempest-TestProjectReaderTestsCIFS-1286885017 tempest-TestProjectReaderTestsCIFS-1286885017-project-member] GET https://199.204.45.115/share/v2/d9ef677bf8664f8ca561b6e588c9deb9/shares/044c93ca-fafe-46b5-8a10-768194596d36
Feb 19 01:28:14.769538 np0000156444 devstack@m-api.service[40344]: DEBUG manila.api.openstack.wsgi [None req-ba6d73d6-9669-4d29-b7f2-a99babe97cf1 tempest-TestProjectReaderTestsCIFS-1286885017 tempest-TestProjectReaderTestsCIFS-1286885017-project-member] Empty body provided in request {{(pid=40344) get_body /opt/stack/manila/manila/api/openstack/wsgi.py:652}}
Feb 19 01:28:14.769685 np0000156444 devstack@m-api.service[40343]: INFO manila.api.openstack.wsgi [None req-be5c4afc-3736-4c96-bfdb-3cdc48c25633 tempest-TestProjectAdminTestsNFS-1447995997 tempest-TestProjectAdminTestsNFS-1447995997-project-member] GET https://199.204.45.115/share/v2/379902eb6c664e7da165d21dc205c67d/shares/04bfdfd1-a7f6-4b57-8118-15753ca20d91
Feb 19 01:28:14.769685 np0000156444 devstack@m-api.service[40343]: DEBUG manila.api.openstack.wsgi [None req-be5c4afc-3736-4c96-bfdb-3cdc48c25633 tempest-TestProjectAdminTestsNFS-1447995997 tempest-TestProjectAdminTestsNFS-1447995997-project-member] Empty body provided in request {{(pid=40343) get_body /opt/stack/manila/manila/api/openstack/wsgi.py:652}}
Feb 19 01:28:14.770134 np0000156444 devstack@m-api.service[40343]: DEBUG manila.api.openstack.wsgi [None req-be5c4afc-3736-4c96-bfdb-3cdc48c25633 tempest-TestProjectAdminTestsNFS-1447995997 tempest-TestProjectAdminTestsNFS-1447995997-project-member] Calling method 'ShareMixin.show' {{(pid=40343) _process_stack /opt/stack/manila/manila/api/openstack/wsgi.py:798}}
Feb 19 01:28:14.772560 np0000156444 devstack@m-api.service[40344]: DEBUG manila.api.openstack.wsgi [None req-ba6d73d6-9669-4d29-b7f2-a99babe97cf1 tempest-TestProjectReaderTestsCIFS-1286885017 tempest-TestProjectReaderTestsCIFS-1286885017-project-member] Calling method 'ShareMixin.show' {{(pid=40344) _process_stack /opt/stack/manila/manila/api/openstack/wsgi.py:798}}
Feb 19 01:28:14.775692 np0000156444 devstack@m-api.service[40343]: INFO manila.api.openstack.wsgi [None req-be5c4afc-3736-4c96-bfdb-3cdc48c25633 tempest-TestProjectAdminTestsNFS-1447995997 tempest-TestProjectAdminTestsNFS-1447995997-project-member] HTTP exception thrown: The resource could not be found.
Feb 19 01:28:14.775928 np0000156444 devstack@m-api.service[40343]: INFO manila.api.openstack.wsgi [None req-be5c4afc-3736-4c96-bfdb-3cdc48c25633 tempest-TestProjectAdminTestsNFS-1447995997 tempest-TestProjectAdminTestsNFS-1447995997-project-member] https://199.204.45.115/share/v2/379902eb6c664e7da165d21dc205c67d/shares/04bfdfd1-a7f6-4b57-8118-15753ca20d91 returned with HTTP 404
Feb 19 01:28:14.776688 np0000156444 devstack@m-api.service[40343]: [pid: 40343|app: 0|req: 176/302] 199.204.45.115 () {66 vars in 1496 bytes} [Thu Feb 19 01:28:14 2026] GET /share/v2/379902eb6c664e7da165d21dc205c67d/shares/04bfdfd1-a7f6-4b57-8118-15753ca20d91 => generated 78 bytes in 11 msecs (HTTP/1.1 404) 7 headers in 303 bytes (1 switches on core 0)
Feb 19 01:28:14.787537 np0000156444 devstack@m-api.service[40343]: INFO manila.api.openstack.wsgi [None req-f8561780-36f5-47e6-9fa3-913c192b00d7 tempest-TestProjectAdminTestsNFS-630719333 tempest-TestProjectAdminTestsNFS-630719333-project-admin] DELETE https://199.204.45.115/share/v2/f7d37873d03d465c99d97957656b537d/shares/4bbd1665-bef9-4608-bff8-799ff56cc9b1
Feb 19 01:28:14.787949 np0000156444 devstack@m-api.service[40343]: DEBUG manila.api.openstack.wsgi [None req-f8561780-36f5-47e6-9fa3-913c192b00d7 tempest-TestProjectAdminTestsNFS-630719333 tempest-TestProjectAdminTestsNFS-630719333-project-admin] Empty body provided in request {{(pid=40343) get_body /opt/stack/manila/manila/api/openstack/wsgi.py:652}}
Feb 19 01:28:14.788825 np0000156444 devstack@m-api.service[40343]: DEBUG manila.api.openstack.wsgi [None req-f8561780-36f5-47e6-9fa3-913c192b00d7 tempest-TestProjectAdminTestsNFS-630719333 tempest-TestProjectAdminTestsNFS-630719333-project-admin] Calling method 'ShareMixin.delete' {{(pid=40343) _process_stack /opt/stack/manila/manila/api/openstack/wsgi.py:798}}
Feb 19 01:28:14.789487 np0000156444 devstack@m-api.service[40343]: INFO manila.api.v2.shares [None req-f8561780-36f5-47e6-9fa3-913c192b00d7 tempest-TestProjectAdminTestsNFS-630719333 tempest-TestProjectAdminTestsNFS-630719333-project-admin] Delete share with id: 4bbd1665-bef9-4608-bff8-799ff56cc9b1
Feb 19 01:28:14.827289 np0000156444 devstack@m-api.service[40344]: INFO manila.api.openstack.wsgi [None req-ba6d73d6-9669-4d29-b7f2-a99babe97cf1 tempest-TestProjectReaderTestsCIFS-1286885017 tempest-TestProjectReaderTestsCIFS-1286885017-project-member] https://199.204.45.115/share/v2/d9ef677bf8664f8ca561b6e588c9deb9/shares/044c93ca-fafe-46b5-8a10-768194596d36 returned with HTTP 200
Feb 19 01:28:14.829728 np0000156444 devstack@m-api.service[40344]: [pid: 40344|app: 0|req: 127/303] 199.204.45.115 () {66 vars in 1496 bytes} [Thu Feb 19 01:28:14 2026] GET /share/v2/d9ef677bf8664f8ca561b6e588c9deb9/shares/044c93ca-fafe-46b5-8a10-768194596d36 => generated 1316 bytes in 70 msecs (HTTP/1.1 200) 7 headers in 298 bytes (1 switches on core 0)
Feb 19 01:28:14.890606 np0000156444 devstack@m-api.service[40343]: INFO manila.api.openstack.wsgi [None req-f8561780-36f5-47e6-9fa3-913c192b00d7 tempest-TestProjectAdminTestsNFS-630719333 tempest-TestProjectAdminTestsNFS-630719333-project-admin] https://199.204.45.115/share/v2/f7d37873d03d465c99d97957656b537d/shares/4bbd1665-bef9-4608-bff8-799ff56cc9b1 returned with HTTP 202
Feb 19 01:28:14.891771 np0000156444 devstack@m-api.service[40343]: [pid: 40343|app: 0|req: 177/304] 199.204.45.115 () {66 vars in 1499 bytes} [Thu Feb 19 01:28:14 2026] DELETE /share/v2/f7d37873d03d465c99d97957656b537d/shares/4bbd1665-bef9-4608-bff8-799ff56cc9b1 => generated 0 bytes in 106 msecs (HTTP/1.1 202) 7 headers in 309 bytes (1 switches on core 0)
Feb 19 01:28:14.903519 np0000156444 devstack@m-api.service[40344]: INFO manila.api.openstack.wsgi [None req-92ef37f3-710c-4e1d-9855-cc5471addd84 tempest-TestProjectAdminTestsNFS-630719333 tempest-TestProjectAdminTestsNFS-630719333-project-admin] GET https://199.204.45.115/share/v2/f7d37873d03d465c99d97957656b537d/shares/4bbd1665-bef9-4608-bff8-799ff56cc9b1
Feb 19 01:28:14.903519 np0000156444 devstack@m-api.service[40344]: DEBUG manila.api.openstack.wsgi [None req-92ef37f3-710c-4e1d-9855-cc5471addd84 tempest-TestProjectAdminTestsNFS-630719333 tempest-TestProjectAdminTestsNFS-630719333-project-admin] Empty body provided in request {{(pid=40344) get_body /opt/stack/manila/manila/api/openstack/wsgi.py:652}}
Feb 19 01:28:14.903519 np0000156444 devstack@m-api.service[40344]: DEBUG manila.api.openstack.wsgi [None req-92ef37f3-710c-4e1d-9855-cc5471addd84 tempest-TestProjectAdminTestsNFS-630719333 tempest-TestProjectAdminTestsNFS-630719333-project-admin] Calling method 'ShareMixin.show' {{(pid=40344) _process_stack /opt/stack/manila/manila/api/openstack/wsgi.py:798}}
Feb 19 01:28:14.916736 np0000156444 devstack@m-api.service[40344]: INFO manila.api.openstack.wsgi [None req-92ef37f3-710c-4e1d-9855-cc5471addd84 tempest-TestProjectAdminTestsNFS-630719333 tempest-TestProjectAdminTestsNFS-630719333-project-admin] https://199.204.45.115/share/v2/f7d37873d03d465c99d97957656b537d/shares/4bbd1665-bef9-4608-bff8-799ff56cc9b1 returned with HTTP 200
Feb 19 01:28:14.917276 np0000156444 devstack@m-api.service[40344]: [pid: 40344|app: 0|req: 128/305] 199.204.45.115 () {66 vars in 1496 bytes} [Thu Feb 19 01:28:14 2026] GET /share/v2/f7d37873d03d465c99d97957656b537d/shares/4bbd1665-bef9-4608-bff8-799ff56cc9b1 => generated 1390 bytes in 16 msecs (HTTP/1.1 200) 7 headers in 298 bytes (2 switches on core 0)
Feb 19 01:28:15.173414 np0000156444 devstack@m-api.service[40343]: INFO manila.api.openstack.wsgi [None req-4b55e0e6-bc82-4e44-9397-48c07aa4567a tempest-TestProjectAdminTestsCIFS-524651178 tempest-TestProjectAdminTestsCIFS-524651178-project-member] GET https://199.204.45.115/share/v2/35f536eb3e0d465caa5619ee56d03006/shares/8a0346bb-236b-478f-ae7f-ea12562b08a0
Feb 19 01:28:15.174333 np0000156444 devstack@m-api.service[40343]: DEBUG manila.api.openstack.wsgi [None req-4b55e0e6-bc82-4e44-9397-48c07aa4567a tempest-TestProjectAdminTestsCIFS-524651178 tempest-TestProjectAdminTestsCIFS-524651178-project-member] Empty body provided in request {{(pid=40343) get_body /opt/stack/manila/manila/api/openstack/wsgi.py:652}}
Feb 19 01:28:15.174856 np0000156444 devstack@m-api.service[40343]: DEBUG manila.api.openstack.wsgi [None req-4b55e0e6-bc82-4e44-9397-48c07aa4567a tempest-TestProjectAdminTestsCIFS-524651178 tempest-TestProjectAdminTestsCIFS-524651178-project-member] Calling method 'ShareMixin.show' {{(pid=40343) _process_stack /opt/stack/manila/manila/api/openstack/wsgi.py:798}}
Feb 19 01:28:15.192152 np0000156444 devstack@m-api.service[40343]: INFO manila.api.openstack.wsgi [None req-4b55e0e6-bc82-4e44-9397-48c07aa4567a tempest-TestProjectAdminTestsCIFS-524651178 tempest-TestProjectAdminTestsCIFS-524651178-project-member] https://199.204.45.115/share/v2/35f536eb3e0d465caa5619ee56d03006/shares/8a0346bb-236b-478f-ae7f-ea12562b08a0 returned with HTTP 200
Feb 19 01:28:15.192152 np0000156444 devstack@m-api.service[40343]: [pid: 40343|app: 0|req: 178/306] 199.204.45.115 () {66 vars in 1496 bytes} [Thu Feb 19 01:28:15 2026] GET /share/v2/35f536eb3e0d465caa5619ee56d03006/shares/8a0346bb-236b-478f-ae7f-ea12562b08a0 => generated 1317 bytes in 24 msecs (HTTP/1.1 200) 7 headers in 298 bytes (1 switches on core 0)
Feb 19 01:28:15.255237 np0000156444 devstack@m-api.service[40344]: INFO manila.api.openstack.wsgi [None req-33e3c247-9dc1-4096-8c2d-8548d976d567 tempest-TestProjectReaderTestsNFS-1502008972 tempest-TestProjectReaderTestsNFS-1502008972-project-member] GET https://199.204.45.115/share/v2/4c7ffdaa4d2848188d029008f7d52101/shares/1d4e7414-be6b-4e1d-9f2f-309751585499
Feb 19 01:28:15.256179 np0000156444 devstack@m-api.service[40344]: DEBUG manila.api.openstack.wsgi [None req-33e3c247-9dc1-4096-8c2d-8548d976d567 tempest-TestProjectReaderTestsNFS-1502008972 tempest-TestProjectReaderTestsNFS-1502008972-project-member] Empty body provided in request {{(pid=40344) get_body /opt/stack/manila/manila/api/openstack/wsgi.py:652}}
Feb 19 01:28:15.256179 np0000156444 devstack@m-api.service[40344]: DEBUG manila.api.openstack.wsgi [None req-33e3c247-9dc1-4096-8c2d-8548d976d567 tempest-TestProjectReaderTestsNFS-1502008972 tempest-TestProjectReaderTestsNFS-1502008972-project-member] Calling method 'ShareMixin.show' {{(pid=40344) _process_stack /opt/stack/manila/manila/api/openstack/wsgi.py:798}}
Feb 19 01:28:15.267815 np0000156444 devstack@m-api.service[40344]: INFO manila.api.openstack.wsgi [None req-33e3c247-9dc1-4096-8c2d-8548d976d567 tempest-TestProjectReaderTestsNFS-1502008972 tempest-TestProjectReaderTestsNFS-1502008972-project-member] https://199.204.45.115/share/v2/4c7ffdaa4d2848188d029008f7d52101/shares/1d4e7414-be6b-4e1d-9f2f-309751585499 returned with HTTP 200
Feb 19 01:28:15.268740 np0000156444 devstack@m-api.service[40344]: [pid: 40344|app: 0|req: 129/307] 199.204.45.115 () {66 vars in 1496 bytes} [Thu Feb 19 01:28:15 2026] GET /share/v2/4c7ffdaa4d2848188d029008f7d52101/shares/1d4e7414-be6b-4e1d-9f2f-309751585499 => generated 1315 bytes in 15 msecs (HTTP/1.1 200) 7 headers in 298 bytes (1 switches on core 0)
Feb 19 01:28:15.344883 np0000156444 devstack@m-api.service[40343]: INFO manila.api.openstack.wsgi [None req-a82d4c27-fc1c-4e65-80f6-b23ce0610918 tempest-TestProjectAdminTestsCIFS-831124823 tempest-user-1025422929] POST https://199.204.45.115/share/v2/bba45020ee854a9d88f31ddd53d25ed7/shares/c29e60ab-5457-4c4e-afe6-cd1199122ae8/action
Feb 19 01:28:15.345333 np0000156444 devstack@m-api.service[40343]: DEBUG manila.api.openstack.wsgi [None req-a82d4c27-fc1c-4e65-80f6-b23ce0610918 tempest-TestProjectAdminTestsCIFS-831124823 tempest-user-1025422929] Action body: b'{"allow_access": {"access_type": "user", "access_to": "Administrator", "access_level": "rw"}}' {{(pid=40343) get_method /opt/stack/manila/manila/api/openstack/wsgi.py:912}}
Feb 19 01:28:15.345518 np0000156444 devstack@m-api.service[40343]: DEBUG manila.api.openstack.wsgi [None req-a82d4c27-fc1c-4e65-80f6-b23ce0610918 tempest-TestProjectAdminTestsCIFS-831124823 tempest-user-1025422929] Action: 'action', calling method: ShareController.allow_access, body: {"allow_access": {"access_type": "user", "access_to": "Administrator", "access_level": "rw"}} {{(pid=40343) _process_stack /opt/stack/manila/manila/api/openstack/wsgi.py:796}}
Feb 19 01:28:15.400658 np0000156444 devstack@m-api.service[40343]: DEBUG oslo_concurrency.lockutils [None req-a82d4c27-fc1c-4e65-80f6-b23ce0610918 tempest-TestProjectAdminTestsCIFS-831124823 tempest-user-1025422929] Acquiring lock "locked_access_rules_operation_by_share_instance_99bffa76-d928-44b5-9c12-607918061f12" by "manila.share.access.locked_access_rules_operation..wrapped..locked_operation" {{(pid=40343) inner /opt/stack/data/venv/lib/python3.12/site-packages/oslo_concurrency/lockutils.py:506}}
Feb 19 01:28:15.400658 np0000156444 devstack@m-api.service[40343]: DEBUG oslo_concurrency.lockutils [None req-a82d4c27-fc1c-4e65-80f6-b23ce0610918 tempest-TestProjectAdminTestsCIFS-831124823 tempest-user-1025422929] Lock "locked_access_rules_operation_by_share_instance_99bffa76-d928-44b5-9c12-607918061f12" acquired by "manila.share.access.locked_access_rules_operation..wrapped..locked_operation" :: waited 0.000s {{(pid=40343) inner /opt/stack/data/venv/lib/python3.12/site-packages/oslo_concurrency/lockutils.py:519}}
Feb 19 01:28:15.464104 np0000156444 devstack@m-api.service[40343]: DEBUG oslo_concurrency.lockutils [None req-a82d4c27-fc1c-4e65-80f6-b23ce0610918 tempest-TestProjectAdminTestsCIFS-831124823 tempest-user-1025422929] Lock "locked_access_rules_operation_by_share_instance_99bffa76-d928-44b5-9c12-607918061f12" "released" by "manila.share.access.locked_access_rules_operation..wrapped..locked_operation" :: held 0.064s {{(pid=40343) inner /opt/stack/data/venv/lib/python3.12/site-packages/oslo_concurrency/lockutils.py:538}}
Feb 19 01:28:15.465867 np0000156444 devstack@m-api.service[40343]: INFO manila.api.openstack.wsgi [None req-a82d4c27-fc1c-4e65-80f6-b23ce0610918 tempest-TestProjectAdminTestsCIFS-831124823 tempest-user-1025422929] https://199.204.45.115/share/v2/bba45020ee854a9d88f31ddd53d25ed7/shares/c29e60ab-5457-4c4e-afe6-cd1199122ae8/action returned with HTTP 200
Feb 19 01:28:15.466386 np0000156444 devstack@m-api.service[40343]: [pid: 40343|app: 0|req: 179/308] 199.204.45.115 () {68 vars in 1538 bytes} [Thu Feb 19 01:28:15 2026] POST /share/v2/bba45020ee854a9d88f31ddd53d25ed7/shares/c29e60ab-5457-4c4e-afe6-cd1199122ae8/action => generated 313 bytes in 177 msecs (HTTP/1.1 200) 7 headers in 297 bytes (1 switches on core 0)
Feb 19 01:28:15.479783 np0000156444 devstack@m-api.service[40344]: INFO manila.api.openstack.wsgi [None req-05db3fdb-b53b-408c-82d5-d3dee69bcdfd tempest-TestProjectAdminTestsCIFS-831124823 tempest-user-1025422929] GET https://199.204.45.115/share/v2/bba45020ee854a9d88f31ddd53d25ed7/share-access-rules?share_id=c29e60ab-5457-4c4e-afe6-cd1199122ae8
Feb 19 01:28:15.481117 np0000156444 devstack@m-api.service[40344]: DEBUG manila.api.openstack.wsgi [None req-05db3fdb-b53b-408c-82d5-d3dee69bcdfd tempest-TestProjectAdminTestsCIFS-831124823 tempest-user-1025422929] Empty body provided in request {{(pid=40344) get_body /opt/stack/manila/manila/api/openstack/wsgi.py:652}}
Feb 19 01:28:15.481117 np0000156444 devstack@m-api.service[40344]: DEBUG manila.api.openstack.wsgi [None req-05db3fdb-b53b-408c-82d5-d3dee69bcdfd tempest-TestProjectAdminTestsCIFS-831124823 tempest-user-1025422929] Calling method 'Controller.__getattribute__..version_select' {{(pid=40344) _process_stack /opt/stack/manila/manila/api/openstack/wsgi.py:798}}
Feb 19 01:28:15.503545 np0000156444 devstack@m-api.service[40344]: DEBUG manila.lock.api [None req-05db3fdb-b53b-408c-82d5-d3dee69bcdfd tempest-TestProjectAdminTestsCIFS-831124823 tempest-user-1025422929] Searching for locks by: {'resource_id': '222ec668-4f8c-47ee-a186-eebfbaca22e0', 'resource_action': 'show', 'resource_type': 'access_rule', 'all_projects': True} {{(pid=40344) get_all /opt/stack/manila/manila/lock/api.py:112}}
Feb 19 01:28:15.507046 np0000156444 devstack@m-api.service[40344]: INFO manila.api.openstack.wsgi [None req-05db3fdb-b53b-408c-82d5-d3dee69bcdfd tempest-TestProjectAdminTestsCIFS-831124823 tempest-user-1025422929] https://199.204.45.115/share/v2/bba45020ee854a9d88f31ddd53d25ed7/share-access-rules?share_id=c29e60ab-5457-4c4e-afe6-cd1199122ae8 returned with HTTP 200
Feb 19 01:28:15.507410 np0000156444 devstack@m-api.service[40344]: [pid: 40344|app: 0|req: 130/309] 199.204.45.115 () {66 vars in 1512 bytes} [Thu Feb 19 01:28:15 2026] GET /share/v2/bba45020ee854a9d88f31ddd53d25ed7/share-access-rules?share_id=c29e60ab-5457-4c4e-afe6-cd1199122ae8 => generated 268 bytes in 31 msecs (HTTP/1.1 200) 7 headers in 297 bytes (1 switches on core 0)
Feb 19 01:28:15.937544 np0000156444 devstack@m-api.service[40343]: INFO manila.api.openstack.wsgi [None req-6929d809-e51c-4232-b52a-51d33ef941c4 tempest-TestProjectMemberTestsCIFS-581343029 tempest-TestProjectMemberTestsCIFS-581343029-project-member] GET https://199.204.45.115/share/v2/b39b63ebe6614c7898f0c3ffc6ac5001/shares/f5596fbf-e952-419f-b67d-1d4f6386f74a
Feb 19 01:28:15.938135 np0000156444 devstack@m-api.service[40343]: DEBUG manila.api.openstack.wsgi [None req-6929d809-e51c-4232-b52a-51d33ef941c4 tempest-TestProjectMemberTestsCIFS-581343029 tempest-TestProjectMemberTestsCIFS-581343029-project-member] Empty body provided in request {{(pid=40343) get_body /opt/stack/manila/manila/api/openstack/wsgi.py:652}}
Feb 19 01:28:15.938135 np0000156444 devstack@m-api.service[40343]: DEBUG manila.api.openstack.wsgi [None req-6929d809-e51c-4232-b52a-51d33ef941c4 tempest-TestProjectMemberTestsCIFS-581343029 tempest-TestProjectMemberTestsCIFS-581343029-project-member] Calling method 'ShareMixin.show' {{(pid=40343) _process_stack /opt/stack/manila/manila/api/openstack/wsgi.py:798}}
Feb 19 01:28:15.941965 np0000156444 devstack@m-api.service[40343]: INFO manila.api.openstack.wsgi [None req-6929d809-e51c-4232-b52a-51d33ef941c4 tempest-TestProjectMemberTestsCIFS-581343029 tempest-TestProjectMemberTestsCIFS-581343029-project-member] HTTP exception thrown: The resource could not be found.
Feb 19 01:28:15.942118 np0000156444 devstack@m-api.service[40343]: INFO manila.api.openstack.wsgi [None req-6929d809-e51c-4232-b52a-51d33ef941c4 tempest-TestProjectMemberTestsCIFS-581343029 tempest-TestProjectMemberTestsCIFS-581343029-project-member] https://199.204.45.115/share/v2/b39b63ebe6614c7898f0c3ffc6ac5001/shares/f5596fbf-e952-419f-b67d-1d4f6386f74a returned with HTTP 404
Feb 19 01:28:15.942781 np0000156444 devstack@m-api.service[40343]: [pid: 40343|app: 0|req: 180/310] 199.204.45.115 () {66 vars in 1496 bytes} [Thu Feb 19 01:28:15 2026] GET /share/v2/b39b63ebe6614c7898f0c3ffc6ac5001/shares/f5596fbf-e952-419f-b67d-1d4f6386f74a => generated 78 bytes in 7 msecs (HTTP/1.1 404) 7 headers in 303 bytes (2 switches on core 0)
Feb 19 01:28:16.009538 np0000156444 devstack@m-api.service[40344]: INFO manila.api.openstack.wsgi [None req-c0f658b6-8c17-44ee-894e-98928c2b6b32 tempest-TestProjectMemberTestsNFS-826008404 tempest-TestProjectMemberTestsNFS-826008404-project-member] GET https://199.204.45.115/share/v2/cfc335b06b1b4dfc9b78071476602fb4/shares/a43f9c54-9fe8-4a7b-96ed-6d2adaa4412e
Feb 19 01:28:16.009538 np0000156444 devstack@m-api.service[40344]: DEBUG manila.api.openstack.wsgi [None req-c0f658b6-8c17-44ee-894e-98928c2b6b32 tempest-TestProjectMemberTestsNFS-826008404 tempest-TestProjectMemberTestsNFS-826008404-project-member] Empty body provided in request {{(pid=40344) get_body /opt/stack/manila/manila/api/openstack/wsgi.py:652}}
Feb 19 01:28:16.009888 np0000156444 devstack@m-api.service[40344]: DEBUG manila.api.openstack.wsgi [None req-c0f658b6-8c17-44ee-894e-98928c2b6b32 tempest-TestProjectMemberTestsNFS-826008404 tempest-TestProjectMemberTestsNFS-826008404-project-member] Calling method 'ShareMixin.show' {{(pid=40344) _process_stack /opt/stack/manila/manila/api/openstack/wsgi.py:798}}
Feb 19 01:28:16.015766 np0000156444 devstack@m-api.service[40344]: INFO manila.api.openstack.wsgi [None req-c0f658b6-8c17-44ee-894e-98928c2b6b32 tempest-TestProjectMemberTestsNFS-826008404 tempest-TestProjectMemberTestsNFS-826008404-project-member] HTTP exception thrown: The resource could not be found.
Feb 19 01:28:16.022811 np0000156444 devstack@m-api.service[40344]: INFO manila.api.openstack.wsgi [None req-c0f658b6-8c17-44ee-894e-98928c2b6b32 tempest-TestProjectMemberTestsNFS-826008404 tempest-TestProjectMemberTestsNFS-826008404-project-member] https://199.204.45.115/share/v2/cfc335b06b1b4dfc9b78071476602fb4/shares/a43f9c54-9fe8-4a7b-96ed-6d2adaa4412e returned with HTTP 404
Feb 19 01:28:16.022811 np0000156444 devstack@m-api.service[40344]: [pid: 40344|app: 0|req: 131/311] 199.204.45.115 () {66 vars in 1496 bytes} [Thu Feb 19 01:28:16 2026] GET /share/v2/cfc335b06b1b4dfc9b78071476602fb4/shares/a43f9c54-9fe8-4a7b-96ed-6d2adaa4412e => generated 78 bytes in 10 msecs (HTTP/1.1 404) 7 headers in 303 bytes (1 switches on core 0)
Feb 19 01:28:16.062103 np0000156444 devstack@m-api.service[40343]: INFO manila.api.openstack.wsgi [None req-378229c8-c156-4b22-ad41-f036e21ce283 tempest-TestProjectReaderTestsCIFS-34108424 tempest-user-854552296] GET https://199.204.45.115/share/v2/bad04caed6584b769f10aacdd7f55616/share-access-rules?share_id=3cab8bae-9767-4b9b-b2c1-4368e1ad9632
Feb 19 01:28:16.062804 np0000156444 devstack@m-api.service[40343]: DEBUG manila.api.openstack.wsgi [None req-378229c8-c156-4b22-ad41-f036e21ce283 tempest-TestProjectReaderTestsCIFS-34108424 tempest-user-854552296] Empty body provided in request {{(pid=40343) get_body /opt/stack/manila/manila/api/openstack/wsgi.py:652}}
Feb 19 01:28:16.062804 np0000156444 devstack@m-api.service[40343]: DEBUG manila.api.openstack.wsgi [None req-378229c8-c156-4b22-ad41-f036e21ce283 tempest-TestProjectReaderTestsCIFS-34108424 tempest-user-854552296] Calling method 'Controller.__getattribute__..version_select' {{(pid=40343) _process_stack /opt/stack/manila/manila/api/openstack/wsgi.py:798}}
Feb 19 01:28:16.070673 np0000156444 devstack@m-api.service[40344]: INFO manila.api.openstack.wsgi [None req-ac419338-cc5d-4a2e-9a3c-61307baf6766 tempest-TestProjectMemberTestsNFS-55990637 tempest-TestProjectMemberTestsNFS-55990637-project-member] GET https://199.204.45.115/share/v2/73a702703cc14f3ba014cc2b504f728e/share-groups/9405e34d-7017-456d-9295-75972c5cfa75
Feb 19 01:28:16.070673 np0000156444 devstack@m-api.service[40344]: DEBUG manila.api.openstack.wsgi [None req-ac419338-cc5d-4a2e-9a3c-61307baf6766 tempest-TestProjectMemberTestsNFS-55990637 tempest-TestProjectMemberTestsNFS-55990637-project-member] Empty body provided in request {{(pid=40344) get_body /opt/stack/manila/manila/api/openstack/wsgi.py:652}}
Feb 19 01:28:16.070673 np0000156444 devstack@m-api.service[40344]: DEBUG manila.api.openstack.wsgi [None req-ac419338-cc5d-4a2e-9a3c-61307baf6766 tempest-TestProjectMemberTestsNFS-55990637 tempest-TestProjectMemberTestsNFS-55990637-project-member] Calling method 'Controller.__getattribute__..version_select' {{(pid=40344) _process_stack /opt/stack/manila/manila/api/openstack/wsgi.py:798}}
Feb 19 01:28:16.082215 np0000156444 devstack@m-api.service[40344]: INFO manila.api.openstack.wsgi [None req-ac419338-cc5d-4a2e-9a3c-61307baf6766 tempest-TestProjectMemberTestsNFS-55990637 tempest-TestProjectMemberTestsNFS-55990637-project-member] https://199.204.45.115/share/v2/73a702703cc14f3ba014cc2b504f728e/share-groups/9405e34d-7017-456d-9295-75972c5cfa75 returned with HTTP 200
Feb 19 01:28:16.092854 np0000156444 devstack@m-api.service[40344]: [pid: 40344|app: 0|req: 132/312] 199.204.45.115 () {66 vars in 1514 bytes} [Thu Feb 19 01:28:16 2026] GET /share/v2/73a702703cc14f3ba014cc2b504f728e/share-groups/9405e34d-7017-456d-9295-75972c5cfa75 => generated 852 bytes in 21 msecs (HTTP/1.1 200) 7 headers in 297 bytes (1 switches on core 0)
Feb 19 01:28:16.103866 np0000156444 devstack@m-api.service[40344]: INFO manila.api.openstack.wsgi [None req-4304edaa-2881-4445-9ce4-84a4cfcf36e2 tempest-TestProjectMemberTestsNFS-478171226 tempest-TestProjectMemberTestsNFS-478171226-project-member] DELETE https://199.204.45.115/share/v2/54c8a118352f4ee38038223ca82fb524/share-groups/9405e34d-7017-456d-9295-75972c5cfa75
Feb 19 01:28:16.104242 np0000156444 devstack@m-api.service[40344]: DEBUG manila.api.openstack.wsgi [None req-4304edaa-2881-4445-9ce4-84a4cfcf36e2 tempest-TestProjectMemberTestsNFS-478171226 tempest-TestProjectMemberTestsNFS-478171226-project-member] Empty body provided in request {{(pid=40344) get_body /opt/stack/manila/manila/api/openstack/wsgi.py:652}}
Feb 19 01:28:16.104858 np0000156444 devstack@m-api.service[40344]: DEBUG manila.api.openstack.wsgi [None req-4304edaa-2881-4445-9ce4-84a4cfcf36e2 tempest-TestProjectMemberTestsNFS-478171226 tempest-TestProjectMemberTestsNFS-478171226-project-member] Calling method 'Controller.__getattribute__..version_select' {{(pid=40344) _process_stack /opt/stack/manila/manila/api/openstack/wsgi.py:798}}
Feb 19 01:28:16.106890 np0000156444 devstack@m-api.service[40344]: INFO manila.api.v2.share_groups [None req-4304edaa-2881-4445-9ce4-84a4cfcf36e2 tempest-TestProjectMemberTestsNFS-478171226 tempest-TestProjectMemberTestsNFS-478171226-project-member] Delete share group with id: 9405e34d-7017-456d-9295-75972c5cfa75
Feb 19 01:28:16.106937 np0000156444 devstack@m-api.service[40343]: DEBUG manila.lock.api [None req-378229c8-c156-4b22-ad41-f036e21ce283 tempest-TestProjectReaderTestsCIFS-34108424 tempest-user-854552296] Searching for locks by: {'resource_id': '71b09c05-6a90-4692-adc3-1bfe9ed0a48a', 'resource_action': 'show', 'resource_type': 'access_rule', 'all_projects': True} {{(pid=40343) get_all /opt/stack/manila/manila/lock/api.py:112}}
Feb 19 01:28:16.110858 np0000156444 devstack@m-api.service[40343]: INFO manila.api.openstack.wsgi [None req-378229c8-c156-4b22-ad41-f036e21ce283 tempest-TestProjectReaderTestsCIFS-34108424 tempest-user-854552296] https://199.204.45.115/share/v2/bad04caed6584b769f10aacdd7f55616/share-access-rules?share_id=3cab8bae-9767-4b9b-b2c1-4368e1ad9632 returned with HTTP 200
Feb 19 01:28:16.111366 np0000156444 devstack@m-api.service[40343]: [pid: 40343|app: 0|req: 181/313] 199.204.45.115 () {66 vars in 1512 bytes} [Thu Feb 19 01:28:16 2026] GET /share/v2/bad04caed6584b769f10aacdd7f55616/share-access-rules?share_id=3cab8bae-9767-4b9b-b2c1-4368e1ad9632 => generated 283 bytes in 63 msecs (HTTP/1.1 200) 7 headers in 297 bytes (1 switches on core 0)
Feb 19 01:28:16.115081 np0000156444 devstack@m-api.service[40344]: INFO manila.api.openstack.wsgi [None req-4304edaa-2881-4445-9ce4-84a4cfcf36e2 tempest-TestProjectMemberTestsNFS-478171226 tempest-TestProjectMemberTestsNFS-478171226-project-member] HTTP exception thrown: Share group 9405e34d-7017-456d-9295-75972c5cfa75 not found.
Feb 19 01:28:16.115081 np0000156444 devstack@m-api.service[40344]: INFO manila.api.openstack.wsgi [None req-4304edaa-2881-4445-9ce4-84a4cfcf36e2 tempest-TestProjectMemberTestsNFS-478171226 tempest-TestProjectMemberTestsNFS-478171226-project-member] https://199.204.45.115/share/v2/54c8a118352f4ee38038223ca82fb524/share-groups/9405e34d-7017-456d-9295-75972c5cfa75 returned with HTTP 404
Feb 19 01:28:16.115081 np0000156444 devstack@m-api.service[40344]: [pid: 40344|app: 0|req: 133/314] 199.204.45.115 () {66 vars in 1517 bytes} [Thu Feb 19 01:28:16 2026] DELETE /share/v2/54c8a118352f4ee38038223ca82fb524/share-groups/9405e34d-7017-456d-9295-75972c5cfa75 => generated 105 bytes in 17 msecs (HTTP/1.1 404) 7 headers in 304 bytes (1 switches on core 0)
Feb 19 01:28:16.130531 np0000156444 devstack@m-api.service[40343]: INFO manila.api.openstack.wsgi [None req-1b64c0ab-2e14-43c1-bd24-5c2aa1b6c528 tempest-TestProjectReaderTestsCIFS-34108424 tempest-TestProjectReaderTestsCIFS-34108424-project-reader] POST https://199.204.45.115/share/v2/bad04caed6584b769f10aacdd7f55616/shares/3cab8bae-9767-4b9b-b2c1-4368e1ad9632/action
Feb 19 01:28:16.130531 np0000156444 devstack@m-api.service[40343]: DEBUG manila.api.openstack.wsgi [None req-1b64c0ab-2e14-43c1-bd24-5c2aa1b6c528 tempest-TestProjectReaderTestsCIFS-34108424 tempest-TestProjectReaderTestsCIFS-34108424-project-reader] Action body: b'{"deny_access": {"access_id": "71b09c05-6a90-4692-adc3-1bfe9ed0a48a"}}' {{(pid=40343) get_method /opt/stack/manila/manila/api/openstack/wsgi.py:912}}
Feb 19 01:28:16.130531 np0000156444 devstack@m-api.service[40343]: DEBUG manila.api.openstack.wsgi [None req-1b64c0ab-2e14-43c1-bd24-5c2aa1b6c528 tempest-TestProjectReaderTestsCIFS-34108424 tempest-TestProjectReaderTestsCIFS-34108424-project-reader] Action: 'action', calling method: Controller.__getattribute__..version_select, body: {"deny_access": {"access_id": "71b09c05-6a90-4692-adc3-1bfe9ed0a48a"}} {{(pid=40343) _process_stack /opt/stack/manila/manila/api/openstack/wsgi.py:796}}
Feb 19 01:28:16.131453 np0000156444 devstack@m-api.service[40343]: DEBUG manila.policy [None req-1b64c0ab-2e14-43c1-bd24-5c2aa1b6c528 tempest-TestProjectReaderTestsCIFS-34108424 tempest-TestProjectReaderTestsCIFS-34108424-project-reader] Policy check for share:deny_access failed with credentials {'is_admin': False, 'user_id': '4b1e6e59b77b444d97e4d8e8eb9b1a24', 'user_domain_id': 'default', 'system_scope': None, 'domain_id': None, 'project_id': 'bad04caed6584b769f10aacdd7f55616', 'project_domain_id': 'default', 'roles': ['reader'], 'is_admin_project': True, 'service_user_id': None, 'service_user_domain_id': None, 'service_project_id': None, 'service_project_domain_id': None, 'service_roles': []} {{(pid=40343) authorize /opt/stack/manila/manila/policy.py:200}}
Feb 19 01:28:16.132078 np0000156444 devstack@m-api.service[40344]: INFO manila.api.openstack.wsgi [None req-7e4d0f4d-de2e-49a0-bd59-344f08d17d5d tempest-TestProjectMemberTestsNFS-478171226 tempest-TestProjectMemberTestsNFS-478171226-project-member] POST https://199.204.45.115/share/v2/54c8a118352f4ee38038223ca82fb524/share-groups
Feb 19 01:28:16.132195 np0000156444 devstack@m-api.service[40343]: INFO manila.api.openstack.wsgi [None req-1b64c0ab-2e14-43c1-bd24-5c2aa1b6c528 tempest-TestProjectReaderTestsCIFS-34108424 tempest-TestProjectReaderTestsCIFS-34108424-project-reader] HTTP exception thrown: Access was denied to this resource.
Feb 19 01:28:16.132325 np0000156444 devstack@m-api.service[40343]: INFO manila.api.openstack.wsgi [None req-1b64c0ab-2e14-43c1-bd24-5c2aa1b6c528 tempest-TestProjectReaderTestsCIFS-34108424 tempest-TestProjectReaderTestsCIFS-34108424-project-reader] https://199.204.45.115/share/v2/bad04caed6584b769f10aacdd7f55616/shares/3cab8bae-9767-4b9b-b2c1-4368e1ad9632/action returned with HTTP 403
Feb 19 01:28:16.132714 np0000156444 devstack@m-api.service[40343]: [pid: 40343|app: 0|req: 182/315] 199.204.45.115 () {68 vars in 1538 bytes} [Thu Feb 19 01:28:16 2026] POST /share/v2/bad04caed6584b769f10aacdd7f55616/shares/3cab8bae-9767-4b9b-b2c1-4368e1ad9632/action => generated 78 bytes in 7 msecs (HTTP/1.1 403) 7 headers in 303 bytes (1 switches on core 0)
Feb 19 01:28:16.133065 np0000156444 devstack@m-api.service[40344]: DEBUG manila.api.openstack.wsgi [None req-7e4d0f4d-de2e-49a0-bd59-344f08d17d5d tempest-TestProjectMemberTestsNFS-478171226 tempest-TestProjectMemberTestsNFS-478171226-project-member] Action: 'create', calling method: Controller.__getattribute__..version_select, body: {"share_group": {"name": "tempest-share-group-1196876804", "share_group_type_id": "16c881e0-c8d2-4b63-83eb-3ee77db751fd", "share_types": ["cde57dc3-4c0e-44fa-9c87-6bfc3b219817"]}} {{(pid=40344) _process_stack /opt/stack/manila/manila/api/openstack/wsgi.py:796}}
Feb 19 01:28:16.146331 np0000156444 devstack@m-api.service[40343]: INFO manila.api.openstack.wsgi [None req-2fa8fe62-542f-4ac8-a072-5dd3ad99d8a9 tempest-TestProjectReaderTestsCIFS-461112900 tempest-TestProjectReaderTestsCIFS-461112900-project-member] POST https://199.204.45.115/share/v2/24e68e0e90114567bce58f14466c9a7a/shares/6e18a49f-394e-401a-b0d5-33740f5cbbda/action
Feb 19 01:28:16.146788 np0000156444 devstack@m-api.service[40343]: DEBUG manila.api.openstack.wsgi [None req-2fa8fe62-542f-4ac8-a072-5dd3ad99d8a9 tempest-TestProjectReaderTestsCIFS-461112900 tempest-TestProjectReaderTestsCIFS-461112900-project-member] Action body: b'{"allow_access": {"access_type": "user", "access_to": "Administrator", "access_level": "rw"}}' {{(pid=40343) get_method /opt/stack/manila/manila/api/openstack/wsgi.py:912}}
Feb 19 01:28:16.146788 np0000156444 devstack@m-api.service[40343]: DEBUG manila.api.openstack.wsgi [None req-2fa8fe62-542f-4ac8-a072-5dd3ad99d8a9 tempest-TestProjectReaderTestsCIFS-461112900 tempest-TestProjectReaderTestsCIFS-461112900-project-member] Action: 'action', calling method: ShareController.allow_access, body: {"allow_access": {"access_type": "user", "access_to": "Administrator", "access_level": "rw"}} {{(pid=40343) _process_stack /opt/stack/manila/manila/api/openstack/wsgi.py:796}}
Feb 19 01:28:16.213563 np0000156444 devstack@m-api.service[40344]: DEBUG manila.quota [None req-7e4d0f4d-de2e-49a0-bd59-344f08d17d5d tempest-TestProjectMemberTestsNFS-478171226 tempest-TestProjectMemberTestsNFS-478171226-project-member] Created reservations ['fc08a77e-7aba-4c45-a2e5-db198a7d6892'] {{(pid=40344) reserve /opt/stack/manila/manila/quota.py:1038}}
Feb 19 01:28:16.263692 np0000156444 devstack@m-api.service[40343]: DEBUG oslo_concurrency.lockutils [None req-2fa8fe62-542f-4ac8-a072-5dd3ad99d8a9 tempest-TestProjectReaderTestsCIFS-461112900 tempest-TestProjectReaderTestsCIFS-461112900-project-member] Acquiring lock "locked_access_rules_operation_by_share_instance_4cc99f97-e80b-4744-9934-2501068dd539" by "manila.share.access.locked_access_rules_operation..wrapped..locked_operation" {{(pid=40343) inner /opt/stack/data/venv/lib/python3.12/site-packages/oslo_concurrency/lockutils.py:506}}
Feb 19 01:28:16.265513 np0000156444 devstack@m-api.service[40343]: DEBUG oslo_concurrency.lockutils [None req-2fa8fe62-542f-4ac8-a072-5dd3ad99d8a9 tempest-TestProjectReaderTestsCIFS-461112900 tempest-TestProjectReaderTestsCIFS-461112900-project-member] Lock "locked_access_rules_operation_by_share_instance_4cc99f97-e80b-4744-9934-2501068dd539" acquired by "manila.share.access.locked_access_rules_operation..wrapped..locked_operation" :: waited 0.001s {{(pid=40343) inner /opt/stack/data/venv/lib/python3.12/site-packages/oslo_concurrency/lockutils.py:519}}
Feb 19 01:28:16.292370 np0000156444 devstack@m-api.service[40344]: DEBUG manila.quota [None req-7e4d0f4d-de2e-49a0-bd59-344f08d17d5d tempest-TestProjectMemberTestsNFS-478171226 tempest-TestProjectMemberTestsNFS-478171226-project-member] Committed reservations ['fc08a77e-7aba-4c45-a2e5-db198a7d6892'] {{(pid=40344) commit /opt/stack/manila/manila/quota.py:1066}}
Feb 19 01:28:16.302514 np0000156444 devstack@m-api.service[40344]: INFO manila.api.openstack.wsgi [None req-7e4d0f4d-de2e-49a0-bd59-344f08d17d5d tempest-TestProjectMemberTestsNFS-478171226 tempest-TestProjectMemberTestsNFS-478171226-project-member] https://199.204.45.115/share/v2/54c8a118352f4ee38038223ca82fb524/share-groups returned with HTTP 202
Feb 19 01:28:16.302514 np0000156444 devstack@m-api.service[40344]: [pid: 40344|app: 0|req: 134/316] 199.204.45.115 () {68 vars in 1425 bytes} [Thu Feb 19 01:28:16 2026] POST /share/v2/54c8a118352f4ee38038223ca82fb524/share-groups => generated 804 bytes in 175 msecs (HTTP/1.1 202) 7 headers in 303 bytes (1 switches on core 0)
Feb 19 01:28:16.330586 np0000156444 devstack@m-api.service[40344]: INFO manila.api.openstack.wsgi [None req-cf27336c-ef5b-49e1-bba5-11cfc33ab7c1 tempest-TestProjectMemberTestsNFS-478171226 tempest-TestProjectMemberTestsNFS-478171226-project-member] GET https://199.204.45.115/share/v2/54c8a118352f4ee38038223ca82fb524/share-groups/71da8d04-2c2f-49ad-b419-b2d4a2bdb800
