Feb 19 01:28:18.376765 np0000156444 devstack@m-api.service[40344]: INFO manila.api.openstack.wsgi [None req-869e7155-f24c-48a1-b019-7eb06ea7303e tempest-TestProjectAdminTestsNFS-787179363 tempest-TestProjectAdminTestsNFS-787179363-project-member] POST https://199.204.45.115/share/v2/8295a3d9c04045be98f6d61f356ffdbb/share-groups
Feb 19 01:28:18.377635 np0000156444 devstack@m-api.service[40344]: DEBUG manila.api.openstack.wsgi [None req-869e7155-f24c-48a1-b019-7eb06ea7303e tempest-TestProjectAdminTestsNFS-787179363 tempest-TestProjectAdminTestsNFS-787179363-project-member] Action: 'create', calling method: Controller.__getattribute__..version_select, body: {"share_group": {"name": "tempest-share-group-1368218138", "share_group_type_id": "1ffc6337-6673-4142-a6ae-4f540f13dea0", "share_types": ["278f5873-2cc9-4b95-8d66-6fed7d414285"]}} {{(pid=40344) _process_stack /opt/stack/manila/manila/api/openstack/wsgi.py:796}}
Feb 19 01:28:18.394172 np0000156444 devstack@m-api.service[40343]: INFO manila.api.openstack.wsgi [None req-41c22213-e922-4550-a0b2-e0df3083ed09 tempest-TestProjectReaderTestsCIFS-1103305434 tempest-TestProjectReaderTestsCIFS-1103305434-project-admin] https://199.204.45.115/share/v2/ffb007b669d5440fa8b2b8b435c3e1f5/shares/bd9a4325-9e59-4fc2-9f7b-8934d1580852/instances returned with HTTP 200
Feb 19 01:28:18.399992 np0000156444 devstack@m-api.service[40343]: [pid: 40343|app: 0|req: 193/339] 199.204.45.115 () {66 vars in 1526 bytes} [Thu Feb 19 01:28:18 2026] GET /share/v2/ffb007b669d5440fa8b2b8b435c3e1f5/shares/bd9a4325-9e59-4fc2-9f7b-8934d1580852/instances => generated 537 bytes in 317 msecs (HTTP/1.1 200) 7 headers in 297 bytes (1 switches on core 0)
Feb 19 01:28:18.405318 np0000156444 devstack@m-api.service[40343]: INFO manila.api.openstack.wsgi [None req-61499b6b-d0a6-4992-b3aa-8dd1e5908162 tempest-TestProjectAdminTestsNFS-630719333 tempest-TestProjectAdminTestsNFS-630719333-project-admin] GET https://199.204.45.115/share/v2/f7d37873d03d465c99d97957656b537d/shares/4bbd1665-bef9-4608-bff8-799ff56cc9b1
Feb 19 01:28:18.405381 np0000156444 devstack@m-api.service[40343]: DEBUG manila.api.openstack.wsgi [None req-61499b6b-d0a6-4992-b3aa-8dd1e5908162 tempest-TestProjectAdminTestsNFS-630719333 tempest-TestProjectAdminTestsNFS-630719333-project-admin] Empty body provided in request {{(pid=40343) get_body /opt/stack/manila/manila/api/openstack/wsgi.py:652}}
Feb 19 01:28:18.410643 np0000156444 devstack@m-api.service[40343]: DEBUG manila.api.openstack.wsgi [None req-61499b6b-d0a6-4992-b3aa-8dd1e5908162 tempest-TestProjectAdminTestsNFS-630719333 tempest-TestProjectAdminTestsNFS-630719333-project-admin] Calling method 'ShareMixin.show' {{(pid=40343) _process_stack /opt/stack/manila/manila/api/openstack/wsgi.py:798}}
Feb 19 01:28:18.424413 np0000156444 devstack@m-api.service[40343]: INFO manila.api.openstack.wsgi [None req-61499b6b-d0a6-4992-b3aa-8dd1e5908162 tempest-TestProjectAdminTestsNFS-630719333 tempest-TestProjectAdminTestsNFS-630719333-project-admin] HTTP exception thrown: The resource could not be found.
Feb 19 01:28:18.424413 np0000156444 devstack@m-api.service[40343]: INFO manila.api.openstack.wsgi [None req-61499b6b-d0a6-4992-b3aa-8dd1e5908162 tempest-TestProjectAdminTestsNFS-630719333 tempest-TestProjectAdminTestsNFS-630719333-project-admin] https://199.204.45.115/share/v2/f7d37873d03d465c99d97957656b537d/shares/4bbd1665-bef9-4608-bff8-799ff56cc9b1 returned with HTTP 404
Feb 19 01:28:18.424413 np0000156444 devstack@m-api.service[40343]: [pid: 40343|app: 0|req: 194/340] 199.204.45.115 () {66 vars in 1496 bytes} [Thu Feb 19 01:28:18 2026] GET /share/v2/f7d37873d03d465c99d97957656b537d/shares/4bbd1665-bef9-4608-bff8-799ff56cc9b1 => generated 78 bytes in 24 msecs (HTTP/1.1 404) 7 headers in 303 bytes (1 switches on core 0)
Feb 19 01:28:18.431461 np0000156444 devstack@m-api.service[40343]: INFO manila.api.openstack.wsgi [None req-9bddec18-c20a-478e-859c-f952f1fcc342 tempest-TestProjectReaderTestsNFS-594186121 tempest-user-700885284] GET https://199.204.45.115/share/v2/c5ef612d886e44f9b8c2ee7467749fea/share-groups/a7c138db-bb92-47ec-b79f-235d4d7dd07c
Feb 19 01:28:18.432623 np0000156444 devstack@m-api.service[40343]: DEBUG manila.api.openstack.wsgi [None req-9bddec18-c20a-478e-859c-f952f1fcc342 tempest-TestProjectReaderTestsNFS-594186121 tempest-user-700885284] Empty body provided in request {{(pid=40343) get_body /opt/stack/manila/manila/api/openstack/wsgi.py:652}}
Feb 19 01:28:18.432623 np0000156444 devstack@m-api.service[40343]: DEBUG manila.api.openstack.wsgi [None req-9bddec18-c20a-478e-859c-f952f1fcc342 tempest-TestProjectReaderTestsNFS-594186121 tempest-user-700885284] Calling method 'Controller.__getattribute__..version_select' {{(pid=40343) _process_stack /opt/stack/manila/manila/api/openstack/wsgi.py:798}}
Feb 19 01:28:18.452190 np0000156444 devstack@m-api.service[40343]: INFO manila.api.openstack.wsgi [None req-9bddec18-c20a-478e-859c-f952f1fcc342 tempest-TestProjectReaderTestsNFS-594186121 tempest-user-700885284] https://199.204.45.115/share/v2/c5ef612d886e44f9b8c2ee7467749fea/share-groups/a7c138db-bb92-47ec-b79f-235d4d7dd07c returned with HTTP 200
Feb 19 01:28:18.452190 np0000156444 devstack@m-api.service[40343]: [pid: 40343|app: 0|req: 195/341] 199.204.45.115 () {66 vars in 1514 bytes} [Thu Feb 19 01:28:18 2026] GET /share/v2/c5ef612d886e44f9b8c2ee7467749fea/share-groups/a7c138db-bb92-47ec-b79f-235d4d7dd07c => generated 840 bytes in 27 msecs (HTTP/1.1 200) 7 headers in 297 bytes (1 switches on core 0)
Feb 19 01:28:18.454912 np0000156444 devstack@m-api.service[40344]: DEBUG manila.quota [None req-869e7155-f24c-48a1-b019-7eb06ea7303e tempest-TestProjectAdminTestsNFS-787179363 tempest-TestProjectAdminTestsNFS-787179363-project-member] Created reservations ['0450093f-d9c4-46ff-8ba3-11735ebd5df3'] {{(pid=40344) reserve /opt/stack/manila/manila/quota.py:1038}}
Feb 19 01:28:18.468931 np0000156444 devstack@m-api.service[40343]: INFO manila.api.openstack.wsgi [None req-5e156617-08a8-4862-8560-3fe002b41acc tempest-TestProjectMemberTestsNFS-1329923245 tempest-TestProjectMemberTestsNFS-1329923245-project-member] GET https://199.204.45.115/share/v2/a3737034dd504cbe81bfb7a1a13bf7c5/share-access-rules?share_id=236feae7-ee0d-4e74-bd3a-8b32191bcf25
Feb 19 01:28:18.469286 np0000156444 devstack@m-api.service[40343]: DEBUG manila.api.openstack.wsgi [None req-5e156617-08a8-4862-8560-3fe002b41acc tempest-TestProjectMemberTestsNFS-1329923245 tempest-TestProjectMemberTestsNFS-1329923245-project-member] Empty body provided in request {{(pid=40343) get_body /opt/stack/manila/manila/api/openstack/wsgi.py:652}}
Feb 19 01:28:18.469466 np0000156444 devstack@m-api.service[40343]: DEBUG manila.api.openstack.wsgi [None req-5e156617-08a8-4862-8560-3fe002b41acc tempest-TestProjectMemberTestsNFS-1329923245 tempest-TestProjectMemberTestsNFS-1329923245-project-member] Calling method 'Controller.__getattribute__..version_select' {{(pid=40343) _process_stack /opt/stack/manila/manila/api/openstack/wsgi.py:798}}
Feb 19 01:28:18.508527 np0000156444 devstack@m-api.service[40344]: DEBUG manila.quota [None req-869e7155-f24c-48a1-b019-7eb06ea7303e tempest-TestProjectAdminTestsNFS-787179363 tempest-TestProjectAdminTestsNFS-787179363-project-member] Committed reservations ['0450093f-d9c4-46ff-8ba3-11735ebd5df3'] {{(pid=40344) commit /opt/stack/manila/manila/quota.py:1066}}
Feb 19 01:28:18.517769 np0000156444 devstack@m-api.service[40343]: DEBUG manila.lock.api [None req-5e156617-08a8-4862-8560-3fe002b41acc tempest-TestProjectMemberTestsNFS-1329923245 tempest-TestProjectMemberTestsNFS-1329923245-project-member] Searching for locks by: {'resource_id': '38161083-9e16-476e-97df-a35416bd2ca8', 'resource_action': 'show', 'resource_type': 'access_rule', 'all_projects': True} {{(pid=40343) get_all /opt/stack/manila/manila/lock/api.py:112}}
Feb 19 01:28:18.520154 np0000156444 devstack@m-api.service[40344]: INFO manila.api.openstack.wsgi [None req-869e7155-f24c-48a1-b019-7eb06ea7303e tempest-TestProjectAdminTestsNFS-787179363 tempest-TestProjectAdminTestsNFS-787179363-project-member] https://199.204.45.115/share/v2/8295a3d9c04045be98f6d61f356ffdbb/share-groups returned with HTTP 202
Feb 19 01:28:18.520154 np0000156444 devstack@m-api.service[40344]: [pid: 40344|app: 0|req: 147/342] 199.204.45.115 () {68 vars in 1425 bytes} [Thu Feb 19 01:28:18 2026] POST /share/v2/8295a3d9c04045be98f6d61f356ffdbb/share-groups => generated 804 bytes in 148 msecs (HTTP/1.1 202) 7 headers in 303 bytes (1 switches on core 0)
Feb 19 01:28:18.520378 np0000156444 devstack@m-api.service[40343]: INFO manila.api.openstack.wsgi [None req-5e156617-08a8-4862-8560-3fe002b41acc tempest-TestProjectMemberTestsNFS-1329923245 tempest-TestProjectMemberTestsNFS-1329923245-project-member] https://199.204.45.115/share/v2/a3737034dd504cbe81bfb7a1a13bf7c5/share-access-rules?share_id=236feae7-ee0d-4e74-bd3a-8b32191bcf25 returned with HTTP 200
Feb 19 01:28:18.523025 np0000156444 devstack@m-api.service[40343]: [pid: 40343|app: 0|req: 196/343] 199.204.45.115 () {66 vars in 1512 bytes} [Thu Feb 19 01:28:18 2026] GET /share/v2/a3737034dd504cbe81bfb7a1a13bf7c5/share-access-rules?share_id=236feae7-ee0d-4e74-bd3a-8b32191bcf25 => generated 288 bytes in 71 msecs (HTTP/1.1 200) 7 headers in 297 bytes (1 switches on core 0)
Feb 19 01:28:18.529139 np0000156444 devstack@m-api.service[40343]: INFO manila.api.openstack.wsgi [None req-6c847399-607e-4a7e-9249-55a854b8fba5 tempest-TestProjectAdminTestsNFS-1086694199 tempest-TestProjectAdminTestsNFS-1086694199-project-member] POST https://199.204.45.115/share/v2/9692ea8bdef149a0976b7bb67538d676/shares/03a91da1-8cfa-4aaa-be86-391e1bbd6f2b/action
Feb 19 01:28:18.529294 np0000156444 devstack@m-api.service[40343]: DEBUG manila.api.openstack.wsgi [None req-6c847399-607e-4a7e-9249-55a854b8fba5 tempest-TestProjectAdminTestsNFS-1086694199 tempest-TestProjectAdminTestsNFS-1086694199-project-member] Action body: b'{"allow_access": {"access_type": "ip", "access_to": "203.0.113.136", "access_level": "rw"}}' {{(pid=40343) get_method /opt/stack/manila/manila/api/openstack/wsgi.py:912}}
Feb 19 01:28:18.529519 np0000156444 devstack@m-api.service[40343]: DEBUG manila.api.openstack.wsgi [None req-6c847399-607e-4a7e-9249-55a854b8fba5 tempest-TestProjectAdminTestsNFS-1086694199 tempest-TestProjectAdminTestsNFS-1086694199-project-member] Action: 'action', calling method: ShareController.allow_access, body: {"allow_access": {"access_type": "ip", "access_to": "203.0.113.136", "access_level": "rw"}} {{(pid=40343) _process_stack /opt/stack/manila/manila/api/openstack/wsgi.py:796}}
Feb 19 01:28:18.531702 np0000156444 devstack@m-api.service[40344]: INFO manila.api.openstack.wsgi [None req-7299cbdf-027d-4650-b70e-35e2849e3e14 tempest-TestProjectReaderTestsNFS-1502008972 tempest-TestProjectReaderTestsNFS-1502008972-project-member] GET https://199.204.45.115/share/v2/4c7ffdaa4d2848188d029008f7d52101/shares/1d4e7414-be6b-4e1d-9f2f-309751585499
Feb 19 01:28:18.535521 np0000156444 devstack@m-api.service[40344]: DEBUG manila.api.openstack.wsgi [None req-7299cbdf-027d-4650-b70e-35e2849e3e14 tempest-TestProjectReaderTestsNFS-1502008972 tempest-TestProjectReaderTestsNFS-1502008972-project-member] Empty body provided in request {{(pid=40344) get_body /opt/stack/manila/manila/api/openstack/wsgi.py:652}}
Feb 19 01:28:18.535521 np0000156444 devstack@m-api.service[40344]: DEBUG manila.api.openstack.wsgi [None req-7299cbdf-027d-4650-b70e-35e2849e3e14 tempest-TestProjectReaderTestsNFS-1502008972 tempest-TestProjectReaderTestsNFS-1502008972-project-member] Calling method 'ShareMixin.show' {{(pid=40344) _process_stack /opt/stack/manila/manila/api/openstack/wsgi.py:798}}
Feb 19 01:28:18.571945 np0000156444 devstack@m-api.service[40343]: DEBUG oslo_concurrency.lockutils [None req-6c847399-607e-4a7e-9249-55a854b8fba5 tempest-TestProjectAdminTestsNFS-1086694199 tempest-TestProjectAdminTestsNFS-1086694199-project-member] Acquiring lock "locked_access_rules_operation_by_share_instance_70402be0-aa7f-429d-8bf9-304b5f8e2274" by "manila.share.access.locked_access_rules_operation..wrapped..locked_operation" {{(pid=40343) inner /opt/stack/data/venv/lib/python3.12/site-packages/oslo_concurrency/lockutils.py:506}}
Feb 19 01:28:18.574111 np0000156444 devstack@m-api.service[40343]: DEBUG oslo_concurrency.lockutils [None req-6c847399-607e-4a7e-9249-55a854b8fba5 tempest-TestProjectAdminTestsNFS-1086694199 tempest-TestProjectAdminTestsNFS-1086694199-project-member] Lock "locked_access_rules_operation_by_share_instance_70402be0-aa7f-429d-8bf9-304b5f8e2274" acquired by "manila.share.access.locked_access_rules_operation..wrapped..locked_operation" :: waited 0.000s {{(pid=40343) inner /opt/stack/data/venv/lib/python3.12/site-packages/oslo_concurrency/lockutils.py:519}}
Feb 19 01:28:18.609796 np0000156444 devstack@m-api.service[40344]: INFO manila.api.openstack.wsgi [None req-7299cbdf-027d-4650-b70e-35e2849e3e14 tempest-TestProjectReaderTestsNFS-1502008972 tempest-TestProjectReaderTestsNFS-1502008972-project-member] https://199.204.45.115/share/v2/4c7ffdaa4d2848188d029008f7d52101/shares/1d4e7414-be6b-4e1d-9f2f-309751585499 returned with HTTP 200
Feb 19 01:28:18.616363 np0000156444 devstack@m-api.service[40344]: [pid: 40344|app: 0|req: 148/344] 199.204.45.115 () {66 vars in 1496 bytes} [Thu Feb 19 01:28:18 2026] GET /share/v2/4c7ffdaa4d2848188d029008f7d52101/shares/1d4e7414-be6b-4e1d-9f2f-309751585499 => generated 1318 bytes in 96 msecs (HTTP/1.1 200) 7 headers in 298 bytes (1 switches on core 0)
Feb 19 01:28:18.634513 np0000156444 devstack@m-api.service[40344]: INFO manila.api.openstack.wsgi [None req-bea6b3ff-dbd8-4f60-90f5-289ad24bf0fe tempest-TestProjectReaderTestsCIFS-1103305434 tempest-TestProjectReaderTestsCIFS-1103305434-project-admin] GET https://199.204.45.115/share/v2/ffb007b669d5440fa8b2b8b435c3e1f5/shares/0f6736a4-e13d-46f5-981c-b49dd230cdbc/instances
Feb 19 01:28:18.634513 np0000156444 devstack@m-api.service[40344]: DEBUG manila.api.openstack.wsgi [None req-bea6b3ff-dbd8-4f60-90f5-289ad24bf0fe tempest-TestProjectReaderTestsCIFS-1103305434 tempest-TestProjectReaderTestsCIFS-1103305434-project-admin] Empty body provided in request {{(pid=40344) get_body /opt/stack/manila/manila/api/openstack/wsgi.py:652}}
Feb 19 01:28:18.634513 np0000156444 devstack@m-api.service[40344]: DEBUG manila.api.openstack.wsgi [None req-bea6b3ff-dbd8-4f60-90f5-289ad24bf0fe tempest-TestProjectReaderTestsCIFS-1103305434 tempest-TestProjectReaderTestsCIFS-1103305434-project-admin] Calling method 'Controller.__getattribute__..version_select' {{(pid=40344) _process_stack /opt/stack/manila/manila/api/openstack/wsgi.py:798}}
Feb 19 01:28:18.725976 np0000156444 devstack@m-api.service[40344]: INFO manila.api.openstack.wsgi [None req-bea6b3ff-dbd8-4f60-90f5-289ad24bf0fe tempest-TestProjectReaderTestsCIFS-1103305434 tempest-TestProjectReaderTestsCIFS-1103305434-project-admin] https://199.204.45.115/share/v2/ffb007b669d5440fa8b2b8b435c3e1f5/shares/0f6736a4-e13d-46f5-981c-b49dd230cdbc/instances returned with HTTP 200
Feb 19 01:28:18.726682 np0000156444 devstack@m-api.service[40344]: [pid: 40344|app: 0|req: 149/345] 199.204.45.115 () {66 vars in 1526 bytes} [Thu Feb 19 01:28:18 2026] GET /share/v2/ffb007b669d5440fa8b2b8b435c3e1f5/shares/0f6736a4-e13d-46f5-981c-b49dd230cdbc/instances => generated 535 bytes in 109 msecs (HTTP/1.1 200) 7 headers in 297 bytes (1 switches on core 0)
Feb 19 01:28:18.736964 np0000156444 devstack@m-api.service[40344]: INFO manila.api.openstack.wsgi [None req-2615603c-839a-4191-abdb-e4204fca2846 tempest-TestProjectAdminTestsCIFS-831124823 tempest-user-1025422929] GET https://199.204.45.115/share/v2/bba45020ee854a9d88f31ddd53d25ed7/share-access-rules?share_id=c29e60ab-5457-4c4e-afe6-cd1199122ae8
Feb 19 01:28:18.739515 np0000156444 devstack@m-api.service[40344]: DEBUG manila.api.openstack.wsgi [None req-2615603c-839a-4191-abdb-e4204fca2846 tempest-TestProjectAdminTestsCIFS-831124823 tempest-user-1025422929] Empty body provided in request {{(pid=40344) get_body /opt/stack/manila/manila/api/openstack/wsgi.py:652}}
Feb 19 01:28:18.739515 np0000156444 devstack@m-api.service[40344]: DEBUG manila.api.openstack.wsgi [None req-2615603c-839a-4191-abdb-e4204fca2846 tempest-TestProjectAdminTestsCIFS-831124823 tempest-user-1025422929] Calling method 'Controller.__getattribute__..version_select' {{(pid=40344) _process_stack /opt/stack/manila/manila/api/openstack/wsgi.py:798}}
Feb 19 01:28:18.793748 np0000156444 devstack@m-api.service[40344]: DEBUG manila.lock.api [None req-2615603c-839a-4191-abdb-e4204fca2846 tempest-TestProjectAdminTestsCIFS-831124823 tempest-user-1025422929] Searching for locks by: {'resource_id': '222ec668-4f8c-47ee-a186-eebfbaca22e0', 'resource_action': 'show', 'resource_type': 'access_rule', 'all_projects': True} {{(pid=40344) get_all /opt/stack/manila/manila/lock/api.py:112}}
Feb 19 01:28:18.802828 np0000156444 devstack@m-api.service[40344]: INFO manila.api.openstack.wsgi [None req-2615603c-839a-4191-abdb-e4204fca2846 tempest-TestProjectAdminTestsCIFS-831124823 tempest-user-1025422929] https://199.204.45.115/share/v2/bba45020ee854a9d88f31ddd53d25ed7/share-access-rules?share_id=c29e60ab-5457-4c4e-afe6-cd1199122ae8 returned with HTTP 200
Feb 19 01:28:18.805983 np0000156444 devstack@m-api.service[40344]: [pid: 40344|app: 0|req: 150/346] 199.204.45.115 () {66 vars in 1512 bytes} [Thu Feb 19 01:28:18 2026] GET /share/v2/bba45020ee854a9d88f31ddd53d25ed7/share-access-rules?share_id=c29e60ab-5457-4c4e-afe6-cd1199122ae8 => generated 283 bytes in 78 msecs (HTTP/1.1 200) 7 headers in 297 bytes (1 switches on core 0)
Feb 19 01:28:18.808929 np0000156444 devstack@m-api.service[40344]: INFO manila.api.openstack.wsgi [None req-0f2233ec-98af-4d1e-90b0-4ea9c29fcee6 tempest-TestProjectAdminTestsNFS-787179363 tempest-TestProjectAdminTestsNFS-787179363-project-member] GET https://199.204.45.115/share/v2/8295a3d9c04045be98f6d61f356ffdbb/share-groups/be83a1ee-18bf-4844-b555-cdc420779527
Feb 19 01:28:18.809550 np0000156444 devstack@m-api.service[40344]: DEBUG manila.api.openstack.wsgi [None req-0f2233ec-98af-4d1e-90b0-4ea9c29fcee6 tempest-TestProjectAdminTestsNFS-787179363 tempest-TestProjectAdminTestsNFS-787179363-project-member] Empty body provided in request {{(pid=40344) get_body /opt/stack/manila/manila/api/openstack/wsgi.py:652}}
Feb 19 01:28:18.810723 np0000156444 devstack@m-api.service[40344]: DEBUG manila.api.openstack.wsgi [None req-0f2233ec-98af-4d1e-90b0-4ea9c29fcee6 tempest-TestProjectAdminTestsNFS-787179363 tempest-TestProjectAdminTestsNFS-787179363-project-member] Calling method 'Controller.__getattribute__..version_select' {{(pid=40344) _process_stack /opt/stack/manila/manila/api/openstack/wsgi.py:798}}
Feb 19 01:28:18.824837 np0000156444 devstack@m-api.service[40344]: INFO manila.api.openstack.wsgi [None req-0f2233ec-98af-4d1e-90b0-4ea9c29fcee6 tempest-TestProjectAdminTestsNFS-787179363 tempest-TestProjectAdminTestsNFS-787179363-project-member] https://199.204.45.115/share/v2/8295a3d9c04045be98f6d61f356ffdbb/share-groups/be83a1ee-18bf-4844-b555-cdc420779527 returned with HTTP 200
Feb 19 01:28:18.825729 np0000156444 devstack@m-api.service[40344]: [pid: 40344|app: 0|req: 151/347] 199.204.45.115 () {66 vars in 1514 bytes} [Thu Feb 19 01:28:18 2026] GET /share/v2/8295a3d9c04045be98f6d61f356ffdbb/share-groups/be83a1ee-18bf-4844-b555-cdc420779527 => generated 840 bytes in 20 msecs (HTTP/1.1 200) 7 headers in 297 bytes (1 switches on core 0)
Feb 19 01:28:18.830418 np0000156444 devstack@m-api.service[40344]: INFO manila.api.openstack.wsgi [None req-3a89cb5d-5bd9-4be7-bf4f-1b8b79de77ed tempest-TestProjectReaderTestsNFS-620814984 tempest-TestProjectReaderTestsNFS-620814984-project-reader] DELETE https://199.204.45.115/share/v2/70ef24ab6f8c4dbc934ae5d85110b1f4/shares/1d4e7414-be6b-4e1d-9f2f-309751585499
Feb 19 01:28:18.830812 np0000156444 devstack@m-api.service[40344]: DEBUG manila.api.openstack.wsgi [None req-3a89cb5d-5bd9-4be7-bf4f-1b8b79de77ed tempest-TestProjectReaderTestsNFS-620814984 tempest-TestProjectReaderTestsNFS-620814984-project-reader] Empty body provided in request {{(pid=40344) get_body /opt/stack/manila/manila/api/openstack/wsgi.py:652}}
Feb 19 01:28:18.831183 np0000156444 devstack@m-api.service[40344]: DEBUG manila.api.openstack.wsgi [None req-3a89cb5d-5bd9-4be7-bf4f-1b8b79de77ed tempest-TestProjectReaderTestsNFS-620814984 tempest-TestProjectReaderTestsNFS-620814984-project-reader] Calling method 'ShareMixin.delete' {{(pid=40344) _process_stack /opt/stack/manila/manila/api/openstack/wsgi.py:798}}
Feb 19 01:28:18.832128 np0000156444 devstack@m-api.service[40344]: DEBUG manila.policy [None req-3a89cb5d-5bd9-4be7-bf4f-1b8b79de77ed tempest-TestProjectReaderTestsNFS-620814984 tempest-TestProjectReaderTestsNFS-620814984-project-reader] Policy check for share:delete failed with credentials {'is_admin': False, 'user_id': '6a77bd0526ff4d89a8b70469c1aa4f80', 'user_domain_id': 'default', 'system_scope': None, 'domain_id': None, 'project_id': '70ef24ab6f8c4dbc934ae5d85110b1f4', 'project_domain_id': 'default', 'roles': ['reader'], 'is_admin_project': True, 'service_user_id': None, 'service_user_domain_id': None, 'service_project_id': None, 'service_project_domain_id': None, 'service_roles': []} {{(pid=40344) authorize /opt/stack/manila/manila/policy.py:200}}
Feb 19 01:28:18.833511 np0000156444 devstack@m-api.service[40344]: INFO manila.api.openstack.wsgi [None req-3a89cb5d-5bd9-4be7-bf4f-1b8b79de77ed tempest-TestProjectReaderTestsNFS-620814984 tempest-TestProjectReaderTestsNFS-620814984-project-reader] HTTP exception thrown: Access was denied to this resource.
Feb 19 01:28:18.833511 np0000156444 devstack@m-api.service[40344]: INFO manila.api.openstack.wsgi [None req-3a89cb5d-5bd9-4be7-bf4f-1b8b79de77ed tempest-TestProjectReaderTestsNFS-620814984 tempest-TestProjectReaderTestsNFS-620814984-project-reader] https://199.204.45.115/share/v2/70ef24ab6f8c4dbc934ae5d85110b1f4/shares/1d4e7414-be6b-4e1d-9f2f-309751585499 returned with HTTP 403
Feb 19 01:28:18.833511 np0000156444 devstack@m-api.service[40344]: [pid: 40344|app: 0|req: 152/348] 199.204.45.115 () {66 vars in 1499 bytes} [Thu Feb 19 01:28:18 2026] DELETE /share/v2/70ef24ab6f8c4dbc934ae5d85110b1f4/shares/1d4e7414-be6b-4e1d-9f2f-309751585499 => generated 78 bytes in 6 msecs (HTTP/1.1 403) 7 headers in 303 bytes (1 switches on core 0)
Feb 19 01:28:18.848149 np0000156444 devstack@m-api.service[40344]: INFO manila.api.openstack.wsgi [None req-65b5e925-2aaa-4ea5-b7f2-0e7747b1000d tempest-TestProjectReaderTestsCIFS-1103305434 tempest-TestProjectReaderTestsCIFS-1103305434-project-reader] GET https://199.204.45.115/share/v2/ffb007b669d5440fa8b2b8b435c3e1f5/share_instances/7dae6e86-1098-4abf-9cca-6faa7d86ec79/export_locations
Feb 19 01:28:18.848149 np0000156444 devstack@m-api.service[40344]: DEBUG manila.api.openstack.wsgi [None req-65b5e925-2aaa-4ea5-b7f2-0e7747b1000d tempest-TestProjectReaderTestsCIFS-1103305434 tempest-TestProjectReaderTestsCIFS-1103305434-project-reader] Empty body provided in request {{(pid=40344) get_body /opt/stack/manila/manila/api/openstack/wsgi.py:652}}
Feb 19 01:28:18.848149 np0000156444 devstack@m-api.service[40344]: DEBUG manila.api.openstack.wsgi [None req-65b5e925-2aaa-4ea5-b7f2-0e7747b1000d tempest-TestProjectReaderTestsCIFS-1103305434 tempest-TestProjectReaderTestsCIFS-1103305434-project-reader] Calling method 'Controller.__getattribute__..version_select' {{(pid=40344) _process_stack /opt/stack/manila/manila/api/openstack/wsgi.py:798}}
Feb 19 01:28:18.848149 np0000156444 devstack@m-api.service[40344]: DEBUG manila.policy [None req-65b5e925-2aaa-4ea5-b7f2-0e7747b1000d tempest-TestProjectReaderTestsCIFS-1103305434 tempest-TestProjectReaderTestsCIFS-1103305434-project-reader] Policy check for share_instance_export_location:index failed with credentials {'is_admin': False, 'user_id': '31fd032e4e804a21ba6b674388419991', 'user_domain_id': 'default', 'system_scope': None, 'domain_id': None, 'project_id': 'ffb007b669d5440fa8b2b8b435c3e1f5', 'project_domain_id': 'default', 'roles': ['reader'], 'is_admin_project': True, 'service_user_id': None, 'service_user_domain_id': None, 'service_project_id': None, 'service_project_domain_id': None, 'service_roles': []} {{(pid=40344) authorize /opt/stack/manila/manila/policy.py:200}}
Feb 19 01:28:18.848368 np0000156444 devstack@m-api.service[40344]: INFO manila.api.openstack.wsgi [None req-65b5e925-2aaa-4ea5-b7f2-0e7747b1000d tempest-TestProjectReaderTestsCIFS-1103305434 tempest-TestProjectReaderTestsCIFS-1103305434-project-reader] HTTP exception thrown: Access was denied to this resource.
Feb 19 01:28:18.848368 np0000156444 devstack@m-api.service[40344]: INFO manila.api.openstack.wsgi [None req-65b5e925-2aaa-4ea5-b7f2-0e7747b1000d tempest-TestProjectReaderTestsCIFS-1103305434 tempest-TestProjectReaderTestsCIFS-1103305434-project-reader] https://199.204.45.115/share/v2/ffb007b669d5440fa8b2b8b435c3e1f5/share_instances/7dae6e86-1098-4abf-9cca-6faa7d86ec79/export_locations returned with HTTP 403
Feb 19 01:28:18.849462 np0000156444 devstack@m-api.service[40344]: [pid: 40344|app: 0|req: 153/349] 199.204.45.115 () {66 vars in 1574 bytes} [Thu Feb 19 01:28:18 2026] GET /share/v2/ffb007b669d5440fa8b2b8b435c3e1f5/share_instances/7dae6e86-1098-4abf-9cca-6faa7d86ec79/export_locations => generated 78 bytes in 15 msecs (HTTP/1.1 403) 7 headers in 303 bytes (1 switches on core 0)
Feb 19 01:28:18.856835 np0000156444 devstack@m-api.service[40344]: INFO manila.api.openstack.wsgi [None req-035431fe-6ce4-4363-8c0f-e4e7a48a7a1f tempest-TestProjectAdminTestsCIFS-831124823 tempest-TestProjectAdminTestsCIFS-831124823-project-admin] POST https://199.204.45.115/share/v2/bba45020ee854a9d88f31ddd53d25ed7/shares/c29e60ab-5457-4c4e-afe6-cd1199122ae8/action
Feb 19 01:28:18.857239 np0000156444 devstack@m-api.service[40344]: DEBUG manila.api.openstack.wsgi [None req-035431fe-6ce4-4363-8c0f-e4e7a48a7a1f tempest-TestProjectAdminTestsCIFS-831124823 tempest-TestProjectAdminTestsCIFS-831124823-project-admin] Action body: b'{"deny_access": {"access_id": "222ec668-4f8c-47ee-a186-eebfbaca22e0"}}' {{(pid=40344) get_method /opt/stack/manila/manila/api/openstack/wsgi.py:912}}
Feb 19 01:28:18.858312 np0000156444 devstack@m-api.service[40344]: DEBUG manila.api.openstack.wsgi [None req-035431fe-6ce4-4363-8c0f-e4e7a48a7a1f tempest-TestProjectAdminTestsCIFS-831124823 tempest-TestProjectAdminTestsCIFS-831124823-project-admin] Action: 'action', calling method: ShareController.deny_access, body: {"deny_access": {"access_id": "222ec668-4f8c-47ee-a186-eebfbaca22e0"}} {{(pid=40344) _process_stack /opt/stack/manila/manila/api/openstack/wsgi.py:796}}
Feb 19 01:28:18.862165 np0000156444 devstack@m-api.service[40344]: DEBUG manila.lock.api [None req-035431fe-6ce4-4363-8c0f-e4e7a48a7a1f tempest-TestProjectAdminTestsCIFS-831124823 tempest-TestProjectAdminTestsCIFS-831124823-project-admin] Searching for locks by: {'resource_id': '222ec668-4f8c-47ee-a186-eebfbaca22e0', 'resource_action': 'delete', 'all_projects': True} {{(pid=40344) get_all /opt/stack/manila/manila/lock/api.py:112}}
Feb 19 01:28:19.025472 np0000156444 devstack@m-api.service[40344]: DEBUG oslo_concurrency.lockutils [None req-035431fe-6ce4-4363-8c0f-e4e7a48a7a1f tempest-TestProjectAdminTestsCIFS-831124823 tempest-TestProjectAdminTestsCIFS-831124823-project-admin] Acquiring lock "locked_access_rules_operation_by_share_instance_99bffa76-d928-44b5-9c12-607918061f12" by "manila.share.access.locked_access_rules_operation..wrapped..locked_operation" {{(pid=40344) inner /opt/stack/data/venv/lib/python3.12/site-packages/oslo_concurrency/lockutils.py:506}}
Feb 19 01:28:19.026636 np0000156444 devstack@m-api.service[40344]: DEBUG oslo_concurrency.lockutils [None req-035431fe-6ce4-4363-8c0f-e4e7a48a7a1f tempest-TestProjectAdminTestsCIFS-831124823 tempest-TestProjectAdminTestsCIFS-831124823-project-admin] Lock "locked_access_rules_operation_by_share_instance_99bffa76-d928-44b5-9c12-607918061f12" acquired by "manila.share.access.locked_access_rules_operation..wrapped..locked_operation" :: waited 0.001s {{(pid=40344) inner /opt/stack/data/venv/lib/python3.12/site-packages/oslo_concurrency/lockutils.py:519}}
Feb 19 01:28:19.077351 np0000156444 devstack@m-api.service[40343]: DEBUG oslo_concurrency.lockutils [None req-6c847399-607e-4a7e-9249-55a854b8fba5 tempest-TestProjectAdminTestsNFS-1086694199 tempest-TestProjectAdminTestsNFS-1086694199-project-member] Lock "locked_access_rules_operation_by_share_instance_70402be0-aa7f-429d-8bf9-304b5f8e2274" "released" by "manila.share.access.locked_access_rules_operation..wrapped..locked_operation" :: held 0.505s {{(pid=40343) inner /opt/stack/data/venv/lib/python3.12/site-packages/oslo_concurrency/lockutils.py:538}}
Feb 19 01:28:19.082209 np0000156444 devstack@m-api.service[40343]: INFO manila.api.openstack.wsgi [None req-6c847399-607e-4a7e-9249-55a854b8fba5 tempest-TestProjectAdminTestsNFS-1086694199 tempest-TestProjectAdminTestsNFS-1086694199-project-member] https://199.204.45.115/share/v2/9692ea8bdef149a0976b7bb67538d676/shares/03a91da1-8cfa-4aaa-be86-391e1bbd6f2b/action returned with HTTP 200
Feb 19 01:28:19.088359 np0000156444 devstack@m-api.service[40343]: [pid: 40343|app: 0|req: 197/350] 199.204.45.115 () {68 vars in 1538 bytes} [Thu Feb 19 01:28:18 2026] POST /share/v2/9692ea8bdef149a0976b7bb67538d676/shares/03a91da1-8cfa-4aaa-be86-391e1bbd6f2b/action => generated 311 bytes in 561 msecs (HTTP/1.1 200) 7 headers in 297 bytes (1 switches on core 0)
Feb 19 01:28:19.100945 np0000156444 devstack@m-api.service[40343]: INFO manila.api.openstack.wsgi [None req-7216f58f-774b-45c6-a3a6-b9519d2df9c5 tempest-TestProjectReaderTestsNFS-620814984 tempest-user-1802587420] POST https://199.204.45.115/share/v2/70ef24ab6f8c4dbc934ae5d85110b1f4/shares
Feb 19 01:28:19.101847 np0000156444 devstack@m-api.service[40343]: DEBUG manila.api.openstack.wsgi [None req-7216f58f-774b-45c6-a3a6-b9519d2df9c5 tempest-TestProjectReaderTestsNFS-620814984 tempest-user-1802587420] Action: 'create', calling method: Controller.__getattribute__..version_select, body: {"share": {"share_proto": "nfs", "description": "tempest-tempest-created-share-desc-421061026", "snapshot_id": null, "name": "tempest-share-1240059123", "size": 1, "metadata": {"key": "value"}, "is_public": false, "share_type": "85b1bb2f-477c-4589-8356-0bac11e08e9f"}} {{(pid=40343) _process_stack /opt/stack/manila/manila/api/openstack/wsgi.py:796}}
Feb 19 01:28:19.105600 np0000156444 devstack@m-api.service[40343]: INFO manila.api.v2.shares [None req-7216f58f-774b-45c6-a3a6-b9519d2df9c5 tempest-TestProjectReaderTestsNFS-620814984 tempest-user-1802587420] Create NFS share of 1 GB
Feb 19 01:28:19.218588 np0000156444 devstack@m-api.service[40343]: DEBUG manila.quota [None req-7216f58f-774b-45c6-a3a6-b9519d2df9c5 tempest-TestProjectReaderTestsNFS-620814984 tempest-user-1802587420] Created reservations ['35b89eac-eec8-4cfd-b861-fa1cfac2c743', '95c22141-8c9d-41ad-90be-f9104682e513', '3ad8fced-0428-4dae-a49b-3d68a4e84727', '5be3c832-840f-470b-8283-be3a3e17b831'] {{(pid=40343) reserve /opt/stack/manila/manila/quota.py:1038}}
Feb 19 01:28:19.282387 np0000156444 devstack@m-api.service[40344]: DEBUG oslo_concurrency.lockutils [None req-035431fe-6ce4-4363-8c0f-e4e7a48a7a1f tempest-TestProjectAdminTestsCIFS-831124823 tempest-TestProjectAdminTestsCIFS-831124823-project-admin] Lock "locked_access_rules_operation_by_share_instance_99bffa76-d928-44b5-9c12-607918061f12" "released" by "manila.share.access.locked_access_rules_operation..wrapped..locked_operation" :: held 0.256s {{(pid=40344) inner /opt/stack/data/venv/lib/python3.12/site-packages/oslo_concurrency/lockutils.py:538}}
Feb 19 01:28:19.284440 np0000156444 devstack@m-api.service[40344]: DEBUG oslo_concurrency.lockutils [None req-035431fe-6ce4-4363-8c0f-e4e7a48a7a1f tempest-TestProjectAdminTestsCIFS-831124823 tempest-TestProjectAdminTestsCIFS-831124823-project-admin] Acquiring lock "locked_access_rules_operation_by_share_instance_99bffa76-d928-44b5-9c12-607918061f12" by "manila.share.access.locked_access_rules_operation..wrapped..locked_operation" {{(pid=40344) inner /opt/stack/data/venv/lib/python3.12/site-packages/oslo_concurrency/lockutils.py:506}}
Feb 19 01:28:19.284440 np0000156444 devstack@m-api.service[40344]: DEBUG oslo_concurrency.lockutils [None req-035431fe-6ce4-4363-8c0f-e4e7a48a7a1f tempest-TestProjectAdminTestsCIFS-831124823 tempest-TestProjectAdminTestsCIFS-831124823-project-admin] Lock "locked_access_rules_operation_by_share_instance_99bffa76-d928-44b5-9c12-607918061f12" acquired by "manila.share.access.locked_access_rules_operation..wrapped..locked_operation" :: waited 0.000s {{(pid=40344) inner /opt/stack/data/venv/lib/python3.12/site-packages/oslo_concurrency/lockutils.py:519}}
Feb 19 01:28:19.308170 np0000156444 devstack@m-api.service[40343]: DEBUG manila.quota [None req-7216f58f-774b-45c6-a3a6-b9519d2df9c5 tempest-TestProjectReaderTestsNFS-620814984 tempest-user-1802587420] Committed reservations ['35b89eac-eec8-4cfd-b861-fa1cfac2c743', '95c22141-8c9d-41ad-90be-f9104682e513', '3ad8fced-0428-4dae-a49b-3d68a4e84727', '5be3c832-840f-470b-8283-be3a3e17b831'] {{(pid=40343) commit /opt/stack/manila/manila/quota.py:1066}}
Feb 19 01:28:19.389846 np0000156444 devstack@m-api.service[40344]: DEBUG oslo_concurrency.lockutils [None req-035431fe-6ce4-4363-8c0f-e4e7a48a7a1f tempest-TestProjectAdminTestsCIFS-831124823 tempest-TestProjectAdminTestsCIFS-831124823-project-admin] Lock "locked_access_rules_operation_by_share_instance_99bffa76-d928-44b5-9c12-607918061f12" "released" by "manila.share.access.locked_access_rules_operation..wrapped..locked_operation" :: held 0.106s {{(pid=40344) inner /opt/stack/data/venv/lib/python3.12/site-packages/oslo_concurrency/lockutils.py:538}}
Feb 19 01:28:19.395142 np0000156444 devstack@m-api.service[40344]: INFO manila.api.openstack.wsgi [None req-035431fe-6ce4-4363-8c0f-e4e7a48a7a1f tempest-TestProjectAdminTestsCIFS-831124823 tempest-TestProjectAdminTestsCIFS-831124823-project-admin] https://199.204.45.115/share/v2/bba45020ee854a9d88f31ddd53d25ed7/shares/c29e60ab-5457-4c4e-afe6-cd1199122ae8/action returned with HTTP 202
Feb 19 01:28:19.395510 np0000156444 devstack@m-api.service[40344]: [pid: 40344|app: 0|req: 154/351] 199.204.45.115 () {68 vars in 1538 bytes} [Thu Feb 19 01:28:18 2026] POST /share/v2/bba45020ee854a9d88f31ddd53d25ed7/shares/c29e60ab-5457-4c4e-afe6-cd1199122ae8/action => generated 0 bytes in 545 msecs (HTTP/1.1 202) 7 headers in 309 bytes (1 switches on core 0)
Feb 19 01:28:19.413569 np0000156444 devstack@m-api.service[40344]: INFO manila.api.openstack.wsgi [None req-7998428a-810e-4b3a-aa08-dba29b92c315 tempest-TestProjectReaderTestsCIFS-1103305434 tempest-TestProjectReaderTestsCIFS-1103305434-project-reader] GET https://199.204.45.115/share/v2/ffb007b669d5440fa8b2b8b435c3e1f5/share_instances/b39b615d-8288-42f0-8800-5686cb2caf83/export_locations
Feb 19 01:28:19.413763 np0000156444 devstack@m-api.service[40344]: DEBUG manila.api.openstack.wsgi [None req-7998428a-810e-4b3a-aa08-dba29b92c315 tempest-TestProjectReaderTestsCIFS-1103305434 tempest-TestProjectReaderTestsCIFS-1103305434-project-reader] Empty body provided in request {{(pid=40344) get_body /opt/stack/manila/manila/api/openstack/wsgi.py:652}}
Feb 19 01:28:19.413910 np0000156444 devstack@m-api.service[40343]: INFO manila.api.openstack.wsgi [None req-7216f58f-774b-45c6-a3a6-b9519d2df9c5 tempest-TestProjectReaderTestsNFS-620814984 tempest-user-1802587420] https://199.204.45.115/share/v2/70ef24ab6f8c4dbc934ae5d85110b1f4/shares returned with HTTP 200
Feb 19 01:28:19.413949 np0000156444 devstack@m-api.service[40344]: DEBUG manila.api.openstack.wsgi [None req-7998428a-810e-4b3a-aa08-dba29b92c315 tempest-TestProjectReaderTestsCIFS-1103305434 tempest-TestProjectReaderTestsCIFS-1103305434-project-reader] Calling method 'Controller.__getattribute__..version_select' {{(pid=40344) _process_stack /opt/stack/manila/manila/api/openstack/wsgi.py:798}}
Feb 19 01:28:19.414556 np0000156444 devstack@m-api.service[40344]: DEBUG manila.policy [None req-7998428a-810e-4b3a-aa08-dba29b92c315 tempest-TestProjectReaderTestsCIFS-1103305434 tempest-TestProjectReaderTestsCIFS-1103305434-project-reader] Policy check for share_instance_export_location:index failed with credentials {'is_admin': False, 'user_id': '31fd032e4e804a21ba6b674388419991', 'user_domain_id': 'default', 'system_scope': None, 'domain_id': None, 'project_id': 'ffb007b669d5440fa8b2b8b435c3e1f5', 'project_domain_id': 'default', 'roles': ['reader'], 'is_admin_project': True, 'service_user_id': None, 'service_user_domain_id': None, 'service_project_id': None, 'service_project_domain_id': None, 'service_roles': []} {{(pid=40344) authorize /opt/stack/manila/manila/policy.py:200}}
Feb 19 01:28:19.414663 np0000156444 devstack@m-api.service[40343]: [pid: 40343|app: 0|req: 198/352] 199.204.45.115 () {68 vars in 1407 bytes} [Thu Feb 19 01:28:19 2026] POST /share/v2/70ef24ab6f8c4dbc934ae5d85110b1f4/shares => generated 1317 bytes in 329 msecs (HTTP/1.1 200) 7 headers in 298 bytes (1 switches on core 0)
Feb 19 01:28:19.414707 np0000156444 devstack@m-api.service[40344]: INFO manila.api.openstack.wsgi [None req-7998428a-810e-4b3a-aa08-dba29b92c315 tempest-TestProjectReaderTestsCIFS-1103305434 tempest-TestProjectReaderTestsCIFS-1103305434-project-reader] HTTP exception thrown: Access was denied to this resource.
Feb 19 01:28:19.414795 np0000156444 devstack@m-api.service[40344]: INFO manila.api.openstack.wsgi [None req-7998428a-810e-4b3a-aa08-dba29b92c315 tempest-TestProjectReaderTestsCIFS-1103305434 tempest-TestProjectReaderTestsCIFS-1103305434-project-reader] https://199.204.45.115/share/v2/ffb007b669d5440fa8b2b8b435c3e1f5/share_instances/b39b615d-8288-42f0-8800-5686cb2caf83/export_locations returned with HTTP 403
Feb 19 01:28:19.419447 np0000156444 devstack@m-api.service[40343]: INFO manila.api.openstack.wsgi [None req-ee366ec2-ab60-4161-bb95-6419ea682116 tempest-TestProjectAdminTestsNFS-1086694199 tempest-TestProjectAdminTestsNFS-1086694199-project-member] GET https://199.204.45.115/share/v2/9692ea8bdef149a0976b7bb67538d676/share-access-rules?share_id=03a91da1-8cfa-4aaa-be86-391e1bbd6f2b
Feb 19 01:28:19.420382 np0000156444 devstack@m-api.service[40343]: DEBUG manila.api.openstack.wsgi [None req-ee366ec2-ab60-4161-bb95-6419ea682116 tempest-TestProjectAdminTestsNFS-1086694199 tempest-TestProjectAdminTestsNFS-1086694199-project-member] Empty body provided in request {{(pid=40343) get_body /opt/stack/manila/manila/api/openstack/wsgi.py:652}}
Feb 19 01:28:19.421586 np0000156444 devstack@m-api.service[40343]: DEBUG manila.api.openstack.wsgi [None req-ee366ec2-ab60-4161-bb95-6419ea682116 tempest-TestProjectAdminTestsNFS-1086694199 tempest-TestProjectAdminTestsNFS-1086694199-project-member] Calling method 'Controller.__getattribute__..version_select' {{(pid=40343) _process_stack /opt/stack/manila/manila/api/openstack/wsgi.py:798}}
Feb 19 01:28:19.427046 np0000156444 devstack@m-api.service[40344]: [pid: 40344|app: 0|req: 155/353] 199.204.45.115 () {66 vars in 1574 bytes} [Thu Feb 19 01:28:19 2026] GET /share/v2/ffb007b669d5440fa8b2b8b435c3e1f5/share_instances/b39b615d-8288-42f0-8800-5686cb2caf83/export_locations => generated 78 bytes in 29 msecs (HTTP/1.1 403) 7 headers in 303 bytes (1 switches on core 0)
Feb 19 01:28:19.447132 np0000156444 devstack@m-api.service[40344]: INFO manila.api.openstack.wsgi [None req-7a7831f2-922e-45a7-b645-3de16c3bccd4 tempest-TestProjectMemberTestsNFS-478171226 tempest-TestProjectMemberTestsNFS-478171226-project-member] GET https://199.204.45.115/share/v2/54c8a118352f4ee38038223ca82fb524/share-groups/71da8d04-2c2f-49ad-b419-b2d4a2bdb800
Feb 19 01:28:19.447330 np0000156444 devstack@m-api.service[40344]: DEBUG manila.api.openstack.wsgi [None req-7a7831f2-922e-45a7-b645-3de16c3bccd4 tempest-TestProjectMemberTestsNFS-478171226 tempest-TestProjectMemberTestsNFS-478171226-project-member] Empty body provided in request {{(pid=40344) get_body /opt/stack/manila/manila/api/openstack/wsgi.py:652}}
Feb 19 01:28:19.447695 np0000156444 devstack@m-api.service[40343]: DEBUG manila.lock.api [None req-ee366ec2-ab60-4161-bb95-6419ea682116 tempest-TestProjectAdminTestsNFS-1086694199 tempest-TestProjectAdminTestsNFS-1086694199-project-member] Searching for locks by: {'resource_id': 'db331d6c-ecb1-4fd3-b09b-0df4c5c5206b', 'resource_action': 'show', 'resource_type': 'access_rule', 'all_projects': True} {{(pid=40343) get_all /opt/stack/manila/manila/lock/api.py:112}}
Feb 19 01:28:19.450891 np0000156444 devstack@m-api.service[40343]: INFO manila.api.openstack.wsgi [None req-ee366ec2-ab60-4161-bb95-6419ea682116 tempest-TestProjectAdminTestsNFS-1086694199 tempest-TestProjectAdminTestsNFS-1086694199-project-member] https://199.204.45.115/share/v2/9692ea8bdef149a0976b7bb67538d676/share-access-rules?share_id=03a91da1-8cfa-4aaa-be86-391e1bbd6f2b returned with HTTP 200
Feb 19 01:28:19.451308 np0000156444 devstack@m-api.service[40343]: [pid: 40343|app: 0|req: 199/354] 199.204.45.115 () {66 vars in 1512 bytes} [Thu Feb 19 01:28:19 2026] GET /share/v2/9692ea8bdef149a0976b7bb67538d676/share-access-rules?share_id=03a91da1-8cfa-4aaa-be86-391e1bbd6f2b => generated 283 bytes in 36 msecs (HTTP/1.1 200) 7 headers in 297 bytes (1 switches on core 0)
Feb 19 01:28:19.454665 np0000156444 devstack@m-api.service[40343]: INFO manila.api.openstack.wsgi [None req-d7a8afca-55eb-4db3-be50-f54cef524f7d tempest-TestProjectAdminTestsCIFS-831124823 tempest-TestProjectAdminTestsCIFS-831124823-project-admin] GET https://199.204.45.115/share/v2/bba45020ee854a9d88f31ddd53d25ed7/share-access-rules?share_id=c29e60ab-5457-4c4e-afe6-cd1199122ae8
Feb 19 01:28:19.454665 np0000156444 devstack@m-api.service[40343]: DEBUG manila.api.openstack.wsgi [None req-d7a8afca-55eb-4db3-be50-f54cef524f7d tempest-TestProjectAdminTestsCIFS-831124823 tempest-TestProjectAdminTestsCIFS-831124823-project-admin] Empty body provided in request {{(pid=40343) get_body /opt/stack/manila/manila/api/openstack/wsgi.py:652}}
Feb 19 01:28:19.454665 np0000156444 devstack@m-api.service[40343]: DEBUG manila.api.openstack.wsgi [None req-d7a8afca-55eb-4db3-be50-f54cef524f7d tempest-TestProjectAdminTestsCIFS-831124823 tempest-TestProjectAdminTestsCIFS-831124823-project-admin] Calling method 'Controller.__getattribute__..version_select' {{(pid=40343) _process_stack /opt/stack/manila/manila/api/openstack/wsgi.py:798}}
Feb 19 01:28:19.456828 np0000156444 devstack@m-api.service[40344]: DEBUG manila.api.openstack.wsgi [None req-7a7831f2-922e-45a7-b645-3de16c3bccd4 tempest-TestProjectMemberTestsNFS-478171226 tempest-TestProjectMemberTestsNFS-478171226-project-member] Calling method 'Controller.__getattribute__..version_select' {{(pid=40344) _process_stack /opt/stack/manila/manila/api/openstack/wsgi.py:798}}
Feb 19 01:28:19.481580 np0000156444 devstack@m-api.service[40343]: DEBUG manila.lock.api [None req-d7a8afca-55eb-4db3-be50-f54cef524f7d tempest-TestProjectAdminTestsCIFS-831124823 tempest-TestProjectAdminTestsCIFS-831124823-project-admin] Searching for locks by: {'resource_id': '222ec668-4f8c-47ee-a186-eebfbaca22e0', 'resource_action': 'show', 'resource_type': 'access_rule', 'all_projects': True} {{(pid=40343) get_all /opt/stack/manila/manila/lock/api.py:112}}
Feb 19 01:28:19.485482 np0000156444 devstack@m-api.service[40343]: INFO manila.api.openstack.wsgi [None req-d7a8afca-55eb-4db3-be50-f54cef524f7d tempest-TestProjectAdminTestsCIFS-831124823 tempest-TestProjectAdminTestsCIFS-831124823-project-admin] https://199.204.45.115/share/v2/bba45020ee854a9d88f31ddd53d25ed7/share-access-rules?share_id=c29e60ab-5457-4c4e-afe6-cd1199122ae8 returned with HTTP 200
Feb 19 01:28:19.485482 np0000156444 devstack@m-api.service[40343]: [pid: 40343|app: 0|req: 200/355] 199.204.45.115 () {66 vars in 1512 bytes} [Thu Feb 19 01:28:19 2026] GET /share/v2/bba45020ee854a9d88f31ddd53d25ed7/share-access-rules?share_id=c29e60ab-5457-4c4e-afe6-cd1199122ae8 => generated 291 bytes in 33 msecs (HTTP/1.1 200) 7 headers in 297 bytes (1 switches on core 0)
Feb 19 01:28:19.487209 np0000156444 devstack@m-api.service[40343]: INFO manila.api.openstack.wsgi [None req-ee3479f0-3578-4a40-9771-450eb77a633e tempest-TestProjectReaderTestsNFS-620814984 tempest-user-1802587420] GET https://199.204.45.115/share/v2/70ef24ab6f8c4dbc934ae5d85110b1f4/shares/cfd959b5-61b7-4364-83f9-3fc88e6df20d
Feb 19 01:28:19.488574 np0000156444 devstack@m-api.service[40343]: DEBUG manila.api.openstack.wsgi [None req-ee3479f0-3578-4a40-9771-450eb77a633e tempest-TestProjectReaderTestsNFS-620814984 tempest-user-1802587420] Empty body provided in request {{(pid=40343) get_body /opt/stack/manila/manila/api/openstack/wsgi.py:652}}
Feb 19 01:28:19.488574 np0000156444 devstack@m-api.service[40343]: DEBUG manila.api.openstack.wsgi [None req-ee3479f0-3578-4a40-9771-450eb77a633e tempest-TestProjectReaderTestsNFS-620814984 tempest-user-1802587420] Calling method 'ShareMixin.show' {{(pid=40343) _process_stack /opt/stack/manila/manila/api/openstack/wsgi.py:798}}
Feb 19 01:28:19.491036 np0000156444 devstack@m-api.service[40344]: INFO manila.api.openstack.wsgi [None req-7a7831f2-922e-45a7-b645-3de16c3bccd4 tempest-TestProjectMemberTestsNFS-478171226 tempest-TestProjectMemberTestsNFS-478171226-project-member] https://199.204.45.115/share/v2/54c8a118352f4ee38038223ca82fb524/share-groups/71da8d04-2c2f-49ad-b419-b2d4a2bdb800 returned with HTTP 200
Feb 19 01:28:19.497231 np0000156444 devstack@m-api.service[40344]: [pid: 40344|app: 0|req: 156/356] 199.204.45.115 () {66 vars in 1514 bytes} [Thu Feb 19 01:28:19 2026] GET /share/v2/54c8a118352f4ee38038223ca82fb524/share-groups/71da8d04-2c2f-49ad-b419-b2d4a2bdb800 => generated 852 bytes in 68 msecs (HTTP/1.1 200) 7 headers in 297 bytes (1 switches on core 0)
Feb 19 01:28:19.504394 np0000156444 devstack@m-api.service[40344]: INFO manila.api.openstack.wsgi [None req-6f50a884-1f67-4354-8000-81563af85cf4 tempest-TestProjectReaderTestsCIFS-1103305434 tempest-TestProjectReaderTestsCIFS-1103305434-project-admin] GET https://199.204.45.115/share/v2/ffb007b669d5440fa8b2b8b435c3e1f5/share_instances/7dae6e86-1098-4abf-9cca-6faa7d86ec79/export_locations
Feb 19 01:28:19.504394 np0000156444 devstack@m-api.service[40344]: DEBUG manila.api.openstack.wsgi [None req-6f50a884-1f67-4354-8000-81563af85cf4 tempest-TestProjectReaderTestsCIFS-1103305434 tempest-TestProjectReaderTestsCIFS-1103305434-project-admin] Empty body provided in request {{(pid=40344) get_body /opt/stack/manila/manila/api/openstack/wsgi.py:652}}
Feb 19 01:28:19.506362 np0000156444 devstack@m-api.service[40344]: DEBUG manila.api.openstack.wsgi [None req-6f50a884-1f67-4354-8000-81563af85cf4 tempest-TestProjectReaderTestsCIFS-1103305434 tempest-TestProjectReaderTestsCIFS-1103305434-project-admin] Calling method 'Controller.__getattribute__..version_select' {{(pid=40344) _process_stack /opt/stack/manila/manila/api/openstack/wsgi.py:798}}
Feb 19 01:28:19.512655 np0000156444 devstack@m-api.service[40343]: INFO manila.api.openstack.wsgi [None req-ee3479f0-3578-4a40-9771-450eb77a633e tempest-TestProjectReaderTestsNFS-620814984 tempest-user-1802587420] https://199.204.45.115/share/v2/70ef24ab6f8c4dbc934ae5d85110b1f4/shares/cfd959b5-61b7-4364-83f9-3fc88e6df20d returned with HTTP 200
Feb 19 01:28:19.516768 np0000156444 devstack@m-api.service[40343]: [pid: 40343|app: 0|req: 201/357] 199.204.45.115 () {66 vars in 1496 bytes} [Thu Feb 19 01:28:19 2026] GET /share/v2/70ef24ab6f8c4dbc934ae5d85110b1f4/shares/cfd959b5-61b7-4364-83f9-3fc88e6df20d => generated 1317 bytes in 30 msecs (HTTP/1.1 200) 7 headers in 298 bytes (1 switches on core 0)
Feb 19 01:28:19.523910 np0000156444 devstack@m-api.service[40343]: INFO manila.api.openstack.wsgi [None req-db00b4c7-3b54-4a84-9e54-dd8b4c3975b7 tempest-TestProjectMemberTestsNFS-478171226 tempest-TestProjectMemberTestsNFS-478171226-project-member] POST https://199.204.45.115/share/v2/54c8a118352f4ee38038223ca82fb524/share-groups/71da8d04-2c2f-49ad-b419-b2d4a2bdb800/action
Feb 19 01:28:19.525453 np0000156444 devstack@m-api.service[40343]: DEBUG manila.api.openstack.wsgi [None req-db00b4c7-3b54-4a84-9e54-dd8b4c3975b7 tempest-TestProjectMemberTestsNFS-478171226 tempest-TestProjectMemberTestsNFS-478171226-project-member] Action body: b'{"force_delete": null}' {{(pid=40343) get_method /opt/stack/manila/manila/api/openstack/wsgi.py:912}}
Feb 19 01:28:19.528445 np0000156444 devstack@m-api.service[40343]: DEBUG manila.api.openstack.wsgi [None req-db00b4c7-3b54-4a84-9e54-dd8b4c3975b7 tempest-TestProjectMemberTestsNFS-478171226 tempest-TestProjectMemberTestsNFS-478171226-project-member] Action: 'action', calling method: ShareGroupController.share_group_force_delete, body: {"force_delete": null} {{(pid=40343) _process_stack /opt/stack/manila/manila/api/openstack/wsgi.py:796}}
Feb 19 01:28:19.528445 np0000156444 devstack@m-api.service[40343]: DEBUG manila.policy [None req-db00b4c7-3b54-4a84-9e54-dd8b4c3975b7 tempest-TestProjectMemberTestsNFS-478171226 tempest-TestProjectMemberTestsNFS-478171226-project-member] Policy check for share_group:force_delete failed with credentials {'is_admin': False, 'user_id': 'adf6fe3fbc8c4574a87488db3122d39d', 'user_domain_id': 'default', 'system_scope': None, 'domain_id': None, 'project_id': '54c8a118352f4ee38038223ca82fb524', 'project_domain_id': 'default', 'roles': ['reader', 'member'], 'is_admin_project': True, 'service_user_id': None, 'service_user_domain_id': None, 'service_project_id': None, 'service_project_domain_id': None, 'service_roles': []} {{(pid=40343) authorize /opt/stack/manila/manila/policy.py:200}}
Feb 19 01:28:19.528445 np0000156444 devstack@m-api.service[40343]: INFO manila.api.openstack.wsgi [None req-db00b4c7-3b54-4a84-9e54-dd8b4c3975b7 tempest-TestProjectMemberTestsNFS-478171226 tempest-TestProjectMemberTestsNFS-478171226-project-member] HTTP exception thrown: Access was denied to this resource.
