2026-05-05 03:40:43.689 8 INFO placement.requestlog [None req-0778accf-199f-44c2-b8f8-9e3f32ba7bf0 dbcfe9a8c21e4858be58c558a650ed38 86b6914069e64b6999f48316914b4401 - - d77937d68eb345ff8edd169dab3258d7 d77937d68eb345ff8edd169dab3258d7] 10.0.0.120 "GET /resource_providers/510bfc91-f6f9-4f01-9ee5-0006d798ff1d/aggregates" status: 404 len: 235 microversion: 1.1 [pid: 8|app: 0|req: 476/959] 10.0.0.120 () {32 vars in 815 bytes} [Tue May 5 03:40:43 2026] GET /resource_providers/510bfc91-f6f9-4f01-9ee5-0006d798ff1d/aggregates => generated 235 bytes in 15 msecs (HTTP/1.1 404) 5 headers in 202 bytes (1 switches on core 0)
2026-05-05 03:40:43.711 7 INFO placement.requestlog [None req-8de17a93-2401-46ef-90b2-ddac9e116d3d dbcfe9a8c21e4858be58c558a650ed38 86b6914069e64b6999f48316914b4401 - - d77937d68eb345ff8edd169dab3258d7 d77937d68eb345ff8edd169dab3258d7] 10.0.0.120 "DELETE /resource_providers/510bfc91-f6f9-4f01-9ee5-0006d798ff1d" status: 404 len: 246 microversion: 1.1 [pid: 7|app: 0|req: 484/960] 10.0.0.120 () {34 vars in 815 bytes} [Tue May 5 03:40:43 2026] DELETE /resource_providers/510bfc91-f6f9-4f01-9ee5-0006d798ff1d => generated 246 bytes in 10 msecs (HTTP/1.1 404) 6 headers in 231 bytes (1 switches on core 0)
2026-05-05 03:40:43.805 8 INFO placement.requestlog [None req-8c8b84c2-8cf9-4c64-83f3-974d18c03f05 - - - - - -] 10.0.0.35 "GET /" status: 200 len: 136 microversion: 1.0
2026-05-05 03:40:43.806 7 INFO placement.requestlog [None req-8110855d-2a6b-49bc-8ae1-f75df6d4cb57 - - - - - -] 10.0.0.35 "GET /" status: 200 len: 136 microversion: 1.0
2026-05-05 03:40:45.978 8 INFO placement.requestlog [req-10fe68ec-4bad-4a50-8bba-56bf627d960e req-86c70a0c-ff50-4258-8d0f-8cfe391f6397 ccb1541f672742c3bcd9f45539c7915d 86b6914069e64b6999f48316914b4401 - - d77937d68eb345ff8edd169dab3258d7 d77937d68eb345ff8edd169dab3258d7] 10.0.0.130 "GET /allocation_candidates?limit=1000&resources=DISK_GB%3A1%2CMEMORY_MB%3A512%2CVCPU%3A1&root_required=%21COMPUTE_STATUS_DISABLED" status: 200 len: 2147 microversion: 1.36 [pid: 8|app: 0|req: 478/963] 10.0.0.130 () {34 vars in 1011 bytes} [Tue May 5 03:40:45 2026] GET /allocation_candidates?limit=1000&resources=DISK_GB%3A1%2CMEMORY_MB%3A512%2CVCPU%3A1&root_required=%21COMPUTE_STATUS_DISABLED => generated 2147 bytes in 46 msecs (HTTP/1.1 200) 8 headers in 297 bytes (1 switches on core 0)
2026-05-05 03:40:46.021 7 INFO placement.requestlog [req-10fe68ec-4bad-4a50-8bba-56bf627d960e req-6d340dd7-f4b2-4c60-9b2a-9c6a7a005023 ccb1541f672742c3bcd9f45539c7915d 86b6914069e64b6999f48316914b4401 - - d77937d68eb345ff8edd169dab3258d7 d77937d68eb345ff8edd169dab3258d7] 10.0.0.130 "GET /allocations/e063b825-666a-44cf-9935-8889fa3e90b1" status: 200 len: 19 microversion: 1.28 [pid: 7|app: 0|req: 486/964] 10.0.0.130 () {34 vars in 860 bytes} [Tue May 5 03:40:46 2026] GET /allocations/e063b825-666a-44cf-9935-8889fa3e90b1 => generated 19 bytes in 10 msecs (HTTP/1.1 200) 8 headers in 295 bytes (1 switches on core 0)
2026-05-05 03:40:46.120 8 INFO placement.requestlog [req-10fe68ec-4bad-4a50-8bba-56bf627d960e req-fee525b4-4b30-43b4-b511-744334be3cc1 ccb1541f672742c3bcd9f45539c7915d 86b6914069e64b6999f48316914b4401 - - d77937d68eb345ff8edd169dab3258d7 d77937d68eb345ff8edd169dab3258d7] 10.0.0.130 "PUT /allocations/e063b825-666a-44cf-9935-8889fa3e90b1" status: 204 len: 0 microversion: 1.36 [pid: 8|app: 0|req: 479/965] 10.0.0.130 () {38 vars in 913 bytes} [Tue May 5 03:40:46 2026] PUT /allocations/e063b825-666a-44cf-9935-8889fa3e90b1 => generated 0 bytes in 87 msecs (HTTP/1.1 204) 5 headers in 199 bytes (1 switches on core 0)
2026-05-05 03:40:46.413 7 INFO placement.requestlog [req-10fe68ec-4bad-4a50-8bba-56bf627d960e req-33fddc11-f26e-40d6-bab4-9a954da2618c ccb1541f672742c3bcd9f45539c7915d 86b6914069e64b6999f48316914b4401 - - d77937d68eb345ff8edd169dab3258d7 d77937d68eb345ff8edd169dab3258d7] 199.19.213.117 "GET /allocations/e063b825-666a-44cf-9935-8889fa3e90b1" status: 200 len: 257 microversion: 1.28 [pid: 7|app: 0|req: 487/966] 199.19.213.117 () {34 vars in 862 bytes} [Tue May 5 03:40:46 2026] GET /allocations/e063b825-666a-44cf-9935-8889fa3e90b1 => generated 257 bytes in 19 msecs (HTTP/1.1 200) 8 headers in 296 bytes (1 switches on core 0)
2026-05-05 03:40:46.562 8 INFO placement.requestlog [req-10fe68ec-4bad-4a50-8bba-56bf627d960e req-b0dfd2ed-4cd3-48e8-bfc0-838ee0a7d966 ccb1541f672742c3bcd9f45539c7915d 86b6914069e64b6999f48316914b4401 - - d77937d68eb345ff8edd169dab3258d7 d77937d68eb345ff8edd169dab3258d7] 199.19.213.117 "GET /resource_providers/f5b3fd0c-d92d-4e9d-a9cd-f2356315bcac/allocations" status: 200 len: 152 microversion: 1.0 [pid: 8|app: 0|req: 480/967] 199.19.213.117 () {32 vars in 856 bytes} [Tue May 5 03:40:46 2026] GET /resource_providers/f5b3fd0c-d92d-4e9d-a9cd-f2356315bcac/allocations => generated 152 bytes in 27 msecs (HTTP/1.1 200) 6 headers in 224 bytes (1 switches on core 0)
2026-05-05 03:40:46.582 7 INFO placement.requestlog [req-10fe68ec-4bad-4a50-8bba-56bf627d960e req-19961bca-4b45-43fa-8db8-eb6532cd2ead ccb1541f672742c3bcd9f45539c7915d 86b6914069e64b6999f48316914b4401 - - d77937d68eb345ff8edd169dab3258d7 d77937d68eb345ff8edd169dab3258d7] 199.19.213.117 "GET /allocations/e063b825-666a-44cf-9935-8889fa3e90b1" status: 200 len: 257 microversion: 1.28 [pid: 7|app: 0|req: 488/968] 199.19.213.117 () {34 vars in 862 bytes} [Tue May 5 03:40:46 2026] GET /allocations/e063b825-666a-44cf-9935-8889fa3e90b1 => generated 257 bytes in 15 msecs (HTTP/1.1 200) 8 headers in 296 bytes (1 switches on core 0)
2026-05-05 03:40:47.720 8 INFO placement.requestlog [req-eca4ff5e-67b5-4c97-b7fa-0851cc00ced7 req-e0dcad44-b9e9-49dd-9f38-07b70ba1950b ccb1541f672742c3bcd9f45539c7915d 86b6914069e64b6999f48316914b4401 - - d77937d68eb345ff8edd169dab3258d7 d77937d68eb345ff8edd169dab3258d7] 10.0.0.130 "GET /allocation_candidates?limit=1000&resources=DISK_GB%3A1%2CMEMORY_MB%3A512%2CVCPU%3A1&root_required=%21COMPUTE_STATUS_DISABLED" status: 200 len: 2149 microversion: 1.36 [pid: 8|app: 0|req: 481/969] 10.0.0.130 () {34 vars in 1011 bytes} [Tue May 5 03:40:47 2026] GET /allocation_candidates?limit=1000&resources=DISK_GB%3A1%2CMEMORY_MB%3A512%2CVCPU%3A1&root_required=%21COMPUTE_STATUS_DISABLED => generated 2149 bytes in 57 msecs (HTTP/1.1 200) 8 headers in 297 bytes (1 switches on core 0)
2026-05-05 03:40:47.756 7 INFO placement.requestlog [req-eca4ff5e-67b5-4c97-b7fa-0851cc00ced7 req-8fa6d07b-3318-4ab8-902d-d7cd5afec8f0 ccb1541f672742c3bcd9f45539c7915d 86b6914069e64b6999f48316914b4401 - - d77937d68eb345ff8edd169dab3258d7 d77937d68eb345ff8edd169dab3258d7] 10.0.0.130 "GET /allocations/8119093c-1c5c-4325-8e35-f40c45f94b8d" status: 200 len: 19 microversion: 1.28 [pid: 7|app: 0|req: 489/970] 10.0.0.130 () {34 vars in 860 bytes} [Tue May 5 03:40:47 2026] GET /allocations/8119093c-1c5c-4325-8e35-f40c45f94b8d => generated 19 bytes in 15 msecs (HTTP/1.1 200) 8 headers in 295 bytes (1 switches on core 0)
2026-05-05 03:40:47.826 8 INFO placement.requestlog [req-eca4ff5e-67b5-4c97-b7fa-0851cc00ced7 req-e969c82b-d420-4d76-8f9e-427d1193c7c9 ccb1541f672742c3bcd9f45539c7915d 86b6914069e64b6999f48316914b4401 - - d77937d68eb345ff8edd169dab3258d7 d77937d68eb345ff8edd169dab3258d7] 10.0.0.130 "PUT /allocations/8119093c-1c5c-4325-8e35-f40c45f94b8d" status: 204 len: 0 microversion: 1.36 [pid: 8|app: 0|req: 482/971] 10.0.0.130 () {38 vars in 913 bytes} [Tue May 5 03:40:47 2026] PUT /allocations/8119093c-1c5c-4325-8e35-f40c45f94b8d => generated 0 bytes in 65 msecs (HTTP/1.1 204) 5 headers in 199 bytes (1 switches on core 0)
2026-05-05 03:40:48.124 7 INFO placement.requestlog [req-eca4ff5e-67b5-4c97-b7fa-0851cc00ced7 req-d1e708c1-ebe0-4fbd-b4be-6522e29302b4 ccb1541f672742c3bcd9f45539c7915d 86b6914069e64b6999f48316914b4401 - - d77937d68eb345ff8edd169dab3258d7 d77937d68eb345ff8edd169dab3258d7] 199.19.213.117 "GET /allocations/8119093c-1c5c-4325-8e35-f40c45f94b8d" status: 200 len: 258 microversion: 1.28 [pid: 7|app: 0|req: 490/972] 199.19.213.117 () {34 vars in 862 bytes} [Tue May 5 03:40:48 2026] GET /allocations/8119093c-1c5c-4325-8e35-f40c45f94b8d => generated 258 bytes in 14 msecs (HTTP/1.1 200) 8 headers in 296 bytes (1 switches on core 0)
2026-05-05 03:40:48.268 8 INFO placement.requestlog [req-eca4ff5e-67b5-4c97-b7fa-0851cc00ced7 req-cd7dbc7a-b5f0-4ae5-b3ca-a9c5bcd786f2 ccb1541f672742c3bcd9f45539c7915d 86b6914069e64b6999f48316914b4401 - - d77937d68eb345ff8edd169dab3258d7 d77937d68eb345ff8edd169dab3258d7] 199.19.213.117 "GET /resource_providers/f5b3fd0c-d92d-4e9d-a9cd-f2356315bcac/allocations" status: 200 len: 253 microversion: 1.0 [pid: 8|app: 0|req: 483/973] 199.19.213.117 () {32 vars in 856 bytes} [Tue May 5 03:40:48 2026] GET /resource_providers/f5b3fd0c-d92d-4e9d-a9cd-f2356315bcac/allocations => generated 253 bytes in 13 msecs (HTTP/1.1 200) 6 headers in 224 bytes (1 switches on core 0)
2026-05-05 03:40:48.300 7 INFO placement.requestlog [req-eca4ff5e-67b5-4c97-b7fa-0851cc00ced7 req-e6c6721b-66e1-4a4e-a908-3ba58a947ad2 ccb1541f672742c3bcd9f45539c7915d 86b6914069e64b6999f48316914b4401 - - d77937d68eb345ff8edd169dab3258d7 d77937d68eb345ff8edd169dab3258d7] 199.19.213.117 "GET /allocations/8119093c-1c5c-4325-8e35-f40c45f94b8d" status: 200 len: 258 microversion: 1.28 [pid: 7|app: 0|req: 491/974] 199.19.213.117 () {34 vars in 862 bytes} [Tue May 5 03:40:48 2026] GET /allocations/8119093c-1c5c-4325-8e35-f40c45f94b8d => generated 258 bytes in 22 msecs (HTTP/1.1 200) 8 headers in 296 bytes (1 switches on core 0)
2026-05-05 03:40:48.323 8 INFO placement.requestlog [req-eca4ff5e-67b5-4c97-b7fa-0851cc00ced7 req-2bd542da-fbd8-4d4c-a379-762dfc96a9f3 ccb1541f672742c3bcd9f45539c7915d 86b6914069e64b6999f48316914b4401 - - d77937d68eb345ff8edd169dab3258d7 d77937d68eb345ff8edd169dab3258d7] 199.19.213.117 "GET /allocations/e063b825-666a-44cf-9935-8889fa3e90b1" status: 200 len: 258 microversion: 1.28 [pid: 8|app: 0|req: 484/975] 199.19.213.117 () {34 vars in 862 bytes} [Tue May 5 03:40:48 2026] GET /allocations/e063b825-666a-44cf-9935-8889fa3e90b1 => generated 258 bytes in 14 msecs (HTTP/1.1 200) 8 headers in 296 bytes (1 switches on core 0)
2026-05-05 03:40:48.399 7 INFO placement.requestlog [None req-34f2dd57-f52a-4542-9b15-f6d0b9cd1637 dbcfe9a8c21e4858be58c558a650ed38 86b6914069e64b6999f48316914b4401 - - d77937d68eb345ff8edd169dab3258d7 d77937d68eb345ff8edd169dab3258d7] 10.0.0.120 "GET /resource_providers/fa66cc4b-e6ea-4137-a7c2-148947089671/aggregates" status: 404 len: 235 microversion: 1.1 [pid: 7|app: 0|req: 492/976] 10.0.0.120 () {32 vars in 815 bytes} [Tue May 5 03:40:48 2026] GET /resource_providers/fa66cc4b-e6ea-4137-a7c2-148947089671/aggregates => generated 235 bytes in 10 msecs (HTTP/1.1 404) 5 headers in 202 bytes (1 switches on core 0)
2026-05-05 03:40:48.404 8 INFO placement.requestlog [None req-587d6b6a-fcc8-47bf-9528-65165add9bde dbcfe9a8c21e4858be58c558a650ed38 86b6914069e64b6999f48316914b4401 - - d77937d68eb345ff8edd169dab3258d7 d77937d68eb345ff8edd169dab3258d7] 10.0.0.120 "GET /resource_providers/fa66cc4b-e6ea-4137-a7c2-148947089671/aggregates" status: 404 len: 235 microversion: 1.1 [pid: 8|app: 0|req: 485/977] 10.0.0.120 () {32 vars in 815 bytes} [Tue May 5 03:40:48 2026] GET /resource_providers/fa66cc4b-e6ea-4137-a7c2-148947089671/aggregates => generated 235 bytes in 10 msecs (HTTP/1.1 404) 5 headers in 202 bytes (1 switches on core 0)
2026-05-05 03:40:48.425 7 INFO placement.requestlog [None req-5c163889-4bf4-4eab-8b4d-db84bffd5bcf dbcfe9a8c21e4858be58c558a650ed38 86b6914069e64b6999f48316914b4401 - - d77937d68eb345ff8edd169dab3258d7 d77937d68eb345ff8edd169dab3258d7] 10.0.0.120 "DELETE /resource_providers/fa66cc4b-e6ea-4137-a7c2-148947089671" status: 404 len: 246 microversion: 1.1 [pid: 7|app: 0|req: 493/978] 10.0.0.120 () {34 vars in 815 bytes} [Tue May 5 03:40:48 2026] DELETE /resource_providers/fa66cc4b-e6ea-4137-a7c2-148947089671 => generated 246 bytes in 11 msecs (HTTP/1.1 404) 6 headers in 231 bytes (1 switches on core 0)
2026-05-05 03:40:48.427 8 INFO placement.requestlog [None req-40db677a-2f40-4d90-89af-11ab4d269e79 dbcfe9a8c21e4858be58c558a650ed38 86b6914069e64b6999f48316914b4401 - - d77937d68eb345ff8edd169dab3258d7 d77937d68eb345ff8edd169dab3258d7] 10.0.0.120 "DELETE /resource_providers/fa66cc4b-e6ea-4137-a7c2-148947089671" status: 404 len: 246 microversion: 1.1 [pid: 8|app: 0|req: 486/979] 10.0.0.120 () {34 vars in 815 bytes} [Tue May 5 03:40:48 2026] DELETE /resource_providers/fa66cc4b-e6ea-4137-a7c2-148947089671 => generated 246 bytes in 10 msecs (HTTP/1.1 404) 6 headers in 231 bytes (1 switches on core 0)
2026-05-05 03:40:53.806 7 INFO placement.requestlog [None req-ce8de7f7-2af1-4cae-a4e1-ed27aab57173 - - - - - -] 10.0.0.35 "GET /" status: 200 len: 136 microversion: 1.0
2026-05-05 03:40:53.806 8 INFO placement.requestlog [None req-8d824020-c0d3-4002-9635-e8c1dd1a8a2f - - - - - -] 10.0.0.35 "GET /" status: 200 len: 136 microversion: 1.0
2026-05-05 03:40:55.855 8 INFO placement.requestlog [req-ba6b1324-31d7-418d-9302-1df566551d27 req-a27545d8-99f0-4a19-b1bd-72cc6a7ea81c ccb1541f672742c3bcd9f45539c7915d 86b6914069e64b6999f48316914b4401 - - d77937d68eb345ff8edd169dab3258d7 d77937d68eb345ff8edd169dab3258d7] 10.0.0.130 "GET /allocation_candidates?limit=1000&resources=DISK_GB%3A1%2CMEMORY_MB%3A512%2CVCPU%3A1&root_required=%21COMPUTE_STATUS_DISABLED" status: 200 len: 2150 microversion: 1.36 [pid: 8|app: 0|req: 488/982] 10.0.0.130 () {34 vars in 1011 bytes} [Tue May 5 03:40:55 2026] GET /allocation_candidates?limit=1000&resources=DISK_GB%3A1%2CMEMORY_MB%3A512%2CVCPU%3A1&root_required=%21COMPUTE_STATUS_DISABLED => generated 2150 bytes in 54 msecs (HTTP/1.1 200) 8 headers in 297 bytes (1 switches on core 0)
2026-05-05 03:40:55.896 7 INFO placement.requestlog [req-ba6b1324-31d7-418d-9302-1df566551d27 req-c19b6c7a-b0bf-4b04-969f-8de1f3e6702e ccb1541f672742c3bcd9f45539c7915d 86b6914069e64b6999f48316914b4401 - - d77937d68eb345ff8edd169dab3258d7 d77937d68eb345ff8edd169dab3258d7] 10.0.0.130 "GET /allocations/45f6f5cf-b749-41a9-b2f9-515f6d237069" status: 200 len: 19 microversion: 1.28 [pid: 7|app: 0|req: 495/983] 10.0.0.130 () {34 vars in 860 bytes} [Tue May 5 03:40:55 2026] GET /allocations/45f6f5cf-b749-41a9-b2f9-515f6d237069 => generated 19 bytes in 18 msecs (HTTP/1.1 200) 8 headers in 295 bytes (1 switches on core 0)
2026-05-05 03:40:55.965 8 INFO placement.requestlog [req-ba6b1324-31d7-418d-9302-1df566551d27 req-846576c3-f669-4b93-8f8a-5532a4387eb6 ccb1541f672742c3bcd9f45539c7915d 86b6914069e64b6999f48316914b4401 - - d77937d68eb345ff8edd169dab3258d7 d77937d68eb345ff8edd169dab3258d7] 10.0.0.130 "PUT /allocations/45f6f5cf-b749-41a9-b2f9-515f6d237069" status: 204 len: 0 microversion: 1.36 [pid: 8|app: 0|req: 489/984] 10.0.0.130 () {38 vars in 913 bytes} [Tue May 5 03:40:55 2026] PUT /allocations/45f6f5cf-b749-41a9-b2f9-515f6d237069 => generated 0 bytes in 61 msecs (HTTP/1.1 204) 5 headers in 199 bytes (1 switches on core 0)
2026-05-05 03:40:56.367 7 INFO placement.requestlog [req-ba6b1324-31d7-418d-9302-1df566551d27 req-24527779-16c4-4868-94bd-4fdc92b66068 ccb1541f672742c3bcd9f45539c7915d 86b6914069e64b6999f48316914b4401 - - d77937d68eb345ff8edd169dab3258d7 d77937d68eb345ff8edd169dab3258d7] 199.19.213.117 "GET /allocations/45f6f5cf-b749-41a9-b2f9-515f6d237069" status: 200 len: 258 microversion: 1.28 [pid: 7|app: 0|req: 496/985] 199.19.213.117 () {34 vars in 862 bytes} [Tue May 5 03:40:56 2026] GET /allocations/45f6f5cf-b749-41a9-b2f9-515f6d237069 => generated 258 bytes in 17 msecs (HTTP/1.1 200) 8 headers in 296 bytes (1 switches on core 0)
2026-05-05 03:40:56.511 8 INFO placement.requestlog [req-ba6b1324-31d7-418d-9302-1df566551d27 req-109ce2e1-5632-4072-83dd-2d5f01439a06 ccb1541f672742c3bcd9f45539c7915d 86b6914069e64b6999f48316914b4401 - - d77937d68eb345ff8edd169dab3258d7 d77937d68eb345ff8edd169dab3258d7] 199.19.213.117 "GET /resource_providers/f5b3fd0c-d92d-4e9d-a9cd-f2356315bcac/allocations" status: 200 len: 353 microversion: 1.0 [pid: 8|app: 0|req: 490/986] 199.19.213.117 () {32 vars in 856 bytes} [Tue May 5 03:40:56 2026] GET /resource_providers/f5b3fd0c-d92d-4e9d-a9cd-f2356315bcac/allocations => generated 353 bytes in 29 msecs (HTTP/1.1 200) 6 headers in 224 bytes (1 switches on core 0)
2026-05-05 03:40:56.535 7 INFO placement.requestlog [req-ba6b1324-31d7-418d-9302-1df566551d27 req-cc1b9c4a-9263-4fa8-aadf-6bcb6d8d832e ccb1541f672742c3bcd9f45539c7915d 86b6914069e64b6999f48316914b4401 - - d77937d68eb345ff8edd169dab3258d7 d77937d68eb345ff8edd169dab3258d7] 199.19.213.117 "GET /allocations/8119093c-1c5c-4325-8e35-f40c45f94b8d" status: 200 len: 258 microversion: 1.28 [pid: 7|app: 0|req: 497/987] 199.19.213.117 () {34 vars in 862 bytes} [Tue May 5 03:40:56 2026] GET /allocations/8119093c-1c5c-4325-8e35-f40c45f94b8d => generated 258 bytes in 17 msecs (HTTP/1.1 200) 8 headers in 296 bytes (1 switches on core 0)
2026-05-05 03:40:56.562 8 INFO placement.requestlog [req-ba6b1324-31d7-418d-9302-1df566551d27 req-f6881de0-f07f-4b15-bee5-fdad4215c240 ccb1541f672742c3bcd9f45539c7915d 86b6914069e64b6999f48316914b4401 - - d77937d68eb345ff8edd169dab3258d7 d77937d68eb345ff8edd169dab3258d7] 199.19.213.117 "GET /allocations/e063b825-666a-44cf-9935-8889fa3e90b1" status: 200 len: 258 microversion: 1.28 [pid: 8|app: 0|req: 491/988] 199.19.213.117 () {34 vars in 862 bytes} [Tue May 5 03:40:56 2026] GET /allocations/e063b825-666a-44cf-9935-8889fa3e90b1 => generated 258 bytes in 22 msecs (HTTP/1.1 200) 8 headers in 296 bytes (1 switches on core 0)
2026-05-05 03:40:56.586 7 INFO placement.requestlog [req-ba6b1324-31d7-418d-9302-1df566551d27 req-d80ed209-e447-4937-9fdb-f26a9209b936 ccb1541f672742c3bcd9f45539c7915d 86b6914069e64b6999f48316914b4401 - - d77937d68eb345ff8edd169dab3258d7 d77937d68eb345ff8edd169dab3258d7] 199.19.213.117 "GET /allocations/45f6f5cf-b749-41a9-b2f9-515f6d237069" status: 200 len: 258 microversion: 1.28 [pid: 7|app: 0|req: 498/989] 199.19.213.117 () {34 vars in 862 bytes} [Tue May 5 03:40:56 2026] GET /allocations/45f6f5cf-b749-41a9-b2f9-515f6d237069 => generated 258 bytes in 15 msecs (HTTP/1.1 200) 8 headers in 296 bytes (1 switches on core 0)
2026-05-05 03:41:02.865 8 INFO placement.requestlog [req-4c7601c7-7671-4731-9644-06545d285ff5 req-afbf0ca6-11f5-43c8-9779-e042793cea0b ccb1541f672742c3bcd9f45539c7915d 86b6914069e64b6999f48316914b4401 - - d77937d68eb345ff8edd169dab3258d7 d77937d68eb345ff8edd169dab3258d7] 199.19.213.117 "GET /resource_providers/f5b3fd0c-d92d-4e9d-a9cd-f2356315bcac/allocations" status: 200 len: 353 microversion: 1.0 [pid: 8|app: 0|req: 492/990] 199.19.213.117 () {32 vars in 856 bytes} [Tue May 5 03:41:02 2026] GET /resource_providers/f5b3fd0c-d92d-4e9d-a9cd-f2356315bcac/allocations => generated 353 bytes in 40 msecs (HTTP/1.1 200) 6 headers in 224 bytes (1 switches on core 0)
2026-05-05 03:41:02.893 7 INFO placement.requestlog [req-4c7601c7-7671-4731-9644-06545d285ff5 req-aec49553-430b-474a-a2a2-bd6d1b5f820a ccb1541f672742c3bcd9f45539c7915d 86b6914069e64b6999f48316914b4401 - - d77937d68eb345ff8edd169dab3258d7 d77937d68eb345ff8edd169dab3258d7] 199.19.213.117 "GET /resource_providers/f5b3fd0c-d92d-4e9d-a9cd-f2356315bcac/allocations" status: 200 len: 353 microversion: 1.0 [pid: 7|app: 0|req: 499/991] 199.19.213.117 () {32 vars in 856 bytes} [Tue May 5 03:41:02 2026] GET /resource_providers/f5b3fd0c-d92d-4e9d-a9cd-f2356315bcac/allocations => generated 353 bytes in 16 msecs (HTTP/1.1 200) 6 headers in 224 bytes (1 switches on core 0)
2026-05-05 03:41:02.921 8 INFO placement.requestlog [req-4c7601c7-7671-4731-9644-06545d285ff5 req-a141a47f-12cd-4b54-8428-d64be5451ee5 ccb1541f672742c3bcd9f45539c7915d 86b6914069e64b6999f48316914b4401 - - d77937d68eb345ff8edd169dab3258d7 d77937d68eb345ff8edd169dab3258d7] 199.19.213.117 "GET /allocations/8119093c-1c5c-4325-8e35-f40c45f94b8d" status: 200 len: 258 microversion: 1.28 [pid: 8|app: 0|req: 493/992] 199.19.213.117 () {34 vars in 862 bytes} [Tue May 5 03:41:02 2026] GET /allocations/8119093c-1c5c-4325-8e35-f40c45f94b8d => generated 258 bytes in 19 msecs (HTTP/1.1 200) 8 headers in 296 bytes (1 switches on core 0)
2026-05-05 03:41:02.946 7 INFO placement.requestlog [req-4c7601c7-7671-4731-9644-06545d285ff5 req-dbd1eeb2-12f0-4d2f-b0fb-43c9828ea0a4 ccb1541f672742c3bcd9f45539c7915d 86b6914069e64b6999f48316914b4401 - - d77937d68eb345ff8edd169dab3258d7 d77937d68eb345ff8edd169dab3258d7] 199.19.213.117 "GET /allocations/e063b825-666a-44cf-9935-8889fa3e90b1" status: 200 len: 258 microversion: 1.28 [pid: 7|app: 0|req: 500/993] 199.19.213.117 () {34 vars in 862 bytes} [Tue May 5 03:41:02 2026] GET /allocations/e063b825-666a-44cf-9935-8889fa3e90b1 => generated 258 bytes in 17 msecs (HTTP/1.1 200) 8 headers in 296 bytes (1 switches on core 0)
2026-05-05 03:41:02.971 8 INFO placement.requestlog [req-4c7601c7-7671-4731-9644-06545d285ff5 req-c32051b4-fc52-4c7b-ba77-20f8367315cc ccb1541f672742c3bcd9f45539c7915d 86b6914069e64b6999f48316914b4401 - - d77937d68eb345ff8edd169dab3258d7 d77937d68eb345ff8edd169dab3258d7] 199.19.213.117 "GET /allocations/45f6f5cf-b749-41a9-b2f9-515f6d237069" status: 200 len: 258 microversion: 1.28 [pid: 8|app: 0|req: 494/994] 199.19.213.117 () {34 vars in 862 bytes} [Tue May 5 03:41:02 2026] GET /allocations/45f6f5cf-b749-41a9-b2f9-515f6d237069 => generated 258 bytes in 16 msecs (HTTP/1.1 200) 8 headers in 296 bytes (1 switches on core 0)
2026-05-05 03:41:03.131 7 INFO placement.requestlog [req-9de3a7ba-a478-4497-9b7c-3454643b9832 req-babbaf55-adce-4389-ad94-7ed32c360950 ccb1541f672742c3bcd9f45539c7915d 86b6914069e64b6999f48316914b4401 - - d77937d68eb345ff8edd169dab3258d7 d77937d68eb345ff8edd169dab3258d7] 10.0.0.130 "GET /allocation_candidates?limit=1000&resources=DISK_GB%3A1%2CMEMORY_MB%3A512%2CVCPU%3A1&root_required=%21COMPUTE_STATUS_DISABLED" status: 200 len: 2150 microversion: 1.36 [pid: 7|app: 0|req: 501/995] 10.0.0.130 () {34 vars in 1011 bytes} [Tue May 5 03:41:03 2026] GET /allocation_candidates?limit=1000&resources=DISK_GB%3A1%2CMEMORY_MB%3A512%2CVCPU%3A1&root_required=%21COMPUTE_STATUS_DISABLED => generated 2150 bytes in 51 msecs (HTTP/1.1 200) 8 headers in 297 bytes (1 switches on core 0)
2026-05-05 03:41:03.166 8 INFO placement.requestlog [req-9de3a7ba-a478-4497-9b7c-3454643b9832 req-c3029788-d15c-4e6b-9cf4-25334dd43e04 ccb1541f672742c3bcd9f45539c7915d 86b6914069e64b6999f48316914b4401 - - d77937d68eb345ff8edd169dab3258d7 d77937d68eb345ff8edd169dab3258d7] 10.0.0.130 "GET /allocations/c1004069-578c-4ec3-b4a5-73fb6caee3d6" status: 200 len: 19 microversion: 1.28 [pid: 8|app: 0|req: 495/996] 10.0.0.130 () {34 vars in 860 bytes} [Tue May 5 03:41:03 2026] GET /allocations/c1004069-578c-4ec3-b4a5-73fb6caee3d6 => generated 19 bytes in 12 msecs (HTTP/1.1 200) 8 headers in 295 bytes (1 switches on core 0)
2026-05-05 03:41:03.258 7 INFO placement.requestlog [req-9de3a7ba-a478-4497-9b7c-3454643b9832 req-2ab69a58-ffb5-4e17-846b-a3cc4644aa38 ccb1541f672742c3bcd9f45539c7915d 86b6914069e64b6999f48316914b4401 - - d77937d68eb345ff8edd169dab3258d7 d77937d68eb345ff8edd169dab3258d7] 10.0.0.130 "PUT /allocations/c1004069-578c-4ec3-b4a5-73fb6caee3d6" status: 204 len: 0 microversion: 1.36 [pid: 7|app: 0|req: 502/997] 10.0.0.130 () {38 vars in 913 bytes} [Tue May 5 03:41:03 2026] PUT /allocations/c1004069-578c-4ec3-b4a5-73fb6caee3d6 => generated 0 bytes in 83 msecs (HTTP/1.1 204) 5 headers in 199 bytes (1 switches on core 0)
2026-05-05 03:41:03.580 8 INFO placement.requestlog [req-9de3a7ba-a478-4497-9b7c-3454643b9832 req-bd1f1e08-f511-4e53-b199-694fe83f6ec4 ccb1541f672742c3bcd9f45539c7915d 86b6914069e64b6999f48316914b4401 - - d77937d68eb345ff8edd169dab3258d7 d77937d68eb345ff8edd169dab3258d7] 199.19.213.117 "GET /allocations/c1004069-578c-4ec3-b4a5-73fb6caee3d6" status: 200 len: 258 microversion: 1.28 [pid: 8|app: 0|req: 496/998] 199.19.213.117 () {34 vars in 862 bytes} [Tue May 5 03:41:03 2026] GET /allocations/c1004069-578c-4ec3-b4a5-73fb6caee3d6 => generated 258 bytes in 18 msecs (HTTP/1.1 200) 8 headers in 296 bytes (1 switches on core 0)
2026-05-05 03:41:03.705 7 INFO placement.requestlog [req-9de3a7ba-a478-4497-9b7c-3454643b9832 req-03b6b25b-fcc4-4e48-a780-e6e1388517d9 ccb1541f672742c3bcd9f45539c7915d 86b6914069e64b6999f48316914b4401 - - d77937d68eb345ff8edd169dab3258d7 d77937d68eb345ff8edd169dab3258d7] 199.19.213.117 "GET /resource_providers/f5b3fd0c-d92d-4e9d-a9cd-f2356315bcac/allocations" status: 200 len: 453 microversion: 1.0 [pid: 7|app: 0|req: 503/999] 199.19.213.117 () {32 vars in 856 bytes} [Tue May 5 03:41:03 2026] GET /resource_providers/f5b3fd0c-d92d-4e9d-a9cd-f2356315bcac/allocations => generated 453 bytes in 20 msecs (HTTP/1.1 200) 6 headers in 224 bytes (1 switches on core 0)
2026-05-05 03:41:03.728 8 INFO placement.requestlog [req-9de3a7ba-a478-4497-9b7c-3454643b9832 req-16bfaedc-cdba-4c9b-967d-fae243af3a5e ccb1541f672742c3bcd9f45539c7915d 86b6914069e64b6999f48316914b4401 - - d77937d68eb345ff8edd169dab3258d7 d77937d68eb345ff8edd169dab3258d7] 199.19.213.117 "GET /allocations/8119093c-1c5c-4325-8e35-f40c45f94b8d" status: 200 len: 258 microversion: 1.28 [pid: 8|app: 0|req: 497/1000] 199.19.213.117 () {34 vars in 862 bytes} [Tue May 5 03:41:03 2026] GET /allocations/8119093c-1c5c-4325-8e35-f40c45f94b8d => generated 258 bytes in 15 msecs (HTTP/1.1 200) 8 headers in 296 bytes (1 switches on core 0)
2026-05-05 03:41:03.751 7 INFO placement.requestlog [req-9de3a7ba-a478-4497-9b7c-3454643b9832 req-4ba27cef-09e4-45da-a509-0b62f48142d4 ccb1541f672742c3bcd9f45539c7915d 86b6914069e64b6999f48316914b4401 - - d77937d68eb345ff8edd169dab3258d7 d77937d68eb345ff8edd169dab3258d7] 199.19.213.117 "GET /allocations/e063b825-666a-44cf-9935-8889fa3e90b1" status: 200 len: 258 microversion: 1.28 [pid: 7|app: 0|req: 504/1001] 199.19.213.117 () {34 vars in 862 bytes} [Tue May 5 03:41:03 2026] GET /allocations/e063b825-666a-44cf-9935-8889fa3e90b1 => generated 258 bytes in 11 msecs (HTTP/1.1 200) 8 headers in 296 bytes (1 switches on core 0)
2026-05-05 03:41:03.779 8 INFO placement.requestlog [req-9de3a7ba-a478-4497-9b7c-3454643b9832 req-08766cf8-8190-4e15-b727-67d8b10f0f2b ccb1541f672742c3bcd9f45539c7915d 86b6914069e64b6999f48316914b4401 - - d77937d68eb345ff8edd169dab3258d7 d77937d68eb345ff8edd169dab3258d7] 199.19.213.117 "GET /allocations/c1004069-578c-4ec3-b4a5-73fb6caee3d6" status: 200 len: 258 microversion: 1.28 [pid: 8|app: 0|req: 498/1002] 199.19.213.117 () {34 vars in 862 bytes} [Tue May 5 03:41:03 2026] GET /allocations/c1004069-578c-4ec3-b4a5-73fb6caee3d6 => generated 258 bytes in 19 msecs (HTTP/1.1 200) 8 headers in 296 bytes (1 switches on core 0)
2026-05-05 03:41:03.805 8 INFO placement.requestlog [None req-e0728cba-2a08-40d9-bd9a-ca60272f6c4f - - - - - -] 10.0.0.35 "GET /" status: 200 len: 136 microversion: 1.0
2026-05-05 03:41:03.806 7 INFO placement.requestlog [req-9de3a7ba-a478-4497-9b7c-3454643b9832 req-d3641023-d33d-468b-98a0-f32e5a033c13 ccb1541f672742c3bcd9f45539c7915d 86b6914069e64b6999f48316914b4401 - - d77937d68eb345ff8edd169dab3258d7 d77937d68eb345ff8edd169dab3258d7] 199.19.213.117 "GET /allocations/45f6f5cf-b749-41a9-b2f9-515f6d237069" status: 200 len: 258 microversion: 1.28 [pid: 7|app: 0|req: 505/1004] 199.19.213.117 () {34 vars in 862 bytes} [Tue May 5 03:41:03 2026] GET /allocations/45f6f5cf-b749-41a9-b2f9-515f6d237069 => generated 258 bytes in 20 msecs (HTTP/1.1 200) 8 headers in 296 bytes (1 switches on core 0)
2026-05-05 03:41:03.807 8 INFO placement.requestlog [None req-441a6137-0383-4aba-b4bd-5dc4738dcb43 - - - - - -] 10.0.0.35 "GET /" status: 200 len: 136 microversion: 1.0
2026-05-05 03:41:06.654 7 INFO placement.requestlog [req-21dab351-d82f-4480-9c59-6cae3bd15179 req-5c4b182b-5664-48a8-935b-ef7d3bf8bf4e ccb1541f672742c3bcd9f45539c7915d 86b6914069e64b6999f48316914b4401 - - d77937d68eb345ff8edd169dab3258d7 d77937d68eb345ff8edd169dab3258d7] 199.19.213.117 "GET /resource_providers/f5b3fd0c-d92d-4e9d-a9cd-f2356315bcac/allocations" status: 200 len: 453 microversion: 1.0 [pid: 7|app: 0|req: 506/1006] 199.19.213.117 () {32 vars in 856 bytes} [Tue May 5 03:41:06 2026] GET /resource_providers/f5b3fd0c-d92d-4e9d-a9cd-f2356315bcac/allocations => generated 453 bytes in 16 msecs (HTTP/1.1 200) 6 headers in 224 bytes (1 switches on core 0)
2026-05-05 03:41:06.678 8 INFO placement.requestlog [req-21dab351-d82f-4480-9c59-6cae3bd15179 req-733b8302-d1aa-42e0-8d85-e4cf6889b300 ccb1541f672742c3bcd9f45539c7915d 86b6914069e64b6999f48316914b4401 - - d77937d68eb345ff8edd169dab3258d7 d77937d68eb345ff8edd169dab3258d7] 199.19.213.117 "GET /allocations/8119093c-1c5c-4325-8e35-f40c45f94b8d" status: 200 len: 258 microversion: 1.28 [pid: 8|app: 0|req: 501/1007] 199.19.213.117 () {34 vars in 862 bytes} [Tue May 5 03:41:06 2026] GET /allocations/8119093c-1c5c-4325-8e35-f40c45f94b8d => generated 258 bytes in 19 msecs (HTTP/1.1 200) 8 headers in 296 bytes (1 switches on core 0)
2026-05-05 03:41:06.709 7 INFO placement.requestlog [req-21dab351-d82f-4480-9c59-6cae3bd15179 req-b80ec108-ce95-4517-abae-f15783d90d3b ccb1541f672742c3bcd9f45539c7915d 86b6914069e64b6999f48316914b4401 - - d77937d68eb345ff8edd169dab3258d7 d77937d68eb345ff8edd169dab3258d7] 199.19.213.117 "GET /allocations/e063b825-666a-44cf-9935-8889fa3e90b1" status: 200 len: 258 microversion: 1.28 [pid: 7|app: 0|req: 507/1008] 199.19.213.117 () {34 vars in 862 bytes} [Tue May 5 03:41:06 2026] GET /allocations/e063b825-666a-44cf-9935-8889fa3e90b1 => generated 258 bytes in 15 msecs (HTTP/1.1 200) 8 headers in 296 bytes (1 switches on core 0)
2026-05-05 03:41:06.737 8 INFO placement.requestlog [req-21dab351-d82f-4480-9c59-6cae3bd15179 req-1bb88c20-f1ce-4fac-a8bc-cb820be2b8dc ccb1541f672742c3bcd9f45539c7915d 86b6914069e64b6999f48316914b4401 - - d77937d68eb345ff8edd169dab3258d7 d77937d68eb345ff8edd169dab3258d7] 199.19.213.117 "GET /allocations/c1004069-578c-4ec3-b4a5-73fb6caee3d6" status: 200 len: 258 microversion: 1.28 [pid: 8|app: 0|req: 502/1009] 199.19.213.117 () {34 vars in 862 bytes} [Tue May 5 03:41:06 2026] GET /allocations/c1004069-578c-4ec3-b4a5-73fb6caee3d6 => generated 258 bytes in 18 msecs (HTTP/1.1 200) 8 headers in 296 bytes (1 switches on core 0)
2026-05-05 03:41:06.763 7 INFO placement.requestlog [req-21dab351-d82f-4480-9c59-6cae3bd15179 req-8005b80a-8f58-41b0-b652-09dba54ca113 ccb1541f672742c3bcd9f45539c7915d 86b6914069e64b6999f48316914b4401 - - d77937d68eb345ff8edd169dab3258d7 d77937d68eb345ff8edd169dab3258d7] 199.19.213.117 "GET /allocations/45f6f5cf-b749-41a9-b2f9-515f6d237069" status: 200 len: 258 microversion: 1.28 [pid: 7|app: 0|req: 508/1010] 199.19.213.117 () {34 vars in 862 bytes} [Tue May 5 03:41:06 2026] GET /allocations/45f6f5cf-b749-41a9-b2f9-515f6d237069 => generated 258 bytes in 16 msecs (HTTP/1.1 200) 8 headers in 296 bytes (1 switches on core 0)
2026-05-05 03:41:06.850 8 INFO placement.requestlog [req-21dab351-d82f-4480-9c59-6cae3bd15179 req-2b97806f-d019-457d-a295-f3940d814e56 ccb1541f672742c3bcd9f45539c7915d 86b6914069e64b6999f48316914b4401 - - d77937d68eb345ff8edd169dab3258d7 d77937d68eb345ff8edd169dab3258d7] 199.19.213.117 "DELETE /allocations/e063b825-666a-44cf-9935-8889fa3e90b1" status: 204 len: 0 microversion: 1.0 [pid: 8|app: 0|req: 503/1011] 199.19.213.117 () {34 vars in 840 bytes} [Tue May 5 03:41:06 2026] DELETE /allocations/e063b825-666a-44cf-9935-8889fa3e90b1 => generated 0 bytes in 31 msecs (HTTP/1.1 204) 5 headers in 198 bytes (1 switches on core 0)
2026-05-05 03:41:10.463 7 INFO placement.requestlog [req-093a4b07-8621-4c5c-9c6d-61041fdae3d2 req-00088687-86ee-41ac-8145-518b0e13cbe5 ccb1541f672742c3bcd9f45539c7915d 86b6914069e64b6999f48316914b4401 - - d77937d68eb345ff8edd169dab3258d7 d77937d68eb345ff8edd169dab3258d7] 199.19.213.117 "GET /resource_providers/f5b3fd0c-d92d-4e9d-a9cd-f2356315bcac/allocations" status: 200 len: 353 microversion: 1.0 [pid: 7|app: 0|req: 509/1012] 199.19.213.117 () {32 vars in 856 bytes} [Tue May 5 03:41:10 2026] GET /resource_providers/f5b3fd0c-d92d-4e9d-a9cd-f2356315bcac/allocations => generated 353 bytes in 25 msecs (HTTP/1.1 200) 6 headers in 224 bytes (1 switches on core 0)
2026-05-05 03:41:10.502 8 INFO placement.requestlog [req-093a4b07-8621-4c5c-9c6d-61041fdae3d2 req-4268595f-d744-4f35-ab7a-eef364c7ca29 ccb1541f672742c3bcd9f45539c7915d 86b6914069e64b6999f48316914b4401 - - d77937d68eb345ff8edd169dab3258d7 d77937d68eb345ff8edd169dab3258d7] 199.19.213.117 "GET /allocations/c1004069-578c-4ec3-b4a5-73fb6caee3d6" status: 200 len: 258 microversion: 1.28 [pid: 8|app: 0|req: 504/1013] 199.19.213.117 () {34 vars in 862 bytes} [Tue May 5 03:41:10 2026] GET /allocations/c1004069-578c-4ec3-b4a5-73fb6caee3d6 => generated 258 bytes in 24 msecs (HTTP/1.1 200) 8 headers in 296 bytes (1 switches on core 0)
2026-05-05 03:41:10.526 7 INFO placement.requestlog [req-093a4b07-8621-4c5c-9c6d-61041fdae3d2 req-c725b419-3f43-459e-8006-9061b5a50df2 ccb1541f672742c3bcd9f45539c7915d 86b6914069e64b6999f48316914b4401 - - d77937d68eb345ff8edd169dab3258d7 d77937d68eb345ff8edd169dab3258d7] 199.19.213.117 "GET /allocations/8119093c-1c5c-4325-8e35-f40c45f94b8d" status: 200 len: 258 microversion: 1.28 [pid: 7|app: 0|req: 510/1014] 199.19.213.117 () {34 vars in 862 bytes} [Tue May 5 03:41:10 2026] GET /allocations/8119093c-1c5c-4325-8e35-f40c45f94b8d => generated 258 bytes in 13 msecs (HTTP/1.1 200) 8 headers in 296 bytes (1 switches on core 0)
2026-05-05 03:41:10.552 8 INFO placement.requestlog [req-093a4b07-8621-4c5c-9c6d-61041fdae3d2 req-b4006fe4-8b1c-41ac-8a21-05b6d13d7d77 ccb1541f672742c3bcd9f45539c7915d 86b6914069e64b6999f48316914b4401 - - d77937d68eb345ff8edd169dab3258d7 d77937d68eb345ff8edd169dab3258d7] 199.19.213.117 "GET /allocations/45f6f5cf-b749-41a9-b2f9-515f6d237069" status: 200 len: 258 microversion: 1.28 [pid: 8|app: 0|req: 505/1015] 199.19.213.117 () {34 vars in 862 bytes} [Tue May 5 03:41:10 2026] GET /allocations/45f6f5cf-b749-41a9-b2f9-515f6d237069 => generated 258 bytes in 15 msecs (HTTP/1.1 200) 8 headers in 296 bytes (1 switches on core 0)
2026-05-05 03:41:10.635 7 INFO placement.requestlog [req-093a4b07-8621-4c5c-9c6d-61041fdae3d2 req-2783645c-18e6-4138-85de-47b35b18d209 ccb1541f672742c3bcd9f45539c7915d 86b6914069e64b6999f48316914b4401 - - d77937d68eb345ff8edd169dab3258d7 d77937d68eb345ff8edd169dab3258d7] 199.19.213.117 "DELETE /allocations/c1004069-578c-4ec3-b4a5-73fb6caee3d6" status: 204 len: 0 microversion: 1.0 [pid: 7|app: 0|req: 511/1016] 199.19.213.117 () {34 vars in 840 bytes} [Tue May 5 03:41:10 2026] DELETE /allocations/c1004069-578c-4ec3-b4a5-73fb6caee3d6 => generated 0 bytes in 28 msecs (HTTP/1.1 204) 5 headers in 198 bytes (1 switches on core 0)
2026-05-05 03:41:10.693 7 INFO placement.requestlog [None req-a3d9013e-168d-4e8d-a510-e71ccfdc0ed1 dbcfe9a8c21e4858be58c558a650ed38 86b6914069e64b6999f48316914b4401 - - d77937d68eb345ff8edd169dab3258d7 d77937d68eb345ff8edd169dab3258d7] 10.0.0.120 "GET /resource_providers/cff5696c-c636-45b4-8917-6ddac9bbf362/aggregates" status: 404 len: 235 microversion: 1.1 [pid: 7|app: 0|req: 512/1017] 10.0.0.120 () {32 vars in 815 bytes} [Tue May 5 03:41:10 2026] GET /resource_providers/cff5696c-c636-45b4-8917-6ddac9bbf362/aggregates => generated 235 bytes in 27 msecs (HTTP/1.1 404) 5 headers in 202 bytes (1 switches on core 0)
2026-05-05 03:41:10.706 8 INFO placement.requestlog [None req-592d0bb6-a41b-4ac3-8bc3-fc9516922ff8 dbcfe9a8c21e4858be58c558a650ed38 86b6914069e64b6999f48316914b4401 - - d77937d68eb345ff8edd169dab3258d7 d77937d68eb345ff8edd169dab3258d7] 10.0.0.120 "GET /resource_providers/cff5696c-c636-45b4-8917-6ddac9bbf362/aggregates" status: 404 len: 235 microversion: 1.1 [pid: 8|app: 0|req: 506/1018] 10.0.0.120 () {32 vars in 815 bytes} [Tue May 5 03:41:10 2026] GET /resource_providers/cff5696c-c636-45b4-8917-6ddac9bbf362/aggregates => generated 235 bytes in 39 msecs (HTTP/1.1 404) 5 headers in 202 bytes (1 switches on core 0)
2026-05-05 03:41:10.715 7 INFO placement.requestlog [None req-8390ebcd-d30e-45c8-a46e-759f43ed34a8 dbcfe9a8c21e4858be58c558a650ed38 86b6914069e64b6999f48316914b4401 - - d77937d68eb345ff8edd169dab3258d7 d77937d68eb345ff8edd169dab3258d7] 10.0.0.120 "DELETE /resource_providers/cff5696c-c636-45b4-8917-6ddac9bbf362" status: 404 len: 246 microversion: 1.1 [pid: 7|app: 0|req: 513/1019] 10.0.0.120 () {34 vars in 815 bytes} [Tue May 5 03:41:10 2026] DELETE /resource_providers/cff5696c-c636-45b4-8917-6ddac9bbf362 => generated 246 bytes in 12 msecs (HTTP/1.1 404) 6 headers in 231 bytes (1 switches on core 0)
2026-05-05 03:41:10.729 8 INFO placement.requestlog [None req-3e72c153-0974-418e-b147-8a40fa85c6ea dbcfe9a8c21e4858be58c558a650ed38 86b6914069e64b6999f48316914b4401 - - d77937d68eb345ff8edd169dab3258d7 d77937d68eb345ff8edd169dab3258d7] 10.0.0.120 "DELETE /resource_providers/cff5696c-c636-45b4-8917-6ddac9bbf362" status: 404 len: 246 microversion: 1.1 [pid: 8|app: 0|req: 507/1020] 10.0.0.120 () {34 vars in 815 bytes} [Tue May 5 03:41:10 2026] DELETE /resource_providers/cff5696c-c636-45b4-8917-6ddac9bbf362 => generated 246 bytes in 14 msecs (HTTP/1.1 404) 6 headers in 231 bytes (1 switches on core 0)
2026-05-05 03:41:11.331 7 INFO placement.requestlog [None req-3c36d5ac-da41-48c8-b0e2-a53e1b476b91 dbcfe9a8c21e4858be58c558a650ed38 86b6914069e64b6999f48316914b4401 - - d77937d68eb345ff8edd169dab3258d7 d77937d68eb345ff8edd169dab3258d7] 10.0.0.120 "GET /resource_providers/7eb8ce1e-7dc9-4d44-bba8-87ca0e90a9c9/aggregates" status: 404 len: 235 microversion: 1.1 [pid: 7|app: 0|req: 514/1021] 10.0.0.120 () {32 vars in 815 bytes} [Tue May 5 03:41:11 2026] GET /resource_providers/7eb8ce1e-7dc9-4d44-bba8-87ca0e90a9c9/aggregates => generated 235 bytes in 12 msecs (HTTP/1.1 404) 5 headers in 202 bytes (1 switches on core 0)
2026-05-05 03:41:11.335 8 INFO placement.requestlog [None req-bb51b4ca-fe25-4a89-8743-4d7d954c8ef0 dbcfe9a8c21e4858be58c558a650ed38 86b6914069e64b6999f48316914b4401 - - d77937d68eb345ff8edd169dab3258d7 d77937d68eb345ff8edd169dab3258d7] 10.0.0.120 "GET /resource_providers/7eb8ce1e-7dc9-4d44-bba8-87ca0e90a9c9/aggregates" status: 404 len: 235 microversion: 1.1 [pid: 8|app: 0|req: 508/1022] 10.0.0.120 () {32 vars in 815 bytes} [Tue May 5 03:41:11 2026] GET /resource_providers/7eb8ce1e-7dc9-4d44-bba8-87ca0e90a9c9/aggregates => generated 235 bytes in 12 msecs (HTTP/1.1 404) 5 headers in 202 bytes (1 switches on core 0)
2026-05-05 03:41:11.347 7 INFO placement.requestlog [None req-3ce2f415-e3bd-4973-aba1-8b93b052fa02 dbcfe9a8c21e4858be58c558a650ed38 86b6914069e64b6999f48316914b4401 - - d77937d68eb345ff8edd169dab3258d7 d77937d68eb345ff8edd169dab3258d7] 10.0.0.120 "DELETE /resource_providers/7eb8ce1e-7dc9-4d44-bba8-87ca0e90a9c9" status: 404 len: 246 microversion: 1.1 [pid: 7|app: 0|req: 515/1023] 10.0.0.120 () {34 vars in 815 bytes} [Tue May 5 03:41:11 2026] DELETE /resource_providers/7eb8ce1e-7dc9-4d44-bba8-87ca0e90a9c9 => generated 246 bytes in 8 msecs (HTTP/1.1 404) 6 headers in 231 bytes (1 switches on core 0)
2026-05-05 03:41:11.354 8 INFO placement.requestlog [None req-346c66bb-6165-4b91-a109-c436a6c190b5 dbcfe9a8c21e4858be58c558a650ed38 86b6914069e64b6999f48316914b4401 - - d77937d68eb345ff8edd169dab3258d7 d77937d68eb345ff8edd169dab3258d7] 10.0.0.120 "DELETE /resource_providers/7eb8ce1e-7dc9-4d44-bba8-87ca0e90a9c9" status: 404 len: 246 microversion: 1.1 [pid: 8|app: 0|req: 509/1024] 10.0.0.120 () {34 vars in 815 bytes} [Tue May 5 03:41:11 2026] DELETE /resource_providers/7eb8ce1e-7dc9-4d44-bba8-87ca0e90a9c9 => generated 246 bytes in 10 msecs (HTTP/1.1 404) 6 headers in 231 bytes (1 switches on core 0)
2026-05-05 03:41:13.697 8 INFO placement.requestlog [None req-6f94c21a-3e31-4d18-9c8a-2d3c1343318a dbcfe9a8c21e4858be58c558a650ed38 86b6914069e64b6999f48316914b4401 - - d77937d68eb345ff8edd169dab3258d7 d77937d68eb345ff8edd169dab3258d7] 10.0.0.120 "GET /resource_providers/92eb2471-80f7-487f-b663-736b876e453b/aggregates" status: 404 len: 235 microversion: 1.1 [pid: 8|app: 0|req: 510/1025] 10.0.0.120 () {32 vars in 815 bytes} [Tue May 5 03:41:13 2026] GET /resource_providers/92eb2471-80f7-487f-b663-736b876e453b/aggregates => generated 235 bytes in 10 msecs (HTTP/1.1 404) 5 headers in 202 bytes (1 switches on core 0)
2026-05-05 03:41:13.699 7 INFO placement.requestlog [None req-63e7c633-249c-4d39-82a5-a0a07cd1bc27 dbcfe9a8c21e4858be58c558a650ed38 86b6914069e64b6999f48316914b4401 - - d77937d68eb345ff8edd169dab3258d7 d77937d68eb345ff8edd169dab3258d7] 10.0.0.120 "GET /resource_providers/92eb2471-80f7-487f-b663-736b876e453b/aggregates" status: 404 len: 235 microversion: 1.1 [pid: 7|app: 0|req: 516/1026] 10.0.0.120 () {32 vars in 815 bytes} [Tue May 5 03:41:13 2026] GET /resource_providers/92eb2471-80f7-487f-b663-736b876e453b/aggregates => generated 235 bytes in 13 msecs (HTTP/1.1 404) 5 headers in 202 bytes (1 switches on core 0)
2026-05-05 03:41:13.716 8 INFO placement.requestlog [None req-f3bb2829-769d-4cff-ab1a-da322e3a285c dbcfe9a8c21e4858be58c558a650ed38 86b6914069e64b6999f48316914b4401 - - d77937d68eb345ff8edd169dab3258d7 d77937d68eb345ff8edd169dab3258d7] 10.0.0.120 "DELETE /resource_providers/92eb2471-80f7-487f-b663-736b876e453b" status: 404 len: 246 microversion: 1.1 [pid: 8|app: 0|req: 511/1027] 10.0.0.120 () {34 vars in 815 bytes} [Tue May 5 03:41:13 2026] DELETE /resource_providers/92eb2471-80f7-487f-b663-736b876e453b => generated 246 bytes in 12 msecs (HTTP/1.1 404) 6 headers in 231 bytes (1 switches on core 0)
2026-05-05 03:41:13.727 7 INFO placement.requestlog [None req-760b3578-1d53-4082-8842-896375ddb4e6 dbcfe9a8c21e4858be58c558a650ed38 86b6914069e64b6999f48316914b4401 - - d77937d68eb345ff8edd169dab3258d7 d77937d68eb345ff8edd169dab3258d7] 10.0.0.120 "DELETE /resource_providers/92eb2471-80f7-487f-b663-736b876e453b" status: 404 len: 246 microversion: 1.1 [pid: 7|app: 0|req: 517/1028] 10.0.0.120 () {34 vars in 815 bytes} [Tue May 5 03:41:13 2026] DELETE /resource_providers/92eb2471-80f7-487f-b663-736b876e453b => generated 246 bytes in 16 msecs (HTTP/1.1 404) 6 headers in 231 bytes (1 switches on core 0)
2026-05-05 03:41:13.805 8 INFO placement.requestlog [None req-dc4978ad-3c6d-473f-b773-f2332826343d - - - - - -] 10.0.0.35 "GET /" status: 200 len: 136 microversion: 1.0
2026-05-05 03:41:13.805 7 INFO placement.requestlog [None req-ea0bfe60-f3ac-4a8c-97f4-7ee6cb56966a - - - - - -] 10.0.0.35 "GET /" status: 200 len: 136 microversion: 1.0
2026-05-05 03:41:15.996 8 INFO placement.requestlog [None req-cc3eb49e-f540-4b80-b18c-cbb3555af3b7 dbcfe9a8c21e4858be58c558a650ed38 86b6914069e64b6999f48316914b4401 - - d77937d68eb345ff8edd169dab3258d7 d77937d68eb345ff8edd169dab3258d7] 10.0.0.120 "GET /resource_providers/17230628-17a0-4304-bac6-ccad5c6d756f/aggregates" status: 404 len: 235 microversion: 1.1 [pid: 8|app: 0|req: 513/1031] 10.0.0.120 () {32 vars in 815 bytes} [Tue May 5 03:41:15 2026] GET /resource_providers/17230628-17a0-4304-bac6-ccad5c6d756f/aggregates => generated 235 bytes in 15 msecs (HTTP/1.1 404) 5 headers in 202 bytes (1 switches on core 0)
2026-05-05 03:41:16.004 7 INFO placement.requestlog [None req-3b393dc5-3893-42ba-abfb-1427a03c69f5 dbcfe9a8c21e4858be58c558a650ed38 86b6914069e64b6999f48316914b4401 - - d77937d68eb345ff8edd169dab3258d7 d77937d68eb345ff8edd169dab3258d7] 10.0.0.120 "GET /resource_providers/17230628-17a0-4304-bac6-ccad5c6d756f/aggregates" status: 404 len: 235 microversion: 1.1 [pid: 7|app: 0|req: 519/1032] 10.0.0.120 () {32 vars in 815 bytes} [Tue May 5 03:41:15 2026] GET /resource_providers/17230628-17a0-4304-bac6-ccad5c6d756f/aggregates => generated 235 bytes in 16 msecs (HTTP/1.1 404) 5 headers in 202 bytes (1 switches on core 0)
2026-05-05 03:41:16.018 8 INFO placement.requestlog [None req-b5e4d9f6-c110-4387-a644-90a68c3228c4 dbcfe9a8c21e4858be58c558a650ed38 86b6914069e64b6999f48316914b4401 - - d77937d68eb345ff8edd169dab3258d7 d77937d68eb345ff8edd169dab3258d7] 10.0.0.120 "DELETE /resource_providers/17230628-17a0-4304-bac6-ccad5c6d756f" status: 404 len: 246 microversion: 1.1 [pid: 8|app: 0|req: 514/1033] 10.0.0.120 () {34 vars in 815 bytes} [Tue May 5 03:41:16 2026] DELETE /resource_providers/17230628-17a0-4304-bac6-ccad5c6d756f => generated 246 bytes in 11 msecs (HTTP/1.1 404) 6 headers in 231 bytes (1 switches on core 0)
2026-05-05 03:41:16.040 7 INFO placement.requestlog [None req-9752c525-3280-43da-aff6-5427e69d1a52 dbcfe9a8c21e4858be58c558a650ed38 86b6914069e64b6999f48316914b4401 - - d77937d68eb345ff8edd169dab3258d7 d77937d68eb345ff8edd169dab3258d7] 10.0.0.120 "DELETE /resource_providers/17230628-17a0-4304-bac6-ccad5c6d756f" status: 404 len: 246 microversion: 1.1 [pid: 7|app: 0|req: 520/1034] 10.0.0.120 () {34 vars in 815 bytes} [Tue May 5 03:41:16 2026] DELETE /resource_providers/17230628-17a0-4304-bac6-ccad5c6d756f => generated 246 bytes in 14 msecs (HTTP/1.1 404) 6 headers in 231 bytes (1 switches on core 0)
2026-05-05 03:41:16.066 8 INFO placement.requestlog [None req-eac6823f-ca66-48d4-a1c1-469166089e78 dbcfe9a8c21e4858be58c558a650ed38 86b6914069e64b6999f48316914b4401 - - d77937d68eb345ff8edd169dab3258d7 d77937d68eb345ff8edd169dab3258d7] 10.0.0.120 "GET /resource_providers/9c528d6e-7deb-47f3-86ca-d7396170f16f/aggregates" status: 404 len: 235 microversion: 1.1 [pid: 8|app: 0|req: 515/1035] 10.0.0.120 () {32 vars in 815 bytes} [Tue May 5 03:41:16 2026] GET /resource_providers/9c528d6e-7deb-47f3-86ca-d7396170f16f/aggregates => generated 235 bytes in 8 msecs (HTTP/1.1 404) 5 headers in 202 bytes (1 switches on core 0)
2026-05-05 03:41:16.076 7 INFO placement.requestlog [None req-50db240d-4eab-4a16-8c6d-a6157a4f7dae dbcfe9a8c21e4858be58c558a650ed38 86b6914069e64b6999f48316914b4401 - - d77937d68eb345ff8edd169dab3258d7 d77937d68eb345ff8edd169dab3258d7] 10.0.0.120 "GET /resource_providers/9c528d6e-7deb-47f3-86ca-d7396170f16f/aggregates" status: 404 len: 235 microversion: 1.1 [pid: 7|app: 0|req: 521/1036] 10.0.0.120 () {32 vars in 815 bytes} [Tue May 5 03:41:16 2026] GET /resource_providers/9c528d6e-7deb-47f3-86ca-d7396170f16f/aggregates => generated 235 bytes in 10 msecs (HTTP/1.1 404) 5 headers in 202 bytes (1 switches on core 0)
2026-05-05 03:41:16.083 8 INFO placement.requestlog [None req-3e6f2d1a-abe9-4abd-83da-6d9ba0841f9f dbcfe9a8c21e4858be58c558a650ed38 86b6914069e64b6999f48316914b4401 - - d77937d68eb345ff8edd169dab3258d7 d77937d68eb345ff8edd169dab3258d7] 10.0.0.120 "DELETE /resource_providers/9c528d6e-7deb-47f3-86ca-d7396170f16f" status: 404 len: 246 microversion: 1.1 [pid: 8|app: 0|req: 516/1037] 10.0.0.120 () {34 vars in 815 bytes} [Tue May 5 03:41:16 2026] DELETE /resource_providers/9c528d6e-7deb-47f3-86ca-d7396170f16f => generated 246 bytes in 7 msecs (HTTP/1.1 404) 6 headers in 231 bytes (1 switches on core 0)
2026-05-05 03:41:16.093 7 INFO placement.requestlog [None req-8a4c3f4c-1202-49c9-be44-727f26837ad6 dbcfe9a8c21e4858be58c558a650ed38 86b6914069e64b6999f48316914b4401 - - d77937d68eb345ff8edd169dab3258d7 d77937d68eb345ff8edd169dab3258d7] 10.0.0.120 "DELETE /resource_providers/9c528d6e-7deb-47f3-86ca-d7396170f16f" status: 404 len: 246 microversion: 1.1 [pid: 7|app: 0|req: 522/1038] 10.0.0.120 () {34 vars in 815 bytes} [Tue May 5 03:41:16 2026] DELETE /resource_providers/9c528d6e-7deb-47f3-86ca-d7396170f16f => generated 246 bytes in 7 msecs (HTTP/1.1 404) 6 headers in 231 bytes (1 switches on core 0)
2026-05-05 03:41:18.106 8 INFO placement.requestlog [None req-40c3de84-ba8e-4d38-baeb-96102c9ac31b dbcfe9a8c21e4858be58c558a650ed38 86b6914069e64b6999f48316914b4401 - - d77937d68eb345ff8edd169dab3258d7 d77937d68eb345ff8edd169dab3258d7] 10.0.0.120 "GET /resource_providers/436cf937-7882-4a34-ab04-86ddd634d3e6/aggregates" status: 404 len: 235 microversion: 1.1 [pid: 8|app: 0|req: 517/1039] 10.0.0.120 () {32 vars in 815 bytes} [Tue May 5 03:41:18 2026] GET /resource_providers/436cf937-7882-4a34-ab04-86ddd634d3e6/aggregates => generated 235 bytes in 12 msecs (HTTP/1.1 404) 5 headers in 202 bytes (1 switches on core 0)
2026-05-05 03:41:18.126 8 INFO placement.requestlog [None req-2763af6a-f257-4730-abfe-3a0991cfbe1f dbcfe9a8c21e4858be58c558a650ed38 86b6914069e64b6999f48316914b4401 - - d77937d68eb345ff8edd169dab3258d7 d77937d68eb345ff8edd169dab3258d7] 10.0.0.120 "DELETE /resource_providers/436cf937-7882-4a34-ab04-86ddd634d3e6" status: 404 len: 246 microversion: 1.1 [pid: 8|app: 0|req: 518/1040] 10.0.0.120 () {34 vars in 815 bytes} [Tue May 5 03:41:18 2026] DELETE /resource_providers/436cf937-7882-4a34-ab04-86ddd634d3e6 => generated 246 bytes in 10 msecs (HTTP/1.1 404) 6 headers in 231 bytes (1 switches on core 0)
2026-05-05 03:41:18.129 7 INFO placement.requestlog [None req-dc3f4dc1-ccc0-4f71-b147-691a644939eb dbcfe9a8c21e4858be58c558a650ed38 86b6914069e64b6999f48316914b4401 - - d77937d68eb345ff8edd169dab3258d7 d77937d68eb345ff8edd169dab3258d7] 10.0.0.120 "GET /resource_providers/436cf937-7882-4a34-ab04-86ddd634d3e6/aggregates" status: 404 len: 235 microversion: 1.1 [pid: 7|app: 0|req: 523/1041] 10.0.0.120 () {32 vars in 815 bytes} [Tue May 5 03:41:18 2026] GET /resource_providers/436cf937-7882-4a34-ab04-86ddd634d3e6/aggregates => generated 235 bytes in 14 msecs (HTTP/1.1 404) 5 headers in 202 bytes (1 switches on core 0)
2026-05-05 03:41:18.152 8 INFO placement.requestlog [None req-a75e9681-3c8f-4af4-a0e1-b4fd483625cb dbcfe9a8c21e4858be58c558a650ed38 86b6914069e64b6999f48316914b4401 - - d77937d68eb345ff8edd169dab3258d7 d77937d68eb345ff8edd169dab3258d7] 10.0.0.120 "DELETE /resource_providers/436cf937-7882-4a34-ab04-86ddd634d3e6" status: 404 len: 246 microversion: 1.1 [pid: 8|app: 0|req: 519/1042] 10.0.0.120 () {34 vars in 815 bytes} [Tue May 5 03:41:18 2026] DELETE /resource_providers/436cf937-7882-4a34-ab04-86ddd634d3e6 => generated 246 bytes in 15 msecs (HTTP/1.1 404) 6 headers in 231 bytes (1 switches on core 0)
