2026-05-05 03:38:55.393 7 INFO placement.requestlog [req-f6940842-63d2-4f59-af04-d765c888d514 req-9a854fa5-a96f-4a48-827d-1a2a452bf2ef ccb1541f672742c3bcd9f45539c7915d 86b6914069e64b6999f48316914b4401 - - d77937d68eb345ff8edd169dab3258d7 d77937d68eb345ff8edd169dab3258d7] 199.19.213.117 "GET /allocations/3364025a-4684-487e-9426-4ef1b4440b99" status: 200 len: 257 microversion: 1.28 [pid: 7|app: 0|req: 352/703] 199.19.213.117 () {34 vars in 862 bytes} [Tue May 5 03:38:55 2026] GET /allocations/3364025a-4684-487e-9426-4ef1b4440b99 => generated 257 bytes in 24 msecs (HTTP/1.1 200) 8 headers in 296 bytes (1 switches on core 0)
2026-05-05 03:38:55.421 7 INFO placement.requestlog [req-f6940842-63d2-4f59-af04-d765c888d514 req-c2fb2a97-dd41-41c3-9353-178428c487c1 ccb1541f672742c3bcd9f45539c7915d 86b6914069e64b6999f48316914b4401 - - d77937d68eb345ff8edd169dab3258d7 d77937d68eb345ff8edd169dab3258d7] 199.19.213.117 "GET /allocations/5c8ef391-dc96-4905-8b2c-910b0d93f80c" status: 200 len: 257 microversion: 1.28 [pid: 7|app: 0|req: 353/704] 199.19.213.117 () {34 vars in 862 bytes} [Tue May 5 03:38:55 2026] GET /allocations/5c8ef391-dc96-4905-8b2c-910b0d93f80c => generated 257 bytes in 20 msecs (HTTP/1.1 200) 8 headers in 296 bytes (1 switches on core 0)
2026-05-05 03:38:55.430 8 INFO placement.requestlog [req-9ba9cea2-3e16-427a-954c-6b421ad3b7e1 req-87ef016f-71f7-4a80-84a6-23837de9d52d ccb1541f672742c3bcd9f45539c7915d 86b6914069e64b6999f48316914b4401 - - d77937d68eb345ff8edd169dab3258d7 d77937d68eb345ff8edd169dab3258d7] 10.0.0.130 "GET /allocation_candidates?limit=1000&resources=DISK_GB%3A1%2CMEMORY_MB%3A512%2CVCPU%3A1&root_required=%21COMPUTE_STATUS_DISABLED" status: 200 len: 2150 microversion: 1.36 [pid: 8|app: 0|req: 352/705] 10.0.0.130 () {34 vars in 1011 bytes} [Tue May 5 03:38:55 2026] GET /allocation_candidates?limit=1000&resources=DISK_GB%3A1%2CMEMORY_MB%3A512%2CVCPU%3A1&root_required=%21COMPUTE_STATUS_DISABLED => generated 2150 bytes in 66 msecs (HTTP/1.1 200) 8 headers in 297 bytes (1 switches on core 0)
2026-05-05 03:38:55.449 7 INFO placement.requestlog [req-f6940842-63d2-4f59-af04-d765c888d514 req-1395a8e7-db44-4d53-912e-a1a445654da9 ccb1541f672742c3bcd9f45539c7915d 86b6914069e64b6999f48316914b4401 - - d77937d68eb345ff8edd169dab3258d7 d77937d68eb345ff8edd169dab3258d7] 199.19.213.117 "GET /allocations/c9ba428a-7915-46fd-89ed-82ab5c913d9f" status: 200 len: 257 microversion: 1.28 [pid: 7|app: 0|req: 354/706] 199.19.213.117 () {34 vars in 862 bytes} [Tue May 5 03:38:55 2026] GET /allocations/c9ba428a-7915-46fd-89ed-82ab5c913d9f => generated 257 bytes in 18 msecs (HTTP/1.1 200) 8 headers in 296 bytes (1 switches on core 0)
2026-05-05 03:38:55.462 8 INFO placement.requestlog [req-9ba9cea2-3e16-427a-954c-6b421ad3b7e1 req-104580be-9bbc-4597-b5e7-3edddc470527 ccb1541f672742c3bcd9f45539c7915d 86b6914069e64b6999f48316914b4401 - - d77937d68eb345ff8edd169dab3258d7 d77937d68eb345ff8edd169dab3258d7] 10.0.0.130 "GET /allocations/59eb770d-ecf9-4553-805d-eba61041227b" status: 200 len: 19 microversion: 1.28 [pid: 8|app: 0|req: 353/707] 10.0.0.130 () {34 vars in 860 bytes} [Tue May 5 03:38:55 2026] GET /allocations/59eb770d-ecf9-4553-805d-eba61041227b => generated 19 bytes in 13 msecs (HTTP/1.1 200) 8 headers in 295 bytes (1 switches on core 0)
2026-05-05 03:38:55.557 8 INFO placement.requestlog [req-f6940842-63d2-4f59-af04-d765c888d514 req-7d3a4ce0-cfac-42d8-9e67-8f5a0f6686a7 ccb1541f672742c3bcd9f45539c7915d 86b6914069e64b6999f48316914b4401 - - d77937d68eb345ff8edd169dab3258d7 d77937d68eb345ff8edd169dab3258d7] 199.19.213.117 "DELETE /allocations/3364025a-4684-487e-9426-4ef1b4440b99" status: 204 len: 0 microversion: 1.0 [pid: 8|app: 0|req: 354/708] 199.19.213.117 () {34 vars in 840 bytes} [Tue May 5 03:38:55 2026] DELETE /allocations/3364025a-4684-487e-9426-4ef1b4440b99 => generated 0 bytes in 33 msecs (HTTP/1.1 204) 5 headers in 198 bytes (1 switches on core 0)
2026-05-05 03:38:55.563 7 INFO placement.requestlog [req-9ba9cea2-3e16-427a-954c-6b421ad3b7e1 req-c745d453-9fc8-419b-ba85-00e3fe9eb5b5 ccb1541f672742c3bcd9f45539c7915d 86b6914069e64b6999f48316914b4401 - - d77937d68eb345ff8edd169dab3258d7 d77937d68eb345ff8edd169dab3258d7] 10.0.0.130 "PUT /allocations/59eb770d-ecf9-4553-805d-eba61041227b" status: 204 len: 0 microversion: 1.36 [pid: 7|app: 0|req: 355/709] 10.0.0.130 () {38 vars in 913 bytes} [Tue May 5 03:38:55 2026] PUT /allocations/59eb770d-ecf9-4553-805d-eba61041227b => generated 0 bytes in 89 msecs (HTTP/1.1 204) 5 headers in 199 bytes (1 switches on core 0)
2026-05-05 03:38:55.945 8 INFO placement.requestlog [req-9ba9cea2-3e16-427a-954c-6b421ad3b7e1 req-9263d382-73a6-4a1a-bb95-8826f05fd012 ccb1541f672742c3bcd9f45539c7915d 86b6914069e64b6999f48316914b4401 - - d77937d68eb345ff8edd169dab3258d7 d77937d68eb345ff8edd169dab3258d7] 199.19.213.117 "GET /allocations/59eb770d-ecf9-4553-805d-eba61041227b" status: 200 len: 257 microversion: 1.28 [pid: 8|app: 0|req: 355/710] 199.19.213.117 () {34 vars in 862 bytes} [Tue May 5 03:38:55 2026] GET /allocations/59eb770d-ecf9-4553-805d-eba61041227b => generated 257 bytes in 25 msecs (HTTP/1.1 200) 8 headers in 296 bytes (1 switches on core 0)
2026-05-05 03:38:56.066 7 INFO placement.requestlog [req-9ba9cea2-3e16-427a-954c-6b421ad3b7e1 req-5ea276f2-d276-4be0-ad49-78bccfda44ad ccb1541f672742c3bcd9f45539c7915d 86b6914069e64b6999f48316914b4401 - - d77937d68eb345ff8edd169dab3258d7 d77937d68eb345ff8edd169dab3258d7] 199.19.213.117 "GET /resource_providers/f5b3fd0c-d92d-4e9d-a9cd-f2356315bcac/allocations" status: 200 len: 352 microversion: 1.0 [pid: 7|app: 0|req: 356/711] 199.19.213.117 () {32 vars in 856 bytes} [Tue May 5 03:38:56 2026] GET /resource_providers/f5b3fd0c-d92d-4e9d-a9cd-f2356315bcac/allocations => generated 352 bytes in 21 msecs (HTTP/1.1 200) 6 headers in 224 bytes (1 switches on core 0)
2026-05-05 03:38:56.091 8 INFO placement.requestlog [req-9ba9cea2-3e16-427a-954c-6b421ad3b7e1 req-df38007c-d17d-4726-bdae-cec8d6f805cb ccb1541f672742c3bcd9f45539c7915d 86b6914069e64b6999f48316914b4401 - - d77937d68eb345ff8edd169dab3258d7 d77937d68eb345ff8edd169dab3258d7] 199.19.213.117 "GET /allocations/59eb770d-ecf9-4553-805d-eba61041227b" status: 200 len: 257 microversion: 1.28 [pid: 8|app: 0|req: 356/712] 199.19.213.117 () {34 vars in 862 bytes} [Tue May 5 03:38:56 2026] GET /allocations/59eb770d-ecf9-4553-805d-eba61041227b => generated 257 bytes in 17 msecs (HTTP/1.1 200) 8 headers in 296 bytes (1 switches on core 0)
2026-05-05 03:38:56.116 7 INFO placement.requestlog [req-9ba9cea2-3e16-427a-954c-6b421ad3b7e1 req-be6d45b8-2e66-4687-83c2-44fdc5b7b350 ccb1541f672742c3bcd9f45539c7915d 86b6914069e64b6999f48316914b4401 - - d77937d68eb345ff8edd169dab3258d7 d77937d68eb345ff8edd169dab3258d7] 199.19.213.117 "GET /allocations/5c8ef391-dc96-4905-8b2c-910b0d93f80c" status: 200 len: 257 microversion: 1.28 [pid: 7|app: 0|req: 357/713] 199.19.213.117 () {34 vars in 862 bytes} [Tue May 5 03:38:56 2026] GET /allocations/5c8ef391-dc96-4905-8b2c-910b0d93f80c => generated 257 bytes in 19 msecs (HTTP/1.1 200) 8 headers in 296 bytes (1 switches on core 0)
2026-05-05 03:38:56.145 8 INFO placement.requestlog [req-9ba9cea2-3e16-427a-954c-6b421ad3b7e1 req-b2a5da87-4d4e-43c6-a3c8-abdf1395b83f ccb1541f672742c3bcd9f45539c7915d 86b6914069e64b6999f48316914b4401 - - d77937d68eb345ff8edd169dab3258d7 d77937d68eb345ff8edd169dab3258d7] 199.19.213.117 "GET /allocations/c9ba428a-7915-46fd-89ed-82ab5c913d9f" status: 200 len: 257 microversion: 1.28 [pid: 8|app: 0|req: 357/714] 199.19.213.117 () {34 vars in 862 bytes} [Tue May 5 03:38:56 2026] GET /allocations/c9ba428a-7915-46fd-89ed-82ab5c913d9f => generated 257 bytes in 19 msecs (HTTP/1.1 200) 8 headers in 296 bytes (1 switches on core 0)
2026-05-05 03:38:59.167 7 INFO placement.requestlog [req-f8e04467-65e6-4d1a-9d05-a405d7d6fe72 req-ee008b78-24fa-427b-87e1-cdfdb9c6da1b ccb1541f672742c3bcd9f45539c7915d 86b6914069e64b6999f48316914b4401 - - d77937d68eb345ff8edd169dab3258d7 d77937d68eb345ff8edd169dab3258d7] 199.19.213.117 "GET /resource_providers/f5b3fd0c-d92d-4e9d-a9cd-f2356315bcac/allocations" status: 200 len: 352 microversion: 1.0 [pid: 7|app: 0|req: 358/715] 199.19.213.117 () {32 vars in 856 bytes} [Tue May 5 03:38:59 2026] GET /resource_providers/f5b3fd0c-d92d-4e9d-a9cd-f2356315bcac/allocations => generated 352 bytes in 18 msecs (HTTP/1.1 200) 6 headers in 224 bytes (1 switches on core 0)
2026-05-05 03:38:59.211 8 INFO placement.requestlog [req-f8e04467-65e6-4d1a-9d05-a405d7d6fe72 req-461a416d-95df-4cea-b7b4-f0def197cac5 ccb1541f672742c3bcd9f45539c7915d 86b6914069e64b6999f48316914b4401 - - d77937d68eb345ff8edd169dab3258d7 d77937d68eb345ff8edd169dab3258d7] 199.19.213.117 "GET /resource_providers/f5b3fd0c-d92d-4e9d-a9cd-f2356315bcac/allocations" status: 200 len: 352 microversion: 1.0 [pid: 8|app: 0|req: 358/716] 199.19.213.117 () {32 vars in 856 bytes} [Tue May 5 03:38:59 2026] GET /resource_providers/f5b3fd0c-d92d-4e9d-a9cd-f2356315bcac/allocations => generated 352 bytes in 33 msecs (HTTP/1.1 200) 6 headers in 224 bytes (1 switches on core 0)
2026-05-05 03:38:59.249 7 INFO placement.requestlog [req-f8e04467-65e6-4d1a-9d05-a405d7d6fe72 req-e88d324d-02fc-4b4a-bd75-e34929b78f3b ccb1541f672742c3bcd9f45539c7915d 86b6914069e64b6999f48316914b4401 - - d77937d68eb345ff8edd169dab3258d7 d77937d68eb345ff8edd169dab3258d7] 199.19.213.117 "GET /allocations/59eb770d-ecf9-4553-805d-eba61041227b" status: 200 len: 257 microversion: 1.28 [pid: 7|app: 0|req: 359/717] 199.19.213.117 () {34 vars in 862 bytes} [Tue May 5 03:38:59 2026] GET /allocations/59eb770d-ecf9-4553-805d-eba61041227b => generated 257 bytes in 20 msecs (HTTP/1.1 200) 8 headers in 296 bytes (1 switches on core 0)
2026-05-05 03:38:59.281 8 INFO placement.requestlog [req-f8e04467-65e6-4d1a-9d05-a405d7d6fe72 req-cf18fd80-eb64-4291-b34d-ed24e4dfd2f7 ccb1541f672742c3bcd9f45539c7915d 86b6914069e64b6999f48316914b4401 - - d77937d68eb345ff8edd169dab3258d7 d77937d68eb345ff8edd169dab3258d7] 199.19.213.117 "GET /allocations/5c8ef391-dc96-4905-8b2c-910b0d93f80c" status: 200 len: 257 microversion: 1.28 [pid: 8|app: 0|req: 359/718] 199.19.213.117 () {34 vars in 862 bytes} [Tue May 5 03:38:59 2026] GET /allocations/5c8ef391-dc96-4905-8b2c-910b0d93f80c => generated 257 bytes in 21 msecs (HTTP/1.1 200) 8 headers in 296 bytes (1 switches on core 0)
2026-05-05 03:38:59.303 7 INFO placement.requestlog [req-f8e04467-65e6-4d1a-9d05-a405d7d6fe72 req-f69d9c00-60e8-4814-894c-3812f4c57f60 ccb1541f672742c3bcd9f45539c7915d 86b6914069e64b6999f48316914b4401 - - d77937d68eb345ff8edd169dab3258d7 d77937d68eb345ff8edd169dab3258d7] 199.19.213.117 "GET /allocations/c9ba428a-7915-46fd-89ed-82ab5c913d9f" status: 200 len: 257 microversion: 1.28 [pid: 7|app: 0|req: 360/719] 199.19.213.117 () {34 vars in 862 bytes} [Tue May 5 03:38:59 2026] GET /allocations/c9ba428a-7915-46fd-89ed-82ab5c913d9f => generated 257 bytes in 14 msecs (HTTP/1.1 200) 8 headers in 296 bytes (1 switches on core 0)
2026-05-05 03:38:59.672 8 INFO placement.requestlog [None req-2dfe7ec9-3dc6-4e74-9b6d-84d4b16b9e2a dbcfe9a8c21e4858be58c558a650ed38 86b6914069e64b6999f48316914b4401 - - d77937d68eb345ff8edd169dab3258d7 d77937d68eb345ff8edd169dab3258d7] 10.0.0.120 "GET /resource_providers/d8f980de-a19b-4031-9ea9-319c0b21c091/aggregates" status: 404 len: 235 microversion: 1.1 [pid: 8|app: 0|req: 360/720] 10.0.0.120 () {32 vars in 815 bytes} [Tue May 5 03:38:59 2026] GET /resource_providers/d8f980de-a19b-4031-9ea9-319c0b21c091/aggregates => generated 235 bytes in 16 msecs (HTTP/1.1 404) 5 headers in 202 bytes (1 switches on core 0)
2026-05-05 03:38:59.676 7 INFO placement.requestlog [None req-628b876a-f34c-459b-b8cb-0825dadba617 dbcfe9a8c21e4858be58c558a650ed38 86b6914069e64b6999f48316914b4401 - - d77937d68eb345ff8edd169dab3258d7 d77937d68eb345ff8edd169dab3258d7] 10.0.0.120 "GET /resource_providers/d8f980de-a19b-4031-9ea9-319c0b21c091/aggregates" status: 404 len: 235 microversion: 1.1 [pid: 7|app: 0|req: 361/721] 10.0.0.120 () {32 vars in 815 bytes} [Tue May 5 03:38:59 2026] GET /resource_providers/d8f980de-a19b-4031-9ea9-319c0b21c091/aggregates => generated 235 bytes in 13 msecs (HTTP/1.1 404) 5 headers in 202 bytes (1 switches on core 0)
2026-05-05 03:38:59.703 8 INFO placement.requestlog [None req-60b249a8-7dec-4f29-a104-44ed962cb19b dbcfe9a8c21e4858be58c558a650ed38 86b6914069e64b6999f48316914b4401 - - d77937d68eb345ff8edd169dab3258d7 d77937d68eb345ff8edd169dab3258d7] 10.0.0.120 "DELETE /resource_providers/d8f980de-a19b-4031-9ea9-319c0b21c091" status: 404 len: 246 microversion: 1.1
2026-05-05 03:38:59.703 7 INFO placement.requestlog [None req-283f22c7-a7ae-43bb-8ee0-41651742397b dbcfe9a8c21e4858be58c558a650ed38 86b6914069e64b6999f48316914b4401 - - d77937d68eb345ff8edd169dab3258d7 d77937d68eb345ff8edd169dab3258d7] 10.0.0.120 "DELETE /resource_providers/d8f980de-a19b-4031-9ea9-319c0b21c091" status: 404 len: 246 microversion: 1.1 [pid: 8|app: 0|req: 361/722] 10.0.0.120 () {34 vars in 815 bytes} [Tue May 5 03:38:59 2026] DELETE /resource_providers/d8f980de-a19b-4031-9ea9-319c0b21c091 => generated 246 bytes in 10 msecs (HTTP/1.1 404) 6 headers in 231 bytes (1 switches on core 0) [pid: 7|app: 0|req: 362/723] 10.0.0.120 () {34 vars in 815 bytes} [Tue May 5 03:38:59 2026] DELETE /resource_providers/d8f980de-a19b-4031-9ea9-319c0b21c091 => generated 246 bytes in 10 msecs (HTTP/1.1 404) 6 headers in 231 bytes (1 switches on core 0)
2026-05-05 03:39:01.737 7 INFO placement.requestlog [None req-e3d1226c-40e8-4140-b420-fdfac94b00e2 dbcfe9a8c21e4858be58c558a650ed38 86b6914069e64b6999f48316914b4401 - - d77937d68eb345ff8edd169dab3258d7 d77937d68eb345ff8edd169dab3258d7] 10.0.0.120 "GET /resource_providers/4e69a1d7-f9d4-444f-8b9e-0214b51dd938/aggregates" status: 404 len: 235 microversion: 1.1
2026-05-05 03:39:01.737 8 INFO placement.requestlog [None req-336753f5-2408-4625-91b2-7bafc7340cd7 dbcfe9a8c21e4858be58c558a650ed38 86b6914069e64b6999f48316914b4401 - - d77937d68eb345ff8edd169dab3258d7 d77937d68eb345ff8edd169dab3258d7] 10.0.0.120 "GET /resource_providers/4e69a1d7-f9d4-444f-8b9e-0214b51dd938/aggregates" status: 404 len: 235 microversion: 1.1 [pid: 8|app: 0|req: 362/724] 10.0.0.120 () {32 vars in 815 bytes} [Tue May 5 03:39:01 2026] GET /resource_providers/4e69a1d7-f9d4-444f-8b9e-0214b51dd938/aggregates => generated 235 bytes in 14 msecs (HTTP/1.1 404) 5 headers in 202 bytes (1 switches on core 0) [pid: 7|app: 0|req: 363/725] 10.0.0.120 () {32 vars in 815 bytes} [Tue May 5 03:39:01 2026] GET /resource_providers/4e69a1d7-f9d4-444f-8b9e-0214b51dd938/aggregates => generated 235 bytes in 14 msecs (HTTP/1.1 404) 5 headers in 202 bytes (1 switches on core 0)
2026-05-05 03:39:01.779 7 INFO placement.requestlog [None req-c1467693-7335-4a36-b8b4-8a740b7399e8 dbcfe9a8c21e4858be58c558a650ed38 86b6914069e64b6999f48316914b4401 - - d77937d68eb345ff8edd169dab3258d7 d77937d68eb345ff8edd169dab3258d7] 10.0.0.120 "DELETE /resource_providers/4e69a1d7-f9d4-444f-8b9e-0214b51dd938" status: 404 len: 246 microversion: 1.1 [pid: 7|app: 0|req: 364/726] 10.0.0.120 () {34 vars in 815 bytes} [Tue May 5 03:39:01 2026] DELETE /resource_providers/4e69a1d7-f9d4-444f-8b9e-0214b51dd938 => generated 246 bytes in 14 msecs (HTTP/1.1 404) 6 headers in 231 bytes (1 switches on core 0)
2026-05-05 03:39:01.780 8 INFO placement.requestlog [None req-8aef057c-e2fa-40de-86f0-5e3e2979862b dbcfe9a8c21e4858be58c558a650ed38 86b6914069e64b6999f48316914b4401 - - d77937d68eb345ff8edd169dab3258d7 d77937d68eb345ff8edd169dab3258d7] 10.0.0.120 "DELETE /resource_providers/4e69a1d7-f9d4-444f-8b9e-0214b51dd938" status: 404 len: 246 microversion: 1.1 [pid: 8|app: 0|req: 363/727] 10.0.0.120 () {34 vars in 815 bytes} [Tue May 5 03:39:01 2026] DELETE /resource_providers/4e69a1d7-f9d4-444f-8b9e-0214b51dd938 => generated 246 bytes in 15 msecs (HTTP/1.1 404) 6 headers in 231 bytes (1 switches on core 0)
2026-05-05 03:39:02.729 7 INFO placement.requestlog [req-80855b0a-0951-402c-9ed2-3021d46d30fd req-8abcef9f-5497-48d8-85af-619c3b8c9b7d ccb1541f672742c3bcd9f45539c7915d 86b6914069e64b6999f48316914b4401 - - d77937d68eb345ff8edd169dab3258d7 d77937d68eb345ff8edd169dab3258d7] 199.19.213.117 "GET /resource_providers/f5b3fd0c-d92d-4e9d-a9cd-f2356315bcac/allocations" status: 200 len: 352 microversion: 1.0 [pid: 7|app: 0|req: 365/728] 199.19.213.117 () {32 vars in 856 bytes} [Tue May 5 03:39:02 2026] GET /resource_providers/f5b3fd0c-d92d-4e9d-a9cd-f2356315bcac/allocations => generated 352 bytes in 28 msecs (HTTP/1.1 200) 6 headers in 224 bytes (1 switches on core 0)
2026-05-05 03:39:02.758 8 INFO placement.requestlog [req-80855b0a-0951-402c-9ed2-3021d46d30fd req-53978129-374e-4083-934f-e072c406cbe0 ccb1541f672742c3bcd9f45539c7915d 86b6914069e64b6999f48316914b4401 - - d77937d68eb345ff8edd169dab3258d7 d77937d68eb345ff8edd169dab3258d7] 199.19.213.117 "GET /allocations/59eb770d-ecf9-4553-805d-eba61041227b" status: 200 len: 257 microversion: 1.28 [pid: 8|app: 0|req: 364/729] 199.19.213.117 () {34 vars in 862 bytes} [Tue May 5 03:39:02 2026] GET /allocations/59eb770d-ecf9-4553-805d-eba61041227b => generated 257 bytes in 17 msecs (HTTP/1.1 200) 8 headers in 296 bytes (1 switches on core 0)
2026-05-05 03:39:02.791 7 INFO placement.requestlog [req-80855b0a-0951-402c-9ed2-3021d46d30fd req-8077208c-fe16-4127-888e-a2f6ed0541da ccb1541f672742c3bcd9f45539c7915d 86b6914069e64b6999f48316914b4401 - - d77937d68eb345ff8edd169dab3258d7 d77937d68eb345ff8edd169dab3258d7] 199.19.213.117 "GET /allocations/5c8ef391-dc96-4905-8b2c-910b0d93f80c" status: 200 len: 257 microversion: 1.28 [pid: 7|app: 0|req: 366/730] 199.19.213.117 () {34 vars in 862 bytes} [Tue May 5 03:39:02 2026] GET /allocations/5c8ef391-dc96-4905-8b2c-910b0d93f80c => generated 257 bytes in 21 msecs (HTTP/1.1 200) 8 headers in 296 bytes (1 switches on core 0)
2026-05-05 03:39:02.824 8 INFO placement.requestlog [req-80855b0a-0951-402c-9ed2-3021d46d30fd req-197b7664-500c-4924-9377-713e5165b104 ccb1541f672742c3bcd9f45539c7915d 86b6914069e64b6999f48316914b4401 - - d77937d68eb345ff8edd169dab3258d7 d77937d68eb345ff8edd169dab3258d7] 199.19.213.117 "GET /allocations/c9ba428a-7915-46fd-89ed-82ab5c913d9f" status: 200 len: 257 microversion: 1.28 [pid: 8|app: 0|req: 365/731] 199.19.213.117 () {34 vars in 862 bytes} [Tue May 5 03:39:02 2026] GET /allocations/c9ba428a-7915-46fd-89ed-82ab5c913d9f => generated 257 bytes in 20 msecs (HTTP/1.1 200) 8 headers in 296 bytes (1 switches on core 0)
2026-05-05 03:39:02.911 7 INFO placement.requestlog [req-80855b0a-0951-402c-9ed2-3021d46d30fd req-0eea4cd0-b67a-4a5a-880d-c17c54ac8148 ccb1541f672742c3bcd9f45539c7915d 86b6914069e64b6999f48316914b4401 - - d77937d68eb345ff8edd169dab3258d7 d77937d68eb345ff8edd169dab3258d7] 199.19.213.117 "DELETE /allocations/c9ba428a-7915-46fd-89ed-82ab5c913d9f" status: 204 len: 0 microversion: 1.0 [pid: 7|app: 0|req: 367/732] 199.19.213.117 () {34 vars in 840 bytes} [Tue May 5 03:39:02 2026] DELETE /allocations/c9ba428a-7915-46fd-89ed-82ab5c913d9f => generated 0 bytes in 27 msecs (HTTP/1.1 204) 5 headers in 198 bytes (1 switches on core 0)
2026-05-05 03:39:03.806 7 INFO placement.requestlog [None req-4d533f2e-f5ca-424e-81f7-b049897033ba - - - - - -] 10.0.0.35 "GET /" status: 200 len: 136 microversion: 1.0
2026-05-05 03:39:03.807 8 INFO placement.requestlog [None req-3147028f-2f14-4318-a1a6-c3c4287a1777 - - - - - -] 10.0.0.35 "GET /" status: 200 len: 136 microversion: 1.0
2026-05-05 03:39:06.014 7 INFO placement.requestlog [req-685879e2-34a5-47e8-9022-389f60e2624c req-49ef7b88-0759-4991-a9e9-2e5cc0112a49 ccb1541f672742c3bcd9f45539c7915d 86b6914069e64b6999f48316914b4401 - - d77937d68eb345ff8edd169dab3258d7 d77937d68eb345ff8edd169dab3258d7] 199.19.213.117 "GET /resource_providers/f5b3fd0c-d92d-4e9d-a9cd-f2356315bcac/allocations" status: 200 len: 252 microversion: 1.0 [pid: 7|app: 0|req: 369/735] 199.19.213.117 () {32 vars in 856 bytes} [Tue May 5 03:39:05 2026] GET /resource_providers/f5b3fd0c-d92d-4e9d-a9cd-f2356315bcac/allocations => generated 252 bytes in 16 msecs (HTTP/1.1 200) 6 headers in 224 bytes (1 switches on core 0)
2026-05-05 03:39:06.054 8 INFO placement.requestlog [req-685879e2-34a5-47e8-9022-389f60e2624c req-15c6612e-c5df-4127-936e-dce0ecde98ec ccb1541f672742c3bcd9f45539c7915d 86b6914069e64b6999f48316914b4401 - - d77937d68eb345ff8edd169dab3258d7 d77937d68eb345ff8edd169dab3258d7] 199.19.213.117 "GET /allocations/59eb770d-ecf9-4553-805d-eba61041227b" status: 200 len: 257 microversion: 1.28 [pid: 8|app: 0|req: 367/736] 199.19.213.117 () {34 vars in 862 bytes} [Tue May 5 03:39:06 2026] GET /allocations/59eb770d-ecf9-4553-805d-eba61041227b => generated 257 bytes in 26 msecs (HTTP/1.1 200) 8 headers in 296 bytes (1 switches on core 0)
2026-05-05 03:39:06.077 7 INFO placement.requestlog [req-685879e2-34a5-47e8-9022-389f60e2624c req-809498c9-d60a-4191-a9bf-b086af8ff506 ccb1541f672742c3bcd9f45539c7915d 86b6914069e64b6999f48316914b4401 - - d77937d68eb345ff8edd169dab3258d7 d77937d68eb345ff8edd169dab3258d7] 199.19.213.117 "GET /allocations/5c8ef391-dc96-4905-8b2c-910b0d93f80c" status: 200 len: 257 microversion: 1.28 [pid: 7|app: 0|req: 370/737] 199.19.213.117 () {34 vars in 862 bytes} [Tue May 5 03:39:06 2026] GET /allocations/5c8ef391-dc96-4905-8b2c-910b0d93f80c => generated 257 bytes in 15 msecs (HTTP/1.1 200) 8 headers in 296 bytes (1 switches on core 0)
2026-05-05 03:39:06.221 8 INFO placement.requestlog [req-685879e2-34a5-47e8-9022-389f60e2624c req-09466acf-2053-4777-b9e0-89a42c29620a ccb1541f672742c3bcd9f45539c7915d 86b6914069e64b6999f48316914b4401 - - d77937d68eb345ff8edd169dab3258d7 d77937d68eb345ff8edd169dab3258d7] 199.19.213.117 "DELETE /allocations/59eb770d-ecf9-4553-805d-eba61041227b" status: 204 len: 0 microversion: 1.0 [pid: 8|app: 0|req: 368/738] 199.19.213.117 () {34 vars in 840 bytes} [Tue May 5 03:39:06 2026] DELETE /allocations/59eb770d-ecf9-4553-805d-eba61041227b => generated 0 bytes in 85 msecs (HTTP/1.1 204) 5 headers in 198 bytes (1 switches on core 0)
2026-05-05 03:39:06.988 8 INFO placement.requestlog [None req-69b612be-06e1-4958-b5d1-b70237075398 dbcfe9a8c21e4858be58c558a650ed38 86b6914069e64b6999f48316914b4401 - - d77937d68eb345ff8edd169dab3258d7 d77937d68eb345ff8edd169dab3258d7] 10.0.0.120 "GET /resource_providers/fcc65322-96a3-43e6-8e13-2cbf991a2721/aggregates" status: 404 len: 235 microversion: 1.1 [pid: 8|app: 0|req: 369/739] 10.0.0.120 () {32 vars in 815 bytes} [Tue May 5 03:39:06 2026] GET /resource_providers/fcc65322-96a3-43e6-8e13-2cbf991a2721/aggregates => generated 235 bytes in 12 msecs (HTTP/1.1 404) 5 headers in 202 bytes (1 switches on core 0)
2026-05-05 03:39:06.992 7 INFO placement.requestlog [None req-97845178-248c-4cd5-a1ff-61b48034751f dbcfe9a8c21e4858be58c558a650ed38 86b6914069e64b6999f48316914b4401 - - d77937d68eb345ff8edd169dab3258d7 d77937d68eb345ff8edd169dab3258d7] 10.0.0.120 "GET /resource_providers/fcc65322-96a3-43e6-8e13-2cbf991a2721/aggregates" status: 404 len: 235 microversion: 1.1 [pid: 7|app: 0|req: 371/740] 10.0.0.120 () {32 vars in 815 bytes} [Tue May 5 03:39:06 2026] GET /resource_providers/fcc65322-96a3-43e6-8e13-2cbf991a2721/aggregates => generated 235 bytes in 16 msecs (HTTP/1.1 404) 5 headers in 202 bytes (1 switches on core 0)
2026-05-05 03:39:07.012 8 INFO placement.requestlog [None req-c0e545c0-2402-4aa3-bc3a-8c327bac86ae dbcfe9a8c21e4858be58c558a650ed38 86b6914069e64b6999f48316914b4401 - - d77937d68eb345ff8edd169dab3258d7 d77937d68eb345ff8edd169dab3258d7] 10.0.0.120 "DELETE /resource_providers/fcc65322-96a3-43e6-8e13-2cbf991a2721" status: 404 len: 246 microversion: 1.1 [pid: 8|app: 0|req: 370/741] 10.0.0.120 () {34 vars in 815 bytes} [Tue May 5 03:39:06 2026] DELETE /resource_providers/fcc65322-96a3-43e6-8e13-2cbf991a2721 => generated 246 bytes in 14 msecs (HTTP/1.1 404) 6 headers in 231 bytes (1 switches on core 0)
2026-05-05 03:39:07.014 7 INFO placement.requestlog [None req-d9669496-2539-4b01-a7f6-701494bd17e9 dbcfe9a8c21e4858be58c558a650ed38 86b6914069e64b6999f48316914b4401 - - d77937d68eb345ff8edd169dab3258d7 d77937d68eb345ff8edd169dab3258d7] 10.0.0.120 "DELETE /resource_providers/fcc65322-96a3-43e6-8e13-2cbf991a2721" status: 404 len: 246 microversion: 1.1 [pid: 7|app: 0|req: 372/742] 10.0.0.120 () {34 vars in 815 bytes} [Tue May 5 03:39:07 2026] DELETE /resource_providers/fcc65322-96a3-43e6-8e13-2cbf991a2721 => generated 246 bytes in 13 msecs (HTTP/1.1 404) 6 headers in 231 bytes (1 switches on core 0)
2026-05-05 03:39:09.168 8 INFO placement.requestlog [None req-62018024-feb5-4537-a776-b4dfaab16c44 dbcfe9a8c21e4858be58c558a650ed38 86b6914069e64b6999f48316914b4401 - - d77937d68eb345ff8edd169dab3258d7 d77937d68eb345ff8edd169dab3258d7] 10.0.0.120 "GET /resource_providers/7f729ee9-2350-4842-a073-d84980571daa/aggregates" status: 404 len: 235 microversion: 1.1 [pid: 8|app: 0|req: 371/743] 10.0.0.120 () {32 vars in 815 bytes} [Tue May 5 03:39:09 2026] GET /resource_providers/7f729ee9-2350-4842-a073-d84980571daa/aggregates => generated 235 bytes in 13 msecs (HTTP/1.1 404) 5 headers in 202 bytes (1 switches on core 0)
2026-05-05 03:39:09.171 7 INFO placement.requestlog [None req-c73e174a-5bc8-4f4d-b955-8f582268bb71 dbcfe9a8c21e4858be58c558a650ed38 86b6914069e64b6999f48316914b4401 - - d77937d68eb345ff8edd169dab3258d7 d77937d68eb345ff8edd169dab3258d7] 10.0.0.120 "GET /resource_providers/7f729ee9-2350-4842-a073-d84980571daa/aggregates" status: 404 len: 235 microversion: 1.1 [pid: 7|app: 0|req: 373/744] 10.0.0.120 () {32 vars in 815 bytes} [Tue May 5 03:39:09 2026] GET /resource_providers/7f729ee9-2350-4842-a073-d84980571daa/aggregates => generated 235 bytes in 15 msecs (HTTP/1.1 404) 5 headers in 202 bytes (1 switches on core 0)
2026-05-05 03:39:09.191 8 INFO placement.requestlog [None req-42d7e357-f3d5-41d4-838d-493c6028fe46 dbcfe9a8c21e4858be58c558a650ed38 86b6914069e64b6999f48316914b4401 - - d77937d68eb345ff8edd169dab3258d7 d77937d68eb345ff8edd169dab3258d7] 10.0.0.120 "DELETE /resource_providers/7f729ee9-2350-4842-a073-d84980571daa" status: 404 len: 246 microversion: 1.1 [pid: 8|app: 0|req: 372/745] 10.0.0.120 () {34 vars in 815 bytes} [Tue May 5 03:39:09 2026] DELETE /resource_providers/7f729ee9-2350-4842-a073-d84980571daa => generated 246 bytes in 12 msecs (HTTP/1.1 404) 6 headers in 231 bytes (1 switches on core 0)
2026-05-05 03:39:09.196 7 INFO placement.requestlog [None req-49af6efd-fe84-470b-a39b-cdc65a8d815a dbcfe9a8c21e4858be58c558a650ed38 86b6914069e64b6999f48316914b4401 - - d77937d68eb345ff8edd169dab3258d7 d77937d68eb345ff8edd169dab3258d7] 10.0.0.120 "DELETE /resource_providers/7f729ee9-2350-4842-a073-d84980571daa" status: 404 len: 246 microversion: 1.1 [pid: 7|app: 0|req: 374/746] 10.0.0.120 () {34 vars in 815 bytes} [Tue May 5 03:39:09 2026] DELETE /resource_providers/7f729ee9-2350-4842-a073-d84980571daa => generated 246 bytes in 18 msecs (HTTP/1.1 404) 6 headers in 231 bytes (1 switches on core 0)
2026-05-05 03:39:11.211 8 INFO placement.requestlog [None req-05a9d911-f6b7-4a6e-a9c1-5cdea5ee9c09 dbcfe9a8c21e4858be58c558a650ed38 86b6914069e64b6999f48316914b4401 - - d77937d68eb345ff8edd169dab3258d7 d77937d68eb345ff8edd169dab3258d7] 10.0.0.120 "GET /resource_providers/6212fbad-1779-4d91-a522-7da32ea096b0/aggregates" status: 404 len: 235 microversion: 1.1 [pid: 8|app: 0|req: 373/747] 10.0.0.120 () {32 vars in 815 bytes} [Tue May 5 03:39:11 2026] GET /resource_providers/6212fbad-1779-4d91-a522-7da32ea096b0/aggregates => generated 235 bytes in 12 msecs (HTTP/1.1 404) 5 headers in 202 bytes (1 switches on core 0)
2026-05-05 03:39:11.221 7 INFO placement.requestlog [None req-4e7874ca-1518-46e0-b6f2-b23c20b51efb dbcfe9a8c21e4858be58c558a650ed38 86b6914069e64b6999f48316914b4401 - - d77937d68eb345ff8edd169dab3258d7 d77937d68eb345ff8edd169dab3258d7] 10.0.0.120 "GET /resource_providers/6212fbad-1779-4d91-a522-7da32ea096b0/aggregates" status: 404 len: 235 microversion: 1.1 [pid: 7|app: 0|req: 375/748] 10.0.0.120 () {32 vars in 815 bytes} [Tue May 5 03:39:11 2026] GET /resource_providers/6212fbad-1779-4d91-a522-7da32ea096b0/aggregates => generated 235 bytes in 16 msecs (HTTP/1.1 404) 5 headers in 202 bytes (1 switches on core 0)
2026-05-05 03:39:11.253 8 INFO placement.requestlog [None req-e80ada33-d7c2-4427-85e0-5f8f80949f17 dbcfe9a8c21e4858be58c558a650ed38 86b6914069e64b6999f48316914b4401 - - d77937d68eb345ff8edd169dab3258d7 d77937d68eb345ff8edd169dab3258d7] 10.0.0.120 "DELETE /resource_providers/6212fbad-1779-4d91-a522-7da32ea096b0" status: 404 len: 246 microversion: 1.1 [pid: 8|app: 0|req: 374/749] 10.0.0.120 () {34 vars in 815 bytes} [Tue May 5 03:39:11 2026] DELETE /resource_providers/6212fbad-1779-4d91-a522-7da32ea096b0 => generated 246 bytes in 17 msecs (HTTP/1.1 404) 6 headers in 231 bytes (1 switches on core 0)
2026-05-05 03:39:11.253 7 INFO placement.requestlog [None req-d9684860-1974-4925-a8f8-b9a70039c55a dbcfe9a8c21e4858be58c558a650ed38 86b6914069e64b6999f48316914b4401 - - d77937d68eb345ff8edd169dab3258d7 d77937d68eb345ff8edd169dab3258d7] 10.0.0.120 "DELETE /resource_providers/6212fbad-1779-4d91-a522-7da32ea096b0" status: 404 len: 246 microversion: 1.1 [pid: 7|app: 0|req: 376/750] 10.0.0.120 () {34 vars in 815 bytes} [Tue May 5 03:39:11 2026] DELETE /resource_providers/6212fbad-1779-4d91-a522-7da32ea096b0 => generated 246 bytes in 18 msecs (HTTP/1.1 404) 6 headers in 231 bytes (1 switches on core 0)
2026-05-05 03:39:13.563 7 INFO placement.requestlog [None req-ff16947f-81e4-4735-9ef4-97e18a8e949c dbcfe9a8c21e4858be58c558a650ed38 86b6914069e64b6999f48316914b4401 - - d77937d68eb345ff8edd169dab3258d7 d77937d68eb345ff8edd169dab3258d7] 10.0.0.120 "GET /resource_providers/e3a9be53-a4df-4abe-832a-2416574d88ce/aggregates" status: 404 len: 235 microversion: 1.1 [pid: 7|app: 0|req: 377/751] 10.0.0.120 () {32 vars in 815 bytes} [Tue May 5 03:39:13 2026] GET /resource_providers/e3a9be53-a4df-4abe-832a-2416574d88ce/aggregates => generated 235 bytes in 12 msecs (HTTP/1.1 404) 5 headers in 202 bytes (1 switches on core 0)
2026-05-05 03:39:13.567 8 INFO placement.requestlog [None req-8db88f19-bc0f-4b06-a37c-adedcd7e5151 dbcfe9a8c21e4858be58c558a650ed38 86b6914069e64b6999f48316914b4401 - - d77937d68eb345ff8edd169dab3258d7 d77937d68eb345ff8edd169dab3258d7] 10.0.0.120 "GET /resource_providers/e3a9be53-a4df-4abe-832a-2416574d88ce/aggregates" status: 404 len: 235 microversion: 1.1 [pid: 8|app: 0|req: 375/752] 10.0.0.120 () {32 vars in 815 bytes} [Tue May 5 03:39:13 2026] GET /resource_providers/e3a9be53-a4df-4abe-832a-2416574d88ce/aggregates => generated 235 bytes in 18 msecs (HTTP/1.1 404) 5 headers in 202 bytes (1 switches on core 0)
2026-05-05 03:39:13.585 7 INFO placement.requestlog [None req-32028d67-d545-4fc9-bce5-e90e41ae10ff dbcfe9a8c21e4858be58c558a650ed38 86b6914069e64b6999f48316914b4401 - - d77937d68eb345ff8edd169dab3258d7 d77937d68eb345ff8edd169dab3258d7] 10.0.0.120 "DELETE /resource_providers/e3a9be53-a4df-4abe-832a-2416574d88ce" status: 404 len: 246 microversion: 1.1 [pid: 7|app: 0|req: 378/753] 10.0.0.120 () {34 vars in 815 bytes} [Tue May 5 03:39:13 2026] DELETE /resource_providers/e3a9be53-a4df-4abe-832a-2416574d88ce => generated 246 bytes in 11 msecs (HTTP/1.1 404) 6 headers in 231 bytes (1 switches on core 0)
2026-05-05 03:39:13.617 8 INFO placement.requestlog [None req-3a822050-6add-421c-af57-fff2a69603b0 dbcfe9a8c21e4858be58c558a650ed38 86b6914069e64b6999f48316914b4401 - - d77937d68eb345ff8edd169dab3258d7 d77937d68eb345ff8edd169dab3258d7] 10.0.0.120 "DELETE /resource_providers/e3a9be53-a4df-4abe-832a-2416574d88ce" status: 404 len: 246 microversion: 1.1 [pid: 8|app: 0|req: 376/754] 10.0.0.120 () {34 vars in 815 bytes} [Tue May 5 03:39:13 2026] DELETE /resource_providers/e3a9be53-a4df-4abe-832a-2416574d88ce => generated 246 bytes in 26 msecs (HTTP/1.1 404) 6 headers in 231 bytes (1 switches on core 0)
2026-05-05 03:39:13.805 8 INFO placement.requestlog [None req-ece60ee3-b069-4b0e-b4c5-75b5b6cec0d6 - - - - - -] 10.0.0.35 "GET /" status: 200 len: 136 microversion: 1.0
2026-05-05 03:39:13.805 7 INFO placement.requestlog [None req-a4ee1162-acbe-4057-aed1-b122e44c2f4e - - - - - -] 10.0.0.35 "GET /" status: 200 len: 136 microversion: 1.0
2026-05-05 03:39:17.819 8 INFO placement.requestlog [req-23a8728c-1972-4da2-8fd8-4592d278ddba req-379828a7-4082-4896-9c4f-8e26a19f9ce8 ccb1541f672742c3bcd9f45539c7915d 86b6914069e64b6999f48316914b4401 - - d77937d68eb345ff8edd169dab3258d7 d77937d68eb345ff8edd169dab3258d7] 10.0.0.130 "GET /allocation_candidates?limit=1000&resources=DISK_GB%3A1%2CMEMORY_MB%3A512%2CVCPU%3A1&root_required=%21COMPUTE_STATUS_DISABLED" status: 200 len: 2149 microversion: 1.36 [pid: 8|app: 0|req: 378/757] 10.0.0.130 () {34 vars in 1011 bytes} [Tue May 5 03:39:17 2026] GET /allocation_candidates?limit=1000&resources=DISK_GB%3A1%2CMEMORY_MB%3A512%2CVCPU%3A1&root_required=%21COMPUTE_STATUS_DISABLED => generated 2149 bytes in 58 msecs (HTTP/1.1 200) 8 headers in 297 bytes (1 switches on core 0)
2026-05-05 03:39:17.862 7 INFO placement.requestlog [req-23a8728c-1972-4da2-8fd8-4592d278ddba req-49ad3037-b05f-497a-b74e-3c2331490f85 ccb1541f672742c3bcd9f45539c7915d 86b6914069e64b6999f48316914b4401 - - d77937d68eb345ff8edd169dab3258d7 d77937d68eb345ff8edd169dab3258d7] 10.0.0.130 "GET /allocations/bde1c0b2-1d43-4011-8a4e-b703ed3c03e9" status: 200 len: 19 microversion: 1.28 [pid: 7|app: 0|req: 380/758] 10.0.0.130 () {34 vars in 860 bytes} [Tue May 5 03:39:17 2026] GET /allocations/bde1c0b2-1d43-4011-8a4e-b703ed3c03e9 => generated 19 bytes in 17 msecs (HTTP/1.1 200) 8 headers in 295 bytes (1 switches on core 0)
2026-05-05 03:39:17.942 8 INFO placement.requestlog [req-23a8728c-1972-4da2-8fd8-4592d278ddba req-0ff3892f-f517-4430-b06c-5c9960590563 ccb1541f672742c3bcd9f45539c7915d 86b6914069e64b6999f48316914b4401 - - d77937d68eb345ff8edd169dab3258d7 d77937d68eb345ff8edd169dab3258d7] 10.0.0.130 "PUT /allocations/bde1c0b2-1d43-4011-8a4e-b703ed3c03e9" status: 204 len: 0 microversion: 1.36 [pid: 8|app: 0|req: 379/759] 10.0.0.130 () {38 vars in 913 bytes} [Tue May 5 03:39:17 2026] PUT /allocations/bde1c0b2-1d43-4011-8a4e-b703ed3c03e9 => generated 0 bytes in 70 msecs (HTTP/1.1 204) 5 headers in 199 bytes (1 switches on core 0)
2026-05-05 03:39:18.245 7 INFO placement.requestlog [req-23a8728c-1972-4da2-8fd8-4592d278ddba req-be09fb73-65d4-4f68-a167-9f5d9cfd57c8 ccb1541f672742c3bcd9f45539c7915d 86b6914069e64b6999f48316914b4401 - - d77937d68eb345ff8edd169dab3258d7 d77937d68eb345ff8edd169dab3258d7] 199.19.213.117 "GET /allocations/bde1c0b2-1d43-4011-8a4e-b703ed3c03e9" status: 200 len: 257 microversion: 1.28 [pid: 7|app: 0|req: 381/760] 199.19.213.117 () {34 vars in 862 bytes} [Tue May 5 03:39:18 2026] GET /allocations/bde1c0b2-1d43-4011-8a4e-b703ed3c03e9 => generated 257 bytes in 25 msecs (HTTP/1.1 200) 8 headers in 296 bytes (1 switches on core 0)
2026-05-05 03:39:18.342 8 INFO placement.requestlog [req-23a8728c-1972-4da2-8fd8-4592d278ddba req-31f2b9ee-ffb2-4964-a23e-e6ce02bbd2ac ccb1541f672742c3bcd9f45539c7915d 86b6914069e64b6999f48316914b4401 - - d77937d68eb345ff8edd169dab3258d7 d77937d68eb345ff8edd169dab3258d7] 199.19.213.117 "GET /resource_providers/f5b3fd0c-d92d-4e9d-a9cd-f2356315bcac/allocations" status: 200 len: 252 microversion: 1.0 [pid: 8|app: 0|req: 380/761] 199.19.213.117 () {32 vars in 856 bytes} [Tue May 5 03:39:18 2026] GET /resource_providers/f5b3fd0c-d92d-4e9d-a9cd-f2356315bcac/allocations => generated 252 bytes in 17 msecs (HTTP/1.1 200) 6 headers in 224 bytes (1 switches on core 0)
2026-05-05 03:39:18.369 7 INFO placement.requestlog [req-23a8728c-1972-4da2-8fd8-4592d278ddba req-4dd29641-7424-4a19-aa30-dba2ac9cabc1 ccb1541f672742c3bcd9f45539c7915d 86b6914069e64b6999f48316914b4401 - - d77937d68eb345ff8edd169dab3258d7 d77937d68eb345ff8edd169dab3258d7] 199.19.213.117 "GET /allocations/bde1c0b2-1d43-4011-8a4e-b703ed3c03e9" status: 200 len: 257 microversion: 1.28 [pid: 7|app: 0|req: 382/762] 199.19.213.117 () {34 vars in 862 bytes} [Tue May 5 03:39:18 2026] GET /allocations/bde1c0b2-1d43-4011-8a4e-b703ed3c03e9 => generated 257 bytes in 16 msecs (HTTP/1.1 200) 8 headers in 296 bytes (1 switches on core 0)
2026-05-05 03:39:18.392 8 INFO placement.requestlog [req-23a8728c-1972-4da2-8fd8-4592d278ddba req-daca14fc-dade-4975-ad32-c22ae984fb2a ccb1541f672742c3bcd9f45539c7915d 86b6914069e64b6999f48316914b4401 - - d77937d68eb345ff8edd169dab3258d7 d77937d68eb345ff8edd169dab3258d7] 199.19.213.117 "GET /allocations/5c8ef391-dc96-4905-8b2c-910b0d93f80c" status: 200 len: 257 microversion: 1.28 [pid: 8|app: 0|req: 381/763] 199.19.213.117 () {34 vars in 862 bytes} [Tue May 5 03:39:18 2026] GET /allocations/5c8ef391-dc96-4905-8b2c-910b0d93f80c => generated 257 bytes in 18 msecs (HTTP/1.1 200) 8 headers in 296 bytes (1 switches on core 0)
2026-05-05 03:39:23.805 7 INFO placement.requestlog [None req-42da1750-f48c-4332-977e-6cd318c35fe5 - - - - - -] 10.0.0.35 "GET /" status: 200 len: 136 microversion: 1.0
2026-05-05 03:39:23.806 8 INFO placement.requestlog [None req-20d310c4-8582-42a2-9304-49b3e293bf88 - - - - - -] 10.0.0.35 "GET /" status: 200 len: 136 microversion: 1.0
2026-05-05 03:39:27.060 7 INFO placement.requestlog [req-c19d4e9c-eeff-4832-a1d0-938ac4d9fe23 req-38d0069b-b578-4b35-8121-fa2cfa060455 ccb1541f672742c3bcd9f45539c7915d 86b6914069e64b6999f48316914b4401 - - d77937d68eb345ff8edd169dab3258d7 d77937d68eb345ff8edd169dab3258d7] 199.19.213.117 "GET /resource_providers/f5b3fd0c-d92d-4e9d-a9cd-f2356315bcac/allocations" status: 200 len: 252 microversion: 1.0 [pid: 7|app: 0|req: 384/766] 199.19.213.117 () {32 vars in 856 bytes} [Tue May 5 03:39:27 2026] GET /resource_providers/f5b3fd0c-d92d-4e9d-a9cd-f2356315bcac/allocations => generated 252 bytes in 27 msecs (HTTP/1.1 200) 6 headers in 224 bytes (1 switches on core 0)
2026-05-05 03:39:27.090 8 INFO placement.requestlog [req-c19d4e9c-eeff-4832-a1d0-938ac4d9fe23 req-66dafb9b-d0e4-4997-89f2-8e6f82cd54b0 ccb1541f672742c3bcd9f45539c7915d 86b6914069e64b6999f48316914b4401 - - d77937d68eb345ff8edd169dab3258d7 d77937d68eb345ff8edd169dab3258d7] 199.19.213.117 "GET /allocations/bde1c0b2-1d43-4011-8a4e-b703ed3c03e9" status: 200 len: 257 microversion: 1.28 [pid: 8|app: 0|req: 383/767] 199.19.213.117 () {34 vars in 862 bytes} [Tue May 5 03:39:27 2026] GET /allocations/bde1c0b2-1d43-4011-8a4e-b703ed3c03e9 => generated 257 bytes in 20 msecs (HTTP/1.1 200) 8 headers in 296 bytes (1 switches on core 0)
2026-05-05 03:39:27.111 7 INFO placement.requestlog [req-c19d4e9c-eeff-4832-a1d0-938ac4d9fe23 req-c1f31044-d6f8-4738-887f-65ef26d56c87 ccb1541f672742c3bcd9f45539c7915d 86b6914069e64b6999f48316914b4401 - - d77937d68eb345ff8edd169dab3258d7 d77937d68eb345ff8edd169dab3258d7] 199.19.213.117 "GET /allocations/5c8ef391-dc96-4905-8b2c-910b0d93f80c" status: 200 len: 257 microversion: 1.28 [pid: 7|app: 0|req: 385/768] 199.19.213.117 () {34 vars in 862 bytes} [Tue May 5 03:39:27 2026] GET /allocations/5c8ef391-dc96-4905-8b2c-910b0d93f80c => generated 257 bytes in 13 msecs (HTTP/1.1 200) 8 headers in 296 bytes (1 switches on core 0)
2026-05-05 03:39:27.214 8 INFO placement.requestlog [req-c19d4e9c-eeff-4832-a1d0-938ac4d9fe23 req-1d4ccb36-d5a9-4ca1-ac92-efd4e754b976 ccb1541f672742c3bcd9f45539c7915d 86b6914069e64b6999f48316914b4401 - - d77937d68eb345ff8edd169dab3258d7 d77937d68eb345ff8edd169dab3258d7] 199.19.213.117 "DELETE /allocations/5c8ef391-dc96-4905-8b2c-910b0d93f80c" status: 204 len: 0 microversion: 1.0 [pid: 8|app: 0|req: 384/769] 199.19.213.117 () {34 vars in 840 bytes} [Tue May 5 03:39:27 2026] DELETE /allocations/5c8ef391-dc96-4905-8b2c-910b0d93f80c => generated 0 bytes in 38 msecs (HTTP/1.1 204) 5 headers in 198 bytes (1 switches on core 0)
2026-05-05 03:39:27.277 7 INFO placement.requestlog [req-eafc1cd6-fd35-41f2-8eaf-77fcd1ddcdd3 req-5767e69d-d071-436a-b1ef-0198cf37cfb2 ccb1541f672742c3bcd9f45539c7915d 86b6914069e64b6999f48316914b4401 - - d77937d68eb345ff8edd169dab3258d7 d77937d68eb345ff8edd169dab3258d7] 199.19.213.117 "GET /resource_providers/f5b3fd0c-d92d-4e9d-a9cd-f2356315bcac/allocations" status: 200 len: 152 microversion: 1.0 [pid: 7|app: 0|req: 386/770] 199.19.213.117 () {32 vars in 856 bytes} [Tue May 5 03:39:27 2026] GET /resource_providers/f5b3fd0c-d92d-4e9d-a9cd-f2356315bcac/allocations => generated 152 bytes in 17 msecs (HTTP/1.1 200) 6 headers in 224 bytes (1 switches on core 0)
2026-05-05 03:39:27.311 8 INFO placement.requestlog [req-eafc1cd6-fd35-41f2-8eaf-77fcd1ddcdd3 req-87b44e32-0ff5-4ac6-a11d-f49e4b3bd8d9 ccb1541f672742c3bcd9f45539c7915d 86b6914069e64b6999f48316914b4401 - - d77937d68eb345ff8edd169dab3258d7 d77937d68eb345ff8edd169dab3258d7] 199.19.213.117 "GET /allocations/bde1c0b2-1d43-4011-8a4e-b703ed3c03e9" status: 200 len: 257 microversion: 1.28 [pid: 8|app: 0|req: 385/771] 199.19.213.117 () {34 vars in 862 bytes} [Tue May 5 03:39:27 2026] GET /allocations/bde1c0b2-1d43-4011-8a4e-b703ed3c03e9 => generated 257 bytes in 26 msecs (HTTP/1.1 200) 8 headers in 296 bytes (1 switches on core 0)
2026-05-05 03:39:27.403 7 INFO placement.requestlog [req-eafc1cd6-fd35-41f2-8eaf-77fcd1ddcdd3 req-13a1fbc6-8556-4dc3-9e23-e8d6f462596f ccb1541f672742c3bcd9f45539c7915d 86b6914069e64b6999f48316914b4401 - - d77937d68eb345ff8edd169dab3258d7 d77937d68eb345ff8edd169dab3258d7] 199.19.213.117 "DELETE /allocations/bde1c0b2-1d43-4011-8a4e-b703ed3c03e9" status: 204 len: 0 microversion: 1.0 [pid: 7|app: 0|req: 387/772] 199.19.213.117 () {34 vars in 840 bytes} [Tue May 5 03:39:27 2026] DELETE /allocations/bde1c0b2-1d43-4011-8a4e-b703ed3c03e9 => generated 0 bytes in 35 msecs (HTTP/1.1 204) 5 headers in 198 bytes (1 switches on core 0)
2026-05-05 03:39:27.866 8 INFO placement.requestlog [None req-001cbbb4-b992-4273-b979-11e7a342bf65 dbcfe9a8c21e4858be58c558a650ed38 86b6914069e64b6999f48316914b4401 - - d77937d68eb345ff8edd169dab3258d7 d77937d68eb345ff8edd169dab3258d7] 10.0.0.120 "GET /resource_providers/3a5b3fa7-faa0-485d-9b73-52e0b60b23b6/aggregates" status: 404 len: 235 microversion: 1.1
2026-05-05 03:39:27.866 7 INFO placement.requestlog [None req-97fa8ff4-e6c1-4526-afc5-68c19222550e dbcfe9a8c21e4858be58c558a650ed38 86b6914069e64b6999f48316914b4401 - - d77937d68eb345ff8edd169dab3258d7 d77937d68eb345ff8edd169dab3258d7] 10.0.0.120 "GET /resource_providers/3a5b3fa7-faa0-485d-9b73-52e0b60b23b6/aggregates" status: 404 len: 235 microversion: 1.1 [pid: 8|app: 0|req: 386/773] 10.0.0.120 () {32 vars in 815 bytes} [Tue May 5 03:39:27 2026] GET /resource_providers/3a5b3fa7-faa0-485d-9b73-52e0b60b23b6/aggregates => generated 235 bytes in 13 msecs (HTTP/1.1 404) 5 headers in 202 bytes (1 switches on core 0) [pid: 7|app: 0|req: 388/774] 10.0.0.120 () {32 vars in 815 bytes} [Tue May 5 03:39:27 2026] GET /resource_providers/3a5b3fa7-faa0-485d-9b73-52e0b60b23b6/aggregates => generated 235 bytes in 13 msecs (HTTP/1.1 404) 5 headers in 202 bytes (1 switches on core 0)
2026-05-05 03:39:27.897 8 INFO placement.requestlog [None req-a20b31fc-a840-41e2-a0c1-748b901cf39b dbcfe9a8c21e4858be58c558a650ed38 86b6914069e64b6999f48316914b4401 - - d77937d68eb345ff8edd169dab3258d7 d77937d68eb345ff8edd169dab3258d7] 10.0.0.120 "DELETE /resource_providers/3a5b3fa7-faa0-485d-9b73-52e0b60b23b6" status: 404 len: 246 microversion: 1.1 [pid: 8|app: 0|req: 387/775] 10.0.0.120 () {34 vars in 815 bytes} [Tue May 5 03:39:27 2026] DELETE /resource_providers/3a5b3fa7-faa0-485d-9b73-52e0b60b23b6 => generated 246 bytes in 13 msecs (HTTP/1.1 404) 6 headers in 231 bytes (1 switches on core 0)
2026-05-05 03:39:27.897 7 INFO placement.requestlog [None req-3a815254-a9de-4159-a9d9-3577d17c4c01 dbcfe9a8c21e4858be58c558a650ed38 86b6914069e64b6999f48316914b4401 - - d77937d68eb345ff8edd169dab3258d7 d77937d68eb345ff8edd169dab3258d7] 10.0.0.120 "DELETE /resource_providers/3a5b3fa7-faa0-485d-9b73-52e0b60b23b6" status: 404 len: 246 microversion: 1.1 [pid: 7|app: 0|req: 389/776] 10.0.0.120 () {34 vars in 815 bytes} [Tue May 5 03:39:27 2026] DELETE /resource_providers/3a5b3fa7-faa0-485d-9b73-52e0b60b23b6 => generated 246 bytes in 13 msecs (HTTP/1.1 404) 6 headers in 231 bytes (1 switches on core 0)
2026-05-05 03:39:28.133 8 INFO placement.requestlog [None req-57727f36-d21a-414e-bfea-4ebb7b535416 dbcfe9a8c21e4858be58c558a650ed38 86b6914069e64b6999f48316914b4401 - - d77937d68eb345ff8edd169dab3258d7 d77937d68eb345ff8edd169dab3258d7] 10.0.0.120 "GET /resource_providers/68043aa9-40fe-4390-944a-408aa5817418/aggregates" status: 404 len: 235 microversion: 1.1 [pid: 8|app: 0|req: 388/777] 10.0.0.120 () {32 vars in 815 bytes} [Tue May 5 03:39:28 2026] GET /resource_providers/68043aa9-40fe-4390-944a-408aa5817418/aggregates => generated 235 bytes in 19 msecs (HTTP/1.1 404) 5 headers in 202 bytes (1 switches on core 0)
2026-05-05 03:39:28.137 7 INFO placement.requestlog [None req-1adff1d9-3461-4c71-bacb-9fa087f36db0 dbcfe9a8c21e4858be58c558a650ed38 86b6914069e64b6999f48316914b4401 - - d77937d68eb345ff8edd169dab3258d7 d77937d68eb345ff8edd169dab3258d7] 10.0.0.120 "GET /resource_providers/68043aa9-40fe-4390-944a-408aa5817418/aggregates" status: 404 len: 235 microversion: 1.1 [pid: 7|app: 0|req: 390/778] 10.0.0.120 () {32 vars in 815 bytes} [Tue May 5 03:39:28 2026] GET /resource_providers/68043aa9-40fe-4390-944a-408aa5817418/aggregates => generated 235 bytes in 17 msecs (HTTP/1.1 404) 5 headers in 202 bytes (1 switches on core 0)
2026-05-05 03:39:28.151 8 INFO placement.requestlog [None req-0c42337b-e28d-44df-9135-99937066eaaa dbcfe9a8c21e4858be58c558a650ed38 86b6914069e64b6999f48316914b4401 - - d77937d68eb345ff8edd169dab3258d7 d77937d68eb345ff8edd169dab3258d7] 10.0.0.120 "DELETE /resource_providers/68043aa9-40fe-4390-944a-408aa5817418" status: 404 len: 246 microversion: 1.1 [pid: 8|app: 0|req: 389/779] 10.0.0.120 () {34 vars in 815 bytes} [Tue May 5 03:39:28 2026] DELETE /resource_providers/68043aa9-40fe-4390-944a-408aa5817418 => generated 246 bytes in 10 msecs (HTTP/1.1 404) 6 headers in 231 bytes (1 switches on core 0)
2026-05-05 03:39:28.158 7 INFO placement.requestlog [None req-9ab35a3e-6323-451a-9b65-c9515c860ab4 dbcfe9a8c21e4858be58c558a650ed38 86b6914069e64b6999f48316914b4401 - - d77937d68eb345ff8edd169dab3258d7 d77937d68eb345ff8edd169dab3258d7] 10.0.0.120 "DELETE /resource_providers/68043aa9-40fe-4390-944a-408aa5817418" status: 404 len: 246 microversion: 1.1 [pid: 7|app: 0|req: 391/780] 10.0.0.120 () {34 vars in 815 bytes} [Tue May 5 03:39:28 2026] DELETE /resource_providers/68043aa9-40fe-4390-944a-408aa5817418 => generated 246 bytes in 12 msecs (HTTP/1.1 404) 6 headers in 231 bytes (1 switches on core 0)
2026-05-05 03:39:31.743 8 INFO placement.requestlog [None req-bad1bd67-1262-4f36-8bda-c518adf7f2ef dbcfe9a8c21e4858be58c558a650ed38 86b6914069e64b6999f48316914b4401 - - d77937d68eb345ff8edd169dab3258d7 d77937d68eb345ff8edd169dab3258d7] 10.0.0.120 "GET /resource_providers/e048c0b8-8081-48d0-9895-afe690b34a68/aggregates" status: 404 len: 235 microversion: 1.1 [pid: 8|app: 0|req: 390/781] 10.0.0.120 () {32 vars in 815 bytes} [Tue May 5 03:39:31 2026] GET /resource_providers/e048c0b8-8081-48d0-9895-afe690b34a68/aggregates => generated 235 bytes in 12 msecs (HTTP/1.1 404) 5 headers in 202 bytes (1 switches on core 0)
2026-05-05 03:39:31.743 7 INFO placement.requestlog [None req-b26d74b2-a7d0-48d4-a7de-15d432514814 dbcfe9a8c21e4858be58c558a650ed38 86b6914069e64b6999f48316914b4401 - - d77937d68eb345ff8edd169dab3258d7 d77937d68eb345ff8edd169dab3258d7] 10.0.0.120 "GET /resource_providers/e048c0b8-8081-48d0-9895-afe690b34a68/aggregates" status: 404 len: 235 microversion: 1.1 [pid: 7|app: 0|req: 392/782] 10.0.0.120 () {32 vars in 815 bytes} [Tue May 5 03:39:31 2026] GET /resource_providers/e048c0b8-8081-48d0-9895-afe690b34a68/aggregates => generated 235 bytes in 13 msecs (HTTP/1.1 404) 5 headers in 202 bytes (1 switches on core 0)
2026-05-05 03:39:31.775 7 INFO placement.requestlog [None req-78090ec8-3a17-430d-9a3a-e1b127d63870 dbcfe9a8c21e4858be58c558a650ed38 86b6914069e64b6999f48316914b4401 - - d77937d68eb345ff8edd169dab3258d7 d77937d68eb345ff8edd169dab3258d7] 10.0.0.120 "DELETE /resource_providers/e048c0b8-8081-48d0-9895-afe690b34a68" status: 404 len: 246 microversion: 1.1 [pid: 7|app: 0|req: 393/783] 10.0.0.120 () {34 vars in 815 bytes} [Tue May 5 03:39:31 2026] DELETE /resource_providers/e048c0b8-8081-48d0-9895-afe690b34a68 => generated 246 bytes in 10 msecs (HTTP/1.1 404) 6 headers in 231 bytes (1 switches on core 0)
2026-05-05 03:39:31.776 8 INFO placement.requestlog [None req-f4b890eb-094b-4225-bead-3ecc4855cc46 dbcfe9a8c21e4858be58c558a650ed38 86b6914069e64b6999f48316914b4401 - - d77937d68eb345ff8edd169dab3258d7 d77937d68eb345ff8edd169dab3258d7] 10.0.0.120 "DELETE /resource_providers/e048c0b8-8081-48d0-9895-afe690b34a68" status: 404 len: 246 microversion: 1.1 [pid: 8|app: 0|req: 391/784] 10.0.0.120 () {34 vars in 815 bytes} [Tue May 5 03:39:31 2026] DELETE /resource_providers/e048c0b8-8081-48d0-9895-afe690b34a68 => generated 246 bytes in 15 msecs (HTTP/1.1 404) 6 headers in 231 bytes (1 switches on core 0)
2026-05-05 03:39:31.898 7 INFO placement.requestlog [None req-50023963-e8e9-4085-9453-1107c494b2e9 dbcfe9a8c21e4858be58c558a650ed38 86b6914069e64b6999f48316914b4401 - - d77937d68eb345ff8edd169dab3258d7 d77937d68eb345ff8edd169dab3258d7] 10.0.0.120 "GET /resource_providers/1d53026a-a2a0-489c-b69d-445f76fde1bf/aggregates" status: 404 len: 235 microversion: 1.1 [pid: 7|app: 0|req: 394/785] 10.0.0.120 () {32 vars in 815 bytes} [Tue May 5 03:39:31 2026] GET /resource_providers/1d53026a-a2a0-489c-b69d-445f76fde1bf/aggregates => generated 235 bytes in 16 msecs (HTTP/1.1 404) 5 headers in 202 bytes (1 switches on core 0)
2026-05-05 03:39:31.899 8 INFO placement.requestlog [None req-a490891d-d1c2-485b-bef2-df145b40e6f4 dbcfe9a8c21e4858be58c558a650ed38 86b6914069e64b6999f48316914b4401 - - d77937d68eb345ff8edd169dab3258d7 d77937d68eb345ff8edd169dab3258d7] 10.0.0.120 "GET /resource_providers/1d53026a-a2a0-489c-b69d-445f76fde1bf/aggregates" status: 404 len: 235 microversion: 1.1 [pid: 8|app: 0|req: 392/786] 10.0.0.120 () {32 vars in 815 bytes} [Tue May 5 03:39:31 2026] GET /resource_providers/1d53026a-a2a0-489c-b69d-445f76fde1bf/aggregates => generated 235 bytes in 12 msecs (HTTP/1.1 404) 5 headers in 202 bytes (1 switches on core 0)
