2026-03-05 07:50:52.433 8 INFO neutron.services.segments.plugin [-] Segment 85f007ef-08b1-484f-a914-e0082221761f resource provider not found; error: Placement Client Error (4xx): {"errors": [{"status": 404, "title": "Not Found", "detail": "The resource could not be found.\n\n No resource provider with uuid 85f007ef-08b1-484f-a914-e0082221761f found for delete ", "request_id": "req-1f2a572b-e4b5-4f72-9ead-f96309442bed"}]}
2026-03-05 07:50:52.439 8 INFO neutron.services.segments.plugin [-] Segment 85f007ef-08b1-484f-a914-e0082221761f resource provider not found; error: Placement Client Error (4xx): {"errors": [{"status": 404, "title": "Not Found", "detail": "The resource could not be found.\n\n No resource provider with uuid 85f007ef-08b1-484f-a914-e0082221761f found for delete ", "request_id": "req-1fc39323-fc38-41aa-9b4c-583a8009d955"}]}
2026-03-05 07:50:52.461 8 INFO neutron.services.segments.plugin [-] Segment 7383aeef-cd43-47b1-a209-502080f78911 resource provider aggregate not found
2026-03-05 07:50:52.467 8 INFO neutron.services.segments.plugin [-] Segment 7383aeef-cd43-47b1-a209-502080f78911 resource provider aggregate not found
2026-03-05 07:50:52.484 8 INFO neutron.services.segments.plugin [-] Segment 7383aeef-cd43-47b1-a209-502080f78911 resource provider not found; error: Placement Client Error (4xx): {"errors": [{"status": 404, "title": "Not Found", "detail": "The resource could not be found.\n\n No resource provider with uuid 7383aeef-cd43-47b1-a209-502080f78911 found for delete ", "request_id": "req-a19b4dbc-fee7-42e4-966b-75bd73bd4e55"}]}
2026-03-05 07:50:52.490 8 INFO neutron.services.segments.plugin [-] Segment 7383aeef-cd43-47b1-a209-502080f78911 resource provider not found; error: Placement Client Error (4xx): {"errors": [{"status": 404, "title": "Not Found", "detail": "The resource could not be found.\n\n No resource provider with uuid 7383aeef-cd43-47b1-a209-502080f78911 found for delete ", "request_id": "req-6e461212-ae9a-4dca-8c1d-0a0992c48f6b"}]}
2026-03-05 07:50:52.527 8 INFO neutron.db.ovn_revision_numbers_db [None req-14fbeb70-8d24-4f1f-b8b5-76a1345a5af7 - - - - - -] Successfully bumped revision number for resource 0377460a-ecea-4cfe-836a-231810de2938 (type: ports) to 2
2026-03-05 07:50:52.765 7 INFO neutron.services.segments.plugin [-] Segment b47bee1b-796f-4662-929e-88c7d0d68a94 resource provider aggregate not found
2026-03-05 07:50:52.768 7 INFO neutron.services.segments.plugin [-] Segment b47bee1b-796f-4662-929e-88c7d0d68a94 resource provider aggregate not found
2026-03-05 07:50:52.782 7 INFO neutron.services.segments.plugin [-] Segment b47bee1b-796f-4662-929e-88c7d0d68a94 resource provider not found; error: Placement Client Error (4xx): {"errors": [{"status": 404, "title": "Not Found", "detail": "The resource could not be found.\n\n No resource provider with uuid b47bee1b-796f-4662-929e-88c7d0d68a94 found for delete ", "request_id": "req-31b877aa-aa65-41a5-bb2f-90ad8093d37b"}]}
2026-03-05 07:50:52.783 7 INFO neutron.services.segments.plugin [-] Segment b47bee1b-796f-4662-929e-88c7d0d68a94 resource provider not found; error: Placement Client Error (4xx): {"errors": [{"status": 404, "title": "Not Found", "detail": "The resource could not be found.\n\n No resource provider with uuid b47bee1b-796f-4662-929e-88c7d0d68a94 found for delete ", "request_id": "req-db7cc893-11ff-4c8d-ad60-ea1a2a41d5dc"}]} [pid: 7|app: 0|req: 1396/2761] 10.0.0.31 () {32 vars in 773 bytes} [Thu Mar 5 07:50:52 2026] GET /v2.0/security-groups?tenant_id=f18446469f2843c297205aa4de2d780a&name=default => generated 2925 bytes in 162 msecs (HTTP/1.1 200) 4 headers in 158 bytes (1 switches on core 0) [pid: 8|app: 0|req: 1366/2762] 10.0.0.31 () {32 vars in 716 bytes} [Thu Mar 5 07:50:53 2026] GET /v2.0/ports/0377460a-ecea-4cfe-836a-231810de2938 => generated 943 bytes in 30 msecs (HTTP/1.1 200) 4 headers in 157 bytes (1 switches on core 0)
2026-03-05 07:50:53.352 8 INFO neutron_taas.services.taas.taas_plugin [None req-de071849-9631-4300-87c0-879236c83619 cc3c6953e7bc459a8bc20ca38f8a51f0 e94df9f7971c46e09f097dd9be974a46 - - default default] TaaS: Handle Delete Port: 0377460a-ecea-4cfe-836a-231810de2938 [pid: 7|app: 0|req: 1397/2763] 10.0.0.31 () {32 vars in 739 bytes} [Thu Mar 5 07:50:53 2026] DELETE /v2.0/security-groups/140faeb5-02a3-4782-bd6d-57581e650b4d => generated 0 bytes in 317 msecs (HTTP/1.1 204) 2 headers in 112 bytes (1 switches on core 0)
2026-03-05 07:50:53.355 8 INFO neutron_taas.services.taas.tap_mirror_plugin [None req-de071849-9631-4300-87c0-879236c83619 cc3c6953e7bc459a8bc20ca38f8a51f0 e94df9f7971c46e09f097dd9be974a46 - - default default] Tap Mirror: Handle Delete Port: 0377460a-ecea-4cfe-836a-231810de2938
2026-03-05 07:50:53.662 7 INFO neutron.db.ovn_revision_numbers_db [None req-648117f4-0ebf-4e9d-84e1-66b34115efd1 a4f11d7c7cd84549aa3c86897df4a054 e2382ef0b32549158a7fb771bef88d3c - - default default] Successfully bumped revision number for resource 75750847-f22b-4596-9b70-36b37c38a07d (type: security_groups) to 1
2026-03-05 07:50:53.675 7 INFO neutron.db.ovn_revision_numbers_db [None req-648117f4-0ebf-4e9d-84e1-66b34115efd1 a4f11d7c7cd84549aa3c86897df4a054 e2382ef0b32549158a7fb771bef88d3c - - default default] Successfully bumped revision number for resource 25a2d0eb-116b-4dd9-9d2d-2d9e5b474593 (type: security_group_rules) to 0
2026-03-05 07:50:53.687 7 INFO neutron.db.ovn_revision_numbers_db [None req-648117f4-0ebf-4e9d-84e1-66b34115efd1 a4f11d7c7cd84549aa3c86897df4a054 e2382ef0b32549158a7fb771bef88d3c - - default default] Successfully bumped revision number for resource 42dd5709-1597-490d-a73d-add3274b8da9 (type: security_group_rules) to 0
2026-03-05 07:50:53.699 7 INFO neutron.db.ovn_revision_numbers_db [None req-648117f4-0ebf-4e9d-84e1-66b34115efd1 a4f11d7c7cd84549aa3c86897df4a054 e2382ef0b32549158a7fb771bef88d3c - - default default] Successfully bumped revision number for resource c9546178-5d59-4a56-8796-63aad409108f (type: security_group_rules) to 0
2026-03-05 07:50:53.713 7 INFO neutron.db.ovn_revision_numbers_db [None req-648117f4-0ebf-4e9d-84e1-66b34115efd1 a4f11d7c7cd84549aa3c86897df4a054 e2382ef0b32549158a7fb771bef88d3c - - default default] Successfully bumped revision number for resource da089537-1268-4156-a93f-4ebf21ece9b1 (type: security_group_rules) to 0 [pid: 8|app: 0|req: 1367/2764] 10.0.0.31 () {34 vars in 788 bytes} [Thu Mar 5 07:50:53 2026] PUT /v2.0/routers/d9b3d0e9-3e6a-4fba-9738-fef20966512d/remove_router_interface => generated 309 bytes in 735 msecs (HTTP/1.1 200) 4 headers in 157 bytes (1 switches on core 0) /var/lib/openstack/lib/python3.12/site-packages/pycadf/identifier.py:70: UserWarning: Invalid uuid: neutron. To ensure interoperability, identifiers should be a valid uuid. warnings.warn(('Invalid uuid: %s. To ensure interoperability, '
2026-03-05 07:50:53.814 7 INFO neutron.db.segments_db [None req-648117f4-0ebf-4e9d-84e1-66b34115efd1 a4f11d7c7cd84549aa3c86897df4a054 e2382ef0b32549158a7fb771bef88d3c - - default default] Added segment 9bbed854-1bc0-48da-86d4-6b006e0fa1fa of type geneve for network 8295a2df-0835-4e69-bce9-59a1adffb2b6
2026-03-05 07:50:53.981 8 INFO neutron.db.ovn_revision_numbers_db [None req-3bf79d20-21e6-4f49-b910-ce0ee6a0218c ca36c56cc95c4f2a8833272ce9d09fc8 358e33aa20564b93a0b01249fa8ede08 - - default default] Successfully bumped revision number for resource e72fab02-33f6-4159-9196-06be10a603a6 (type: security_groups) to 1
2026-03-05 07:50:54.000 7 INFO neutron.db.ovn_revision_numbers_db [None req-648117f4-0ebf-4e9d-84e1-66b34115efd1 a4f11d7c7cd84549aa3c86897df4a054 e2382ef0b32549158a7fb771bef88d3c - - default default] Successfully bumped revision number for resource 8295a2df-0835-4e69-bce9-59a1adffb2b6 (type: networks) to 1
2026-03-05 07:50:54.007 8 INFO neutron.db.ovn_revision_numbers_db [None req-3bf79d20-21e6-4f49-b910-ce0ee6a0218c ca36c56cc95c4f2a8833272ce9d09fc8 358e33aa20564b93a0b01249fa8ede08 - - default default] Successfully bumped revision number for resource 2b361fa3-8fba-4dae-a4ca-7d40cf40b837 (type: security_group_rules) to 0
2026-03-05 07:50:54.024 8 INFO neutron.db.ovn_revision_numbers_db [None req-3bf79d20-21e6-4f49-b910-ce0ee6a0218c ca36c56cc95c4f2a8833272ce9d09fc8 358e33aa20564b93a0b01249fa8ede08 - - default default] Successfully bumped revision number for resource 37a16b11-e9f9-44f8-a7a5-4faa9dc09a2f (type: security_group_rules) to 0
2026-03-05 07:50:54.035 8 INFO neutron.db.ovn_revision_numbers_db [None req-3bf79d20-21e6-4f49-b910-ce0ee6a0218c ca36c56cc95c4f2a8833272ce9d09fc8 358e33aa20564b93a0b01249fa8ede08 - - default default] Successfully bumped revision number for resource 3c3e2325-d49b-426e-8804-0109078ee0b2 (type: security_group_rules) to 0
2026-03-05 07:50:54.046 8 INFO neutron.db.ovn_revision_numbers_db [None req-3bf79d20-21e6-4f49-b910-ce0ee6a0218c ca36c56cc95c4f2a8833272ce9d09fc8 358e33aa20564b93a0b01249fa8ede08 - - default default] Successfully bumped revision number for resource 93d69749-e670-4455-8dd7-14e9de149d2e (type: security_group_rules) to 0 [pid: 8|app: 0|req: 1368/2765] 10.0.0.31 () {32 vars in 773 bytes} [Thu Mar 5 07:50:53 2026] GET /v2.0/security-groups?tenant_id=faeebc70a27c48918e7f5d01f9b2198b&name=default => generated 2929 bytes in 290 msecs (HTTP/1.1 200) 4 headers in 158 bytes (1 switches on core 0) [pid: 8|app: 0|req: 1369/2766] 10.0.0.31 () {32 vars in 716 bytes} [Thu Mar 5 07:50:54 2026] GET /v2.0/ports/de9f4b0a-2df7-408f-beb8-d3e927753021 => generated 943 bytes in 72 msecs (HTTP/1.1 200) 4 headers in 157 bytes (1 switches on core 0)
2026-03-05 07:50:54.153 7 WARNING neutron.scheduler.dhcp_agent_scheduler [None req-648117f4-0ebf-4e9d-84e1-66b34115efd1 a4f11d7c7cd84549aa3c86897df4a054 e2382ef0b32549158a7fb771bef88d3c - - default default] No more DHCP agents
2026-03-05 07:50:54.154 7 WARNING neutron.api.rpc.agentnotifiers.dhcp_rpc_agent_api [None req-648117f4-0ebf-4e9d-84e1-66b34115efd1 a4f11d7c7cd84549aa3c86897df4a054 e2382ef0b32549158a7fb771bef88d3c - - default default] Unable to schedule network 8295a2df-0835-4e69-bce9-59a1adffb2b6: no agents available; will retry on subsequent port and subnet creation events.
2026-03-05 07:50:54.248 7 INFO neutron.db.ovn_revision_numbers_db [None req-648117f4-0ebf-4e9d-84e1-66b34115efd1 a4f11d7c7cd84549aa3c86897df4a054 e2382ef0b32549158a7fb771bef88d3c - - default default] Successfully bumped revision number for resource 4796cc9e-ff33-4cf1-a27e-eb5b203207d2 (type: ports) to 1 [pid: 7|app: 0|req: 1398/2767] 10.0.0.31 () {34 vars in 669 bytes} [Thu Mar 5 07:50:53 2026] POST /v2.0/networks => generated 659 bytes in 915 msecs (HTTP/1.1 201) 4 headers in 162 bytes (1 switches on core 0) [pid: 8|app: 0|req: 1370/2768] 10.0.0.31 () {32 vars in 739 bytes} [Thu Mar 5 07:50:54 2026] DELETE /v2.0/security-groups/e72fab02-33f6-4159-9196-06be10a603a6 => generated 0 bytes in 322 msecs (HTTP/1.1 204) 2 headers in 112 bytes (1 switches on core 0)
2026-03-05 07:50:54.675 8 WARNING neutron.scheduler.dhcp_agent_scheduler [None req-fb2c7ee7-df2e-40bd-b1d2-241c81062d08 a4f11d7c7cd84549aa3c86897df4a054 e2382ef0b32549158a7fb771bef88d3c - - default default] No more DHCP agents
2026-03-05 07:50:54.677 8 WARNING neutron.api.rpc.agentnotifiers.dhcp_rpc_agent_api [None req-fb2c7ee7-df2e-40bd-b1d2-241c81062d08 a4f11d7c7cd84549aa3c86897df4a054 e2382ef0b32549158a7fb771bef88d3c - - default default] Unable to schedule network 8295a2df-0835-4e69-bce9-59a1adffb2b6: no agents available; will retry on subsequent port and subnet creation events.
2026-03-05 07:50:55.132 8 INFO neutron.db.ovn_revision_numbers_db [None req-8f5785c8-2760-48b3-98a0-ff121e9b88c0 - - - - - -] Successfully bumped revision number for resource 4796cc9e-ff33-4cf1-a27e-eb5b203207d2 (type: ports) to 2
2026-03-05 07:50:55.159 8 INFO neutron.db.ovn_revision_numbers_db [None req-8f5785c8-2760-48b3-98a0-ff121e9b88c0 - - - - - -] Successfully bumped revision number for resource 72e75c7f-1884-4f3b-b33a-44ceb4bac231 (type: subnets) to 0 [pid: 8|app: 0|req: 1371/2769] 10.0.0.31 () {34 vars in 668 bytes} [Thu Mar 5 07:50:54 2026] POST /v2.0/subnets => generated 657 bytes in 700 msecs (HTTP/1.1 201) 4 headers in 162 bytes (1 switches on core 0)
2026-03-05 07:50:55.240 7 INFO neutron_taas.services.taas.taas_plugin [None req-300f8257-7b4b-40bf-94df-233c4d656a6b cc3c6953e7bc459a8bc20ca38f8a51f0 e94df9f7971c46e09f097dd9be974a46 - - default default] TaaS: Handle Delete Port: de9f4b0a-2df7-408f-beb8-d3e927753021
2026-03-05 07:50:55.243 7 INFO neutron_taas.services.taas.tap_mirror_plugin [None req-300f8257-7b4b-40bf-94df-233c4d656a6b cc3c6953e7bc459a8bc20ca38f8a51f0 e94df9f7971c46e09f097dd9be974a46 - - default default] Tap Mirror: Handle Delete Port: de9f4b0a-2df7-408f-beb8-d3e927753021
2026-03-05 07:50:55.332 8 INFO neutron.db.ovn_revision_numbers_db [None req-41bdebc0-3720-4181-9d5b-26006cbf2120 ca36c56cc95c4f2a8833272ce9d09fc8 358e33aa20564b93a0b01249fa8ede08 - - default default] Successfully bumped revision number for resource acd16010-d729-4531-9898-165b9af684ed (type: security_groups) to 1
2026-03-05 07:50:55.343 8 INFO neutron.db.ovn_revision_numbers_db [None req-41bdebc0-3720-4181-9d5b-26006cbf2120 ca36c56cc95c4f2a8833272ce9d09fc8 358e33aa20564b93a0b01249fa8ede08 - - default default] Successfully bumped revision number for resource 1ca58068-36d4-4951-99c8-de41218479d5 (type: security_group_rules) to 0
2026-03-05 07:50:55.354 8 INFO neutron.db.ovn_revision_numbers_db [None req-41bdebc0-3720-4181-9d5b-26006cbf2120 ca36c56cc95c4f2a8833272ce9d09fc8 358e33aa20564b93a0b01249fa8ede08 - - default default] Successfully bumped revision number for resource 6c8777c5-7483-464b-b05e-14b9d175b888 (type: security_group_rules) to 0
2026-03-05 07:50:55.365 8 INFO neutron.db.ovn_revision_numbers_db [None req-41bdebc0-3720-4181-9d5b-26006cbf2120 ca36c56cc95c4f2a8833272ce9d09fc8 358e33aa20564b93a0b01249fa8ede08 - - default default] Successfully bumped revision number for resource a9ab20e5-d7cf-4a0b-bd00-dbe0a9c15e49 (type: security_group_rules) to 0
2026-03-05 07:50:55.376 8 INFO neutron.db.ovn_revision_numbers_db [None req-41bdebc0-3720-4181-9d5b-26006cbf2120 ca36c56cc95c4f2a8833272ce9d09fc8 358e33aa20564b93a0b01249fa8ede08 - - default default] Successfully bumped revision number for resource d63a49d5-c5ed-4405-b496-24c16100d17f (type: security_group_rules) to 0 [pid: 8|app: 0|req: 1372/2770] 10.0.0.31 () {32 vars in 773 bytes} [Thu Mar 5 07:50:55 2026] GET /v2.0/security-groups?tenant_id=c51d511b362c409ba52a399574501597&name=default => generated 2929 bytes in 235 msecs (HTTP/1.1 200) 4 headers in 158 bytes (1 switches on core 0) [pid: 8|app: 0|req: 1373/2771] 10.0.0.31 () {32 vars in 721 bytes} [Thu Mar 5 07:50:55 2026] GET /v2.0/subnetpools?name=shared-default-subnetpool-v6 => generated 19 bytes in 166 msecs (HTTP/1.1 200) 4 headers in 156 bytes (1 switches on core 0) [pid: 7|app: 0|req: 1399/2772] 10.0.0.31 () {34 vars in 788 bytes} [Thu Mar 5 07:50:54 2026] PUT /v2.0/routers/d9b3d0e9-3e6a-4fba-9738-fef20966512d/remove_router_interface => generated 309 bytes in 1345 msecs (HTTP/1.1 200) 4 headers in 157 bytes (1 switches on core 0) /var/lib/openstack/lib/python3.12/site-packages/pycadf/identifier.py:70: UserWarning: Invalid uuid: neutron. To ensure interoperability, identifiers should be a valid uuid. warnings.warn(('Invalid uuid: %s. To ensure interoperability, ' [pid: 8|app: 0|req: 1374/2773] 10.0.0.31 () {32 vars in 739 bytes} [Thu Mar 5 07:50:55 2026] DELETE /v2.0/security-groups/acd16010-d729-4531-9898-165b9af684ed => generated 0 bytes in 284 msecs (HTTP/1.1 204) 2 headers in 112 bytes (1 switches on core 0) [pid: 8|app: 0|req: 1375/2774] 10.0.0.31 () {32 vars in 735 bytes} [Thu Mar 5 07:50:55 2026] GET /v2.0/ports?device_id=d9b3d0e9-3e6a-4fba-9738-fef20966512d => generated 12 bytes in 13 msecs (HTTP/1.1 200) 4 headers in 156 bytes (1 switches on core 0)
2026-03-05 07:50:55.928 7 WARNING neutron.scheduler.dhcp_agent_scheduler [None req-3d95229f-91f4-449b-b7cb-5b83c1084c2c a4f11d7c7cd84549aa3c86897df4a054 e2382ef0b32549158a7fb771bef88d3c - - default default] No more DHCP agents
2026-03-05 07:50:55.929 7 WARNING neutron.api.rpc.agentnotifiers.dhcp_rpc_agent_api [None req-3d95229f-91f4-449b-b7cb-5b83c1084c2c a4f11d7c7cd84549aa3c86897df4a054 e2382ef0b32549158a7fb771bef88d3c - - default default] Unable to schedule network 8295a2df-0835-4e69-bce9-59a1adffb2b6: no agents available; will retry on subsequent port and subnet creation events.
2026-03-05 07:50:55.968 7 INFO neutron.db.ovn_revision_numbers_db [None req-3d95229f-91f4-449b-b7cb-5b83c1084c2c a4f11d7c7cd84549aa3c86897df4a054 e2382ef0b32549158a7fb771bef88d3c - - default default] Successfully bumped revision number for resource d4d2a299-0b3b-4173-85b3-d8551ea72a34 (type: subnets) to 0 [pid: 7|app: 0|req: 1400/2775] 10.0.0.31 () {34 vars in 668 bytes} [Thu Mar 5 07:50:55 2026] POST /v2.0/subnets => generated 732 bytes in 370 msecs (HTTP/1.1 201) 4 headers in 162 bytes (1 switches on core 0)
2026-03-05 07:50:56.081 7 INFO neutron.db.segments_db [None req-f1f0c6c3-5503-4152-a090-0b4cd6811465 a4f11d7c7cd84549aa3c86897df4a054 e2382ef0b32549158a7fb771bef88d3c - - default default] Added segment a3669811-4618-44ce-b0d9-c8801050f38c of type geneve for network e98cfe7b-a8e8-4962-9233-cb734182901f [pid: 8|app: 0|req: 1376/2776] 10.0.0.31 () {32 vars in 723 bytes} [Thu Mar 5 07:50:55 2026] DELETE /v2.0/routers/d9b3d0e9-3e6a-4fba-9738-fef20966512d => generated 0 bytes in 251 msecs (HTTP/1.1 204) 2 headers in 112 bytes (1 switches on core 0)
2026-03-05 07:50:56.218 7 INFO neutron.db.ovn_revision_numbers_db [None req-f1f0c6c3-5503-4152-a090-0b4cd6811465 a4f11d7c7cd84549aa3c86897df4a054 e2382ef0b32549158a7fb771bef88d3c - - default default] Successfully bumped revision number for resource e98cfe7b-a8e8-4962-9233-cb734182901f (type: networks) to 1 [pid: 8|app: 0|req: 1377/2777] 10.0.0.31 () {32 vars in 723 bytes} [Thu Mar 5 07:50:56 2026] DELETE /v2.0/subnets/80d12cdd-9c3e-4d9d-83d2-9d284f44656d => generated 0 bytes in 187 msecs (HTTP/1.1 204) 3 headers in 131 bytes (1 switches on core 0)
2026-03-05 07:50:56.396 7 WARNING neutron.scheduler.dhcp_agent_scheduler [None req-f1f0c6c3-5503-4152-a090-0b4cd6811465 a4f11d7c7cd84549aa3c86897df4a054 e2382ef0b32549158a7fb771bef88d3c - - default default] No more DHCP agents
2026-03-05 07:50:56.398 7 WARNING neutron.api.rpc.agentnotifiers.dhcp_rpc_agent_api [None req-f1f0c6c3-5503-4152-a090-0b4cd6811465 a4f11d7c7cd84549aa3c86897df4a054 e2382ef0b32549158a7fb771bef88d3c - - default default] Unable to schedule network e98cfe7b-a8e8-4962-9233-cb734182901f: no agents available; will retry on subsequent port and subnet creation events.
2026-03-05 07:50:56.528 7 INFO neutron.db.ovn_revision_numbers_db [None req-f1f0c6c3-5503-4152-a090-0b4cd6811465 a4f11d7c7cd84549aa3c86897df4a054 e2382ef0b32549158a7fb771bef88d3c - - default default] Successfully bumped revision number for resource 2d6ca775-47ca-49b5-b788-5ce7f136fa7a (type: ports) to 1 [pid: 8|app: 0|req: 1378/2778] 10.0.0.31 () {32 vars in 723 bytes} [Thu Mar 5 07:50:56 2026] DELETE /v2.0/subnets/33d48609-c368-46c0-9ca5-f3caacc31545 => generated 0 bytes in 214 msecs (HTTP/1.1 204) 3 headers in 131 bytes (1 switches on core 0) [pid: 7|app: 0|req: 1401/2779] 10.0.0.31 () {34 vars in 669 bytes} [Thu Mar 5 07:50:55 2026] POST /v2.0/networks => generated 657 bytes in 562 msecs (HTTP/1.1 201) 4 headers in 162 bytes (1 switches on core 0)
2026-03-05 07:50:56.653 8 INFO neutron_taas.services.taas.taas_plugin [None req-ca8ead4a-a039-4cba-a5cd-7e7d1c009c61 cc3c6953e7bc459a8bc20ca38f8a51f0 e94df9f7971c46e09f097dd9be974a46 - - default default] TaaS: Handle Delete Port: 70269952-b14f-4306-bdbd-5edc8da02d12
2026-03-05 07:50:56.656 8 INFO neutron_taas.services.taas.tap_mirror_plugin [None req-ca8ead4a-a039-4cba-a5cd-7e7d1c009c61 cc3c6953e7bc459a8bc20ca38f8a51f0 e94df9f7971c46e09f097dd9be974a46 - - default default] Tap Mirror: Handle Delete Port: 70269952-b14f-4306-bdbd-5edc8da02d12
2026-03-05 07:50:56.723 7 WARNING neutron.scheduler.dhcp_agent_scheduler [None req-1304090c-df3f-4981-851f-238712f34454 a4f11d7c7cd84549aa3c86897df4a054 e2382ef0b32549158a7fb771bef88d3c - - default default] No more DHCP agents
2026-03-05 07:50:56.724 7 WARNING neutron.api.rpc.agentnotifiers.dhcp_rpc_agent_api [None req-1304090c-df3f-4981-851f-238712f34454 a4f11d7c7cd84549aa3c86897df4a054 e2382ef0b32549158a7fb771bef88d3c - - default default] Unable to schedule network e98cfe7b-a8e8-4962-9233-cb734182901f: no agents available; will retry on subsequent port and subnet creation events.
2026-03-05 07:50:56.868 8 INFO neutron.services.segments.plugin [-] Segment 6ae9bc7b-4f5c-431c-87d4-dde0941d0955 resource provider aggregate not found
2026-03-05 07:50:56.873 8 INFO neutron.services.segments.plugin [-] Segment 6ae9bc7b-4f5c-431c-87d4-dde0941d0955 resource provider aggregate not found
2026-03-05 07:50:56.887 8 INFO neutron.services.segments.plugin [-] Segment 6ae9bc7b-4f5c-431c-87d4-dde0941d0955 resource provider not found; error: Placement Client Error (4xx): {"errors": [{"status": 404, "title": "Not Found", "detail": "The resource could not be found.\n\n No resource provider with uuid 6ae9bc7b-4f5c-431c-87d4-dde0941d0955 found for delete ", "request_id": "req-09ebdc47-ebaa-43b5-9d13-608f5087aa27"}]}
2026-03-05 07:50:56.891 8 INFO neutron.services.segments.plugin [-] Segment 6ae9bc7b-4f5c-431c-87d4-dde0941d0955 resource provider not found; error: Placement Client Error (4xx): {"errors": [{"status": 404, "title": "Not Found", "detail": "The resource could not be found.\n\n No resource provider with uuid 6ae9bc7b-4f5c-431c-87d4-dde0941d0955 found for delete ", "request_id": "req-f36f2dab-263b-428e-a833-7e71090def35"}]} [pid: 8|app: 0|req: 1379/2780] 10.0.0.31 () {32 vars in 725 bytes} [Thu Mar 5 07:50:56 2026] DELETE /v2.0/networks/f9c49475-98f6-43f0-b701-7a91b7b69644 => generated 0 bytes in 377 msecs (HTTP/1.1 204) 3 headers in 131 bytes (1 switches on core 0)
2026-03-05 07:50:57.028 8 INFO neutron_taas.services.taas.taas_plugin [None req-356ff47e-e9e5-412d-af68-2c6c33178085 cc3c6953e7bc459a8bc20ca38f8a51f0 e94df9f7971c46e09f097dd9be974a46 - - default default] TaaS: Handle Delete Port: 50196ea5-6c09-4ae9-a1bd-a2835ba3a692
2026-03-05 07:50:57.030 8 INFO neutron_taas.services.taas.tap_mirror_plugin [None req-356ff47e-e9e5-412d-af68-2c6c33178085 cc3c6953e7bc459a8bc20ca38f8a51f0 e94df9f7971c46e09f097dd9be974a46 - - default default] Tap Mirror: Handle Delete Port: 50196ea5-6c09-4ae9-a1bd-a2835ba3a692
2026-03-05 07:50:57.282 7 INFO neutron.db.ovn_revision_numbers_db [None req-8c61b8fa-ed3a-4d67-8ac4-912a8fa23705 - - - - - -] Successfully bumped revision number for resource 2d6ca775-47ca-49b5-b788-5ce7f136fa7a (type: ports) to 2 [pid: 8|app: 0|req: 1380/2781] 10.0.0.31 () {32 vars in 725 bytes} [Thu Mar 5 07:50:56 2026] DELETE /v2.0/networks/a3aa9736-e701-4554-b44f-e5477cc8b47d => generated 0 bytes in 368 msecs (HTTP/1.1 204) 3 headers in 131 bytes (1 switches on core 0)
2026-03-05 07:50:57.314 7 INFO neutron.db.ovn_revision_numbers_db [None req-8c61b8fa-ed3a-4d67-8ac4-912a8fa23705 - - - - - -] Successfully bumped revision number for resource a094e7b7-b8eb-4239-8d5d-2c139691cc2b (type: subnets) to 0 [pid: 7|app: 0|req: 1402/2782] 10.0.0.31 () {34 vars in 668 bytes} [Thu Mar 5 07:50:56 2026] POST /v2.0/subnets => generated 656 bytes in 776 msecs (HTTP/1.1 201) 4 headers in 162 bytes (1 switches on core 0)
2026-03-05 07:50:57.394 8 INFO neutron.db.segments_db [None req-ce1f14d7-85ca-4306-8fcc-87ae22937c6a cc3c6953e7bc459a8bc20ca38f8a51f0 e94df9f7971c46e09f097dd9be974a46 - - default default] Added segment 13e67bd4-8a1d-4c66-b7ea-863d34f04742 of type geneve for network 6a33eff5-47f0-4389-a1f6-61c8fe666fb9
2026-03-05 07:50:57.463 8 WARNING neutron.plugins.ml2.drivers.ovn.mech_driver.ovsdb.ovn_client [None req-a8a02c58-7e69-471b-89b4-440e396cb6c1 - - - - - -] No port found with ID 0377460a-ecea-4cfe-836a-231810de2938: RuntimeError: No port found with ID 0377460a-ecea-4cfe-836a-231810de2938
2026-03-05 07:50:57.473 8 INFO neutron.plugins.ml2.drivers.ovn.mech_driver.mech_driver [None req-a8a02c58-7e69-471b-89b4-440e396cb6c1 - - - - - -] OVN reports status down for port: f0065574-e12a-4af9-ab64-c09c9b8c2a4c
2026-03-05 07:50:57.484 8 INFO neutron.plugins.ml2.drivers.ovn.mech_driver.mech_driver [None req-a8a02c58-7e69-471b-89b4-440e396cb6c1 - - - - - -] OVN reports status down for port: 52dc1755-fac1-450b-9e59-b0d9888f9ec7
2026-03-05 07:50:57.498 8 INFO neutron.plugins.ml2.drivers.ovn.mech_driver.mech_driver [None req-a8a02c58-7e69-471b-89b4-440e396cb6c1 - - - - - -] OVN reports status down for port: 940e2977-8c33-4843-841d-dd4e10ae50f8
2026-03-05 07:50:57.504 7 WARNING neutron.scheduler.dhcp_agent_scheduler [None req-15b05b2a-6670-40b6-b36e-55002b286e5a a4f11d7c7cd84549aa3c86897df4a054 e2382ef0b32549158a7fb771bef88d3c - - default default] No more DHCP agents
2026-03-05 07:50:57.509 7 WARNING neutron.api.rpc.agentnotifiers.dhcp_rpc_agent_api [None req-15b05b2a-6670-40b6-b36e-55002b286e5a a4f11d7c7cd84549aa3c86897df4a054 e2382ef0b32549158a7fb771bef88d3c - - default default] Unable to schedule network e98cfe7b-a8e8-4962-9233-cb734182901f: no agents available; will retry on subsequent port and subnet creation events.
2026-03-05 07:50:57.564 8 INFO neutron.plugins.ml2.drivers.ovn.mech_driver.mech_driver [None req-a8a02c58-7e69-471b-89b4-440e396cb6c1 - - - - - -] OVN reports status down for port: c49094d9-9cd3-432d-9920-1117dbbd84a9
2026-03-05 07:50:57.574 7 INFO neutron.db.ovn_revision_numbers_db [None req-15b05b2a-6670-40b6-b36e-55002b286e5a a4f11d7c7cd84549aa3c86897df4a054 e2382ef0b32549158a7fb771bef88d3c - - default default] Successfully bumped revision number for resource 3bca0500-3f03-4294-8b27-57c3240ef083 (type: subnets) to 0
2026-03-05 07:50:57.574 8 INFO neutron.db.ovn_revision_numbers_db [None req-ce1f14d7-85ca-4306-8fcc-87ae22937c6a cc3c6953e7bc459a8bc20ca38f8a51f0 e94df9f7971c46e09f097dd9be974a46 - - default default] Successfully bumped revision number for resource 6a33eff5-47f0-4389-a1f6-61c8fe666fb9 (type: networks) to 1 [pid: 7|app: 0|req: 1403/2783] 10.0.0.31 () {34 vars in 668 bytes} [Thu Mar 5 07:50:57 2026] POST /v2.0/subnets => generated 725 bytes in 257 msecs (HTTP/1.1 201) 4 headers in 162 bytes (1 switches on core 0)
2026-03-05 07:50:57.606 8 INFO neutron.plugins.ml2.drivers.ovn.mech_driver.mech_driver [None req-a8a02c58-7e69-471b-89b4-440e396cb6c1 - - - - - -] OVN reports status down for port: 4796cc9e-ff33-4cf1-a27e-eb5b203207d2
2026-03-05 07:50:57.687 7 INFO neutron.db.segments_db [None req-67c1bb76-bdd3-40d1-b272-5e04cedcc4fb a4f11d7c7cd84549aa3c86897df4a054 e2382ef0b32549158a7fb771bef88d3c - - default default] Added segment 3ad5e873-a362-40ef-bf4b-36699add9d3f of type geneve for network e064b7c3-7bfc-4835-b587-c7e732abb6ac
2026-03-05 07:50:57.728 8 INFO neutron.plugins.ml2.drivers.ovn.mech_driver.mech_driver [None req-a8a02c58-7e69-471b-89b4-440e396cb6c1 - - - - - -] OVN reports status down for port: 2d6ca775-47ca-49b5-b788-5ce7f136fa7a
2026-03-05 07:50:57.824 7 INFO neutron.db.ovn_revision_numbers_db [None req-67c1bb76-bdd3-40d1-b272-5e04cedcc4fb a4f11d7c7cd84549aa3c86897df4a054 e2382ef0b32549158a7fb771bef88d3c - - default default] Successfully bumped revision number for resource e064b7c3-7bfc-4835-b587-c7e732abb6ac (type: networks) to 1
2026-03-05 07:50:57.900 8 WARNING neutron.scheduler.dhcp_agent_scheduler [None req-ce1f14d7-85ca-4306-8fcc-87ae22937c6a cc3c6953e7bc459a8bc20ca38f8a51f0 e94df9f7971c46e09f097dd9be974a46 - - default default] No more DHCP agents
2026-03-05 07:50:57.901 8 WARNING neutron.api.rpc.agentnotifiers.dhcp_rpc_agent_api [None req-ce1f14d7-85ca-4306-8fcc-87ae22937c6a cc3c6953e7bc459a8bc20ca38f8a51f0 e94df9f7971c46e09f097dd9be974a46 - - default default] Unable to schedule network 6a33eff5-47f0-4389-a1f6-61c8fe666fb9: no agents available; will retry on subsequent port and subnet creation events.
2026-03-05 07:50:57.963 8 INFO neutron.plugins.ml2.drivers.ovn.mech_driver.mech_driver [None req-a8a02c58-7e69-471b-89b4-440e396cb6c1 - - - - - -] OVN reports status down for port: 80efc616-8345-4b1f-91e1-1cc274b43f7d
2026-03-05 07:50:58.031 7 WARNING neutron.scheduler.dhcp_agent_scheduler [None req-67c1bb76-bdd3-40d1-b272-5e04cedcc4fb a4f11d7c7cd84549aa3c86897df4a054 e2382ef0b32549158a7fb771bef88d3c - - default default] No more DHCP agents
2026-03-05 07:50:58.032 7 WARNING neutron.api.rpc.agentnotifiers.dhcp_rpc_agent_api [None req-67c1bb76-bdd3-40d1-b272-5e04cedcc4fb a4f11d7c7cd84549aa3c86897df4a054 e2382ef0b32549158a7fb771bef88d3c - - default default] Unable to schedule network e064b7c3-7bfc-4835-b587-c7e732abb6ac: no agents available; will retry on subsequent port and subnet creation events.
2026-03-05 07:50:58.035 8 INFO neutron.db.ovn_revision_numbers_db [None req-ce1f14d7-85ca-4306-8fcc-87ae22937c6a cc3c6953e7bc459a8bc20ca38f8a51f0 e94df9f7971c46e09f097dd9be974a46 - - default default] Successfully bumped revision number for resource 80efc616-8345-4b1f-91e1-1cc274b43f7d (type: ports) to 1 [pid: 8|app: 0|req: 1381/2784] 10.0.0.31 () {34 vars in 669 bytes} [Thu Mar 5 07:50:57 2026] POST /v2.0/networks => generated 648 bytes in 815 msecs (HTTP/1.1 201) 4 headers in 162 bytes (1 switches on core 0)
2026-03-05 07:50:58.152 7 INFO neutron.db.ovn_revision_numbers_db [None req-67c1bb76-bdd3-40d1-b272-5e04cedcc4fb a4f11d7c7cd84549aa3c86897df4a054 e2382ef0b32549158a7fb771bef88d3c - - default default] Successfully bumped revision number for resource 99583d40-fb57-4bcd-b7f6-3833cd3c8210 (type: ports) to 1 [pid: 7|app: 0|req: 1404/2785] 10.0.0.31 () {34 vars in 669 bytes} [Thu Mar 5 07:50:57 2026] POST /v2.0/networks => generated 657 bytes in 576 msecs (HTTP/1.1 201) 4 headers in 162 bytes (1 switches on core 0)
2026-03-05 07:50:58.187 8 INFO neutron.plugins.ml2.drivers.ovn.mech_driver.mech_driver [None req-a8a02c58-7e69-471b-89b4-440e396cb6c1 - - - - - -] OVN reports status down for port: 99583d40-fb57-4bcd-b7f6-3833cd3c8210
2026-03-05 07:50:58.365 7 WARNING neutron.scheduler.dhcp_agent_scheduler [None req-b8c3bb66-480b-4cd6-88a1-56c13ac9b1fa a4f11d7c7cd84549aa3c86897df4a054 e2382ef0b32549158a7fb771bef88d3c - - default default] No more DHCP agents
2026-03-05 07:50:58.366 7 WARNING neutron.api.rpc.agentnotifiers.dhcp_rpc_agent_api [None req-b8c3bb66-480b-4cd6-88a1-56c13ac9b1fa a4f11d7c7cd84549aa3c86897df4a054 e2382ef0b32549158a7fb771bef88d3c - - default default] Unable to schedule network e064b7c3-7bfc-4835-b587-c7e732abb6ac: no agents available; will retry on subsequent port and subnet creation events.
2026-03-05 07:50:58.912 8 INFO neutron.services.segments.plugin [-] Segment 37c8e452-6f54-40a6-a040-247d6246fb86 resource provider aggregate not found
2026-03-05 07:50:58.917 8 INFO neutron.services.segments.plugin [-] Segment 37c8e452-6f54-40a6-a040-247d6246fb86 resource provider aggregate not found
2026-03-05 07:50:58.930 8 INFO neutron.services.segments.plugin [-] Segment 37c8e452-6f54-40a6-a040-247d6246fb86 resource provider not found; error: Placement Client Error (4xx): {"errors": [{"status": 404, "title": "Not Found", "detail": "The resource could not be found.\n\n No resource provider with uuid 37c8e452-6f54-40a6-a040-247d6246fb86 found for delete ", "request_id": "req-83af3830-2563-4c2b-8ce6-bfb7e29ba808"}]}
2026-03-05 07:50:58.933 8 INFO neutron.services.segments.plugin [-] Segment 37c8e452-6f54-40a6-a040-247d6246fb86 resource provider not found; error: Placement Client Error (4xx): {"errors": [{"status": 404, "title": "Not Found", "detail": "The resource could not be found.\n\n No resource provider with uuid 37c8e452-6f54-40a6-a040-247d6246fb86 found for delete ", "request_id": "req-7f468f6f-9513-4667-acb6-84be16b8b88a"}]}
2026-03-05 07:50:58.934 7 INFO neutron.db.ovn_revision_numbers_db [None req-1c7d3f43-8b0b-4350-90ff-ebfde4aca11c - - - - - -] Successfully bumped revision number for resource 99583d40-fb57-4bcd-b7f6-3833cd3c8210 (type: ports) to 2
2026-03-05 07:50:58.937 8 WARNING neutron.scheduler.dhcp_agent_scheduler [None req-fa9a4116-722d-474f-8c16-df68aa1dcb28 cc3c6953e7bc459a8bc20ca38f8a51f0 e94df9f7971c46e09f097dd9be974a46 - - default default] No more DHCP agents
2026-03-05 07:50:58.939 8 WARNING neutron.api.rpc.agentnotifiers.dhcp_rpc_agent_api [None req-fa9a4116-722d-474f-8c16-df68aa1dcb28 cc3c6953e7bc459a8bc20ca38f8a51f0 e94df9f7971c46e09f097dd9be974a46 - - default default] Unable to schedule network 6a33eff5-47f0-4389-a1f6-61c8fe666fb9: no agents available; will retry on subsequent port and subnet creation events.
2026-03-05 07:50:58.996 7 INFO neutron.db.ovn_revision_numbers_db [None req-1c7d3f43-8b0b-4350-90ff-ebfde4aca11c - - - - - -] Successfully bumped revision number for resource 101c9624-cfd7-47a9-a1ce-6a28e416d58f (type: subnets) to 0 [pid: 7|app: 0|req: 1405/2786] 10.0.0.31 () {34 vars in 668 bytes} [Thu Mar 5 07:50:58 2026] POST /v2.0/subnets => generated 655 bytes in 831 msecs (HTTP/1.1 201) 4 headers in 162 bytes (1 switches on core 0)
2026-03-05 07:50:59.219 7 WARNING neutron.scheduler.dhcp_agent_scheduler [None req-bad5adfc-e748-4f33-b255-1c86da0ada8e a4f11d7c7cd84549aa3c86897df4a054 e2382ef0b32549158a7fb771bef88d3c - - default default] No more DHCP agents
2026-03-05 07:50:59.219 7 WARNING neutron.api.rpc.agentnotifiers.dhcp_rpc_agent_api [None req-bad5adfc-e748-4f33-b255-1c86da0ada8e a4f11d7c7cd84549aa3c86897df4a054 e2382ef0b32549158a7fb771bef88d3c - - default default] Unable to schedule network e064b7c3-7bfc-4835-b587-c7e732abb6ac: no agents available; will retry on subsequent port and subnet creation events.
2026-03-05 07:50:59.263 7 INFO neutron.db.ovn_revision_numbers_db [None req-bad5adfc-e748-4f33-b255-1c86da0ada8e a4f11d7c7cd84549aa3c86897df4a054 e2382ef0b32549158a7fb771bef88d3c - - default default] Successfully bumped revision number for resource 8ffa5b44-9cb6-4a61-b236-27664dfc71ae (type: subnets) to 0 [pid: 7|app: 0|req: 1406/2787] 10.0.0.31 () {34 vars in 668 bytes} [Thu Mar 5 07:50:59 2026] POST /v2.0/subnets => generated 730 bytes in 262 msecs (HTTP/1.1 201) 4 headers in 162 bytes (1 switches on core 0)
2026-03-05 07:50:59.446 8 INFO neutron.db.ovn_revision_numbers_db [None req-fbef4af1-72e1-4503-bc79-fae9c49440eb - - - - - -] Successfully bumped revision number for resource 80efc616-8345-4b1f-91e1-1cc274b43f7d (type: ports) to 2
2026-03-05 07:50:59.485 8 INFO neutron.db.ovn_revision_numbers_db [None req-fbef4af1-72e1-4503-bc79-fae9c49440eb - - - - - -] Successfully bumped revision number for resource ca62e425-a9b4-47a4-b79f-74bf6d8859dd (type: subnets) to 0 [pid: 8|app: 0|req: 1382/2788] 10.0.0.31 () {34 vars in 668 bytes} [Thu Mar 5 07:50:58 2026] POST /v2.0/subnets => generated 626 bytes in 1374 msecs (HTTP/1.1 201) 4 headers in 162 bytes (1 switches on core 0)
2026-03-05 07:50:59.639 8 INFO neutron.db.ovn_revision_numbers_db [None req-1a542c88-8238-4bc0-8fd2-00cd5ee04b35 cc3c6953e7bc459a8bc20ca38f8a51f0 e94df9f7971c46e09f097dd9be974a46 - - default default] Successfully bumped revision number for resource 35a3697d-ffdb-4dcd-9f5a-d5b90f446919 (type: routers) to 1 [pid: 8|app: 0|req: 1383/2789] 10.0.0.31 () {34 vars in 668 bytes} [Thu Mar 5 07:50:59 2026] POST /v2.0/routers => generated 603 bytes in 153 msecs (HTTP/1.1 201) 4 headers in 162 bytes (1 switches on core 0)
2026-03-05 07:50:59.723 7 WARNING neutron.scheduler.dhcp_agent_scheduler [None req-76eef9ce-b5f4-4498-b3ea-20c35c851ae3 a4f11d7c7cd84549aa3c86897df4a054 e2382ef0b32549158a7fb771bef88d3c - - default default] No more DHCP agents
2026-03-05 07:50:59.724 7 WARNING neutron.api.rpc.agentnotifiers.dhcp_rpc_agent_api [None req-76eef9ce-b5f4-4498-b3ea-20c35c851ae3 a4f11d7c7cd84549aa3c86897df4a054 e2382ef0b32549158a7fb771bef88d3c - - default default] Unable to schedule network 77487348-dc84-41e8-821b-2deecaf83b8e: no agents available; will retry on subsequent port and subnet creation events.
2026-03-05 07:50:59.874 8 INFO neutron.plugins.ml2.drivers.ovn.mech_driver.mech_driver [None req-a8a02c58-7e69-471b-89b4-440e396cb6c1 - - - - - -] OVN reports status down for port: 3bd8a662-b88f-4762-9518-953475a46064
2026-03-05 07:50:59.908 7 INFO neutron.db.ovn_revision_numbers_db [None req-76eef9ce-b5f4-4498-b3ea-20c35c851ae3 a4f11d7c7cd84549aa3c86897df4a054 e2382ef0b32549158a7fb771bef88d3c - - default default] Successfully bumped revision number for resource 3bd8a662-b88f-4762-9518-953475a46064 (type: ports) to 1
2026-03-05 07:50:59.996 8 WARNING neutron.scheduler.dhcp_agent_scheduler [None req-704952f7-5e8e-4ec1-9f63-46246fe3ba3d cc3c6953e7bc459a8bc20ca38f8a51f0 e94df9f7971c46e09f097dd9be974a46 - - default default] No more DHCP agents
2026-03-05 07:50:59.997 8 WARNING neutron.api.rpc.agentnotifiers.dhcp_rpc_agent_api [None req-704952f7-5e8e-4ec1-9f63-46246fe3ba3d cc3c6953e7bc459a8bc20ca38f8a51f0 e94df9f7971c46e09f097dd9be974a46 - - default default] Unable to schedule network 6a33eff5-47f0-4389-a1f6-61c8fe666fb9: no agents available; will retry on subsequent port and subnet creation events.
2026-03-05 07:51:00.130 8 INFO neutron.plugins.ml2.drivers.ovn.mech_driver.mech_driver [None req-a8a02c58-7e69-471b-89b4-440e396cb6c1 - - - - - -] OVN reports status down for port: 8ff35cbc-75ea-4121-88a7-34be520e3b75
2026-03-05 07:51:00.212 8 INFO neutron.db.ovn_revision_numbers_db [None req-704952f7-5e8e-4ec1-9f63-46246fe3ba3d cc3c6953e7bc459a8bc20ca38f8a51f0 e94df9f7971c46e09f097dd9be974a46 - - default default] Successfully bumped revision number for resource 8ff35cbc-75ea-4121-88a7-34be520e3b75 (type: ports) to 1 [pid: 8|app: 0|req: 1384/2790] 10.0.0.31 () {34 vars in 664 bytes} [Thu Mar 5 07:50:59 2026] POST /v2.0/ports => generated 952 bytes in 589 msecs (HTTP/1.1 201) 4 headers in 162 bytes (1 switches on core 0) /var/lib/openstack/lib/python3.12/site-packages/pycadf/identifier.py:70: UserWarning: Invalid uuid: neutron. To ensure interoperability, identifiers should be a valid uuid. warnings.warn(('Invalid uuid: %s. To ensure interoperability, '
2026-03-05 07:51:00.525 8 INFO neutron.db.ovn_revision_numbers_db [None req-fc817242-53b8-4f7e-929f-97a106f02e8b 312895a56ba544e9a9164b7494afc360 91c02abc11ec42cda8477ddea5a45e38 - - default default] Successfully bumped revision number for resource a9daa3d3-4932-4e24-8337-209c04b15056 (type: security_groups) to 1
2026-03-05 07:51:00.537 8 INFO neutron.db.ovn_revision_numbers_db [None req-fc817242-53b8-4f7e-929f-97a106f02e8b 312895a56ba544e9a9164b7494afc360 91c02abc11ec42cda8477ddea5a45e38 - - default default] Successfully bumped revision number for resource 2517e677-4810-4d31-be14-55037fcb0f53 (type: security_group_rules) to 0
2026-03-05 07:51:00.540 7 INFO neutron.plugins.ml2.drivers.ovn.mech_driver.ovsdb.commands [-] Schedule LRP lrp-3bd8a662-b88f-4762-9518-953475a46064 on gateway 255cfd5c-d49e-44c1-85c2-cf62d1aa6c6d with priority 1
2026-03-05 07:51:00.568 8 INFO neutron.db.ovn_revision_numbers_db [None req-fc817242-53b8-4f7e-929f-97a106f02e8b 312895a56ba544e9a9164b7494afc360 91c02abc11ec42cda8477ddea5a45e38 - - default default] Successfully bumped revision number for resource 62c47830-9490-47a2-a92f-4071b725f599 (type: security_group_rules) to 0
2026-03-05 07:51:00.599 8 INFO neutron.db.ovn_revision_numbers_db [None req-fc817242-53b8-4f7e-929f-97a106f02e8b 312895a56ba544e9a9164b7494afc360 91c02abc11ec42cda8477ddea5a45e38 - - default default] Successfully bumped revision number for resource 6b23b666-4cf7-4892-b4e9-292d75065570 (type: security_group_rules) to 0
2026-03-05 07:51:00.629 8 INFO neutron.db.ovn_revision_numbers_db [None req-fc817242-53b8-4f7e-929f-97a106f02e8b 312895a56ba544e9a9164b7494afc360 91c02abc11ec42cda8477ddea5a45e38 - - default default] Successfully bumped revision number for resource efc756e4-a3d2-415c-8411-d53505f36a38 (type: security_group_rules) to 0
2026-03-05 07:51:00.666 7 INFO neutron.db.ovn_revision_numbers_db [None req-76eef9ce-b5f4-4498-b3ea-20c35c851ae3 a4f11d7c7cd84549aa3c86897df4a054 e2382ef0b32549158a7fb771bef88d3c - - default default] Successfully bumped revision number for resource 3bd8a662-b88f-4762-9518-953475a46064 (type: router_ports) to 1
2026-03-05 07:51:00.706 8 INFO neutron.plugins.ml2.drivers.ovn.mech_driver.ovsdb.ovsdb_monitor [None req-c002e0bf-2215-4ab4-b3ce-8f547966cb68 - - - - - -] Router 5b5c5abd-7192-4fa2-bd5c-b31d9817234f is bound to host instance
2026-03-05 07:51:00.730 7 INFO neutron.db.ovn_revision_numbers_db [None req-76eef9ce-b5f4-4498-b3ea-20c35c851ae3 a4f11d7c7cd84549aa3c86897df4a054 e2382ef0b32549158a7fb771bef88d3c - - default default] Successfully bumped revision number for resource 5b5c5abd-7192-4fa2-bd5c-b31d9817234f (type: routers) to 2 [pid: 7|app: 0|req: 1407/2791] 10.0.0.31 () {34 vars in 668 bytes} [Thu Mar 5 07:50:59 2026] POST /v2.0/routers => generated 944 bytes in 1461 msecs (HTTP/1.1 201) 4 headers in 162 bytes (1 switches on core 0)
2026-03-05 07:51:00.748 8 INFO neutron.db.segments_db [None req-fc817242-53b8-4f7e-929f-97a106f02e8b 312895a56ba544e9a9164b7494afc360 91c02abc11ec42cda8477ddea5a45e38 - - default default] Added segment 4cf6ec56-25c7-4330-90d4-c5a153b74bad of type geneve for network 5a8ec79d-4ca0-464f-b503-0bc0b21282d7
2026-03-05 07:51:00.772 8 INFO neutron.plugins.ml2.drivers.ovn.mech_driver.mech_driver [None req-a8a02c58-7e69-471b-89b4-440e396cb6c1 - - - - - -] OVN reports status up for port: 3bd8a662-b88f-4762-9518-953475a46064
2026-03-05 07:51:00.860 8 INFO neutron.plugins.ml2.plugin [None req-a8a02c58-7e69-471b-89b4-440e396cb6c1 - - - - - -] Attempt 1 to provision port 3bd8a662-b88f-4762-9518-953475a46064
2026-03-05 07:51:01.042 8 INFO neutron.db.ovn_revision_numbers_db [None req-fc817242-53b8-4f7e-929f-97a106f02e8b 312895a56ba544e9a9164b7494afc360 91c02abc11ec42cda8477ddea5a45e38 - - default default] Successfully bumped revision number for resource 5a8ec79d-4ca0-464f-b503-0bc0b21282d7 (type: networks) to 1
2026-03-05 07:51:01.295 7 INFO neutron.db.ovn_revision_numbers_db [None req-a2e35b54-3ef8-4e08-9c09-2c0599736316 cc3c6953e7bc459a8bc20ca38f8a51f0 e94df9f7971c46e09f097dd9be974a46 - - default default] Successfully bumped revision number for resource 8ff35cbc-75ea-4121-88a7-34be520e3b75 (type: ports) to 2
2026-03-05 07:51:01.369 8 WARNING neutron.scheduler.dhcp_agent_scheduler [None req-fc817242-53b8-4f7e-929f-97a106f02e8b 312895a56ba544e9a9164b7494afc360 91c02abc11ec42cda8477ddea5a45e38 - - default default] No more DHCP agents
2026-03-05 07:51:01.372 8 WARNING neutron.api.rpc.agentnotifiers.dhcp_rpc_agent_api [None req-fc817242-53b8-4f7e-929f-97a106f02e8b 312895a56ba544e9a9164b7494afc360 91c02abc11ec42cda8477ddea5a45e38 - - default default] Unable to schedule network 5a8ec79d-4ca0-464f-b503-0bc0b21282d7: no agents available; will retry on subsequent port and subnet creation events.
2026-03-05 07:51:01.551 8 INFO neutron.db.ovn_revision_numbers_db [None req-fc817242-53b8-4f7e-929f-97a106f02e8b 312895a56ba544e9a9164b7494afc360 91c02abc11ec42cda8477ddea5a45e38 - - default default] Successfully bumped revision number for resource 578330a7-c695-4b89-ac2a-2f0485027154 (type: ports) to 1 [pid: 8|app: 0|req: 1385/2792] 10.0.0.31 () {34 vars in 669 bytes} [Thu Mar 5 07:51:00 2026] POST /v2.0/networks => generated 649 bytes in 1347 msecs (HTTP/1.1 201) 4 headers in 162 bytes (1 switches on core 0)
2026-03-05 07:51:01.987 7 WARNING neutron.scheduler.dhcp_agent_scheduler [None req-a2e35b54-3ef8-4e08-9c09-2c0599736316 cc3c6953e7bc459a8bc20ca38f8a51f0 e94df9f7971c46e09f097dd9be974a46 - - default default] No more DHCP agents
2026-03-05 07:51:01.989 7 WARNING neutron.api.rpc.agentnotifiers.dhcp_rpc_agent_api [None req-a2e35b54-3ef8-4e08-9c09-2c0599736316 cc3c6953e7bc459a8bc20ca38f8a51f0 e94df9f7971c46e09f097dd9be974a46 - - default default] Unable to schedule network 6a33eff5-47f0-4389-a1f6-61c8fe666fb9: no agents available; will retry on subsequent port and subnet creation events.
2026-03-05 07:51:02.213 7 INFO neutron.db.ovn_revision_numbers_db [None req-a2e35b54-3ef8-4e08-9c09-2c0599736316 cc3c6953e7bc459a8bc20ca38f8a51f0 e94df9f7971c46e09f097dd9be974a46 - - default default] Successfully bumped revision number for resource 8ff35cbc-75ea-4121-88a7-34be520e3b75 (type: router_ports) to 2 [pid: 7|app: 0|req: 1408/2793] 10.0.0.31 () {34 vars in 782 bytes} [Thu Mar 5 07:51:00 2026] PUT /v2.0/routers/35a3697d-ffdb-4dcd-9f5a-d5b90f446919/add_router_interface => generated 309 bytes in 1473 msecs (HTTP/1.1 200) 4 headers in 157 bytes (1 switches on core 0) /var/lib/openstack/lib/python3.12/site-packages/pycadf/identifier.py:70: UserWarning: Invalid uuid: neutron. To ensure interoperability, identifiers should be a valid uuid. warnings.warn(('Invalid uuid: %s. To ensure interoperability, '
2026-03-05 07:51:02.456 7 WARNING neutron.scheduler.dhcp_agent_scheduler [None req-029e8b97-3d17-4ac5-aa7e-9a0ccdb709e3 312895a56ba544e9a9164b7494afc360 91c02abc11ec42cda8477ddea5a45e38 - - default default] No more DHCP agents
2026-03-05 07:51:02.457 7 WARNING neutron.api.rpc.agentnotifiers.dhcp_rpc_agent_api [None req-029e8b97-3d17-4ac5-aa7e-9a0ccdb709e3 312895a56ba544e9a9164b7494afc360 91c02abc11ec42cda8477ddea5a45e38 - - default default] Unable to schedule network 5a8ec79d-4ca0-464f-b503-0bc0b21282d7: no agents available; will retry on subsequent port and subnet creation events.
2026-03-05 07:51:02.574 7 INFO neutron.db.ovn_revision_numbers_db [None req-029e8b97-3d17-4ac5-aa7e-9a0ccdb709e3 312895a56ba544e9a9164b7494afc360 91c02abc11ec42cda8477ddea5a45e38 - - default default] Successfully bumped revision number for resource 86596e74-332d-483f-9c8a-5119830b5366 (type: ports) to 1 [pid: 7|app: 0|req: 1411/2796] 10.0.0.31 () {34 vars in 663 bytes} [Thu Mar 5 07:51:02 2026] POST /v2.0/ports => generated 743 bytes in 392 msecs (HTTP/1.1 201) 4 headers in 162 bytes (1 switches on core 0) /var/lib/openstack/lib/python3.12/site-packages/pycadf/identifier.py:70: UserWarning: Invalid uuid: neutron. To ensure interoperability, identifiers should be a valid uuid. warnings.warn(('Invalid uuid: %s. To ensure interoperability, '
2026-03-05 07:51:02.634 8 WARNING neutron.scheduler.dhcp_agent_scheduler [None req-59bba1b8-ecff-4cda-8b12-e3b8dfab86a5 a4f11d7c7cd84549aa3c86897df4a054 e2382ef0b32549158a7fb771bef88d3c - - default default] No more DHCP agents
2026-03-05 07:51:02.636 8 WARNING neutron.api.rpc.agentnotifiers.dhcp_rpc_agent_api [None req-59bba1b8-ecff-4cda-8b12-e3b8dfab86a5 a4f11d7c7cd84549aa3c86897df4a054 e2382ef0b32549158a7fb771bef88d3c - - default default] Unable to schedule network 8295a2df-0835-4e69-bce9-59a1adffb2b6: no agents available; will retry on subsequent port and subnet creation events. [pid: 7|app: 0|req: 1412/2797] 10.0.0.31 () {32 vars in 716 bytes} [Thu Mar 5 07:51:02 2026] GET /v2.0/ports/8ff35cbc-75ea-4121-88a7-34be520e3b75 => generated 1012 bytes in 97 msecs (HTTP/1.1 200) 4 headers in 158 bytes (1 switches on core 0)
2026-03-05 07:51:02.763 8 INFO neutron.db.ovn_revision_numbers_db [None req-70b2fc31-f492-4e56-9247-2ee5260ab733 - - - - - -] Successfully bumped revision number for resource 3bd8a662-b88f-4762-9518-953475a46064 (type: ports) to 4
2026-03-05 07:51:02.806 7 INFO neutron.db.segments_db [None req-d2b9f5f4-8889-4c21-a075-59401903859b 312895a56ba544e9a9164b7494afc360 91c02abc11ec42cda8477ddea5a45e38 - - default default] Added segment f2af7f9b-027f-47e9-884d-ec28bcac460e of type geneve for network 5a42628f-63f1-4ab9-86be-deca78dffacf
2026-03-05 07:51:03.028 8 INFO neutron.db.ovn_revision_numbers_db [None req-59bba1b8-ecff-4cda-8b12-e3b8dfab86a5 a4f11d7c7cd84549aa3c86897df4a054 e2382ef0b32549158a7fb771bef88d3c - - default default] Successfully bumped revision number for resource 00f3d209-d4e5-4fad-acfa-4d213ff1d0fe (type: ports) to 1
2026-03-05 07:51:03.045 7 INFO neutron.db.ovn_revision_numbers_db [None req-d2b9f5f4-8889-4c21-a075-59401903859b 312895a56ba544e9a9164b7494afc360 91c02abc11ec42cda8477ddea5a45e38 - - default default] Successfully bumped revision number for resource 5a42628f-63f1-4ab9-86be-deca78dffacf (type: networks) to 1
2026-03-05 07:51:03.224 7 WARNING neutron.scheduler.dhcp_agent_scheduler [None req-d2b9f5f4-8889-4c21-a075-59401903859b 312895a56ba544e9a9164b7494afc360 91c02abc11ec42cda8477ddea5a45e38 - - default default] No more DHCP agents
2026-03-05 07:51:03.226 7 WARNING neutron.api.rpc.agentnotifiers.dhcp_rpc_agent_api [None req-d2b9f5f4-8889-4c21-a075-59401903859b 312895a56ba544e9a9164b7494afc360 91c02abc11ec42cda8477ddea5a45e38 - - default default] Unable to schedule network 5a42628f-63f1-4ab9-86be-deca78dffacf: no agents available; will retry on subsequent port and subnet creation events.
2026-03-05 07:51:03.343 7 INFO neutron.db.ovn_revision_numbers_db [None req-d2b9f5f4-8889-4c21-a075-59401903859b 312895a56ba544e9a9164b7494afc360 91c02abc11ec42cda8477ddea5a45e38 - - default default] Successfully bumped revision number for resource 9ea38213-c336-4f70-bc87-10e11a438bb8 (type: ports) to 1 [pid: 7|app: 0|req: 1413/2798] 10.0.0.31 () {34 vars in 669 bytes} [Thu Mar 5 07:51:02 2026] POST /v2.0/networks => generated 650 bytes in 656 msecs (HTTP/1.1 201) 4 headers in 162 bytes (1 switches on core 0)
2026-03-05 07:51:03.495 8 INFO neutron.db.ovn_revision_numbers_db [None req-70b2fc31-f492-4e56-9247-2ee5260ab733 - - - - - -] Successfully bumped revision number for resource 3bd8a662-b88f-4762-9518-953475a46064 (type: ports) to 5 [pid: 7|app: 0|req: 1414/2799] 10.0.0.175 () {28 vars in 583 bytes} [Thu Mar 5 07:51:03 2026] GET /v2.0/routers => generated 1576 bytes in 126 msecs (HTTP/1.1 200) 4 headers in 158 bytes (1 switches on core 0)
2026-03-05 07:51:03.784 7 INFO neutron_taas.services.taas.taas_plugin [None req-df06e892-5e46-4826-8318-1c0c291e0c54 cc3c6953e7bc459a8bc20ca38f8a51f0 e94df9f7971c46e09f097dd9be974a46 - - default default] TaaS: Handle Delete Port: 8ff35cbc-75ea-4121-88a7-34be520e3b75
2026-03-05 07:51:03.787 7 INFO neutron_taas.services.taas.tap_mirror_plugin [None req-df06e892-5e46-4826-8318-1c0c291e0c54 cc3c6953e7bc459a8bc20ca38f8a51f0 e94df9f7971c46e09f097dd9be974a46 - - default default] Tap Mirror: Handle Delete Port: 8ff35cbc-75ea-4121-88a7-34be520e3b75
