2026-03-05 07:51:03.893 8 INFO neutron.plugins.ml2.drivers.ovn.mech_driver.mech_driver [None req-a8a02c58-7e69-471b-89b4-440e396cb6c1 - - - - - -] OVN reports status up for port: 8ff35cbc-75ea-4121-88a7-34be520e3b75
2026-03-05 07:51:03.914 8 INFO neutron.plugins.ml2.drivers.ovn.mech_driver.mech_driver [None req-a8a02c58-7e69-471b-89b4-440e396cb6c1 - - - - - -] OVN reports status down for port: 578330a7-c695-4b89-ac2a-2f0485027154
2026-03-05 07:51:04.115 8 INFO neutron.plugins.ml2.drivers.ovn.mech_driver.mech_driver [None req-a8a02c58-7e69-471b-89b4-440e396cb6c1 - - - - - -] OVN reports status down for port: 86596e74-332d-483f-9c8a-5119830b5366 [pid: 7|app: 0|req: 1415/2800] 10.0.0.31 () {34 vars in 788 bytes} [Thu Mar 5 07:51:03 2026] PUT /v2.0/routers/35a3697d-ffdb-4dcd-9f5a-d5b90f446919/remove_router_interface => generated 309 bytes in 652 msecs (HTTP/1.1 200) 4 headers in 157 bytes (1 switches on core 0) /var/lib/openstack/lib/python3.12/site-packages/pycadf/identifier.py:70: UserWarning: Invalid uuid: neutron. To ensure interoperability, identifiers should be a valid uuid. warnings.warn(('Invalid uuid: %s. To ensure interoperability, '
2026-03-05 07:51:04.225 8 INFO neutron.plugins.ml2.drivers.ovn.mech_driver.mech_driver [None req-a8a02c58-7e69-471b-89b4-440e396cb6c1 - - - - - -] OVN reports status down for port: 00f3d209-d4e5-4fad-acfa-4d213ff1d0fe
2026-03-05 07:51:04.346 8 WARNING neutron.plugins.ml2.drivers.ovn.mech_driver.ovsdb.ovn_client [None req-a8a02c58-7e69-471b-89b4-440e396cb6c1 - - - - - -] Logical_Switch_Port %s host information not removed, the port state is up
2026-03-05 07:51:04.347 8 INFO neutron.plugins.ml2.drivers.ovn.mech_driver.mech_driver [None req-a8a02c58-7e69-471b-89b4-440e396cb6c1 - - - - - -] OVN reports status down for port: 9ea38213-c336-4f70-bc87-10e11a438bb8
2026-03-05 07:51:04.377 8 WARNING neutron.scheduler.dhcp_agent_scheduler [None req-59bba1b8-ecff-4cda-8b12-e3b8dfab86a5 a4f11d7c7cd84549aa3c86897df4a054 e2382ef0b32549158a7fb771bef88d3c - - default default] No more DHCP agents
2026-03-05 07:51:04.380 8 WARNING neutron.api.rpc.agentnotifiers.dhcp_rpc_agent_api [None req-59bba1b8-ecff-4cda-8b12-e3b8dfab86a5 a4f11d7c7cd84549aa3c86897df4a054 e2382ef0b32549158a7fb771bef88d3c - - default default] Unable to schedule network 8295a2df-0835-4e69-bce9-59a1adffb2b6: no agents available; will retry on subsequent port and subnet creation events.
2026-03-05 07:51:04.384 7 WARNING neutron.scheduler.dhcp_agent_scheduler [None req-5f7f3fd1-f980-4124-9afe-f5f0b2922c33 312895a56ba544e9a9164b7494afc360 91c02abc11ec42cda8477ddea5a45e38 - - default default] No more DHCP agents
2026-03-05 07:51:04.385 7 WARNING neutron.api.rpc.agentnotifiers.dhcp_rpc_agent_api [None req-5f7f3fd1-f980-4124-9afe-f5f0b2922c33 312895a56ba544e9a9164b7494afc360 91c02abc11ec42cda8477ddea5a45e38 - - default default] Unable to schedule network 5a42628f-63f1-4ab9-86be-deca78dffacf: no agents available; will retry on subsequent port and subnet creation events.
2026-03-05 07:51:04.517 7 INFO neutron.db.ovn_revision_numbers_db [None req-5f7f3fd1-f980-4124-9afe-f5f0b2922c33 312895a56ba544e9a9164b7494afc360 91c02abc11ec42cda8477ddea5a45e38 - - default default] Successfully bumped revision number for resource ab531683-461a-4abc-a464-c62a6228a13b (type: ports) to 1 [pid: 7|app: 0|req: 1416/2801] 10.0.0.31 () {34 vars in 663 bytes} [Thu Mar 5 07:51:04 2026] POST /v2.0/ports => generated 743 bytes in 413 msecs (HTTP/1.1 201) 4 headers in 162 bytes (1 switches on core 0) /var/lib/openstack/lib/python3.12/site-packages/pycadf/identifier.py:70: UserWarning: Invalid uuid: neutron. To ensure interoperability, identifiers should be a valid uuid. warnings.warn(('Invalid uuid: %s. To ensure interoperability, ' [pid: 7|app: 0|req: 1417/2802] 10.0.0.175 () {28 vars in 624 bytes} [Thu Mar 5 07:51:04 2026] GET /v2.0/agents?binary=ovn-controller => generated 416 bytes in 15 msecs (HTTP/1.1 200) 4 headers in 157 bytes (1 switches on core 0)
2026-03-05 07:51:04.579 8 INFO neutron.plugins.ml2.drivers.ovn.mech_driver.mech_driver [None req-a8a02c58-7e69-471b-89b4-440e396cb6c1 - - - - - -] OVN reports status up for port: 00f3d209-d4e5-4fad-acfa-4d213ff1d0fe
2026-03-05 07:51:04.600 8 INFO neutron.plugins.ml2.plugin [None req-a8a02c58-7e69-471b-89b4-440e396cb6c1 - - - - - -] Attempt 1 to provision port 00f3d209-d4e5-4fad-acfa-4d213ff1d0fe
2026-03-05 07:51:04.627 7 INFO neutron.api.v2.resource [None req-a6d224ca-379b-44ce-a5dc-0eb7c3dbbb75 cc3c6953e7bc459a8bc20ca38f8a51f0 e94df9f7971c46e09f097dd9be974a46 - - default default] remove_router_interface failed (client error): The resource could not be found. [pid: 7|app: 0|req: 1418/2803] 10.0.0.31 () {34 vars in 788 bytes} [Thu Mar 5 07:51:04 2026] PUT /v2.0/routers/35a3697d-ffdb-4dcd-9f5a-d5b90f446919/remove_router_interface => generated 197 bytes in 48 msecs (HTTP/1.1 404) 4 headers in 164 bytes (1 switches on core 0)
2026-03-05 07:51:04.709 7 INFO neutron.db.segments_db [None req-aa2872e1-be4b-428e-8712-ec2e9eeddefb 312895a56ba544e9a9164b7494afc360 91c02abc11ec42cda8477ddea5a45e38 - - default default] Added segment b34fd3be-b2d3-4566-bf25-5f8244a42871 of type geneve for network dc09e16a-8346-40ef-a0d3-5ca38baec536
2026-03-05 07:51:04.825 7 INFO neutron.db.ovn_revision_numbers_db [None req-aa2872e1-be4b-428e-8712-ec2e9eeddefb 312895a56ba544e9a9164b7494afc360 91c02abc11ec42cda8477ddea5a45e38 - - default default] Successfully bumped revision number for resource dc09e16a-8346-40ef-a0d3-5ca38baec536 (type: networks) to 1
2026-03-05 07:51:05.025 7 WARNING neutron.scheduler.dhcp_agent_scheduler [None req-aa2872e1-be4b-428e-8712-ec2e9eeddefb 312895a56ba544e9a9164b7494afc360 91c02abc11ec42cda8477ddea5a45e38 - - default default] No more DHCP agents
2026-03-05 07:51:05.027 7 WARNING neutron.api.rpc.agentnotifiers.dhcp_rpc_agent_api [None req-aa2872e1-be4b-428e-8712-ec2e9eeddefb 312895a56ba544e9a9164b7494afc360 91c02abc11ec42cda8477ddea5a45e38 - - default default] Unable to schedule network dc09e16a-8346-40ef-a0d3-5ca38baec536: no agents available; will retry on subsequent port and subnet creation events.
2026-03-05 07:51:05.114 7 INFO neutron.db.ovn_revision_numbers_db [None req-aa2872e1-be4b-428e-8712-ec2e9eeddefb 312895a56ba544e9a9164b7494afc360 91c02abc11ec42cda8477ddea5a45e38 - - default default] Successfully bumped revision number for resource dbdabcca-8c2a-469a-a913-0797568bb09d (type: ports) to 1 [pid: 7|app: 0|req: 1419/2804] 10.0.0.31 () {34 vars in 669 bytes} [Thu Mar 5 07:51:04 2026] POST /v2.0/networks => generated 650 bytes in 511 msecs (HTTP/1.1 201) 4 headers in 162 bytes (1 switches on core 0)
2026-03-05 07:51:05.141 8 INFO neutron.db.ovn_revision_numbers_db [None req-59bba1b8-ecff-4cda-8b12-e3b8dfab86a5 a4f11d7c7cd84549aa3c86897df4a054 e2382ef0b32549158a7fb771bef88d3c - - default default] Successfully bumped revision number for resource 00f3d209-d4e5-4fad-acfa-4d213ff1d0fe (type: router_ports) to 1 [pid: 8|app: 0|req: 1386/2805] 10.0.0.31 () {34 vars in 782 bytes} [Thu Mar 5 07:51:01 2026] PUT /v2.0/routers/5b5c5abd-7192-4fa2-bd5c-b31d9817234f/add_router_interface => generated 309 bytes in 3550 msecs (HTTP/1.1 200) 4 headers in 157 bytes (1 switches on core 0) [pid: 8|app: 0|req: 1387/2806] 10.0.0.31 () {32 vars in 735 bytes} [Thu Mar 5 07:51:05 2026] GET /v2.0/ports?device_id=35a3697d-ffdb-4dcd-9f5a-d5b90f446919 => generated 12 bytes in 25 msecs (HTTP/1.1 200) 4 headers in 156 bytes (1 switches on core 0) [pid: 7|app: 0|req: 1420/2807] 10.0.0.175 () {28 vars in 583 bytes} [Thu Mar 5 07:51:05 2026] GET /v2.0/subnets => generated 6145 bytes in 46 msecs (HTTP/1.1 200) 4 headers in 158 bytes (1 switches on core 0)
2026-03-05 07:51:05.480 8 INFO neutron.db.ovn_revision_numbers_db [None req-a8a02c58-7e69-471b-89b4-440e396cb6c1 - - - - - -] Successfully bumped revision number for resource 00f3d209-d4e5-4fad-acfa-4d213ff1d0fe (type: ports) to 2
2026-03-05 07:51:05.569 8 WARNING neutron.scheduler.dhcp_agent_scheduler [None req-ed25f86a-c2b3-4f9f-b0b0-ab4d2d0778bf 312895a56ba544e9a9164b7494afc360 91c02abc11ec42cda8477ddea5a45e38 - - default default] No more DHCP agents
2026-03-05 07:51:05.571 8 WARNING neutron.api.rpc.agentnotifiers.dhcp_rpc_agent_api [None req-ed25f86a-c2b3-4f9f-b0b0-ab4d2d0778bf 312895a56ba544e9a9164b7494afc360 91c02abc11ec42cda8477ddea5a45e38 - - default default] Unable to schedule network dc09e16a-8346-40ef-a0d3-5ca38baec536: no agents available; will retry on subsequent port and subnet creation events.
2026-03-05 07:51:05.653 7 WARNING neutron.scheduler.dhcp_agent_scheduler [None req-d6fb8b46-ab22-4f56-8aaa-7bd2e62a97c0 a4f11d7c7cd84549aa3c86897df4a054 e2382ef0b32549158a7fb771bef88d3c - - default default] No more DHCP agents
2026-03-05 07:51:05.658 7 WARNING neutron.api.rpc.agentnotifiers.dhcp_rpc_agent_api [None req-d6fb8b46-ab22-4f56-8aaa-7bd2e62a97c0 a4f11d7c7cd84549aa3c86897df4a054 e2382ef0b32549158a7fb771bef88d3c - - default default] Unable to schedule network e98cfe7b-a8e8-4962-9233-cb734182901f: no agents available; will retry on subsequent port and subnet creation events.
2026-03-05 07:51:05.758 8 INFO neutron.db.ovn_revision_numbers_db [None req-ed25f86a-c2b3-4f9f-b0b0-ab4d2d0778bf 312895a56ba544e9a9164b7494afc360 91c02abc11ec42cda8477ddea5a45e38 - - default default] Successfully bumped revision number for resource 134bbb9b-04b3-4b62-9180-675f95c5a06c (type: ports) to 1 [pid: 8|app: 0|req: 1388/2808] 10.0.0.31 () {34 vars in 663 bytes} [Thu Mar 5 07:51:05 2026] POST /v2.0/ports => generated 743 bytes in 652 msecs (HTTP/1.1 201) 4 headers in 162 bytes (1 switches on core 0) /var/lib/openstack/lib/python3.12/site-packages/pycadf/identifier.py:70: UserWarning: Invalid uuid: neutron. To ensure interoperability, identifiers should be a valid uuid. warnings.warn(('Invalid uuid: %s. To ensure interoperability, '
2026-03-05 07:51:05.885 7 INFO neutron.db.ovn_revision_numbers_db [None req-d6fb8b46-ab22-4f56-8aaa-7bd2e62a97c0 a4f11d7c7cd84549aa3c86897df4a054 e2382ef0b32549158a7fb771bef88d3c - - default default] Successfully bumped revision number for resource 1c1613ce-c397-4225-ade4-65b185de8d3b (type: ports) to 1 [pid: 8|app: 0|req: 1389/2809] 10.0.0.31 () {32 vars in 723 bytes} [Thu Mar 5 07:51:05 2026] DELETE /v2.0/routers/35a3697d-ffdb-4dcd-9f5a-d5b90f446919 => generated 0 bytes in 239 msecs (HTTP/1.1 204) 2 headers in 112 bytes (1 switches on core 0) [pid: 8|app: 0|req: 1390/2810] 10.0.0.175 () {28 vars in 591 bytes} [Thu Mar 5 07:51:06 2026] GET /v2.0/subnetpools => generated 19 bytes in 10 msecs (HTTP/1.1 200) 4 headers in 156 bytes (1 switches on core 0)
2026-03-05 07:51:06.167 8 INFO neutron.db.segments_db [None req-5f240ba0-f43a-4f9f-9889-3818f9ae6c3c 312895a56ba544e9a9164b7494afc360 91c02abc11ec42cda8477ddea5a45e38 - - default default] Added segment 80d5887c-5354-4b0d-b60b-b4abe1375d4e of type geneve for network e3928bde-565c-4cb9-8cea-17e39f0f2011
2026-03-05 07:51:06.283 8 INFO neutron.db.ovn_revision_numbers_db [None req-5f240ba0-f43a-4f9f-9889-3818f9ae6c3c 312895a56ba544e9a9164b7494afc360 91c02abc11ec42cda8477ddea5a45e38 - - default default] Successfully bumped revision number for resource e3928bde-565c-4cb9-8cea-17e39f0f2011 (type: networks) to 1
2026-03-05 07:51:06.458 8 WARNING neutron.scheduler.dhcp_agent_scheduler [None req-5f240ba0-f43a-4f9f-9889-3818f9ae6c3c 312895a56ba544e9a9164b7494afc360 91c02abc11ec42cda8477ddea5a45e38 - - default default] No more DHCP agents
2026-03-05 07:51:06.459 8 WARNING neutron.api.rpc.agentnotifiers.dhcp_rpc_agent_api [None req-5f240ba0-f43a-4f9f-9889-3818f9ae6c3c 312895a56ba544e9a9164b7494afc360 91c02abc11ec42cda8477ddea5a45e38 - - default default] Unable to schedule network e3928bde-565c-4cb9-8cea-17e39f0f2011: no agents available; will retry on subsequent port and subnet creation events.
2026-03-05 07:51:06.575 8 INFO neutron.db.ovn_revision_numbers_db [None req-5f240ba0-f43a-4f9f-9889-3818f9ae6c3c 312895a56ba544e9a9164b7494afc360 91c02abc11ec42cda8477ddea5a45e38 - - default default] Successfully bumped revision number for resource d40c0830-bf72-47da-9999-b9bf0dfdafdf (type: ports) to 1 [pid: 8|app: 0|req: 1391/2811] 10.0.0.31 () {34 vars in 669 bytes} [Thu Mar 5 07:51:06 2026] POST /v2.0/networks => generated 651 bytes in 528 msecs (HTTP/1.1 201) 4 headers in 162 bytes (1 switches on core 0)
2026-03-05 07:51:06.718 7 WARNING neutron.scheduler.dhcp_agent_scheduler [None req-d6fb8b46-ab22-4f56-8aaa-7bd2e62a97c0 a4f11d7c7cd84549aa3c86897df4a054 e2382ef0b32549158a7fb771bef88d3c - - default default] No more DHCP agents
2026-03-05 07:51:06.719 7 WARNING neutron.api.rpc.agentnotifiers.dhcp_rpc_agent_api [None req-d6fb8b46-ab22-4f56-8aaa-7bd2e62a97c0 a4f11d7c7cd84549aa3c86897df4a054 e2382ef0b32549158a7fb771bef88d3c - - default default] Unable to schedule network e98cfe7b-a8e8-4962-9233-cb734182901f: no agents available; will retry on subsequent port and subnet creation events. [pid: 8|app: 0|req: 1392/2812] 10.0.0.31 () {32 vars in 723 bytes} [Thu Mar 5 07:51:06 2026] DELETE /v2.0/subnets/ca62e425-a9b4-47a4-b79f-74bf6d8859dd => generated 0 bytes in 202 msecs (HTTP/1.1 204) 3 headers in 131 bytes (1 switches on core 0) [pid: 8|app: 0|req: 1393/2813] 10.0.0.175 () {28 vars in 599 bytes} [Thu Mar 5 07:51:06 2026] GET /v2.0/security-groups => generated 26117 bytes in 39 msecs (HTTP/1.1 200) 4 headers in 159 bytes (1 switches on core 0)
2026-03-05 07:51:07.025 8 WARNING neutron.scheduler.dhcp_agent_scheduler [None req-b906f5cb-1ebf-413d-819d-694bfb6e294f 312895a56ba544e9a9164b7494afc360 91c02abc11ec42cda8477ddea5a45e38 - - default default] No more DHCP agents
2026-03-05 07:51:07.027 8 WARNING neutron.api.rpc.agentnotifiers.dhcp_rpc_agent_api [None req-b906f5cb-1ebf-413d-819d-694bfb6e294f 312895a56ba544e9a9164b7494afc360 91c02abc11ec42cda8477ddea5a45e38 - - default default] Unable to schedule network e3928bde-565c-4cb9-8cea-17e39f0f2011: no agents available; will retry on subsequent port and subnet creation events.
2026-03-05 07:51:07.060 7 INFO neutron.db.ovn_revision_numbers_db [None req-d6fb8b46-ab22-4f56-8aaa-7bd2e62a97c0 a4f11d7c7cd84549aa3c86897df4a054 e2382ef0b32549158a7fb771bef88d3c - - default default] Successfully bumped revision number for resource 1c1613ce-c397-4225-ade4-65b185de8d3b (type: router_ports) to 1 [pid: 7|app: 0|req: 1421/2814] 10.0.0.31 () {34 vars in 782 bytes} [Thu Mar 5 07:51:05 2026] PUT /v2.0/routers/5b5c5abd-7192-4fa2-bd5c-b31d9817234f/add_router_interface => generated 309 bytes in 1880 msecs (HTTP/1.1 200) 4 headers in 157 bytes (1 switches on core 0)
2026-03-05 07:51:07.204 8 INFO neutron.db.ovn_revision_numbers_db [None req-b906f5cb-1ebf-413d-819d-694bfb6e294f 312895a56ba544e9a9164b7494afc360 91c02abc11ec42cda8477ddea5a45e38 - - default default] Successfully bumped revision number for resource d38b6151-ae8a-43f7-93f6-e43101420752 (type: ports) to 1
2026-03-05 07:51:07.235 7 INFO neutron_taas.services.taas.taas_plugin [None req-b6f8826d-c9c0-445a-b3fe-ef06bbcdb17b cc3c6953e7bc459a8bc20ca38f8a51f0 e94df9f7971c46e09f097dd9be974a46 - - default default] TaaS: Handle Delete Port: 80efc616-8345-4b1f-91e1-1cc274b43f7d
2026-03-05 07:51:07.239 7 INFO neutron_taas.services.taas.tap_mirror_plugin [None req-b6f8826d-c9c0-445a-b3fe-ef06bbcdb17b cc3c6953e7bc459a8bc20ca38f8a51f0 e94df9f7971c46e09f097dd9be974a46 - - default default] Tap Mirror: Handle Delete Port: 80efc616-8345-4b1f-91e1-1cc274b43f7d [pid: 8|app: 0|req: 1394/2815] 10.0.0.31 () {34 vars in 663 bytes} [Thu Mar 5 07:51:06 2026] POST /v2.0/ports => generated 743 bytes in 394 msecs (HTTP/1.1 201) 4 headers in 162 bytes (1 switches on core 0) /var/lib/openstack/lib/python3.12/site-packages/pycadf/identifier.py:70: UserWarning: Invalid uuid: neutron. To ensure interoperability, identifiers should be a valid uuid. warnings.warn(('Invalid uuid: %s. To ensure interoperability, ' [pid: 8|app: 0|req: 1395/2816] 10.0.0.175 () {28 vars in 581 bytes} [Thu Mar 5 07:51:07 2026] GET /v2.0/agents => generated 1214 bytes in 9 msecs (HTTP/1.1 200) 4 headers in 158 bytes (1 switches on core 0)
2026-03-05 07:51:07.424 7 INFO neutron.services.segments.plugin [-] Segment 13e67bd4-8a1d-4c66-b7ea-863d34f04742 resource provider aggregate not found
2026-03-05 07:51:07.429 7 INFO neutron.services.segments.plugin [-] Segment 13e67bd4-8a1d-4c66-b7ea-863d34f04742 resource provider aggregate not found
2026-03-05 07:51:07.443 7 INFO neutron.services.segments.plugin [-] Segment 13e67bd4-8a1d-4c66-b7ea-863d34f04742 resource provider not found; error: Placement Client Error (4xx): {"errors": [{"status": 404, "title": "Not Found", "detail": "The resource could not be found.\n\n No resource provider with uuid 13e67bd4-8a1d-4c66-b7ea-863d34f04742 found for delete ", "request_id": "req-e1195084-0688-4e43-beb0-b7741ceb2b57"}]}
2026-03-05 07:51:07.448 7 INFO neutron.services.segments.plugin [-] Segment 13e67bd4-8a1d-4c66-b7ea-863d34f04742 resource provider not found; error: Placement Client Error (4xx): {"errors": [{"status": 404, "title": "Not Found", "detail": "The resource could not be found.\n\n No resource provider with uuid 13e67bd4-8a1d-4c66-b7ea-863d34f04742 found for delete ", "request_id": "req-a8da7088-7a7e-40d7-ad89-e33aa6ad40e7"}]} [pid: 7|app: 0|req: 1422/2817] 10.0.0.31 () {32 vars in 725 bytes} [Thu Mar 5 07:51:07 2026] DELETE /v2.0/networks/6a33eff5-47f0-4389-a1f6-61c8fe666fb9 => generated 0 bytes in 419 msecs (HTTP/1.1 204) 3 headers in 131 bytes (1 switches on core 0)
2026-03-05 07:51:07.570 7 INFO neutron.db.segments_db [None req-c5a6a257-4bf0-4454-9f34-832c47b95933 312895a56ba544e9a9164b7494afc360 91c02abc11ec42cda8477ddea5a45e38 - - default default] Added segment 57051d64-e366-4ee5-8a9f-352d3d43ea38 of type geneve for network 53de723e-0f32-44ef-bc58-50a3fb269889
2026-03-05 07:51:07.675 7 INFO neutron.db.ovn_revision_numbers_db [None req-c5a6a257-4bf0-4454-9f34-832c47b95933 312895a56ba544e9a9164b7494afc360 91c02abc11ec42cda8477ddea5a45e38 - - default default] Successfully bumped revision number for resource 53de723e-0f32-44ef-bc58-50a3fb269889 (type: networks) to 1
2026-03-05 07:51:07.761 8 WARNING neutron.scheduler.dhcp_agent_scheduler [None req-cbaeedfa-e83b-4607-9fd2-f3b56b324929 a4f11d7c7cd84549aa3c86897df4a054 e2382ef0b32549158a7fb771bef88d3c - - default default] No more DHCP agents
2026-03-05 07:51:07.763 8 WARNING neutron.api.rpc.agentnotifiers.dhcp_rpc_agent_api [None req-cbaeedfa-e83b-4607-9fd2-f3b56b324929 a4f11d7c7cd84549aa3c86897df4a054 e2382ef0b32549158a7fb771bef88d3c - - default default] Unable to schedule network e064b7c3-7bfc-4835-b587-c7e732abb6ac: no agents available; will retry on subsequent port and subnet creation events.
2026-03-05 07:51:07.813 7 WARNING neutron.scheduler.dhcp_agent_scheduler [None req-c5a6a257-4bf0-4454-9f34-832c47b95933 312895a56ba544e9a9164b7494afc360 91c02abc11ec42cda8477ddea5a45e38 - - default default] No more DHCP agents
2026-03-05 07:51:07.814 7 WARNING neutron.api.rpc.agentnotifiers.dhcp_rpc_agent_api [None req-c5a6a257-4bf0-4454-9f34-832c47b95933 312895a56ba544e9a9164b7494afc360 91c02abc11ec42cda8477ddea5a45e38 - - default default] Unable to schedule network 53de723e-0f32-44ef-bc58-50a3fb269889: no agents available; will retry on subsequent port and subnet creation events.
2026-03-05 07:51:07.980 7 INFO neutron.db.ovn_revision_numbers_db [None req-c5a6a257-4bf0-4454-9f34-832c47b95933 312895a56ba544e9a9164b7494afc360 91c02abc11ec42cda8477ddea5a45e38 - - default default] Successfully bumped revision number for resource 15a362bf-96a6-4322-a877-0698c1886e0c (type: ports) to 1
2026-03-05 07:51:07.989 8 INFO neutron.db.ovn_revision_numbers_db [None req-cbaeedfa-e83b-4607-9fd2-f3b56b324929 a4f11d7c7cd84549aa3c86897df4a054 e2382ef0b32549158a7fb771bef88d3c - - default default] Successfully bumped revision number for resource 74fe9cb8-b4da-4f08-af14-1c43d65cdaf6 (type: ports) to 1 [pid: 7|app: 0|req: 1423/2818] 10.0.0.31 () {34 vars in 669 bytes} [Thu Mar 5 07:51:07 2026] POST /v2.0/networks => generated 650 bytes in 532 msecs (HTTP/1.1 201) 4 headers in 162 bytes (1 switches on core 0) [pid: 7|app: 0|req: 1424/2819] 10.0.0.175 () {28 vars in 591 bytes} [Thu Mar 5 07:51:08 2026] GET /v2.0/floatingips => generated 19 bytes in 41 msecs (HTTP/1.1 200) 4 headers in 156 bytes (1 switches on core 0)
2026-03-05 07:51:08.143 7 INFO neutron.db.segments_db [None req-fccb2dca-a3b1-4355-bda9-ca93c41a8704 cc3c6953e7bc459a8bc20ca38f8a51f0 e94df9f7971c46e09f097dd9be974a46 - - default default] Added segment 6d3f0827-d821-4b96-853d-aca71ca094d8 of type geneve for network 3dc079bf-7a4d-42ca-83c6-fb350f6b2f4b
2026-03-05 07:51:08.252 7 INFO neutron.db.ovn_revision_numbers_db [None req-fccb2dca-a3b1-4355-bda9-ca93c41a8704 cc3c6953e7bc459a8bc20ca38f8a51f0 e94df9f7971c46e09f097dd9be974a46 - - default default] Successfully bumped revision number for resource 3dc079bf-7a4d-42ca-83c6-fb350f6b2f4b (type: networks) to 1
2026-03-05 07:51:08.401 7 WARNING neutron.scheduler.dhcp_agent_scheduler [None req-fccb2dca-a3b1-4355-bda9-ca93c41a8704 cc3c6953e7bc459a8bc20ca38f8a51f0 e94df9f7971c46e09f097dd9be974a46 - - default default] No more DHCP agents
2026-03-05 07:51:08.402 7 WARNING neutron.api.rpc.agentnotifiers.dhcp_rpc_agent_api [None req-fccb2dca-a3b1-4355-bda9-ca93c41a8704 cc3c6953e7bc459a8bc20ca38f8a51f0 e94df9f7971c46e09f097dd9be974a46 - - default default] Unable to schedule network 3dc079bf-7a4d-42ca-83c6-fb350f6b2f4b: no agents available; will retry on subsequent port and subnet creation events.
2026-03-05 07:51:08.506 7 INFO neutron.db.ovn_revision_numbers_db [None req-fccb2dca-a3b1-4355-bda9-ca93c41a8704 cc3c6953e7bc459a8bc20ca38f8a51f0 e94df9f7971c46e09f097dd9be974a46 - - default default] Successfully bumped revision number for resource 74ca7ce7-6bfe-4d3d-83bd-f88232a7904a (type: ports) to 1 [pid: 7|app: 0|req: 1425/2820] 10.0.0.31 () {34 vars in 669 bytes} [Thu Mar 5 07:51:08 2026] POST /v2.0/networks => generated 648 bytes in 463 msecs (HTTP/1.1 201) 4 headers in 162 bytes (1 switches on core 0)
2026-03-05 07:51:08.722 7 WARNING neutron.scheduler.dhcp_agent_scheduler [None req-1090c20b-9fcd-4968-9d80-82213bc24f17 312895a56ba544e9a9164b7494afc360 91c02abc11ec42cda8477ddea5a45e38 - - default default] No more DHCP agents
2026-03-05 07:51:08.723 7 WARNING neutron.api.rpc.agentnotifiers.dhcp_rpc_agent_api [None req-1090c20b-9fcd-4968-9d80-82213bc24f17 312895a56ba544e9a9164b7494afc360 91c02abc11ec42cda8477ddea5a45e38 - - default default] Unable to schedule network 53de723e-0f32-44ef-bc58-50a3fb269889: no agents available; will retry on subsequent port and subnet creation events.
2026-03-05 07:51:08.885 7 INFO neutron.db.ovn_revision_numbers_db [None req-1090c20b-9fcd-4968-9d80-82213bc24f17 312895a56ba544e9a9164b7494afc360 91c02abc11ec42cda8477ddea5a45e38 - - default default] Successfully bumped revision number for resource 84dd1d8a-bae5-4d9b-9905-0c6c04408f84 (type: ports) to 1
2026-03-05 07:51:08.914 8 WARNING neutron.scheduler.dhcp_agent_scheduler [None req-cbaeedfa-e83b-4607-9fd2-f3b56b324929 a4f11d7c7cd84549aa3c86897df4a054 e2382ef0b32549158a7fb771bef88d3c - - default default] No more DHCP agents
2026-03-05 07:51:08.915 8 WARNING neutron.api.rpc.agentnotifiers.dhcp_rpc_agent_api [None req-cbaeedfa-e83b-4607-9fd2-f3b56b324929 a4f11d7c7cd84549aa3c86897df4a054 e2382ef0b32549158a7fb771bef88d3c - - default default] Unable to schedule network e064b7c3-7bfc-4835-b587-c7e732abb6ac: no agents available; will retry on subsequent port and subnet creation events. [pid: 7|app: 0|req: 1426/2821] 10.0.0.31 () {34 vars in 663 bytes} [Thu Mar 5 07:51:08 2026] POST /v2.0/ports => generated 743 bytes in 408 msecs (HTTP/1.1 201) 4 headers in 162 bytes (1 switches on core 0) /var/lib/openstack/lib/python3.12/site-packages/pycadf/identifier.py:70: UserWarning: Invalid uuid: neutron. To ensure interoperability, identifiers should be a valid uuid. warnings.warn(('Invalid uuid: %s. To ensure interoperability, ' [pid: 7|app: 0|req: 1427/2822] 10.0.0.175 () {28 vars in 585 bytes} [Thu Mar 5 07:51:08 2026] GET /v2.0/networks => generated 9232 bytes in 75 msecs (HTTP/1.1 200) 4 headers in 158 bytes (1 switches on core 0)
2026-03-05 07:51:09.147 7 WARNING neutron.scheduler.dhcp_agent_scheduler [None req-4707b374-2da5-41c2-8708-243f8f989dec cc3c6953e7bc459a8bc20ca38f8a51f0 e94df9f7971c46e09f097dd9be974a46 - - default default] No more DHCP agents
2026-03-05 07:51:09.148 7 WARNING neutron.api.rpc.agentnotifiers.dhcp_rpc_agent_api [None req-4707b374-2da5-41c2-8708-243f8f989dec cc3c6953e7bc459a8bc20ca38f8a51f0 e94df9f7971c46e09f097dd9be974a46 - - default default] Unable to schedule network 3dc079bf-7a4d-42ca-83c6-fb350f6b2f4b: no agents available; will retry on subsequent port and subnet creation events.
2026-03-05 07:51:09.301 8 INFO neutron.db.ovn_revision_numbers_db [None req-cbaeedfa-e83b-4607-9fd2-f3b56b324929 a4f11d7c7cd84549aa3c86897df4a054 e2382ef0b32549158a7fb771bef88d3c - - default default] Successfully bumped revision number for resource 74fe9cb8-b4da-4f08-af14-1c43d65cdaf6 (type: router_ports) to 1 [pid: 8|app: 0|req: 1396/2823] 10.0.0.31 () {34 vars in 782 bytes} [Thu Mar 5 07:51:07 2026] PUT /v2.0/routers/5b5c5abd-7192-4fa2-bd5c-b31d9817234f/add_router_interface => generated 309 bytes in 2053 msecs (HTTP/1.1 200) 4 headers in 157 bytes (1 switches on core 0) [pid: 8|app: 0|req: 1397/2824] 10.0.0.31 () {34 vars in 746 bytes} [Thu Mar 5 07:51:09 2026] PUT /v2.0/ports/86596e74-332d-483f-9c8a-5119830b5366/tags => generated 17 bytes in 56 msecs (HTTP/1.1 200) 4 headers in 156 bytes (1 switches on core 0) /var/lib/openstack/lib/python3.12/site-packages/pycadf/identifier.py:70: UserWarning: Invalid uuid: neutron. To ensure interoperability, identifiers should be a valid uuid. warnings.warn(('Invalid uuid: %s. To ensure interoperability, ' [pid: 8|app: 0|req: 1398/2825] 10.0.0.175 () {28 vars in 583 bytes} [Thu Mar 5 07:51:09 2026] GET /v2.0/subnets => generated 6145 bytes in 44 msecs (HTTP/1.1 200) 4 headers in 158 bytes (1 switches on core 0)
2026-03-05 07:51:09.543 8 INFO neutron.db.ovn_revision_numbers_db [None req-09137770-6361-48d6-a1cf-ccceb2dfcfcf a4f11d7c7cd84549aa3c86897df4a054 e2382ef0b32549158a7fb771bef88d3c - - default default] Successfully bumped revision number for resource 3cf6041c-578d-44df-ad00-c21b5f8c0c2a (type: security_groups) to 1
2026-03-05 07:51:09.554 8 INFO neutron.db.ovn_revision_numbers_db [None req-09137770-6361-48d6-a1cf-ccceb2dfcfcf a4f11d7c7cd84549aa3c86897df4a054 e2382ef0b32549158a7fb771bef88d3c - - default default] Successfully bumped revision number for resource a3101ab5-b634-40b7-a102-405e704e1fc4 (type: security_group_rules) to 0
2026-03-05 07:51:09.565 8 INFO neutron.db.ovn_revision_numbers_db [None req-09137770-6361-48d6-a1cf-ccceb2dfcfcf a4f11d7c7cd84549aa3c86897df4a054 e2382ef0b32549158a7fb771bef88d3c - - default default] Successfully bumped revision number for resource e979a496-93d8-4be7-a0e7-94ec9dc6154d (type: security_group_rules) to 0 [pid: 8|app: 0|req: 1399/2826] 10.0.0.31 () {34 vars in 683 bytes} [Thu Mar 5 07:51:09 2026] POST /v2.0/security-groups => generated 1630 bytes in 191 msecs (HTTP/1.1 201) 4 headers in 163 bytes (1 switches on core 0)
2026-03-05 07:51:09.672 7 INFO neutron.db.ovn_revision_numbers_db [None req-8801fd41-637a-4793-ade6-f0305e659573 - - - - - -] Successfully bumped revision number for resource 74ca7ce7-6bfe-4d3d-83bd-f88232a7904a (type: ports) to 2
2026-03-05 07:51:09.697 7 INFO neutron.db.ovn_revision_numbers_db [None req-8801fd41-637a-4793-ade6-f0305e659573 - - - - - -] Successfully bumped revision number for resource 0310981f-6121-431f-a233-7f06951408a1 (type: subnets) to 0 [pid: 8|app: 0|req: 1400/2827] 10.0.0.31 () {34 vars in 746 bytes} [Thu Mar 5 07:51:09 2026] PUT /v2.0/ports/ab531683-461a-4abc-a464-c62a6228a13b/tags => generated 25 bytes in 98 msecs (HTTP/1.1 200) 4 headers in 156 bytes (1 switches on core 0) /var/lib/openstack/lib/python3.12/site-packages/pycadf/identifier.py:70: UserWarning: Invalid uuid: neutron. To ensure interoperability, identifiers should be a valid uuid. warnings.warn(('Invalid uuid: %s. To ensure interoperability, ' [pid: 7|app: 0|req: 1428/2828] 10.0.0.31 () {34 vars in 668 bytes} [Thu Mar 5 07:51:09 2026] POST /v2.0/subnets => generated 626 bytes in 702 msecs (HTTP/1.1 201) 4 headers in 162 bytes (1 switches on core 0) [pid: 8|app: 0|req: 1401/2829] 10.0.0.175 () {28 vars in 619 bytes} [Thu Mar 5 07:51:09 2026] GET /v2.0/network-ip-availabilities => generated 4935 bytes in 20 msecs (HTTP/1.1 200) 4 headers in 158 bytes (1 switches on core 0) [pid: 8|app: 0|req: 1402/2830] 10.0.0.31 () {34 vars in 746 bytes} [Thu Mar 5 07:51:09 2026] PUT /v2.0/ports/134bbb9b-04b3-4b62-9180-675f95c5a06c/tags => generated 34 bytes in 68 msecs (HTTP/1.1 200) 4 headers in 156 bytes (1 switches on core 0) /var/lib/openstack/lib/python3.12/site-packages/pycadf/identifier.py:70: UserWarning: Invalid uuid: neutron. To ensure interoperability, identifiers should be a valid uuid. warnings.warn(('Invalid uuid: %s. To ensure interoperability, '
2026-03-05 07:51:09.842 7 INFO neutron.db.ovn_revision_numbers_db [None req-ace55b06-d432-487d-b1b0-0745fa6d7139 a4f11d7c7cd84549aa3c86897df4a054 e2382ef0b32549158a7fb771bef88d3c - - default default] Successfully bumped revision number for resource f7954d2a-1c5f-4b07-9ab6-88c3d9479112 (type: security_group_rules) to 0 [pid: 7|app: 0|req: 1429/2831] 10.0.0.31 () {34 vars in 694 bytes} [Thu Mar 5 07:51:09 2026] POST /v2.0/security-group-rules => generated 597 bytes in 166 msecs (HTTP/1.1 201) 4 headers in 162 bytes (1 switches on core 0)
2026-03-05 07:51:09.928 8 INFO neutron.db.ovn_revision_numbers_db [None req-a5448eee-589f-4013-9360-70377a0e4dd7 cc3c6953e7bc459a8bc20ca38f8a51f0 e94df9f7971c46e09f097dd9be974a46 - - default default] Successfully bumped revision number for resource bf6a712f-090c-4af6-a9d6-e1dafe49aa81 (type: routers) to 1 [pid: 8|app: 0|req: 1403/2832] 10.0.0.31 () {34 vars in 668 bytes} [Thu Mar 5 07:51:09 2026] POST /v2.0/routers => generated 602 bytes in 159 msecs (HTTP/1.1 201) 4 headers in 162 bytes (1 switches on core 0) [pid: 8|app: 0|req: 1404/2833] 10.0.0.31 () {34 vars in 746 bytes} [Thu Mar 5 07:51:09 2026] PUT /v2.0/ports/d38b6151-ae8a-43f7-93f6-e43101420752/tags => generated 19 bytes in 60 msecs (HTTP/1.1 200) 4 headers in 156 bytes (1 switches on core 0) /var/lib/openstack/lib/python3.12/site-packages/pycadf/identifier.py:70: UserWarning: Invalid uuid: neutron. To ensure interoperability, identifiers should be a valid uuid. warnings.warn(('Invalid uuid: %s. To ensure interoperability, ' [pid: 7|app: 0|req: 1430/2834] 10.0.0.175 () {28 vars in 579 bytes} [Thu Mar 5 07:51:09 2026] GET /v2.0/ports => generated 22299 bytes in 162 msecs (HTTP/1.1 200) 4 headers in 159 bytes (1 switches on core 0)
2026-03-05 07:51:10.156 8 INFO neutron.db.ovn_revision_numbers_db [None req-3558aa9b-4a43-43f5-a272-c69cea63f895 a4f11d7c7cd84549aa3c86897df4a054 e2382ef0b32549158a7fb771bef88d3c - - default default] Successfully bumped revision number for resource 28646d17-5714-49a7-a8b8-34c51a0999cf (type: security_group_rules) to 0 [pid: 8|app: 0|req: 1405/2835] 10.0.0.31 () {34 vars in 694 bytes} [Thu Mar 5 07:51:10 2026] POST /v2.0/security-group-rules => generated 597 bytes in 180 msecs (HTTP/1.1 201) 4 headers in 162 bytes (1 switches on core 0) [pid: 8|app: 0|req: 1406/2836] 10.0.0.31 () {32 vars in 659 bytes} [Thu Mar 5 07:51:10 2026] GET /v2.0/ports?tags=red => generated 2253 bytes in 118 msecs (HTTP/1.1 200) 4 headers in 158 bytes (1 switches on core 0)
2026-03-05 07:51:10.414 7 WARNING neutron.scheduler.dhcp_agent_scheduler [None req-f3de0bef-f52e-4f19-98ba-ca7b6995194e cc3c6953e7bc459a8bc20ca38f8a51f0 e94df9f7971c46e09f097dd9be974a46 - - default default] No more DHCP agents
2026-03-05 07:51:10.416 7 WARNING neutron.api.rpc.agentnotifiers.dhcp_rpc_agent_api [None req-f3de0bef-f52e-4f19-98ba-ca7b6995194e cc3c6953e7bc459a8bc20ca38f8a51f0 e94df9f7971c46e09f097dd9be974a46 - - default default] Unable to schedule network 3dc079bf-7a4d-42ca-83c6-fb350f6b2f4b: no agents available; will retry on subsequent port and subnet creation events.
2026-03-05 07:51:10.453 8 INFO neutron.db.ovn_revision_numbers_db [None req-5378a4a6-5207-4b0c-85cf-83c27a72896b a4f11d7c7cd84549aa3c86897df4a054 e2382ef0b32549158a7fb771bef88d3c - - default default] Successfully bumped revision number for resource 3ff275de-fb57-4a35-8cbb-ff7806385c83 (type: security_group_rules) to 0 [pid: 8|app: 0|req: 1407/2837] 10.0.0.31 () {34 vars in 694 bytes} [Thu Mar 5 07:51:10 2026] POST /v2.0/security-group-rules => generated 599 bytes in 176 msecs (HTTP/1.1 201) 4 headers in 162 bytes (1 switches on core 0) [pid: 8|app: 0|req: 1408/2838] 10.0.0.31 () {32 vars in 673 bytes} [Thu Mar 5 07:51:10 2026] GET /v2.0/ports?tags=red%2Cblue => generated 1513 bytes in 92 msecs (HTTP/1.1 200) 4 headers in 158 bytes (1 switches on core 0)
2026-03-05 07:51:10.589 7 INFO neutron.db.ovn_revision_numbers_db [None req-f3de0bef-f52e-4f19-98ba-ca7b6995194e cc3c6953e7bc459a8bc20ca38f8a51f0 e94df9f7971c46e09f097dd9be974a46 - - default default] Successfully bumped revision number for resource 86f8a599-5424-4f1c-b0f1-d5917590b829 (type: ports) to 1
2026-03-05 07:51:10.731 8 INFO neutron.db.ovn_revision_numbers_db [None req-14c94357-aba7-4626-ac0b-b63c3c37a78b a4f11d7c7cd84549aa3c86897df4a054 e2382ef0b32549158a7fb771bef88d3c - - default default] Successfully bumped revision number for resource 15e0212f-857f-4ca4-95af-ff0a1c74f0c8 (type: security_group_rules) to 0 [pid: 8|app: 0|req: 1409/2839] 10.0.0.31 () {34 vars in 694 bytes} [Thu Mar 5 07:51:10 2026] POST /v2.0/security-group-rules => generated 601 bytes in 185 msecs (HTTP/1.1 201) 4 headers in 162 bytes (1 switches on core 0)
2026-03-05 07:51:10.831 8 WARNING neutron.plugins.ml2.drivers.ovn.mech_driver.ovsdb.ovn_client [None req-76f3c20e-344d-4ca0-b54b-2d362684bcff - - - - - -] No hosting information found for port 00f3d209-d4e5-4fad-acfa-4d213ff1d0fe: RuntimeError: No hosting information found for port 00f3d209-d4e5-4fad-acfa-4d213ff1d0fe
2026-03-05 07:51:10.832 8 INFO neutron.plugins.ml2.drivers.ovn.mech_driver.mech_driver [None req-76f3c20e-344d-4ca0-b54b-2d362684bcff - - - - - -] OVN reports status down for port: ab531683-461a-4abc-a464-c62a6228a13b [pid: 8|app: 0|req: 1410/2840] 10.0.0.31 () {32 vars in 669 bytes} [Thu Mar 5 07:51:10 2026] GET /v2.0/ports?tags-any=blue => generated 1513 bytes in 117 msecs (HTTP/1.1 200) 4 headers in 158 bytes (1 switches on core 0)
2026-03-05 07:51:11.103 8 INFO neutron.db.ovn_revision_numbers_db [None req-76f3c20e-344d-4ca0-b54b-2d362684bcff - - - - - -] Successfully bumped revision number for resource 00f3d209-d4e5-4fad-acfa-4d213ff1d0fe (type: router_ports) to 2
2026-03-05 07:51:11.103 8 INFO neutron.plugins.ml2.drivers.ovn.mech_driver.mech_driver [None req-76f3c20e-344d-4ca0-b54b-2d362684bcff - - - - - -] OVN reports status down for port: dbdabcca-8c2a-469a-a913-0797568bb09d
2026-03-05 07:51:11.157 8 INFO neutron.db.ovn_revision_numbers_db [None req-694e6a29-a06d-4160-a8f3-a6641f63af37 a4f11d7c7cd84549aa3c86897df4a054 e2382ef0b32549158a7fb771bef88d3c - - default default] Successfully bumped revision number for resource c94bdeda-49da-4a60-89fa-ba3fc6894ecf (type: security_group_rules) to 0
2026-03-05 07:51:11.193 7 WARNING neutron.scheduler.dhcp_agent_scheduler [None req-f3de0bef-f52e-4f19-98ba-ca7b6995194e cc3c6953e7bc459a8bc20ca38f8a51f0 e94df9f7971c46e09f097dd9be974a46 - - default default] No more DHCP agents
2026-03-05 07:51:11.194 7 WARNING neutron.api.rpc.agentnotifiers.dhcp_rpc_agent_api [None req-f3de0bef-f52e-4f19-98ba-ca7b6995194e cc3c6953e7bc459a8bc20ca38f8a51f0 e94df9f7971c46e09f097dd9be974a46 - - default default] Unable to schedule network 3dc079bf-7a4d-42ca-83c6-fb350f6b2f4b: no agents available; will retry on subsequent port and subnet creation events. [pid: 8|app: 0|req: 1411/2841] 10.0.0.31 () {34 vars in 694 bytes} [Thu Mar 5 07:51:10 2026] POST /v2.0/security-group-rules => generated 601 bytes in 328 msecs (HTTP/1.1 201) 4 headers in 162 bytes (1 switches on core 0) [pid: 8|app: 0|req: 1412/2842] 10.0.0.31 () {32 vars in 681 bytes} [Thu Mar 5 07:51:11 2026] GET /v2.0/ports?tags-any=red%2Cblue => generated 2253 bytes in 86 msecs (HTTP/1.1 200) 4 headers in 158 bytes (1 switches on core 0)
2026-03-05 07:51:11.310 8 INFO neutron.plugins.ml2.drivers.ovn.mech_driver.mech_driver [None req-76f3c20e-344d-4ca0-b54b-2d362684bcff - - - - - -] OVN reports status down for port: 134bbb9b-04b3-4b62-9180-675f95c5a06c
2026-03-05 07:51:11.380 7 INFO neutron.db.ovn_revision_numbers_db [None req-f3de0bef-f52e-4f19-98ba-ca7b6995194e cc3c6953e7bc459a8bc20ca38f8a51f0 e94df9f7971c46e09f097dd9be974a46 - - default default] Successfully bumped revision number for resource 86f8a599-5424-4f1c-b0f1-d5917590b829 (type: router_ports) to 1 [pid: 7|app: 0|req: 1431/2843] 10.0.0.31 () {34 vars in 782 bytes} [Thu Mar 5 07:51:10 2026] PUT /v2.0/routers/bf6a712f-090c-4af6-a9d6-e1dafe49aa81/add_router_interface => generated 309 bytes in 1344 msecs (HTTP/1.1 200) 4 headers in 157 bytes (1 switches on core 0)
2026-03-05 07:51:11.515 8 INFO neutron.plugins.ml2.drivers.ovn.mech_driver.mech_driver [None req-76f3c20e-344d-4ca0-b54b-2d362684bcff - - - - - -] OVN reports status down for port: 1c1613ce-c397-4225-ade4-65b185de8d3b
2026-03-05 07:51:11.610 8 WARNING neutron.plugins.ml2.drivers.ovn.mech_driver.ovsdb.ovn_client [None req-76f3c20e-344d-4ca0-b54b-2d362684bcff - - - - - -] Logical_Switch_Port %s host information not removed, the port state is up
2026-03-05 07:51:11.611 8 INFO neutron.plugins.ml2.drivers.ovn.mech_driver.mech_driver [None req-76f3c20e-344d-4ca0-b54b-2d362684bcff - - - - - -] OVN reports status down for port: d40c0830-bf72-47da-9999-b9bf0dfdafdf [pid: 7|app: 0|req: 1432/2844] 10.0.0.31 () {32 vars in 667 bytes} [Thu Mar 5 07:51:11 2026] GET /v2.0/ports?not-tags=red => generated 5268 bytes in 226 msecs (HTTP/1.1 200) 4 headers in 158 bytes (1 switches on core 0)
2026-03-05 07:51:11.636 8 INFO neutron.db.ovn_revision_numbers_db [None req-c3718294-16cb-4224-937d-b1a4358daf12 a4f11d7c7cd84549aa3c86897df4a054 e2382ef0b32549158a7fb771bef88d3c - - default default] Successfully bumped revision number for resource bffc8d4a-19b4-45d2-9247-2671cd25f154 (type: security_group_rules) to 0 [pid: 7|app: 0|req: 1433/2845] 10.0.0.31 () {32 vars in 716 bytes} [Thu Mar 5 07:51:11 2026] GET /v2.0/ports/86f8a599-5424-4f1c-b0f1-d5917590b829 => generated 941 bytes in 37 msecs (HTTP/1.1 200) 4 headers in 157 bytes (1 switches on core 0) [pid: 8|app: 0|req: 1413/2846] 10.0.0.31 () {34 vars in 694 bytes} [Thu Mar 5 07:51:11 2026] POST /v2.0/security-group-rules => generated 597 bytes in 391 msecs (HTTP/1.1 201) 4 headers in 162 bytes (1 switches on core 0)
2026-03-05 07:51:11.720 8 INFO neutron.plugins.ml2.drivers.ovn.mech_driver.mech_driver [None req-76f3c20e-344d-4ca0-b54b-2d362684bcff - - - - - -] OVN reports status up for port: 1c1613ce-c397-4225-ade4-65b185de8d3b [pid: 7|app: 0|req: 1434/2847] 10.0.0.31 () {32 vars in 681 bytes} [Thu Mar 5 07:51:11 2026] GET /v2.0/ports?not-tags=red%2Cblue => generated 6008 bytes in 98 msecs (HTTP/1.1 200) 4 headers in 158 bytes (1 switches on core 0)
2026-03-05 07:51:11.760 8 INFO neutron.plugins.ml2.plugin [None req-76f3c20e-344d-4ca0-b54b-2d362684bcff - - - - - -] Attempt 1 to provision port 1c1613ce-c397-4225-ade4-65b185de8d3b [pid: 8|app: 0|req: 1414/2848] 10.0.0.31 () {32 vars in 716 bytes} [Thu Mar 5 07:51:11 2026] GET /v2.0/ports/86f8a599-5424-4f1c-b0f1-d5917590b829 => generated 941 bytes in 138 msecs (HTTP/1.1 200) 4 headers in 157 bytes (1 switches on core 0)
2026-03-05 07:51:11.932 7 INFO neutron.db.ovn_revision_numbers_db [None req-0c63e0d9-9cd7-41a3-88b6-b93897be550b a4f11d7c7cd84549aa3c86897df4a054 e2382ef0b32549158a7fb771bef88d3c - - default default] Successfully bumped revision number for resource 91342708-0728-40af-aa35-426a64bb410d (type: security_group_rules) to 0 [pid: 7|app: 0|req: 1435/2849] 10.0.0.31 () {34 vars in 694 bytes} [Thu Mar 5 07:51:11 2026] POST /v2.0/security-group-rules => generated 597 bytes in 216 msecs (HTTP/1.1 201) 4 headers in 162 bytes (1 switches on core 0) [pid: 8|app: 0|req: 1415/2850] 10.0.0.31 () {32 vars in 677 bytes} [Thu Mar 5 07:51:11 2026] GET /v2.0/ports?not-tags-any=blue => generated 6008 bytes in 248 msecs (HTTP/1.1 200) 4 headers in 158 bytes (1 switches on core 0)
2026-03-05 07:51:12.137 7 INFO neutron.db.ovn_revision_numbers_db [None req-373caedc-1b1c-4102-bb80-a0aa63f39c90 a4f11d7c7cd84549aa3c86897df4a054 e2382ef0b32549158a7fb771bef88d3c - - default default] Successfully bumped revision number for resource 19a57906-abd9-4327-a744-f73abe0766f2 (type: security_group_rules) to 0 [pid: 7|app: 0|req: 1436/2851] 10.0.0.31 () {34 vars in 694 bytes} [Thu Mar 5 07:51:11 2026] POST /v2.0/security-group-rules => generated 597 bytes in 201 msecs (HTTP/1.1 201) 4 headers in 162 bytes (1 switches on core 0) [pid: 8|app: 0|req: 1416/2852] 10.0.0.31 () {32 vars in 689 bytes} [Thu Mar 5 07:51:12 2026] GET /v2.0/ports?not-tags-any=red%2Cblue => generated 5268 bytes in 133 msecs (HTTP/1.1 200) 4 headers in 158 bytes (1 switches on core 0)
2026-03-05 07:51:12.362 7 INFO neutron.db.ovn_revision_numbers_db [None req-a2f68cf3-da74-4f76-803d-af08a57bfb99 a4f11d7c7cd84549aa3c86897df4a054 e2382ef0b32549158a7fb771bef88d3c - - default default] Successfully bumped revision number for resource b2193d57-786b-429c-a4c4-1c92c7711c9e (type: security_group_rules) to 0 [pid: 7|app: 0|req: 1437/2853] 10.0.0.31 () {34 vars in 694 bytes} [Thu Mar 5 07:51:12 2026] POST /v2.0/security-group-rules => generated 599 bytes in 219 msecs (HTTP/1.1 201) 4 headers in 162 bytes (1 switches on core 0)
2026-03-05 07:51:12.529 8 INFO neutron_taas.services.taas.taas_plugin [None req-c5d5ccbb-73cc-4519-a0b3-6aa47c4b5d94 312895a56ba544e9a9164b7494afc360 91c02abc11ec42cda8477ddea5a45e38 - - default default] TaaS: Handle Delete Port: 86596e74-332d-483f-9c8a-5119830b5366
2026-03-05 07:51:12.536 8 INFO neutron_taas.services.taas.tap_mirror_plugin [None req-c5d5ccbb-73cc-4519-a0b3-6aa47c4b5d94 312895a56ba544e9a9164b7494afc360 91c02abc11ec42cda8477ddea5a45e38 - - default default] Tap Mirror: Handle Delete Port: 86596e74-332d-483f-9c8a-5119830b5366
2026-03-05 07:51:12.576 8 INFO neutron.db.ovn_revision_numbers_db [None req-76f3c20e-344d-4ca0-b54b-2d362684bcff - - - - - -] Successfully bumped revision number for resource 1c1613ce-c397-4225-ade4-65b185de8d3b (type: ports) to 2
2026-03-05 07:51:12.614 7 INFO neutron.db.ovn_revision_numbers_db [None req-8c8f894f-2217-485e-a481-4c5d9b3fb63a a4f11d7c7cd84549aa3c86897df4a054 e2382ef0b32549158a7fb771bef88d3c - - default default] Successfully bumped revision number for resource 73e06e83-b544-4a96-bb35-7e9d4c6a5db8 (type: security_group_rules) to 0 [pid: 7|app: 0|req: 1438/2854] 10.0.0.31 () {34 vars in 694 bytes} [Thu Mar 5 07:51:12 2026] POST /v2.0/security-group-rules => generated 601 bytes in 238 msecs (HTTP/1.1 201) 4 headers in 162 bytes (1 switches on core 0) [pid: 8|app: 0|req: 1417/2855] 10.0.0.31 () {32 vars in 719 bytes} [Thu Mar 5 07:51:12 2026] DELETE /v2.0/ports/86596e74-332d-483f-9c8a-5119830b5366 => generated 0 bytes in 573 msecs (HTTP/1.1 204) 3 headers in 131 bytes (1 switches on core 0)
2026-03-05 07:51:12.865 7 INFO neutron.db.ovn_revision_numbers_db [None req-8948c3ea-df84-4794-8e51-86d0bbc9d732 a4f11d7c7cd84549aa3c86897df4a054 e2382ef0b32549158a7fb771bef88d3c - - default default] Successfully bumped revision number for resource 1674686e-9765-41de-b058-3139abc8b613 (type: security_group_rules) to 0 [pid: 7|app: 0|req: 1439/2856] 10.0.0.31 () {34 vars in 694 bytes} [Thu Mar 5 07:51:12 2026] POST /v2.0/security-group-rules => generated 597 bytes in 247 msecs (HTTP/1.1 201) 4 headers in 162 bytes (1 switches on core 0)
2026-03-05 07:51:12.915 8 INFO neutron_taas.services.taas.taas_plugin [None req-24946a02-c277-49fd-896c-84c9b68188dd 312895a56ba544e9a9164b7494afc360 91c02abc11ec42cda8477ddea5a45e38 - - default default] TaaS: Handle Delete Port: ab531683-461a-4abc-a464-c62a6228a13b
2026-03-05 07:51:12.917 8 INFO neutron_taas.services.taas.tap_mirror_plugin [None req-24946a02-c277-49fd-896c-84c9b68188dd 312895a56ba544e9a9164b7494afc360 91c02abc11ec42cda8477ddea5a45e38 - - default default] Tap Mirror: Handle Delete Port: ab531683-461a-4abc-a464-c62a6228a13b [pid: 7|app: 0|req: 1440/2857] 10.0.0.31 () {32 vars in 716 bytes} [Thu Mar 5 07:51:12 2026] GET /v2.0/ports/86f8a599-5424-4f1c-b0f1-d5917590b829 => generated 941 bytes in 42 msecs (HTTP/1.1 200) 4 headers in 157 bytes (1 switches on core 0) [pid: 8|app: 0|req: 1418/2858] 10.0.0.31 () {32 vars in 719 bytes} [Thu Mar 5 07:51:12 2026] DELETE /v2.0/ports/ab531683-461a-4abc-a464-c62a6228a13b => generated 0 bytes in 268 msecs (HTTP/1.1 204) 3 headers in 131 bytes (1 switches on core 0) [pid: 8|app: 0|req: 1419/2859] 10.0.0.153 () {34 vars in 1096 bytes} [Thu Mar 5 07:51:13 2026] GET /v2.0/security-groups?name=tempest-lb_member_SG-1347614015&fields=id&tenant_id=e2382ef0b32549158a7fb771bef88d3c => generated 69 bytes in 37 msecs (HTTP/1.1 200) 4 headers in 156 bytes (1 switches on core 0) [pid: 8|app: 0|req: 1420/2860] 10.0.0.153 () {34 vars in 982 bytes} [Thu Mar 5 07:51:13 2026] GET /v2.0/networks?id=e98cfe7b-a8e8-4962-9233-cb734182901f => generated 743 bytes in 42 msecs (HTTP/1.1 200) 4 headers in 157 bytes (1 switches on core 0) [pid: 8|app: 0|req: 1421/2861] 10.0.0.153 () {34 vars in 965 bytes} [Thu Mar 5 07:51:13 2026] GET /v2.0/quotas/e2382ef0b32549158a7fb771bef88d3c => generated 292 bytes in 10 msecs (HTTP/1.1 200) 4 headers in 157 bytes (1 switches on core 0)
2026-03-05 07:51:13.201 7 INFO neutron_taas.services.taas.taas_plugin [None req-8c1be521-5de9-4d39-931c-7fbe1b0e493c 312895a56ba544e9a9164b7494afc360 91c02abc11ec42cda8477ddea5a45e38 - - default default] TaaS: Handle Delete Port: 134bbb9b-04b3-4b62-9180-675f95c5a06c
2026-03-05 07:51:13.205 7 INFO neutron_taas.services.taas.tap_mirror_plugin [None req-8c1be521-5de9-4d39-931c-7fbe1b0e493c 312895a56ba544e9a9164b7494afc360 91c02abc11ec42cda8477ddea5a45e38 - - default default] Tap Mirror: Handle Delete Port: 134bbb9b-04b3-4b62-9180-675f95c5a06c [pid: 7|app: 0|req: 1441/2862] 10.0.0.31 () {32 vars in 719 bytes} [Thu Mar 5 07:51:13 2026] DELETE /v2.0/ports/134bbb9b-04b3-4b62-9180-675f95c5a06c => generated 0 bytes in 290 msecs (HTTP/1.1 204) 3 headers in 131 bytes (1 switches on core 0) [pid: 8|app: 0|req: 1422/2863] 10.0.0.153 () {34 vars in 1002 bytes} [Thu Mar 5 07:51:13 2026] GET /v2.0/ports?tenant_id=e2382ef0b32549158a7fb771bef88d3c&fields=id => generated 287 bytes in 207 msecs (HTTP/1.1 200) 4 headers in 157 bytes (1 switches on core 0)
2026-03-05 07:51:13.477 7 INFO neutron_taas.services.taas.taas_plugin [None req-e313ae58-59d2-4b0c-8717-9eb6035b2d9f 312895a56ba544e9a9164b7494afc360 91c02abc11ec42cda8477ddea5a45e38 - - default default] TaaS: Handle Delete Port: d38b6151-ae8a-43f7-93f6-e43101420752
2026-03-05 07:51:13.480 7 INFO neutron_taas.services.taas.tap_mirror_plugin [None req-e313ae58-59d2-4b0c-8717-9eb6035b2d9f 312895a56ba544e9a9164b7494afc360 91c02abc11ec42cda8477ddea5a45e38 - - default default] Tap Mirror: Handle Delete Port: d38b6151-ae8a-43f7-93f6-e43101420752 [pid: 8|app: 0|req: 1423/2864] 10.0.0.153 () {34 vars in 1008 bytes} [Thu Mar 5 07:51:13 2026] GET /v2.0/networks/e98cfe7b-a8e8-4962-9233-cb734182901f?fields=segments => generated 14 bytes in 82 msecs (HTTP/1.1 200) 4 headers in 156 bytes (1 switches on core 0) [pid: 8|app: 0|req: 1424/2865] 10.0.0.153 () {34 vars in 1108 bytes} [Thu Mar 5 07:51:13 2026] GET /v2.0/networks/e98cfe7b-a8e8-4962-9233-cb734182901f?fields=provider%3Aphysical_network&fields=provider%3Anetwork_type => generated 79 bytes in 50 msecs (HTTP/1.1 200) 4 headers in 156 bytes (1 switches on core 0) [pid: 7|app: 0|req: 1442/2866] 10.0.0.31 () {32 vars in 719 bytes} [Thu Mar 5 07:51:13 2026] DELETE /v2.0/ports/d38b6151-ae8a-43f7-93f6-e43101420752 => generated 0 bytes in 283 msecs (HTTP/1.1 204) 3 headers in 131 bytes (1 switches on core 0) [pid: 7|app: 0|req: 1443/2867] 10.0.0.153 () {34 vars in 990 bytes} [Thu Mar 5 07:51:13 2026] GET /v2.0/ports?device_id=92c984f1-192c-43b8-9edb-073b742a60f9 => generated 12 bytes in 62 msecs (HTTP/1.1 200) 4 headers in 156 bytes (1 switches on core 0)
2026-03-05 07:51:13.761 8 INFO neutron_taas.services.taas.taas_plugin [None req-05252f77-5590-4b15-b8cb-7be7da57ac93 312895a56ba544e9a9164b7494afc360 91c02abc11ec42cda8477ddea5a45e38 - - default default] TaaS: Handle Delete Port: 84dd1d8a-bae5-4d9b-9905-0c6c04408f84
2026-03-05 07:51:13.766 8 INFO neutron_taas.services.taas.tap_mirror_plugin [None req-05252f77-5590-4b15-b8cb-7be7da57ac93 312895a56ba544e9a9164b7494afc360 91c02abc11ec42cda8477ddea5a45e38 - - default default] Tap Mirror: Handle Delete Port: 84dd1d8a-bae5-4d9b-9905-0c6c04408f84 [pid: 8|app: 0|req: 1425/2868] 10.0.0.31 () {32 vars in 719 bytes} [Thu Mar 5 07:51:13 2026] DELETE /v2.0/ports/84dd1d8a-bae5-4d9b-9905-0c6c04408f84 => generated 0 bytes in 289 msecs (HTTP/1.1 204) 3 headers in 131 bytes (1 switches on core 0) [pid: 8|app: 0|req: 1426/2869] 10.0.0.31 () {32 vars in 716 bytes} [Thu Mar 5 07:51:13 2026] GET /v2.0/ports/86f8a599-5424-4f1c-b0f1-d5917590b829 => generated 941 bytes in 41 msecs (HTTP/1.1 200) 4 headers in 157 bytes (1 switches on core 0)
2026-03-05 07:51:14.060 7 INFO neutron_taas.services.taas.taas_plugin [None req-8ca3a104-3249-4790-884f-7cf839039020 312895a56ba544e9a9164b7494afc360 91c02abc11ec42cda8477ddea5a45e38 - - default default] TaaS: Handle Delete Port: 578330a7-c695-4b89-ac2a-2f0485027154
2026-03-05 07:51:14.063 7 INFO neutron_taas.services.taas.tap_mirror_plugin [None req-8ca3a104-3249-4790-884f-7cf839039020 312895a56ba544e9a9164b7494afc360 91c02abc11ec42cda8477ddea5a45e38 - - default default] Tap Mirror: Handle Delete Port: 578330a7-c695-4b89-ac2a-2f0485027154
