2026-04-28 17:30:29.647 7 INFO neutron.quota.resource_registry [None req-6fec468d-b5fa-462b-ab44-bcddecd2855a - - - - - -] Creating instance of TrackedResource for resource:subnet
2026-04-28 17:30:29.647 7 INFO neutron.quota.resource_registry [None req-6fec468d-b5fa-462b-ab44-bcddecd2855a - - - - - -] Creating instance of TrackedResource for resource:subnetpool
2026-04-28 17:30:29.648 8 INFO neutron.api.extensions [None req-a90b7673-bd96-48a0-9167-993d66b2afcb - - - - - -] Loaded extension: l3-flavors
2026-04-28 17:30:29.648 7 INFO neutron.quota.resource_registry [None req-6fec468d-b5fa-462b-ab44-bcddecd2855a - - - - - -] Creating instance of TrackedResource for resource:port
2026-04-28 17:30:29.648 8 INFO neutron.api.extensions [None req-a90b7673-bd96-48a0-9167-993d66b2afcb - - - - - -] Extension l3-ndp-proxy not supported by any of loaded plugins
2026-04-28 17:30:29.649 8 INFO neutron.api.extensions [None req-a90b7673-bd96-48a0-9167-993d66b2afcb - - - - - -] Extension l3-port-ip-change-not-allowed not supported by any of loaded plugins
2026-04-28 17:30:29.651 7 INFO neutron.quota.resource_registry [None req-6fec468d-b5fa-462b-ab44-bcddecd2855a - - - - - -] Creating instance of TrackedResource for resource:router
2026-04-28 17:30:29.651 7 INFO neutron.quota.resource_registry [None req-6fec468d-b5fa-462b-ab44-bcddecd2855a - - - - - -] Creating instance of TrackedResource for resource:floatingip
2026-04-28 17:30:29.651 8 INFO neutron.api.extensions [None req-a90b7673-bd96-48a0-9167-993d66b2afcb - - - - - -] Extension l3_agent_scheduler not supported by any of loaded plugins
2026-04-28 17:30:29.652 8 INFO neutron.api.extensions [None req-a90b7673-bd96-48a0-9167-993d66b2afcb - - - - - -] Extension local_ip not supported by any of loaded plugins
2026-04-28 17:30:29.654 8 INFO neutron.api.extensions [None req-a90b7673-bd96-48a0-9167-993d66b2afcb - - - - - -] Loaded extension: logging
2026-04-28 17:30:29.655 8 INFO neutron.api.extensions [None req-a90b7673-bd96-48a0-9167-993d66b2afcb - - - - - -] Extension metering not supported by any of loaded plugins
2026-04-28 17:30:29.656 8 INFO neutron.api.extensions [None req-a90b7673-bd96-48a0-9167-993d66b2afcb - - - - - -] Extension metering_source_and_destination_fields not supported by any of loaded plugins
2026-04-28 17:30:29.656 7 INFO neutron.quota.resource_registry [None req-6fec468d-b5fa-462b-ab44-bcddecd2855a - - - - - -] Creating instance of CountableResource for resource:rbac_policy
2026-04-28 17:30:29.656 8 INFO neutron.api.extensions [None req-a90b7673-bd96-48a0-9167-993d66b2afcb - - - - - -] Loaded extension: multi-provider
2026-04-28 17:30:29.657 7 INFO neutron.quota.resource_registry [None req-6fec468d-b5fa-462b-ab44-bcddecd2855a - - - - - -] Creating instance of TrackedResource for resource:security_group
2026-04-28 17:30:29.657 8 INFO neutron.api.extensions [None req-a90b7673-bd96-48a0-9167-993d66b2afcb - - - - - -] Loaded extension: net-mtu
2026-04-28 17:30:29.657 7 INFO neutron.quota.resource_registry [None req-6fec468d-b5fa-462b-ab44-bcddecd2855a - - - - - -] Creating instance of TrackedResource for resource:security_group_rule
2026-04-28 17:30:29.657 8 INFO neutron.api.extensions [None req-a90b7673-bd96-48a0-9167-993d66b2afcb - - - - - -] Loaded extension: net-mtu-writable
2026-04-28 17:30:29.658 8 INFO neutron.api.extensions [None req-a90b7673-bd96-48a0-9167-993d66b2afcb - - - - - -] Loaded extension: network_availability_zone
2026-04-28 17:30:29.658 7 INFO neutron.quota.resource_registry [None req-6fec468d-b5fa-462b-ab44-bcddecd2855a - - - - - -] Creating instance of TrackedResource for resource:subnetpool
2026-04-28 17:30:29.658 7 WARNING neutron.quota.resource_registry [None req-6fec468d-b5fa-462b-ab44-bcddecd2855a - - - - - -] subnetpool is already registered
2026-04-28 17:30:29.658 8 INFO neutron.api.extensions [None req-a90b7673-bd96-48a0-9167-993d66b2afcb - - - - - -] Extension network_ha not supported by any of loaded plugins
2026-04-28 17:30:29.659 7 INFO neutron.quota.resource_registry [None req-6fec468d-b5fa-462b-ab44-bcddecd2855a - - - - - -] Creating instance of CountableResource for resource:trunk
2026-04-28 17:30:29.659 8 INFO neutron.api.extensions [None req-a90b7673-bd96-48a0-9167-993d66b2afcb - - - - - -] Loaded extension: network-ip-availability
2026-04-28 17:30:29.659 7 INFO neutron.quota.resource_registry [None req-6fec468d-b5fa-462b-ab44-bcddecd2855a - - - - - -] Creating instance of CountableResource for resource:ikepolicy
2026-04-28 17:30:29.659 7 INFO neutron.quota.resource_registry [None req-6fec468d-b5fa-462b-ab44-bcddecd2855a - - - - - -] Creating instance of CountableResource for resource:ipsecpolicy
2026-04-28 17:30:29.660 7 INFO neutron.quota.resource_registry [None req-6fec468d-b5fa-462b-ab44-bcddecd2855a - - - - - -] Creating instance of CountableResource for resource:endpoint_group
2026-04-28 17:30:29.660 8 INFO neutron.api.extensions [None req-a90b7673-bd96-48a0-9167-993d66b2afcb - - - - - -] Extension network-segment-range not supported by any of loaded plugins
2026-04-28 17:30:29.660 7 INFO neutron.quota.resource_registry [None req-6fec468d-b5fa-462b-ab44-bcddecd2855a - - - - - -] Creating instance of CountableResource for resource:vpnservice
2026-04-28 17:30:29.660 8 INFO neutron.api.extensions [None req-a90b7673-bd96-48a0-9167-993d66b2afcb - - - - - -] Loaded extension: pagination
2026-04-28 17:30:29.661 8 INFO neutron.api.extensions [None req-a90b7673-bd96-48a0-9167-993d66b2afcb - - - - - -] Loaded extension: port-device-profile
2026-04-28 17:30:29.661 8 INFO neutron.api.extensions [None req-a90b7673-bd96-48a0-9167-993d66b2afcb - - - - - -] Extension port-hardware-offload-type not supported by any of loaded plugins
2026-04-28 17:30:29.660 7 INFO neutron.quota.resource_registry [None req-6fec468d-b5fa-462b-ab44-bcddecd2855a - - - - - -] Creating instance of CountableResource for resource:ipsec_site_connection
2026-04-28 17:30:29.662 8 INFO neutron.api.extensions [None req-a90b7673-bd96-48a0-9167-993d66b2afcb - - - - - -] Extension port-hint-ovs-tx-steering not supported by any of loaded plugins
2026-04-28 17:30:29.662 7 INFO neutron.quota.resource_registry [None req-6fec468d-b5fa-462b-ab44-bcddecd2855a - - - - - -] Creating instance of CountableResource for resource:ipsecpolicy
2026-04-28 17:30:29.662 7 WARNING neutron.quota.resource_registry [None req-6fec468d-b5fa-462b-ab44-bcddecd2855a - - - - - -] ipsecpolicy is already registered
2026-04-28 17:30:29.663 8 INFO neutron.api.extensions [None req-a90b7673-bd96-48a0-9167-993d66b2afcb - - - - - -] Extension port-hints not supported by any of loaded plugins
2026-04-28 17:30:29.662 7 INFO neutron.quota.resource_registry [None req-6fec468d-b5fa-462b-ab44-bcddecd2855a - - - - - -] Creating instance of CountableResource for resource:ikepolicy
2026-04-28 17:30:29.663 7 WARNING neutron.quota.resource_registry [None req-6fec468d-b5fa-462b-ab44-bcddecd2855a - - - - - -] ikepolicy is already registered
2026-04-28 17:30:29.663 8 INFO neutron.api.extensions [None req-a90b7673-bd96-48a0-9167-993d66b2afcb - - - - - -] Extension port-mac-override not supported by any of loaded plugins
2026-04-28 17:30:29.664 8 INFO neutron.api.extensions [None req-a90b7673-bd96-48a0-9167-993d66b2afcb - - - - - -] Loaded extension: port-mac-address-regenerate
2026-04-28 17:30:29.664 8 INFO neutron.api.extensions [None req-a90b7673-bd96-48a0-9167-993d66b2afcb - - - - - -] Loaded extension: port-numa-affinity-policy
2026-04-28 17:30:29.665 8 INFO neutron.api.extensions [None req-a90b7673-bd96-48a0-9167-993d66b2afcb - - - - - -] Loaded extension: port-numa-affinity-policy-socket
2026-04-28 17:30:29.665 8 INFO neutron.api.extensions [None req-a90b7673-bd96-48a0-9167-993d66b2afcb - - - - - -] Loaded extension: port-resource-request
2026-04-28 17:30:29.666 8 INFO neutron.api.extensions [None req-a90b7673-bd96-48a0-9167-993d66b2afcb - - - - - -] Loaded extension: port-resource-request-groups
2026-04-28 17:30:29.666 8 INFO neutron.api.extensions [None req-a90b7673-bd96-48a0-9167-993d66b2afcb - - - - - -] Extension port-trusted-vif not supported by any of loaded plugins
2026-04-28 17:30:29.667 8 INFO neutron.api.extensions [None req-a90b7673-bd96-48a0-9167-993d66b2afcb - - - - - -] Loaded extension: binding
2026-04-28 17:30:29.667 7 INFO neutron.quota.resource_registry [None req-6fec468d-b5fa-462b-ab44-bcddecd2855a - - - - - -] Creating instance of TrackedResource for resource:router
2026-04-28 17:30:29.667 7 WARNING neutron.quota.resource_registry [None req-6fec468d-b5fa-462b-ab44-bcddecd2855a - - - - - -] router is already registered
2026-04-28 17:30:29.667 8 INFO neutron.api.extensions [None req-a90b7673-bd96-48a0-9167-993d66b2afcb - - - - - -] Loaded extension: binding-extended
2026-04-28 17:30:29.667 7 INFO neutron.quota.resource_registry [None req-6fec468d-b5fa-462b-ab44-bcddecd2855a - - - - - -] Creating instance of TrackedResource for resource:floatingip
2026-04-28 17:30:29.668 7 WARNING neutron.quota.resource_registry [None req-6fec468d-b5fa-462b-ab44-bcddecd2855a - - - - - -] floatingip is already registered
2026-04-28 17:30:29.668 8 INFO neutron.api.extensions [None req-a90b7673-bd96-48a0-9167-993d66b2afcb - - - - - -] Loaded extension: port-security
2026-04-28 17:30:29.668 8 INFO neutron.api.extensions [None req-a90b7673-bd96-48a0-9167-993d66b2afcb - - - - - -] Loaded extension: project-id
2026-04-28 17:30:29.669 8 INFO neutron.api.extensions [None req-a90b7673-bd96-48a0-9167-993d66b2afcb - - - - - -] Loaded extension: provider
2026-04-28 17:30:29.670 8 INFO neutron.api.extensions [None req-a90b7673-bd96-48a0-9167-993d66b2afcb - - - - - -] Loaded extension: qinq
2026-04-28 17:30:29.672 8 INFO neutron.api.extensions [None req-a90b7673-bd96-48a0-9167-993d66b2afcb - - - - - -] Loaded extension: qos
2026-04-28 17:30:29.672 7 INFO neutron.quota.resource_registry [None req-6fec468d-b5fa-462b-ab44-bcddecd2855a - - - - - -] Creating instance of CountableResource for resource:rbac_policy
2026-04-28 17:30:29.672 7 WARNING neutron.quota.resource_registry [None req-6fec468d-b5fa-462b-ab44-bcddecd2855a - - - - - -] rbac_policy is already registered
2026-04-28 17:30:29.673 8 INFO neutron.api.extensions [None req-a90b7673-bd96-48a0-9167-993d66b2afcb - - - - - -] Loaded extension: qos-bw-limit-direction
2026-04-28 17:30:29.673 7 INFO neutron.quota.resource_registry [None req-6fec468d-b5fa-462b-ab44-bcddecd2855a - - - - - -] Creating instance of TrackedResource for resource:security_group
2026-04-28 17:30:29.673 7 WARNING neutron.quota.resource_registry [None req-6fec468d-b5fa-462b-ab44-bcddecd2855a - - - - - -] security_group is already registered
2026-04-28 17:30:29.673 8 INFO neutron.api.extensions [None req-a90b7673-bd96-48a0-9167-993d66b2afcb - - - - - -] Loaded extension: qos-bw-minimum-ingress
2026-04-28 17:30:29.674 7 INFO neutron.quota.resource_registry [None req-6fec468d-b5fa-462b-ab44-bcddecd2855a - - - - - -] Creating instance of TrackedResource for resource:security_group_rule
2026-04-28 17:30:29.674 7 WARNING neutron.quota.resource_registry [None req-6fec468d-b5fa-462b-ab44-bcddecd2855a - - - - - -] security_group_rule is already registered
2026-04-28 17:30:29.674 8 INFO neutron.api.extensions [None req-a90b7673-bd96-48a0-9167-993d66b2afcb - - - - - -] Loaded extension: qos-default
2026-04-28 17:30:29.674 8 INFO neutron.api.extensions [None req-a90b7673-bd96-48a0-9167-993d66b2afcb - - - - - -] Loaded extension: qos-fip
2026-04-28 17:30:29.675 7 INFO neutron.quota.resource_registry [None req-6fec468d-b5fa-462b-ab44-bcddecd2855a - - - - - -] Creating instance of TrackedResource for resource:subnetpool
2026-04-28 17:30:29.675 7 WARNING neutron.quota.resource_registry [None req-6fec468d-b5fa-462b-ab44-bcddecd2855a - - - - - -] subnetpool is already registered
2026-04-28 17:30:29.675 8 INFO neutron.api.extensions [None req-a90b7673-bd96-48a0-9167-993d66b2afcb - - - - - -] Extension qos-fip-network-policy not supported by any of loaded plugins
2026-04-28 17:30:29.675 7 INFO neutron.quota.resource_registry [None req-6fec468d-b5fa-462b-ab44-bcddecd2855a - - - - - -] Creating instance of CountableResource for resource:trunk
2026-04-28 17:30:29.675 8 INFO neutron.api.extensions [None req-a90b7673-bd96-48a0-9167-993d66b2afcb - - - - - -] Loaded extension: qos-gateway-ip
2026-04-28 17:30:29.675 7 WARNING neutron.quota.resource_registry [None req-6fec468d-b5fa-462b-ab44-bcddecd2855a - - - - - -] trunk is already registered
2026-04-28 17:30:29.676 7 INFO neutron.quota.resource_registry [None req-6fec468d-b5fa-462b-ab44-bcddecd2855a - - - - - -] Creating instance of CountableResource for resource:ikepolicy
2026-04-28 17:30:29.676 8 INFO neutron.api.extensions [None req-a90b7673-bd96-48a0-9167-993d66b2afcb - - - - - -] Loaded extension: qos-port-network-policy
2026-04-28 17:30:29.676 7 WARNING neutron.quota.resource_registry [None req-6fec468d-b5fa-462b-ab44-bcddecd2855a - - - - - -] ikepolicy is already registered
2026-04-28 17:30:29.676 7 INFO neutron.quota.resource_registry [None req-6fec468d-b5fa-462b-ab44-bcddecd2855a - - - - - -] Creating instance of CountableResource for resource:ipsecpolicy
2026-04-28 17:30:29.676 7 WARNING neutron.quota.resource_registry [None req-6fec468d-b5fa-462b-ab44-bcddecd2855a - - - - - -] ipsecpolicy is already registered
2026-04-28 17:30:29.676 8 INFO neutron.api.extensions [None req-a90b7673-bd96-48a0-9167-993d66b2afcb - - - - - -] Loaded extension: qos-pps-minimum
2026-04-28 17:30:29.677 7 INFO neutron.quota.resource_registry [None req-6fec468d-b5fa-462b-ab44-bcddecd2855a - - - - - -] Creating instance of CountableResource for resource:endpoint_group
2026-04-28 17:30:29.677 7 WARNING neutron.quota.resource_registry [None req-6fec468d-b5fa-462b-ab44-bcddecd2855a - - - - - -] endpoint_group is already registered
2026-04-28 17:30:29.677 8 INFO neutron.api.extensions [None req-a90b7673-bd96-48a0-9167-993d66b2afcb - - - - - -] Loaded extension: qos-pps-minimum-rule-alias
2026-04-28 17:30:29.677 7 INFO neutron.quota.resource_registry [None req-6fec468d-b5fa-462b-ab44-bcddecd2855a - - - - - -] Creating instance of CountableResource for resource:vpnservice
2026-04-28 17:30:29.678 7 WARNING neutron.quota.resource_registry [None req-6fec468d-b5fa-462b-ab44-bcddecd2855a - - - - - -] vpnservice is already registered
2026-04-28 17:30:29.678 8 INFO neutron.api.extensions [None req-a90b7673-bd96-48a0-9167-993d66b2afcb - - - - - -] Loaded extension: qos-pps
2026-04-28 17:30:29.678 7 INFO neutron.quota.resource_registry [None req-6fec468d-b5fa-462b-ab44-bcddecd2855a - - - - - -] Creating instance of CountableResource for resource:ipsec_site_connection
2026-04-28 17:30:29.678 7 WARNING neutron.quota.resource_registry [None req-6fec468d-b5fa-462b-ab44-bcddecd2855a - - - - - -] ipsec_site_connection is already registered
2026-04-28 17:30:29.678 8 INFO neutron.api.extensions [None req-a90b7673-bd96-48a0-9167-993d66b2afcb - - - - - -] Loaded extension: qos-rule-type-details
2026-04-28 17:30:29.678 7 INFO neutron.quota.resource_registry [None req-6fec468d-b5fa-462b-ab44-bcddecd2855a - - - - - -] Creating instance of CountableResource for resource:ipsecpolicy
2026-04-28 17:30:29.678 7 WARNING neutron.quota.resource_registry [None req-6fec468d-b5fa-462b-ab44-bcddecd2855a - - - - - -] ipsecpolicy is already registered
2026-04-28 17:30:29.679 8 INFO neutron.api.extensions [None req-a90b7673-bd96-48a0-9167-993d66b2afcb - - - - - -] Loaded extension: qos-rule-type-filter
2026-04-28 17:30:29.679 7 INFO neutron.quota.resource_registry [None req-6fec468d-b5fa-462b-ab44-bcddecd2855a - - - - - -] Creating instance of CountableResource for resource:ikepolicy
2026-04-28 17:30:29.679 7 WARNING neutron.quota.resource_registry [None req-6fec468d-b5fa-462b-ab44-bcddecd2855a - - - - - -] ikepolicy is already registered
2026-04-28 17:30:29.679 8 INFO neutron.api.extensions [None req-a90b7673-bd96-48a0-9167-993d66b2afcb - - - - - -] Loaded extension: qos-rules-alias
2026-04-28 17:30:29.680 8 INFO neutron.api.extensions [None req-a90b7673-bd96-48a0-9167-993d66b2afcb - - - - - -] Loaded extension: quota-check-limit
2026-04-28 17:30:29.681 8 INFO neutron.api.extensions [None req-a90b7673-bd96-48a0-9167-993d66b2afcb - - - - - -] Loaded extension: quota-check-limit-default
2026-04-28 17:30:29.683 8 INFO neutron.api.extensions [None req-a90b7673-bd96-48a0-9167-993d66b2afcb - - - - - -] Loaded extension: quotas
2026-04-28 17:30:29.684 8 INFO neutron.api.extensions [None req-a90b7673-bd96-48a0-9167-993d66b2afcb - - - - - -] Loaded extension: quota_details
2026-04-28 17:30:29.685 8 INFO neutron.api.extensions [None req-a90b7673-bd96-48a0-9167-993d66b2afcb - - - - - -] Loaded extension: rbac-policies
2026-04-28 17:30:29.686 8 INFO neutron.api.extensions [None req-a90b7673-bd96-48a0-9167-993d66b2afcb - - - - - -] Extension rbac-address-group not supported by any of loaded plugins
2026-04-28 17:30:29.686 8 INFO neutron.api.extensions [None req-a90b7673-bd96-48a0-9167-993d66b2afcb - - - - - -] Loaded extension: rbac-address-scope
2026-04-28 17:30:29.687 8 INFO neutron.api.extensions [None req-a90b7673-bd96-48a0-9167-993d66b2afcb - - - - - -] Loaded extension: rbac-security-groups
2026-04-28 17:30:29.687 8 INFO neutron.api.extensions [None req-a90b7673-bd96-48a0-9167-993d66b2afcb - - - - - -] Extension rbac-subnetpool not supported by any of loaded plugins
2026-04-28 17:30:29.688 8 INFO neutron.api.extensions [None req-a90b7673-bd96-48a0-9167-993d66b2afcb - - - - - -] Loaded extension: revision-if-match
2026-04-28 17:30:29.689 8 INFO neutron.api.extensions [None req-a90b7673-bd96-48a0-9167-993d66b2afcb - - - - - -] Loaded extension: standard-attr-revisions
2026-04-28 17:30:29.689 8 INFO neutron.api.extensions [None req-a90b7673-bd96-48a0-9167-993d66b2afcb - - - - - -] Loaded extension: router_availability_zone
2026-04-28 17:30:29.690 8 INFO neutron.api.extensions [None req-a90b7673-bd96-48a0-9167-993d66b2afcb - - - - - -] Extension router-service-type not supported by any of loaded plugins
2026-04-28 17:30:29.691 8 INFO neutron.api.extensions [None req-a90b7673-bd96-48a0-9167-993d66b2afcb - - - - - -] Loaded extension: security-groups-default-rules
2026-04-28 17:30:29.692 8 INFO neutron.api.extensions [None req-a90b7673-bd96-48a0-9167-993d66b2afcb - - - - - -] Loaded extension: security-groups-normalized-cidr
2026-04-28 17:30:29.692 8 INFO neutron.api.extensions [None req-a90b7673-bd96-48a0-9167-993d66b2afcb - - - - - -] Extension port-security-groups-filtering not supported by any of loaded plugins
2026-04-28 17:30:29.693 8 INFO neutron.api.extensions [None req-a90b7673-bd96-48a0-9167-993d66b2afcb - - - - - -] Loaded extension: security-groups-remote-address-group
2026-04-28 17:30:29.693 8 INFO neutron.api.extensions [None req-a90b7673-bd96-48a0-9167-993d66b2afcb - - - - - -] Loaded extension: security-groups-rules-belongs-to-default-sg
2026-04-28 17:30:29.694 8 INFO neutron.api.extensions [None req-a90b7673-bd96-48a0-9167-993d66b2afcb - - - - - -] Loaded extension: security-groups-shared-filtering
2026-04-28 17:30:29.698 8 INFO neutron.api.extensions [None req-a90b7673-bd96-48a0-9167-993d66b2afcb - - - - - -] Loaded extension: security-group
2026-04-28 17:30:29.699 8 INFO neutron.api.extensions [None req-a90b7673-bd96-48a0-9167-993d66b2afcb - - - - - -] Loaded extension: segment
2026-04-28 17:30:29.700 8 INFO neutron.api.extensions [None req-a90b7673-bd96-48a0-9167-993d66b2afcb - - - - - -] Loaded extension: segments-peer-subnet-host-routes
2026-04-28 17:30:29.701 8 INFO neutron.api.extensions [None req-a90b7673-bd96-48a0-9167-993d66b2afcb - - - - - -] Loaded extension: service-type
2026-04-28 17:30:29.701 8 INFO neutron.api.extensions [None req-a90b7673-bd96-48a0-9167-993d66b2afcb - - - - - -] Loaded extension: sorting
2026-04-28 17:30:29.702 8 INFO neutron.api.extensions [None req-a90b7673-bd96-48a0-9167-993d66b2afcb - - - - - -] Loaded extension: standard-attr-segment
2026-04-28 17:30:29.702 8 INFO neutron.api.extensions [None req-a90b7673-bd96-48a0-9167-993d66b2afcb - - - - - -] Loaded extension: standard-attr-description
2026-04-28 17:30:29.703 8 INFO neutron.api.extensions [None req-a90b7673-bd96-48a0-9167-993d66b2afcb - - - - - -] Loaded extension: stateful-security-group
2026-04-28 17:30:29.703 8 WARNING neutron.api.extensions [None req-a90b7673-bd96-48a0-9167-993d66b2afcb - - - - - -] Did not find expected name "Stdattrs_common" in /var/lib/openstack/lib/python3.12/site-packages/neutron/extensions/stdattrs_common.py
2026-04-28 17:30:29.704 8 INFO neutron.api.extensions [None req-a90b7673-bd96-48a0-9167-993d66b2afcb - - - - - -] Loaded extension: subnet-dns-publish-fixed-ip
2026-04-28 17:30:29.704 8 INFO neutron.api.extensions [None req-a90b7673-bd96-48a0-9167-993d66b2afcb - - - - - -] Loaded extension: subnet-external-network
2026-04-28 17:30:29.705 8 INFO neutron.api.extensions [None req-a90b7673-bd96-48a0-9167-993d66b2afcb - - - - - -] Extension subnet_onboard not supported by any of loaded plugins
2026-04-28 17:30:29.705 8 INFO neutron.api.extensions [None req-a90b7673-bd96-48a0-9167-993d66b2afcb - - - - - -] Loaded extension: subnet-segmentid-writable
2026-04-28 17:30:29.706 8 INFO neutron.api.extensions [None req-a90b7673-bd96-48a0-9167-993d66b2afcb - - - - - -] Loaded extension: subnet-service-types
2026-04-28 17:30:29.706 8 INFO neutron.api.extensions [None req-a90b7673-bd96-48a0-9167-993d66b2afcb - - - - - -] Loaded extension: subnet_allocation
2026-04-28 17:30:29.707 8 INFO neutron.api.extensions [None req-a90b7673-bd96-48a0-9167-993d66b2afcb - - - - - -] Loaded extension: subnetpool-prefix-ops
2026-04-28 17:30:29.708 8 INFO neutron.api.extensions [None req-a90b7673-bd96-48a0-9167-993d66b2afcb - - - - - -] Loaded extension: tag-creation
2026-04-28 17:30:29.708 8 INFO neutron.api.extensions [None req-a90b7673-bd96-48a0-9167-993d66b2afcb - - - - - -] Extension tag-ports-during-bulk-creation not supported by any of loaded plugins
2026-04-28 17:30:29.712 8 INFO neutron.api.extensions [None req-a90b7673-bd96-48a0-9167-993d66b2afcb - - - - - -] Loaded extension: standard-attr-tag
2026-04-28 17:30:29.713 8 INFO neutron.api.extensions [None req-a90b7673-bd96-48a0-9167-993d66b2afcb - - - - - -] Loaded extension: standard-attr-timestamp
2026-04-28 17:30:29.714 8 INFO neutron.api.extensions [None req-a90b7673-bd96-48a0-9167-993d66b2afcb - - - - - -] Loaded extension: trunk
2026-04-28 17:30:29.714 8 INFO neutron.api.extensions [None req-a90b7673-bd96-48a0-9167-993d66b2afcb - - - - - -] Loaded extension: trunk-details
2026-04-28 17:30:29.715 8 INFO neutron.api.extensions [None req-a90b7673-bd96-48a0-9167-993d66b2afcb - - - - - -] Extension uplink-status-propagation not supported by any of loaded plugins
2026-04-28 17:30:29.715 8 INFO neutron.api.extensions [None req-a90b7673-bd96-48a0-9167-993d66b2afcb - - - - - -] Extension uplink-status-propagation-updatable not supported by any of loaded plugins
2026-04-28 17:30:29.716 8 INFO neutron.api.extensions [None req-a90b7673-bd96-48a0-9167-993d66b2afcb - - - - - -] Loaded extension: vlan-transparent
2026-04-28 17:30:29.716 7 WARNING keystonemiddleware._common.config [None req-6fec468d-b5fa-462b-ab44-bcddecd2855a - - - - - -] The option "audit_map_file" is not known to keystonemiddleware
2026-04-28 17:30:29.716 8 INFO neutron.api.extensions [None req-a90b7673-bd96-48a0-9167-993d66b2afcb - - - - - -] Loaded extension: vpn-aes-ctr
2026-04-28 17:30:29.718 8 INFO neutron.api.extensions [None req-a90b7673-bd96-48a0-9167-993d66b2afcb - - - - - -] Loaded extension: vpn-agent-scheduler
2026-04-28 17:30:29.719 8 INFO neutron.api.extensions [None req-a90b7673-bd96-48a0-9167-993d66b2afcb - - - - - -] Loaded extension: vpn-endpoint-groups
2026-04-28 17:30:29.720 8 INFO neutron.api.extensions [None req-a90b7673-bd96-48a0-9167-993d66b2afcb - - - - - -] Loaded extension: vpn-flavors
2026-04-28 17:30:29.721 8 INFO neutron.api.extensions [None req-a90b7673-bd96-48a0-9167-993d66b2afcb - - - - - -] Loaded extension: vpnaas
2026-04-28 17:30:29.723 7 WARNING oslo_config.cfg [None req-6fec468d-b5fa-462b-ab44-bcddecd2855a - - - - - -] Deprecated: Option "auth_uri" from group "keystone_authtoken" is deprecated. Use option "www_authenticate_uri" from group "keystone_authtoken".
2026-04-28 17:30:29.723 8 INFO neutron.api.extensions [None req-a90b7673-bd96-48a0-9167-993d66b2afcb - - - - - -] Loaded extension: taas
2026-04-28 17:30:29.724 8 INFO neutron.api.extensions [None req-a90b7673-bd96-48a0-9167-993d66b2afcb - - - - - -] Loaded extension: tap-mirror
2026-04-28 17:30:29.724 8 INFO neutron.api.extensions [None req-a90b7673-bd96-48a0-9167-993d66b2afcb - - - - - -] Loaded extension: taas-vlan-filter
2026-04-28 17:30:29.727 8 INFO neutron.quota.resource_registry [None req-a90b7673-bd96-48a0-9167-993d66b2afcb - - - - - -] Creating instance of TrackedResource for resource:network
2026-04-28 17:30:29.727 8 INFO neutron.quota.resource_registry [None req-a90b7673-bd96-48a0-9167-993d66b2afcb - - - - - -] Creating instance of TrackedResource for resource:subnet
2026-04-28 17:30:29.727 8 INFO neutron.quota.resource_registry [None req-a90b7673-bd96-48a0-9167-993d66b2afcb - - - - - -] Creating instance of TrackedResource for resource:subnetpool
2026-04-28 17:30:29.727 8 INFO neutron.quota.resource_registry [None req-a90b7673-bd96-48a0-9167-993d66b2afcb - - - - - -] Creating instance of TrackedResource for resource:port
2026-04-28 17:30:29.731 8 INFO neutron.quota.resource_registry [None req-a90b7673-bd96-48a0-9167-993d66b2afcb - - - - - -] Creating instance of TrackedResource for resource:router
2026-04-28 17:30:29.731 8 INFO neutron.quota.resource_registry [None req-a90b7673-bd96-48a0-9167-993d66b2afcb - - - - - -] Creating instance of TrackedResource for resource:floatingip
2026-04-28 17:30:29.737 8 INFO neutron.quota.resource_registry [None req-a90b7673-bd96-48a0-9167-993d66b2afcb - - - - - -] Creating instance of CountableResource for resource:rbac_policy
2026-04-28 17:30:29.737 8 INFO neutron.quota.resource_registry [None req-a90b7673-bd96-48a0-9167-993d66b2afcb - - - - - -] Creating instance of TrackedResource for resource:security_group
2026-04-28 17:30:29.738 8 INFO neutron.quota.resource_registry [None req-a90b7673-bd96-48a0-9167-993d66b2afcb - - - - - -] Creating instance of TrackedResource for resource:security_group_rule
2026-04-28 17:30:29.739 8 INFO neutron.quota.resource_registry [None req-a90b7673-bd96-48a0-9167-993d66b2afcb - - - - - -] Creating instance of TrackedResource for resource:subnetpool
2026-04-28 17:30:29.739 8 WARNING neutron.quota.resource_registry [None req-a90b7673-bd96-48a0-9167-993d66b2afcb - - - - - -] subnetpool is already registered
2026-04-28 17:30:29.739 8 INFO neutron.quota.resource_registry [None req-a90b7673-bd96-48a0-9167-993d66b2afcb - - - - - -] Creating instance of CountableResource for resource:trunk
2026-04-28 17:30:29.740 8 INFO neutron.quota.resource_registry [None req-a90b7673-bd96-48a0-9167-993d66b2afcb - - - - - -] Creating instance of CountableResource for resource:ikepolicy
2026-04-28 17:30:29.741 8 INFO neutron.quota.resource_registry [None req-a90b7673-bd96-48a0-9167-993d66b2afcb - - - - - -] Creating instance of CountableResource for resource:ipsecpolicy
2026-04-28 17:30:29.741 8 INFO neutron.quota.resource_registry [None req-a90b7673-bd96-48a0-9167-993d66b2afcb - - - - - -] Creating instance of CountableResource for resource:endpoint_group
2026-04-28 17:30:29.742 8 INFO neutron.quota.resource_registry [None req-a90b7673-bd96-48a0-9167-993d66b2afcb - - - - - -] Creating instance of CountableResource for resource:vpnservice
2026-04-28 17:30:29.742 8 INFO neutron.quota.resource_registry [None req-a90b7673-bd96-48a0-9167-993d66b2afcb - - - - - -] Creating instance of CountableResource for resource:ipsec_site_connection
2026-04-28 17:30:29.744 8 INFO neutron.quota.resource_registry [None req-a90b7673-bd96-48a0-9167-993d66b2afcb - - - - - -] Creating instance of CountableResource for resource:ipsecpolicy
2026-04-28 17:30:29.744 8 WARNING neutron.quota.resource_registry [None req-a90b7673-bd96-48a0-9167-993d66b2afcb - - - - - -] ipsecpolicy is already registered
2026-04-28 17:30:29.744 8 INFO neutron.quota.resource_registry [None req-a90b7673-bd96-48a0-9167-993d66b2afcb - - - - - -] Creating instance of CountableResource for resource:ikepolicy
2026-04-28 17:30:29.745 8 WARNING neutron.quota.resource_registry [None req-a90b7673-bd96-48a0-9167-993d66b2afcb - - - - - -] ikepolicy is already registered
2026-04-28 17:30:29.745 7 WARNING neutron.plugins.ml2.drivers.ovn.mech_driver.mech_driver [None req-6fec468d-b5fa-462b-ab44-bcddecd2855a - - - - - -] uWSGI must provide a start time using the configuration parameter "start-time %t" in the configuration file
2026-04-28 17:30:29.749 8 INFO neutron.quota.resource_registry [None req-a90b7673-bd96-48a0-9167-993d66b2afcb - - - - - -] Creating instance of TrackedResource for resource:router
2026-04-28 17:30:29.749 8 WARNING neutron.quota.resource_registry [None req-a90b7673-bd96-48a0-9167-993d66b2afcb - - - - - -] router is already registered
2026-04-28 17:30:29.750 8 INFO neutron.quota.resource_registry [None req-a90b7673-bd96-48a0-9167-993d66b2afcb - - - - - -] Creating instance of TrackedResource for resource:floatingip
2026-04-28 17:30:29.750 8 WARNING neutron.quota.resource_registry [None req-a90b7673-bd96-48a0-9167-993d66b2afcb - - - - - -] floatingip is already registered
2026-04-28 17:30:29.754 8 INFO neutron.quota.resource_registry [None req-a90b7673-bd96-48a0-9167-993d66b2afcb - - - - - -] Creating instance of CountableResource for resource:rbac_policy
2026-04-28 17:30:29.754 8 WARNING neutron.quota.resource_registry [None req-a90b7673-bd96-48a0-9167-993d66b2afcb - - - - - -] rbac_policy is already registered
2026-04-28 17:30:29.754 8 INFO neutron.quota.resource_registry [None req-a90b7673-bd96-48a0-9167-993d66b2afcb - - - - - -] Creating instance of TrackedResource for resource:security_group
2026-04-28 17:30:29.755 8 WARNING neutron.quota.resource_registry [None req-a90b7673-bd96-48a0-9167-993d66b2afcb - - - - - -] security_group is already registered
2026-04-28 17:30:29.755 8 INFO neutron.quota.resource_registry [None req-a90b7673-bd96-48a0-9167-993d66b2afcb - - - - - -] Creating instance of TrackedResource for resource:security_group_rule
2026-04-28 17:30:29.755 8 WARNING neutron.quota.resource_registry [None req-a90b7673-bd96-48a0-9167-993d66b2afcb - - - - - -] security_group_rule is already registered
2026-04-28 17:30:29.756 8 INFO neutron.quota.resource_registry [None req-a90b7673-bd96-48a0-9167-993d66b2afcb - - - - - -] Creating instance of TrackedResource for resource:subnetpool
2026-04-28 17:30:29.756 8 WARNING neutron.quota.resource_registry [None req-a90b7673-bd96-48a0-9167-993d66b2afcb - - - - - -] subnetpool is already registered
2026-04-28 17:30:29.756 8 INFO neutron.quota.resource_registry [None req-a90b7673-bd96-48a0-9167-993d66b2afcb - - - - - -] Creating instance of CountableResource for resource:trunk
2026-04-28 17:30:29.757 8 WARNING neutron.quota.resource_registry [None req-a90b7673-bd96-48a0-9167-993d66b2afcb - - - - - -] trunk is already registered
2026-04-28 17:30:29.757 8 INFO neutron.quota.resource_registry [None req-a90b7673-bd96-48a0-9167-993d66b2afcb - - - - - -] Creating instance of CountableResource for resource:ikepolicy
2026-04-28 17:30:29.757 8 WARNING neutron.quota.resource_registry [None req-a90b7673-bd96-48a0-9167-993d66b2afcb - - - - - -] ikepolicy is already registered
2026-04-28 17:30:29.758 8 INFO neutron.quota.resource_registry [None req-a90b7673-bd96-48a0-9167-993d66b2afcb - - - - - -] Creating instance of CountableResource for resource:ipsecpolicy
2026-04-28 17:30:29.758 8 WARNING neutron.quota.resource_registry [None req-a90b7673-bd96-48a0-9167-993d66b2afcb - - - - - -] ipsecpolicy is already registered
2026-04-28 17:30:29.758 8 INFO neutron.quota.resource_registry [None req-a90b7673-bd96-48a0-9167-993d66b2afcb - - - - - -] Creating instance of CountableResource for resource:endpoint_group
2026-04-28 17:30:29.758 8 WARNING neutron.quota.resource_registry [None req-a90b7673-bd96-48a0-9167-993d66b2afcb - - - - - -] endpoint_group is already registered
2026-04-28 17:30:29.759 8 INFO neutron.quota.resource_registry [None req-a90b7673-bd96-48a0-9167-993d66b2afcb - - - - - -] Creating instance of CountableResource for resource:vpnservice
2026-04-28 17:30:29.759 8 WARNING neutron.quota.resource_registry [None req-a90b7673-bd96-48a0-9167-993d66b2afcb - - - - - -] vpnservice is already registered
2026-04-28 17:30:29.759 8 INFO neutron.quota.resource_registry [None req-a90b7673-bd96-48a0-9167-993d66b2afcb - - - - - -] Creating instance of CountableResource for resource:ipsec_site_connection
2026-04-28 17:30:29.759 8 WARNING neutron.quota.resource_registry [None req-a90b7673-bd96-48a0-9167-993d66b2afcb - - - - - -] ipsec_site_connection is already registered
2026-04-28 17:30:29.759 8 INFO neutron.quota.resource_registry [None req-a90b7673-bd96-48a0-9167-993d66b2afcb - - - - - -] Creating instance of CountableResource for resource:ipsecpolicy
2026-04-28 17:30:29.760 8 WARNING neutron.quota.resource_registry [None req-a90b7673-bd96-48a0-9167-993d66b2afcb - - - - - -] ipsecpolicy is already registered
2026-04-28 17:30:29.760 8 INFO neutron.quota.resource_registry [None req-a90b7673-bd96-48a0-9167-993d66b2afcb - - - - - -] Creating instance of CountableResource for resource:ikepolicy
2026-04-28 17:30:29.760 8 WARNING neutron.quota.resource_registry [None req-a90b7673-bd96-48a0-9167-993d66b2afcb - - - - - -] ikepolicy is already registered
2026-04-28 17:30:29.761 7 INFO neutron.db.ovn_hash_ring_db [None req-6fec468d-b5fa-462b-ab44-bcddecd2855a - - - - - -] Nodes from host "neutron-server-776475bf9f-xcwhv" and group "mechanism_driver" removed from the Hash Ring created at
2026-04-28 17:30:29+00:00
2026-04-28 17:30:29.765 7 INFO neutron.db.ovn_hash_ring_db [None req-6fec468d-b5fa-462b-ab44-bcddecd2855a - - - - - -] Node f5526dd90d05536689a0bfa151355eae from host "neutron-server-776475bf9f-xcwhv" and group "mechanism_driver" added to the Hash Ring
2026-04-28 17:30:29.797 8 WARNING keystonemiddleware._common.config [None req-a90b7673-bd96-48a0-9167-993d66b2afcb - - - - - -] The option "audit_map_file" is not known to keystonemiddleware
2026-04-28 17:30:29.804 8 WARNING oslo_config.cfg [None req-a90b7673-bd96-48a0-9167-993d66b2afcb - - - - - -] Deprecated: Option "auth_uri" from group "keystone_authtoken" is deprecated. Use option "www_authenticate_uri" from group "keystone_authtoken".
2026-04-28 17:30:29.828 8 WARNING neutron.plugins.ml2.drivers.ovn.mech_driver.mech_driver [None req-a90b7673-bd96-48a0-9167-993d66b2afcb - - - - - -] uWSGI must provide a start time using the configuration parameter "start-time %t" in the configuration file
2026-04-28 17:30:30.254 8 INFO neutron.db.ovn_hash_ring_db [None req-a90b7673-bd96-48a0-9167-993d66b2afcb - - - - - -] Nodes from host "neutron-server-776475bf9f-xcwhv" and group "mechanism_driver" removed from the Hash Ring created at
2026-04-28 17:30:29+00:00
2026-04-28 17:30:30.257 7 INFO neutron.plugins.ml2.drivers.ovn.mech_driver.mech_driver [None req-6fec468d-b5fa-462b-ab44-bcddecd2855a - - - - - -] Hash Ring probing thread for node f5526dd90d05536689a0bfa151355eae has started
2026-04-28 17:30:30.258 7 INFO neutron.plugins.ml2.drivers.ovn.mech_driver.ovsdb.impl_idl_ovn [None req-6fec468d-b5fa-462b-ab44-bcddecd2855a - - - - - -] Getting OvsdbNbOvnIdl for WorkerService with retry
2026-04-28 17:30:30.259 8 INFO neutron.db.ovn_hash_ring_db [None req-a90b7673-bd96-48a0-9167-993d66b2afcb - - - - - -] Node 0d09532983415da48f2d19df2d95beb9 from host "neutron-server-776475bf9f-xcwhv" and group "mechanism_driver" added to the Hash Ring
2026-04-28 17:30:30.269 8 INFO neutron.plugins.ml2.drivers.ovn.mech_driver.mech_driver [None req-a90b7673-bd96-48a0-9167-993d66b2afcb - - - - - -] Hash Ring probing thread for node 0d09532983415da48f2d19df2d95beb9 has started
2026-04-28 17:30:30.270 8 INFO neutron.plugins.ml2.drivers.ovn.mech_driver.ovsdb.impl_idl_ovn [None req-a90b7673-bd96-48a0-9167-993d66b2afcb - - - - - -] Getting OvsdbNbOvnIdl for WorkerService with retry
2026-04-28 17:30:30.291 7 INFO ovsdbapp.backend.ovs_idl.vlog [None req-6fec468d-b5fa-462b-ab44-bcddecd2855a - - - - - -] tcp:10.102.191.135:6641: connecting...
2026-04-28 17:30:30.292 7 INFO ovsdbapp.backend.ovs_idl.vlog [None req-6fec468d-b5fa-462b-ab44-bcddecd2855a - - - - - -] tcp:10.102.191.135:6641: connected
2026-04-28 17:30:30.304 8 INFO ovsdbapp.backend.ovs_idl.vlog [None req-a90b7673-bd96-48a0-9167-993d66b2afcb - - - - - -] tcp:10.102.191.135:6641: connecting...
2026-04-28 17:30:30.304 8 INFO ovsdbapp.backend.ovs_idl.vlog [None req-a90b7673-bd96-48a0-9167-993d66b2afcb - - - - - -] tcp:10.102.191.135:6641: connected
2026-04-28 17:30:30.330 7 INFO neutron.plugins.ml2.drivers.ovn.mech_driver.ovsdb.impl_idl_ovn [None req-6fec468d-b5fa-462b-ab44-bcddecd2855a - - - - - -] Getting OvsdbSbOvnIdl for WorkerService with retry
2026-04-28 17:30:30.339 8 INFO neutron.plugins.ml2.drivers.ovn.mech_driver.ovsdb.impl_idl_ovn [None req-a90b7673-bd96-48a0-9167-993d66b2afcb - - - - - -] Getting OvsdbSbOvnIdl for WorkerService with retry
2026-04-28 17:30:30.351 7 INFO ovsdbapp.backend.ovs_idl.vlog [None req-6fec468d-b5fa-462b-ab44-bcddecd2855a - - - - - -] tcp:10.106.106.43:6642: connecting...
2026-04-28 17:30:30.351 7 INFO ovsdbapp.backend.ovs_idl.vlog [None req-6fec468d-b5fa-462b-ab44-bcddecd2855a - - - - - -] tcp:10.106.106.43:6642: connected
2026-04-28 17:30:30.358 8 INFO ovsdbapp.backend.ovs_idl.vlog [None req-a90b7673-bd96-48a0-9167-993d66b2afcb - - - - - -] tcp:10.106.106.43:6642: connecting...
2026-04-28 17:30:30.359 8 INFO ovsdbapp.backend.ovs_idl.vlog [None req-a90b7673-bd96-48a0-9167-993d66b2afcb - - - - - -] tcp:10.106.106.43:6642: connected
2026-04-28 17:30:30.383 7 INFO neutron.plugins.ml2.drivers.ovn.mech_driver.mech_driver [None req-6fec468d-b5fa-462b-ab44-bcddecd2855a - - - - - -] WorkerService process has finished the post initialization
2026-04-28 17:30:30.384 7 INFO neutron.plugins.ml2.drivers.ovn.mech_driver.ovsdb.extensions.qos [-] Starting OVNClientQosExtension
2026-04-28 17:30:30.385 7 INFO neutron.plugins.ml2.drivers.ovn.mech_driver.ovsdb.extensions.placement [-] Starting OVNClientPlacementExtension
2026-04-28 17:30:30.387 8 INFO neutron.plugins.ml2.drivers.ovn.mech_driver.mech_driver [None req-a90b7673-bd96-48a0-9167-993d66b2afcb - - - - - -] WorkerService process has finished the post initialization
2026-04-28 17:30:30.402 7 INFO ovsdbapp.backend.ovs_idl.vlog [None req-6fec468d-b5fa-462b-ab44-bcddecd2855a - - - - - -] tcp:10.102.191.135:6641: connecting...
2026-04-28 17:30:30.403 7 INFO ovsdbapp.backend.ovs_idl.vlog [None req-6fec468d-b5fa-462b-ab44-bcddecd2855a - - - - - -] tcp:10.102.191.135:6641: connected
2026-04-28 17:30:30.407 8 INFO ovsdbapp.backend.ovs_idl.vlog [None req-a90b7673-bd96-48a0-9167-993d66b2afcb - - - - - -] tcp:10.102.191.135:6641: connecting...
2026-04-28 17:30:30.407 8 INFO ovsdbapp.backend.ovs_idl.vlog [None req-a90b7673-bd96-48a0-9167-993d66b2afcb - - - - - -] tcp:10.102.191.135:6641: connected
2026-04-28 17:30:30.447 8 INFO ovsdbapp.backend.ovs_idl.vlog [None req-a90b7673-bd96-48a0-9167-993d66b2afcb - - - - - -] tcp:10.102.191.135:6641: connecting...
2026-04-28 17:30:30.447 8 INFO ovsdbapp.backend.ovs_idl.vlog [None req-a90b7673-bd96-48a0-9167-993d66b2afcb - - - - - -] tcp:10.102.191.135:6641: connected
2026-04-28 17:30:30.457 7 INFO ovsdbapp.backend.ovs_idl.vlog [None req-6fec468d-b5fa-462b-ab44-bcddecd2855a - - - - - -] tcp:10.102.191.135:6641: connecting...
2026-04-28 17:30:30.457 7 INFO ovsdbapp.backend.ovs_idl.vlog [None req-6fec468d-b5fa-462b-ab44-bcddecd2855a - - - - - -] tcp:10.102.191.135:6641: connected WSGI app 0 (mountpoint='') ready in 9 seconds on interpreter 0x7f0a2e14f668 pid: 8 (default app) WSGI app 0 (mountpoint='') ready in 9 seconds on interpreter 0x7f0a2e14f668 pid: 7 (default app) /var/lib/openstack/lib/python3.12/site-packages/pycadf/identifier.py:70: UserWarning: Invalid uuid: unknown. To ensure interoperability, identifiers should be a valid uuid. warnings.warn(('Invalid uuid: %s. To ensure interoperability, '
2026-04-28 17:30:39.042 8 INFO neutron.pecan_wsgi.hooks.translation [None req-a23ddec6-4729-4da8-ac7b-d9edf3115daa 564794dd67a04d0f827e229b7872df76 b831118b6cf44403982f920507b787c4 - - default default] GET failed (client error): The resource could not be found. [pid: 8|app: 0|req: 3/3] 199.204.45.35 () {44 vars in 923 bytes} [Tue Apr 28 17:30:36 2026] GET /v2.0/networks/public => generated 108 bytes in 2648 msecs (HTTP/1.1 404) 4 headers in 164 bytes (1 switches on core 0) /var/lib/openstack/lib/python3.12/site-packages/pycadf/identifier.py:70: UserWarning: Invalid uuid: unknown. To ensure interoperability, identifiers should be a valid uuid. warnings.warn(('Invalid uuid: %s. To ensure interoperability, ' [pid: 7|app: 0|req: 1/4] 199.204.45.35 () {44 vars in 945 bytes} [Tue Apr 28 17:30:39 2026] GET /v2.0/networks?name=public => generated 15 bytes in 442 msecs (HTTP/1.1 200) 4 headers in 156 bytes (1 switches on core 0)
2026-04-28 17:30:39.820 8 INFO neutron.plugins.ml2.drivers.ovn.mech_driver.ovsdb.extensions.qos [None req-a49b2894-a651-48cf-a42c-9fb4fae0cbc0 564794dd67a04d0f827e229b7872df76 b831118b6cf44403982f920507b787c4 - - default default] Starting OVNClientQosExtension
2026-04-28 17:30:39.821 8 INFO neutron.plugins.ml2.drivers.ovn.mech_driver.ovsdb.extensions.placement [None req-a49b2894-a651-48cf-a42c-9fb4fae0cbc0 564794dd67a04d0f827e229b7872df76 b831118b6cf44403982f920507b787c4 - - default default] Starting OVNClientPlacementExtension
2026-04-28 17:30:39.860 8 INFO neutron.db.ovn_revision_numbers_db [None req-a49b2894-a651-48cf-a42c-9fb4fae0cbc0 564794dd67a04d0f827e229b7872df76 b831118b6cf44403982f920507b787c4 - - default default] Successfully bumped revision number for resource a05ecb1c-de19-47f1-b091-7aa2cc7ba9a2 (type: security_groups) to 1
2026-04-28 17:30:39.877 8 INFO neutron.db.ovn_revision_numbers_db [None req-a49b2894-a651-48cf-a42c-9fb4fae0cbc0 564794dd67a04d0f827e229b7872df76 b831118b6cf44403982f920507b787c4 - - default default] Successfully bumped revision number for resource 37755f33-30fc-4d1c-bc52-d35b59a4ea2e (type: security_group_rules) to 0
2026-04-28 17:30:39.889 8 INFO neutron.db.ovn_revision_numbers_db [None req-a49b2894-a651-48cf-a42c-9fb4fae0cbc0 564794dd67a04d0f827e229b7872df76 b831118b6cf44403982f920507b787c4 - - default default] Successfully bumped revision number for resource 72da6b07-7919-445d-810c-c2ce4c4c4251 (type: security_group_rules) to 0
2026-04-28 17:30:39.903 8 INFO neutron.db.ovn_revision_numbers_db [None req-a49b2894-a651-48cf-a42c-9fb4fae0cbc0 564794dd67a04d0f827e229b7872df76 b831118b6cf44403982f920507b787c4 - - default default] Successfully bumped revision number for resource cb7ab43d-791e-488f-afbf-9f45822d6d4d (type: security_group_rules) to 0
2026-04-28 17:30:39.914 8 INFO neutron.db.ovn_revision_numbers_db [None req-a49b2894-a651-48cf-a42c-9fb4fae0cbc0 564794dd67a04d0f827e229b7872df76 b831118b6cf44403982f920507b787c4 - - default default] Successfully bumped revision number for resource ea70125d-48dc-48de-be5e-6a535a9bde6d (type: security_group_rules) to 0
2026-04-28 17:30:39.990 8 WARNING neutron.services.revisions.revision_plugin [None req-a49b2894-a651-48cf-a42c-9fb4fae0cbc0 564794dd67a04d0f827e229b7872df76 b831118b6cf44403982f920507b787c4 - - default default] Could not find related network for resource to bump revision.
2026-04-28 17:30:40.012 8 INFO neutron.db.segments_db [None req-a49b2894-a651-48cf-a42c-9fb4fae0cbc0 564794dd67a04d0f827e229b7872df76 b831118b6cf44403982f920507b787c4 - - default default] Added segment ca018c07-1652-4c60-a32d-e8c60b3387a5 of type flat for network 74721e8b-85d8-4f0f-9b4a-00d2ff7f4019
2026-04-28 17:30:40.149 7 INFO neutron.plugins.ml2.drivers.ovn.mech_driver.mech_driver [-] OVN reports status down for port: provnet-ca018c07-1652-4c60-a32d-e8c60b3387a5
2026-04-28 17:30:40.184 8 INFO neutron.db.ovn_revision_numbers_db [None req-a49b2894-a651-48cf-a42c-9fb4fae0cbc0 564794dd67a04d0f827e229b7872df76 b831118b6cf44403982f920507b787c4 - - default default] Successfully bumped revision number for resource 74721e8b-85d8-4f0f-9b4a-00d2ff7f4019 (type: networks) to 1
2026-04-28 17:30:40.632 8 WARNING neutron.scheduler.dhcp_agent_scheduler [None req-a49b2894-a651-48cf-a42c-9fb4fae0cbc0 564794dd67a04d0f827e229b7872df76 b831118b6cf44403982f920507b787c4 - - default default] No more DHCP agents
2026-04-28 17:30:40.634 8 WARNING neutron.api.rpc.agentnotifiers.dhcp_rpc_agent_api [None req-a49b2894-a651-48cf-a42c-9fb4fae0cbc0 564794dd67a04d0f827e229b7872df76 b831118b6cf44403982f920507b787c4 - - default default] Unable to schedule network 74721e8b-85d8-4f0f-9b4a-00d2ff7f4019: no agents available; will retry on subsequent port and subnet creation events.
2026-04-28 17:30:40.710 7 INFO neutron.plugins.ml2.drivers.ovn.mech_driver.mech_driver [None req-ad9ce165-0394-4c4e-b078-2c9bb0d5008a - - - - - -] OVN reports status down for port: 34877a92-09b8-46d3-b27c-173593930d78
2026-04-28 17:30:40.800 8 INFO neutron.db.ovn_revision_numbers_db [None req-a49b2894-a651-48cf-a42c-9fb4fae0cbc0 564794dd67a04d0f827e229b7872df76 b831118b6cf44403982f920507b787c4 - - default default] Successfully bumped revision number for resource 34877a92-09b8-46d3-b27c-173593930d78 (type: ports) to 1 [pid: 8|app: 0|req: 4/6] 199.204.45.35 () {48 vars in 963 bytes} [Tue Apr 28 17:30:39 2026] POST /v2.0/networks => generated 744 bytes in 1344 msecs (HTTP/1.1 201) 4 headers in 162 bytes (1 switches on core 0)
2026-04-28 17:30:42.277 7 INFO neutron.pecan_wsgi.hooks.translation [None req-6dfdf277-afef-468a-b14f-e0140809d6b2 564794dd67a04d0f827e229b7872df76 b831118b6cf44403982f920507b787c4 - - default default] GET failed (client error): The resource could not be found. [pid: 7|app: 0|req: 3/7] 199.204.45.35 () {44 vars in 923 bytes} [Tue Apr 28 17:30:41 2026] GET /v2.0/networks/public => generated 108 bytes in 395 msecs (HTTP/1.1 404) 4 headers in 164 bytes (1 switches on core 0) [pid: 8|app: 0|req: 5/8] 199.204.45.35 () {44 vars in 945 bytes} [Tue Apr 28 17:30:42 2026] GET /v2.0/networks?name=public => generated 753 bytes in 59 msecs (HTTP/1.1 200) 4 headers in 157 bytes (1 switches on core 0)
2026-04-28 17:30:42.381 7 INFO neutron.pecan_wsgi.hooks.translation [None req-5f7254d7-af2e-4cd2-a84f-d35094cc6a65 564794dd67a04d0f827e229b7872df76 b831118b6cf44403982f920507b787c4 - - default default] GET failed (client error): The resource could not be found. [pid: 7|app: 0|req: 4/9] 199.204.45.35 () {44 vars in 1030 bytes} [Tue Apr 28 17:30:42 2026] GET /v2.0/subnets/public-subnet?network_id=74721e8b-85d8-4f0f-9b4a-00d2ff7f4019 => generated 113 bytes in 27 msecs (HTTP/1.1 404) 4 headers in 164 bytes (1 switches on core 0) [pid: 8|app: 0|req: 6/10] 199.204.45.35 () {44 vars in 1053 bytes} [Tue Apr 28 17:30:42 2026] GET /v2.0/subnets?name=public-subnet&network_id=74721e8b-85d8-4f0f-9b4a-00d2ff7f4019 => generated 14 bytes in 31 msecs (HTTP/1.1 200) 4 headers in 156 bytes (1 switches on core 0)
2026-04-28 17:30:42.836 7 WARNING neutron.scheduler.dhcp_agent_scheduler [None req-65b0fde2-17ba-4976-847c-4b0ffc657b4e 564794dd67a04d0f827e229b7872df76 b831118b6cf44403982f920507b787c4 - - default default] No more DHCP agents
2026-04-28 17:30:42.838 7 WARNING neutron.api.rpc.agentnotifiers.dhcp_rpc_agent_api [None req-65b0fde2-17ba-4976-847c-4b0ffc657b4e 564794dd67a04d0f827e229b7872df76 b831118b6cf44403982f920507b787c4 - - default default] Unable to schedule network 74721e8b-85d8-4f0f-9b4a-00d2ff7f4019: no agents available; will retry on subsequent port and subnet creation events.
2026-04-28 17:30:43.723 7 INFO neutron.db.ovn_revision_numbers_db [None req-7e8522fb-ab1a-4908-9614-bcad33700f29 - - - - - -] Successfully bumped revision number for resource 34877a92-09b8-46d3-b27c-173593930d78 (type: ports) to 2
2026-04-28 17:30:43.773 7 INFO neutron.db.ovn_revision_numbers_db [None req-7e8522fb-ab1a-4908-9614-bcad33700f29 - - - - - -] Successfully bumped revision number for resource 163ab7fb-f708-4cd7-8743-d509264bac91 (type: subnets) to 0 [pid: 7|app: 0|req: 5/11] 199.204.45.35 () {48 vars in 961 bytes} [Tue Apr 28 17:30:42 2026] POST /v2.0/subnets => generated 664 bytes in 1369 msecs (HTTP/1.1 201) 4 headers in 162 bytes (1 switches on core 0)
2026-04-28 17:35:48.814 7 INFO neutron.pecan_wsgi.hooks.translation [None req-bfd94454-0a1d-4a11-91d2-8511d7c8fdea 564794dd67a04d0f827e229b7872df76 b831118b6cf44403982f920507b787c4 - - default default] GET failed (client error): The resource could not be found. [pid: 7|app: 0|req: 25/50] 199.204.45.35 () {44 vars in 933 bytes} [Tue Apr 28 17:35:48 2026] GET /v2.0/networks/lb-mgmt-net => generated 113 bytes in 116 msecs (HTTP/1.1 404) 4 headers in 164 bytes (1 switches on core 0) [pid: 8|app: 0|req: 26/51] 199.204.45.35 () {44 vars in 955 bytes} [Tue Apr 28 17:35:48 2026] GET /v2.0/networks?name=lb-mgmt-net => generated 15 bytes in 23 msecs (HTTP/1.1 200) 4 headers in 156 bytes (1 switches on core 0)
2026-04-28 17:35:48.953 7 INFO neutron.db.segments_db [None req-37262ddf-73df-40d7-82c9-f7224c5d7a84 564794dd67a04d0f827e229b7872df76 b831118b6cf44403982f920507b787c4 - - default default] Added segment f84a01ed-146e-47ee-89b8-470e21b0e347 of type geneve for network 13810ccd-e24a-47d9-87f7-e7b99b21a2f9
2026-04-28 17:35:49.116 7 INFO neutron.db.ovn_revision_numbers_db [None req-37262ddf-73df-40d7-82c9-f7224c5d7a84 564794dd67a04d0f827e229b7872df76 b831118b6cf44403982f920507b787c4 - - default default] Successfully bumped revision number for resource 13810ccd-e24a-47d9-87f7-e7b99b21a2f9 (type: networks) to 1
