2026-04-28 18:11:46.816 7 WARNING neutron.api.rpc.agentnotifiers.dhcp_rpc_agent_api [None req-87733c86-ffc2-4e50-a9df-21516bf65723 - - - - - -] Unable to schedule network bb0ecfd4-44b7-4abf-b597-b1115b7c0de1: no agents available; will retry on subsequent port and subnet creation events. [pid: 8|app: 0|req: 1361/2788] 10.0.0.202 () {32 vars in 734 bytes} [Tue Apr 28 18:11:46 2026] DELETE /v2.0/qos/policies/e2883a96-4454-4a7d-a82d-a8e31c07797d => generated 0 bytes in 116 msecs (HTTP/1.1 204) 2 headers in 112 bytes (1 switches on core 0) [pid: 8|app: 0|req: 1362/2789] 10.0.0.202 () {32 vars in 734 bytes} [Tue Apr 28 18:11:46 2026] DELETE /v2.0/qos/policies/6153e9ca-cadd-4f23-9908-820d2213639b => generated 0 bytes in 94 msecs (HTTP/1.1 204) 2 headers in 112 bytes (1 switches on core 0) [pid: 8|app: 0|req: 1363/2790] 10.0.0.202 () {32 vars in 734 bytes} [Tue Apr 28 18:11:46 2026] DELETE /v2.0/qos/policies/ca1093f8-d99d-4ef0-9dfa-5763b037ddd8 => generated 0 bytes in 100 msecs (HTTP/1.1 204) 2 headers in 112 bytes (1 switches on core 0)
2026-04-28 18:11:47.215 7 WARNING neutron.plugins.ml2.drivers.ovn.mech_driver.ovsdb.ovn_client [None req-dce01951-a378-42d7-882d-91692aa1094a - - - - - -] No hosting information found for port 85b60383-f753-4900-a2e3-5917d4b9e61e: RuntimeError: No hosting information found for port 85b60383-f753-4900-a2e3-5917d4b9e61e
2026-04-28 18:11:47.216 7 INFO neutron.plugins.ml2.drivers.ovn.mech_driver.mech_driver [None req-dce01951-a378-42d7-882d-91692aa1094a - - - - - -] OVN reports status down for port: 977b7ee7-4a6b-498c-8188-25b62c869821
2026-04-28 18:11:47.247 8 INFO neutron.db.ovn_revision_numbers_db [None req-425e9515-b2c9-4c28-ad80-5f320bff1260 - - - - - -] Successfully bumped revision number for resource 79a445e2-d521-4a1f-82b1-6b5afa44cae7 (type: ports) to 2
2026-04-28 18:11:47.336 7 INFO neutron.db.ovn_revision_numbers_db [None req-87733c86-ffc2-4e50-a9df-21516bf65723 - - - - - -] Successfully bumped revision number for resource 79a445e2-d521-4a1f-82b1-6b5afa44cae7 (type: router_ports) to 1
2026-04-28 18:11:47.338 7 WARNING neutron.plugins.ml2.drivers.ovn.mech_driver.ovsdb.ovn_client [None req-dce01951-a378-42d7-882d-91692aa1094a - - - - - -] Logical_Switch_Port %s host information not removed, the port state is up
2026-04-28 18:11:47.339 7 INFO neutron.plugins.ml2.drivers.ovn.mech_driver.mech_driver [None req-dce01951-a378-42d7-882d-91692aa1094a - - - - - -] OVN reports status up for port: 977b7ee7-4a6b-498c-8188-25b62c869821
2026-04-28 18:11:47.373 7 INFO neutron.plugins.ml2.plugin [None req-dce01951-a378-42d7-882d-91692aa1094a - - - - - -] Attempt 1 to provision port 977b7ee7-4a6b-498c-8188-25b62c869821
2026-04-28 18:11:47.778 7 WARNING neutron.scheduler.dhcp_agent_scheduler [None req-87733c86-ffc2-4e50-a9df-21516bf65723 - - - - - -] No more DHCP agents
2026-04-28 18:11:47.782 7 WARNING neutron.api.rpc.agentnotifiers.dhcp_rpc_agent_api [None req-87733c86-ffc2-4e50-a9df-21516bf65723 - - - - - -] Unable to schedule network bb0ecfd4-44b7-4abf-b597-b1115b7c0de1: no agents available; will retry on subsequent port and subnet creation events.
2026-04-28 18:11:48.093 7 INFO neutron.db.ovn_revision_numbers_db [None req-87733c86-ffc2-4e50-a9df-21516bf65723 - - - - - -] Successfully bumped revision number for resource 5484d8e8-0974-4cd0-9fe2-c845d094b1e4 (type: ports) to 1
2026-04-28 18:11:48.258 7 INFO neutron.db.ovn_revision_numbers_db [None req-dce01951-a378-42d7-882d-91692aa1094a - - - - - -] Successfully bumped revision number for resource 977b7ee7-4a6b-498c-8188-25b62c869821 (type: ports) to 2
2026-04-28 18:11:48.305 8 INFO neutron.db.ovn_revision_numbers_db [None req-e5fcde48-5916-46f3-b08b-325bcc0f5c52 564794dd67a04d0f827e229b7872df76 b831118b6cf44403982f920507b787c4 - - default default] Successfully bumped revision number for resource 2fd49916-ce2a-4526-a500-7de55bf2b02f (type: security_groups) to 1
2026-04-28 18:11:48.318 8 INFO neutron.db.ovn_revision_numbers_db [None req-e5fcde48-5916-46f3-b08b-325bcc0f5c52 564794dd67a04d0f827e229b7872df76 b831118b6cf44403982f920507b787c4 - - default default] Successfully bumped revision number for resource 52693f56-668b-4c82-9c17-d8078f10784c (type: security_group_rules) to 0
2026-04-28 18:11:48.332 8 INFO neutron.db.ovn_revision_numbers_db [None req-e5fcde48-5916-46f3-b08b-325bcc0f5c52 564794dd67a04d0f827e229b7872df76 b831118b6cf44403982f920507b787c4 - - default default] Successfully bumped revision number for resource 86f0b18c-5ff9-4630-8f84-246e25d32e56 (type: security_group_rules) to 0
2026-04-28 18:11:48.349 8 INFO neutron.db.ovn_revision_numbers_db [None req-e5fcde48-5916-46f3-b08b-325bcc0f5c52 564794dd67a04d0f827e229b7872df76 b831118b6cf44403982f920507b787c4 - - default default] Successfully bumped revision number for resource aa3af664-e7d3-4fca-ae4a-e9092e75a5a2 (type: security_group_rules) to 0
2026-04-28 18:11:48.365 8 INFO neutron.db.ovn_revision_numbers_db [None req-e5fcde48-5916-46f3-b08b-325bcc0f5c52 564794dd67a04d0f827e229b7872df76 b831118b6cf44403982f920507b787c4 - - default default] Successfully bumped revision number for resource d1da8089-6744-4aeb-b637-f35d3c546f47 (type: security_group_rules) to 0 [pid: 8|app: 0|req: 1364/2791] 10.0.0.202 () {32 vars in 774 bytes} [Tue Apr 28 18:11:48 2026] GET /v2.0/security-groups?tenant_id=3942f730e88c4f7cbab4551584d2f0ca&name=default => generated 2929 bytes in 378 msecs (HTTP/1.1 200) 4 headers in 158 bytes (1 switches on core 0)
2026-04-28 18:11:48.612 7 INFO neutron.db.ovn_revision_numbers_db [None req-87733c86-ffc2-4e50-a9df-21516bf65723 - - - - - -] Successfully bumped revision number for resource 5484d8e8-0974-4cd0-9fe2-c845d094b1e4 (type: ports) to 3 [pid: 8|app: 0|req: 1365/2792] 10.0.0.202 () {32 vars in 740 bytes} [Tue Apr 28 18:11:48 2026] DELETE /v2.0/security-groups/2fd49916-ce2a-4526-a500-7de55bf2b02f => generated 0 bytes in 298 msecs (HTTP/1.1 204) 2 headers in 112 bytes (1 switches on core 0) [pid: 7|app: 0|req: 1428/2793] 10.0.0.202 () {34 vars in 685 bytes} [Tue Apr 28 18:11:43 2026] POST /v2.0/vpn/vpnservices => generated 459 bytes in 4996 msecs (HTTP/1.1 201) 4 headers in 162 bytes (1 switches on core 0) [pid: 7|app: 0|req: 1429/2794] 10.0.0.202 () {32 vars in 663 bytes} [Tue Apr 28 18:11:48 2026] GET /v2.0/vpn/vpnservices => generated 1308 bytes in 12 msecs (HTTP/1.1 200) 4 headers in 158 bytes (1 switches on core 0)
2026-04-28 18:11:48.944 8 INFO neutron.db.ovn_revision_numbers_db [None req-53914bc3-3f5f-4d37-ab59-f77520aa629a 564794dd67a04d0f827e229b7872df76 b831118b6cf44403982f920507b787c4 - - default default] Successfully bumped revision number for resource 29556b56-9837-418e-b1f6-49040e90b96f (type: security_groups) to 1
2026-04-28 18:11:48.958 8 INFO neutron.db.ovn_revision_numbers_db [None req-53914bc3-3f5f-4d37-ab59-f77520aa629a 564794dd67a04d0f827e229b7872df76 b831118b6cf44403982f920507b787c4 - - default default] Successfully bumped revision number for resource 6c5faa77-e74b-4acd-b95a-6b6c3bea9c17 (type: security_group_rules) to 0
2026-04-28 18:11:48.973 8 INFO neutron.db.ovn_revision_numbers_db [None req-53914bc3-3f5f-4d37-ab59-f77520aa629a 564794dd67a04d0f827e229b7872df76 b831118b6cf44403982f920507b787c4 - - default default] Successfully bumped revision number for resource 8fe71f41-27fe-4d11-b4dd-48cabcd311b3 (type: security_group_rules) to 0
2026-04-28 18:11:48.985 8 INFO neutron.db.ovn_revision_numbers_db [None req-53914bc3-3f5f-4d37-ab59-f77520aa629a 564794dd67a04d0f827e229b7872df76 b831118b6cf44403982f920507b787c4 - - default default] Successfully bumped revision number for resource 95177eb7-0863-4fd8-b7ad-a032e1744fc7 (type: security_group_rules) to 0
2026-04-28 18:11:48.998 8 INFO neutron.db.ovn_revision_numbers_db [None req-53914bc3-3f5f-4d37-ab59-f77520aa629a 564794dd67a04d0f827e229b7872df76 b831118b6cf44403982f920507b787c4 - - default default] Successfully bumped revision number for resource cd3cfeb8-91d8-4f58-84c0-d5264c93d329 (type: security_group_rules) to 0 [pid: 8|app: 0|req: 1366/2795] 10.0.0.202 () {32 vars in 774 bytes} [Tue Apr 28 18:11:48 2026] GET /v2.0/security-groups?tenant_id=4197bb490ca94e579cf2cc8e072772f2&name=default => generated 2929 bytes in 231 msecs (HTTP/1.1 200) 4 headers in 158 bytes (1 switches on core 0)
2026-04-28 18:11:49.113 7 INFO neutron_taas.services.taas.taas_plugin [None req-f57c2118-9e53-42da-8af6-ca4a0cbbdaa1 a04c16c05d3e443eae91b86a1071e50a 87cf8cacf71c45a2bed957bf2d5011fc - - default default] TaaS: Handle Delete Port: b4df9c14-060e-4b65-8814-23b410b89632
2026-04-28 18:11:49.116 7 INFO neutron_taas.services.taas.tap_mirror_plugin [None req-f57c2118-9e53-42da-8af6-ca4a0cbbdaa1 a04c16c05d3e443eae91b86a1071e50a 87cf8cacf71c45a2bed957bf2d5011fc - - default default] Tap Mirror: Handle Delete Port: b4df9c14-060e-4b65-8814-23b410b89632 [pid: 8|app: 0|req: 1367/2796] 10.0.0.202 () {32 vars in 740 bytes} [Tue Apr 28 18:11:49 2026] DELETE /v2.0/security-groups/29556b56-9837-418e-b1f6-49040e90b96f => generated 0 bytes in 251 msecs (HTTP/1.1 204) 2 headers in 112 bytes (1 switches on core 0)
2026-04-28 18:11:49.407 7 INFO neutron_taas.services.taas.taas_plugin [None req-9650bad7-d6ee-419c-bdb0-35811d1d5631 - - - - - -] TaaS: Handle Delete Port: 5484d8e8-0974-4cd0-9fe2-c845d094b1e4
2026-04-28 18:11:49.410 7 INFO neutron_taas.services.taas.tap_mirror_plugin [None req-9650bad7-d6ee-419c-bdb0-35811d1d5631 - - - - - -] Tap Mirror: Handle Delete Port: 5484d8e8-0974-4cd0-9fe2-c845d094b1e4
2026-04-28 18:11:49.607 8 INFO neutron.db.ovn_revision_numbers_db [None req-b2c516a7-0174-4057-aba0-e558e47b08a1 564794dd67a04d0f827e229b7872df76 b831118b6cf44403982f920507b787c4 - - default default] Successfully bumped revision number for resource c1011d42-fe66-4978-aca2-00f519a83011 (type: security_groups) to 1
2026-04-28 18:11:49.633 8 INFO neutron.db.ovn_revision_numbers_db [None req-b2c516a7-0174-4057-aba0-e558e47b08a1 564794dd67a04d0f827e229b7872df76 b831118b6cf44403982f920507b787c4 - - default default] Successfully bumped revision number for resource 263e00ee-ed96-4905-9b27-65f63a8999dc (type: security_group_rules) to 0
2026-04-28 18:11:49.653 8 INFO neutron.db.ovn_revision_numbers_db [None req-b2c516a7-0174-4057-aba0-e558e47b08a1 564794dd67a04d0f827e229b7872df76 b831118b6cf44403982f920507b787c4 - - default default] Successfully bumped revision number for resource 6de08805-91ba-4048-a0ba-9c6fb05e176d (type: security_group_rules) to 0
2026-04-28 18:11:49.667 8 INFO neutron.db.ovn_revision_numbers_db [None req-b2c516a7-0174-4057-aba0-e558e47b08a1 564794dd67a04d0f827e229b7872df76 b831118b6cf44403982f920507b787c4 - - default default] Successfully bumped revision number for resource b3141695-35de-46c2-818a-87c8f1f146dc (type: security_group_rules) to 0
2026-04-28 18:11:49.680 8 INFO neutron.db.ovn_revision_numbers_db [None req-b2c516a7-0174-4057-aba0-e558e47b08a1 564794dd67a04d0f827e229b7872df76 b831118b6cf44403982f920507b787c4 - - default default] Successfully bumped revision number for resource ea576f00-3fc1-4cc6-b075-bbda1eef52bb (type: security_group_rules) to 0 [pid: 8|app: 0|req: 1368/2797] 10.0.0.202 () {32 vars in 774 bytes} [Tue Apr 28 18:11:49 2026] GET /v2.0/security-groups?tenant_id=f71b558e2c9b4b518acc9a9b270865a7&name=default => generated 2929 bytes in 290 msecs (HTTP/1.1 200) 4 headers in 158 bytes (1 switches on core 0)
2026-04-28 18:11:49.874 7 INFO neutron_taas.services.taas.taas_plugin [None req-d1fdc17c-1bf0-4b0c-aa2f-7acac04c1332 - - - - - -] TaaS: Handle Delete Port: 79a445e2-d521-4a1f-82b1-6b5afa44cae7
2026-04-28 18:11:49.877 7 INFO neutron_taas.services.taas.tap_mirror_plugin [None req-d1fdc17c-1bf0-4b0c-aa2f-7acac04c1332 - - - - - -] Tap Mirror: Handle Delete Port: 79a445e2-d521-4a1f-82b1-6b5afa44cae7 [pid: 8|app: 0|req: 1369/2798] 10.0.0.202 () {32 vars in 740 bytes} [Tue Apr 28 18:11:49 2026] DELETE /v2.0/security-groups/c1011d42-fe66-4978-aca2-00f519a83011 => generated 0 bytes in 244 msecs (HTTP/1.1 204) 2 headers in 112 bytes (1 switches on core 0)
2026-04-28 18:11:50.766 7 INFO neutron_taas.services.taas.taas_plugin [None req-d1fdc17c-1bf0-4b0c-aa2f-7acac04c1332 - - - - - -] TaaS: Handle Delete Port: 32e7c102-fd10-48b9-85d8-7ba9753f3d30
2026-04-28 18:11:50.775 7 INFO neutron_taas.services.taas.tap_mirror_plugin [None req-d1fdc17c-1bf0-4b0c-aa2f-7acac04c1332 - - - - - -] Tap Mirror: Handle Delete Port: 32e7c102-fd10-48b9-85d8-7ba9753f3d30 [pid: 7|app: 0|req: 1430/2799] 10.0.0.202 () {32 vars in 740 bytes} [Tue Apr 28 18:11:48 2026] DELETE /v2.0/vpn/vpnservices/d1076726-0c58-41fb-9276-05e7fd1d4738 => generated 0 bytes in 2271 msecs (HTTP/1.1 204) 2 headers in 112 bytes (1 switches on core 0) [pid: 8|app: 0|req: 1370/2800] 10.0.0.202 () {32 vars in 663 bytes} [Tue Apr 28 18:11:51 2026] GET /v2.0/vpn/vpnservices => generated 863 bytes in 16 msecs (HTTP/1.1 200) 4 headers in 157 bytes (1 switches on core 0) /var/lib/openstack/lib/python3.12/site-packages/pycadf/identifier.py:70: UserWarning: Invalid uuid: neutron. To ensure interoperability, identifiers should be a valid uuid. warnings.warn(('Invalid uuid: %s. To ensure interoperability, '
2026-04-28 18:11:51.198 7 INFO neutron.api.v2.resource [None req-df3fbc53-929f-4023-9e00-1a72592eb176 a04c16c05d3e443eae91b86a1071e50a 87cf8cacf71c45a2bed957bf2d5011fc - - default default] create failed (client error): The server could not comply with the request since it is either malformed or otherwise incorrect. [pid: 7|app: 0|req: 1431/2801] 10.0.0.202 () {34 vars in 707 bytes} [Tue Apr 28 18:11:51 2026] POST /v2.0/vpn/ipsec-site-connections => generated 127 bytes in 66 msecs (HTTP/1.1 400) 4 headers in 166 bytes (1 switches on core 0)
2026-04-28 18:11:51.263 7 INFO neutron.services.segments.plugin [-] Segment 9721cb68-87dd-4e39-a88b-3b9aa16de2a9 resource provider aggregate not found
2026-04-28 18:11:51.281 7 INFO neutron.services.segments.plugin [-] Segment 9721cb68-87dd-4e39-a88b-3b9aa16de2a9 resource provider not found; error: Placement Client Error (4xx): {"errors": [{"status": 404, "title": "Not Found", "detail": "The resource could not be found.\n\n No resource provider with uuid 9721cb68-87dd-4e39-a88b-3b9aa16de2a9 found for delete ", "request_id": "req-a0e6f9c7-d6b5-4848-9ab4-ce7d656cbdd5"}]}
2026-04-28 18:11:51.289 7 INFO neutron.services.segments.plugin [-] Segment 9721cb68-87dd-4e39-a88b-3b9aa16de2a9 resource provider aggregate not found
2026-04-28 18:11:51.306 7 INFO neutron.services.segments.plugin [-] Segment 9721cb68-87dd-4e39-a88b-3b9aa16de2a9 resource provider not found; error: Placement Client Error (4xx): {"errors": [{"status": 404, "title": "Not Found", "detail": "The resource could not be found.\n\n No resource provider with uuid 9721cb68-87dd-4e39-a88b-3b9aa16de2a9 found for delete ", "request_id": "req-8bdbe892-7ba9-4838-94f4-5e53208441a1"}]}
2026-04-28 18:11:51.306 8 INFO neutron.api.v2.resource [None req-9811b41f-5ae7-466f-8999-5461ef3aa2b9 a04c16c05d3e443eae91b86a1071e50a 87cf8cacf71c45a2bed957bf2d5011fc - - default default] create failed (client error): The server could not comply with the request since it is either malformed or otherwise incorrect. [pid: 8|app: 0|req: 1371/2802] 10.0.0.202 () {34 vars in 707 bytes} [Tue Apr 28 18:11:51 2026] POST /v2.0/vpn/ipsec-site-connections => generated 136 bytes in 90 msecs (HTTP/1.1 400) 4 headers in 166 bytes (1 switches on core 0)
2026-04-28 18:11:51.325 7 WARNING neutron.api.v2.base [None req-43c5eeba-63d7-4f15-ad4f-161a58b4e6e4 a04c16c05d3e443eae91b86a1071e50a 87cf8cacf71c45a2bed957bf2d5011fc - - default default] An exception happened while processing the request body. The exception message is [Invalid input for dpd. Reason: '59' is not a dictionary.].: webob.exc.HTTPBadRequest: Invalid input for dpd. Reason: '59' is not a dictionary.
2026-04-28 18:11:51.326 7 INFO neutron.api.v2.resource [None req-43c5eeba-63d7-4f15-ad4f-161a58b4e6e4 a04c16c05d3e443eae91b86a1071e50a 87cf8cacf71c45a2bed957bf2d5011fc - - default default] create failed (client error): Invalid input for dpd. Reason: '59' is not a dictionary. [pid: 7|app: 0|req: 1432/2803] 10.0.0.202 () {34 vars in 707 bytes} [Tue Apr 28 18:11:51 2026] POST /v2.0/vpn/ipsec-site-connections => generated 129 bytes in 11 msecs (HTTP/1.1 400) 4 headers in 166 bytes (1 switches on core 0) [pid: 8|app: 0|req: 1372/2804] 10.0.0.202 () {34 vars in 693 bytes} [Tue Apr 28 18:11:51 2026] POST /v2.0/vpn/endpoint-groups => generated 293 bytes in 55 msecs (HTTP/1.1 201) 4 headers in 162 bytes (1 switches on core 0)
2026-04-28 18:11:51.441 7 INFO neutron.api.v2.resource [None req-708ea776-4ee8-4e91-99c2-0109e7dff794 a04c16c05d3e443eae91b86a1071e50a 87cf8cacf71c45a2bed957bf2d5011fc - - default default] create failed (client error): The server could not comply with the request since it is either malformed or otherwise incorrect. [pid: 7|app: 0|req: 1433/2805] 10.0.0.202 () {34 vars in 707 bytes} [Tue Apr 28 18:11:51 2026] POST /v2.0/vpn/ipsec-site-connections => generated 149 bytes in 53 msecs (HTTP/1.1 400) 4 headers in 166 bytes (1 switches on core 0) [pid: 8|app: 0|req: 1373/2806] 10.0.0.202 () {32 vars in 671 bytes} [Tue Apr 28 18:11:51 2026] GET /v2.0/vpn/endpoint-groups => generated 909 bytes in 19 msecs (HTTP/1.1 200) 4 headers in 157 bytes (1 switches on core 0) [pid: 7|app: 0|req: 1434/2807] 10.0.0.202 () {32 vars in 748 bytes} [Tue Apr 28 18:11:51 2026] DELETE /v2.0/vpn/endpoint-groups/effd4138-9031-4654-8039-87e6bb1bb99b => generated 0 bytes in 29 msecs (HTTP/1.1 204) 2 headers in 112 bytes (1 switches on core 0) [pid: 8|app: 0|req: 1374/2808] 10.0.0.202 () {32 vars in 671 bytes} [Tue Apr 28 18:11:51 2026] GET /v2.0/vpn/endpoint-groups => generated 634 bytes in 21 msecs (HTTP/1.1 200) 4 headers in 157 bytes (1 switches on core 0) [pid: 7|app: 0|req: 1435/2809] 10.0.0.202 () {34 vars in 693 bytes} [Tue Apr 28 18:11:51 2026] POST /v2.0/vpn/endpoint-groups => generated 302 bytes in 65 msecs (HTTP/1.1 201) 4 headers in 162 bytes (1 switches on core 0)
2026-04-28 18:11:51.666 8 INFO neutron.api.v2.resource [None req-4ebd0bf4-0b8f-41b6-be90-4aa2bad963c9 a04c16c05d3e443eae91b86a1071e50a 87cf8cacf71c45a2bed957bf2d5011fc - - default default] create failed (client error): The server could not comply with the request since it is either malformed or otherwise incorrect. [pid: 8|app: 0|req: 1375/2810] 10.0.0.202 () {34 vars in 707 bytes} [Tue Apr 28 18:11:51 2026] POST /v2.0/vpn/ipsec-site-connections => generated 148 bytes in 57 msecs (HTTP/1.1 400) 4 headers in 166 bytes (1 switches on core 0) [pid: 7|app: 0|req: 1436/2811] 10.0.0.202 () {32 vars in 671 bytes} [Tue Apr 28 18:11:51 2026] GET /v2.0/vpn/endpoint-groups => generated 918 bytes in 15 msecs (HTTP/1.1 200) 4 headers in 157 bytes (1 switches on core 0) [pid: 8|app: 0|req: 1376/2812] 10.0.0.202 () {32 vars in 748 bytes} [Tue Apr 28 18:11:51 2026] DELETE /v2.0/vpn/endpoint-groups/aace2a5a-96c6-4882-b7b2-7ba75ac819a2 => generated 0 bytes in 41 msecs (HTTP/1.1 204) 2 headers in 112 bytes (1 switches on core 0) [pid: 7|app: 0|req: 1437/2813] 10.0.0.202 () {32 vars in 671 bytes} [Tue Apr 28 18:11:51 2026] GET /v2.0/vpn/endpoint-groups => generated 634 bytes in 12 msecs (HTTP/1.1 200) 4 headers in 157 bytes (1 switches on core 0)
2026-04-28 18:11:51.764 8 WARNING neutron.api.v2.base [None req-232d3191-59b1-4c01-b159-80fab9ba3ab9 a04c16c05d3e443eae91b86a1071e50a 87cf8cacf71c45a2bed957bf2d5011fc - - default default] An exception happened while processing the request body. The exception message is [Invalid input for peer_cidrs. Reason: '1.0.0.0/33' is not a valid IP subnet.].: webob.exc.HTTPBadRequest: Invalid input for peer_cidrs. Reason: '1.0.0.0/33' is not a valid IP subnet.
2026-04-28 18:11:51.764 8 INFO neutron.api.v2.resource [None req-232d3191-59b1-4c01-b159-80fab9ba3ab9 a04c16c05d3e443eae91b86a1071e50a 87cf8cacf71c45a2bed957bf2d5011fc - - default default] create failed (client error): Invalid input for peer_cidrs. Reason: '1.0.0.0/33' is not a valid IP subnet. [pid: 8|app: 0|req: 1377/2814] 10.0.0.202 () {34 vars in 707 bytes} [Tue Apr 28 18:11:51 2026] POST /v2.0/vpn/ipsec-site-connections => generated 149 bytes in 7 msecs (HTTP/1.1 400) 4 headers in 166 bytes (1 switches on core 0)
2026-04-28 18:11:51.867 7 INFO neutron.db.segments_db [None req-1424877d-1346-45f9-90d5-fc13f788f25b a04c16c05d3e443eae91b86a1071e50a 87cf8cacf71c45a2bed957bf2d5011fc - - default default] Added segment 7d6b329c-f513-4b45-8df3-5acc9d4ba2b3 of type geneve for network 360b7f65-4a2b-40ce-82fb-d15e884cd586
2026-04-28 18:11:51.972 7 INFO neutron.db.ovn_revision_numbers_db [None req-1424877d-1346-45f9-90d5-fc13f788f25b a04c16c05d3e443eae91b86a1071e50a 87cf8cacf71c45a2bed957bf2d5011fc - - default default] Successfully bumped revision number for resource 360b7f65-4a2b-40ce-82fb-d15e884cd586 (type: networks) to 1
2026-04-28 18:11:52.154 7 WARNING neutron.scheduler.dhcp_agent_scheduler [None req-1424877d-1346-45f9-90d5-fc13f788f25b a04c16c05d3e443eae91b86a1071e50a 87cf8cacf71c45a2bed957bf2d5011fc - - default default] No more DHCP agents
2026-04-28 18:11:52.156 7 WARNING neutron.api.rpc.agentnotifiers.dhcp_rpc_agent_api [None req-1424877d-1346-45f9-90d5-fc13f788f25b a04c16c05d3e443eae91b86a1071e50a 87cf8cacf71c45a2bed957bf2d5011fc - - default default] Unable to schedule network 360b7f65-4a2b-40ce-82fb-d15e884cd586: no agents available; will retry on subsequent port and subnet creation events.
2026-04-28 18:11:52.253 8 WARNING neutron.plugins.ml2.drivers.ovn.mech_driver.ovsdb.ovn_client [None req-01b42247-3a08-4fbb-a7c8-67aff3bb10bd - - - - - -] No port found with ID 79a445e2-d521-4a1f-82b1-6b5afa44cae7: RuntimeError: No port found with ID 79a445e2-d521-4a1f-82b1-6b5afa44cae7
2026-04-28 18:11:52.266 8 INFO neutron.plugins.ml2.drivers.ovn.mech_driver.mech_driver [None req-01b42247-3a08-4fbb-a7c8-67aff3bb10bd - - - - - -] OVN reports status down for port: 5484d8e8-0974-4cd0-9fe2-c845d094b1e4
2026-04-28 18:11:52.269 7 INFO neutron.db.ovn_revision_numbers_db [None req-1424877d-1346-45f9-90d5-fc13f788f25b a04c16c05d3e443eae91b86a1071e50a 87cf8cacf71c45a2bed957bf2d5011fc - - default default] Successfully bumped revision number for resource f1d1e65d-0411-47b8-834a-f1ad78db85b4 (type: ports) to 1 [pid: 7|app: 0|req: 1438/2815] 10.0.0.202 () {34 vars in 670 bytes} [Tue Apr 28 18:11:51 2026] POST /v2.0/networks => generated 650 bytes in 525 msecs (HTTP/1.1 201) 4 headers in 162 bytes (1 switches on core 0)
2026-04-28 18:11:52.496 8 WARNING neutron.scheduler.dhcp_agent_scheduler [None req-d6838360-96f3-4cf9-baa0-e3844455b253 a04c16c05d3e443eae91b86a1071e50a 87cf8cacf71c45a2bed957bf2d5011fc - - default default] No more DHCP agents
2026-04-28 18:11:52.497 8 WARNING neutron.api.rpc.agentnotifiers.dhcp_rpc_agent_api [None req-d6838360-96f3-4cf9-baa0-e3844455b253 a04c16c05d3e443eae91b86a1071e50a 87cf8cacf71c45a2bed957bf2d5011fc - - default default] Unable to schedule network 360b7f65-4a2b-40ce-82fb-d15e884cd586: no agents available; will retry on subsequent port and subnet creation events.
2026-04-28 18:11:52.930 8 INFO neutron.db.ovn_revision_numbers_db [None req-3c52c2be-f6e0-4061-8314-61112335f711 - - - - - -] Successfully bumped revision number for resource f1d1e65d-0411-47b8-834a-f1ad78db85b4 (type: ports) to 2
2026-04-28 18:11:52.972 8 INFO neutron.db.ovn_revision_numbers_db [None req-3c52c2be-f6e0-4061-8314-61112335f711 - - - - - -] Successfully bumped revision number for resource 4798c5fc-9608-43dc-a171-8e95dbade156 (type: subnets) to 0 [pid: 8|app: 0|req: 1378/2816] 10.0.0.202 () {34 vars in 669 bytes} [Tue Apr 28 18:11:52 2026] POST /v2.0/subnets => generated 629 bytes in 696 msecs (HTTP/1.1 201) 4 headers in 162 bytes (1 switches on core 0)
2026-04-28 18:11:53.419 7 WARNING neutron.scheduler.dhcp_agent_scheduler [None req-27132bfd-520c-4089-89fd-22aa65b35479 a04c16c05d3e443eae91b86a1071e50a 87cf8cacf71c45a2bed957bf2d5011fc - - default default] No more DHCP agents
2026-04-28 18:11:53.421 7 WARNING neutron.api.rpc.agentnotifiers.dhcp_rpc_agent_api [None req-27132bfd-520c-4089-89fd-22aa65b35479 a04c16c05d3e443eae91b86a1071e50a 87cf8cacf71c45a2bed957bf2d5011fc - - default default] Unable to schedule network 74721e8b-85d8-4f0f-9b4a-00d2ff7f4019: no agents available; will retry on subsequent port and subnet creation events.
2026-04-28 18:11:53.519 7 WARNING neutron.plugins.ml2.drivers.ovn.mech_driver.ovsdb.ovn_client [None req-256ded25-abc0-469a-bc4f-34e0e8d6fda5 - - - - - -] No hosting information found for port 977b7ee7-4a6b-498c-8188-25b62c869821: RuntimeError: No hosting information found for port 977b7ee7-4a6b-498c-8188-25b62c869821
2026-04-28 18:11:53.656 7 INFO neutron.db.ovn_revision_numbers_db [None req-27132bfd-520c-4089-89fd-22aa65b35479 a04c16c05d3e443eae91b86a1071e50a 87cf8cacf71c45a2bed957bf2d5011fc - - default default] Successfully bumped revision number for resource c9969ae3-e903-483a-a85d-e99c7a2beb1e (type: ports) to 1
2026-04-28 18:11:53.665 7 INFO neutron.db.ovn_revision_numbers_db [None req-256ded25-abc0-469a-bc4f-34e0e8d6fda5 - - - - - -] Successfully bumped revision number for resource 977b7ee7-4a6b-498c-8188-25b62c869821 (type: router_ports) to 2
2026-04-28 18:11:53.665 7 INFO neutron.plugins.ml2.drivers.ovn.mech_driver.mech_driver [None req-256ded25-abc0-469a-bc4f-34e0e8d6fda5 - - - - - -] OVN reports status down for port: b4df9c14-060e-4b65-8814-23b410b89632
2026-04-28 18:11:53.677 7 INFO neutron.plugins.ml2.drivers.ovn.mech_driver.mech_driver [None req-256ded25-abc0-469a-bc4f-34e0e8d6fda5 - - - - - -] OVN reports status down for port: 32e7c102-fd10-48b9-85d8-7ba9753f3d30
2026-04-28 18:11:53.801 7 INFO neutron.plugins.ml2.drivers.ovn.mech_driver.mech_driver [None req-256ded25-abc0-469a-bc4f-34e0e8d6fda5 - - - - - -] OVN reports status down for port: f1d1e65d-0411-47b8-834a-f1ad78db85b4
2026-04-28 18:11:53.954 7 INFO neutron.plugins.ml2.drivers.ovn.mech_driver.mech_driver [None req-256ded25-abc0-469a-bc4f-34e0e8d6fda5 - - - - - -] OVN reports status down for port: c9969ae3-e903-483a-a85d-e99c7a2beb1e
2026-04-28 18:11:54.449 7 INFO neutron.plugins.ml2.drivers.ovn.mech_driver.ovsdb.commands [None req-99e6be35-a9eb-4a66-9121-f68ad1ec4304 - - - - - -] Schedule LRP lrp-c9969ae3-e903-483a-a85d-e99c7a2beb1e on gateway 00c96716-469e-46b7-9ab1-025250c60626 with priority 1
2026-04-28 18:11:54.496 7 INFO neutron.plugins.ml2.drivers.ovn.mech_driver.mech_driver [None req-256ded25-abc0-469a-bc4f-34e0e8d6fda5 - - - - - -] OVN reports status up for port: c9969ae3-e903-483a-a85d-e99c7a2beb1e
2026-04-28 18:11:54.546 8 INFO neutron.db.ovn_revision_numbers_db [None req-b5b56711-8e29-4fac-9bf6-a3ef10a614f4 19e4792dbe0a4f89a4039f69084a96dd f504d859f1184aed98d2549d09f3be34 - - default default] Successfully bumped revision number for resource f282e883-8924-4cb3-83f1-ecf0bc3b5006 (type: security_groups) to 1
2026-04-28 18:11:54.546 7 INFO neutron.plugins.ml2.plugin [None req-256ded25-abc0-469a-bc4f-34e0e8d6fda5 - - - - - -] Attempt 1 to provision port c9969ae3-e903-483a-a85d-e99c7a2beb1e
2026-04-28 18:11:54.559 8 INFO neutron.db.ovn_revision_numbers_db [None req-b5b56711-8e29-4fac-9bf6-a3ef10a614f4 19e4792dbe0a4f89a4039f69084a96dd f504d859f1184aed98d2549d09f3be34 - - default default] Successfully bumped revision number for resource 47ed4dcb-308e-4928-8d06-0bea95baf0a8 (type: security_group_rules) to 0
2026-04-28 18:11:54.573 8 INFO neutron.db.ovn_revision_numbers_db [None req-b5b56711-8e29-4fac-9bf6-a3ef10a614f4 19e4792dbe0a4f89a4039f69084a96dd f504d859f1184aed98d2549d09f3be34 - - default default] Successfully bumped revision number for resource e3d219b4-66eb-4d5f-a22e-db42d7593204 (type: security_group_rules) to 0
2026-04-28 18:11:54.587 8 INFO neutron.db.ovn_revision_numbers_db [None req-b5b56711-8e29-4fac-9bf6-a3ef10a614f4 19e4792dbe0a4f89a4039f69084a96dd f504d859f1184aed98d2549d09f3be34 - - default default] Successfully bumped revision number for resource ef552a84-37d9-4058-a8c5-7dd27a297679 (type: security_group_rules) to 0
2026-04-28 18:11:54.588 7 INFO neutron.db.ovn_revision_numbers_db [None req-27132bfd-520c-4089-89fd-22aa65b35479 a04c16c05d3e443eae91b86a1071e50a 87cf8cacf71c45a2bed957bf2d5011fc - - default default] Successfully bumped revision number for resource c9969ae3-e903-483a-a85d-e99c7a2beb1e (type: router_ports) to 1
2026-04-28 18:11:54.600 8 INFO neutron.db.ovn_revision_numbers_db [None req-b5b56711-8e29-4fac-9bf6-a3ef10a614f4 19e4792dbe0a4f89a4039f69084a96dd f504d859f1184aed98d2549d09f3be34 - - default default] Successfully bumped revision number for resource f07935cd-141a-4b20-910d-4ee8c343dd27 (type: security_group_rules) to 0
2026-04-28 18:11:54.688 8 INFO neutron.db.segments_db [None req-b5b56711-8e29-4fac-9bf6-a3ef10a614f4 19e4792dbe0a4f89a4039f69084a96dd f504d859f1184aed98d2549d09f3be34 - - default default] Added segment f0f289f5-6a89-443a-9a79-89bd1fe3b2ce of type geneve for network ffe35fac-8905-438a-8b26-46a54b7bb255
2026-04-28 18:11:54.727 7 INFO neutron.db.ovn_revision_numbers_db [None req-27132bfd-520c-4089-89fd-22aa65b35479 a04c16c05d3e443eae91b86a1071e50a 87cf8cacf71c45a2bed957bf2d5011fc - - default default] Successfully bumped revision number for resource f43390eb-ab5a-48cb-bcbd-cfac259150f5 (type: routers) to 2 [pid: 7|app: 0|req: 1439/2817] 10.0.0.202 () {34 vars in 669 bytes} [Tue Apr 28 18:11:53 2026] POST /v2.0/routers => generated 937 bytes in 1746 msecs (HTTP/1.1 201) 4 headers in 162 bytes (1 switches on core 0)
2026-04-28 18:11:54.825 8 INFO neutron.db.ovn_revision_numbers_db [None req-b5b56711-8e29-4fac-9bf6-a3ef10a614f4 19e4792dbe0a4f89a4039f69084a96dd f504d859f1184aed98d2549d09f3be34 - - default default] Successfully bumped revision number for resource ffe35fac-8905-438a-8b26-46a54b7bb255 (type: networks) to 1
2026-04-28 18:11:54.895 7 INFO neutron.api.v2.resource [None req-c0a36bd8-5a35-4b36-8c55-f4e7a8a51928 6268c6aacc814d26933ad8abc8c4af42 f07a3ddf8cb847e9902b2a02d21c53c3 - - default default] create failed (client error): The server could not comply with the request since it is either malformed or otherwise incorrect. [pid: 7|app: 0|req: 1440/2818] 10.0.0.202 () {34 vars in 685 bytes} [Tue Apr 28 18:11:54 2026] POST /v2.0/vpn/vpnservices => generated 194 bytes in 144 msecs (HTTP/1.1 400) 4 headers in 166 bytes (1 switches on core 0)
2026-04-28 18:11:54.996 8 WARNING neutron.scheduler.dhcp_agent_scheduler [None req-b5b56711-8e29-4fac-9bf6-a3ef10a614f4 19e4792dbe0a4f89a4039f69084a96dd f504d859f1184aed98d2549d09f3be34 - - default default] No more DHCP agents
2026-04-28 18:11:54.999 8 WARNING neutron.api.rpc.agentnotifiers.dhcp_rpc_agent_api [None req-b5b56711-8e29-4fac-9bf6-a3ef10a614f4 19e4792dbe0a4f89a4039f69084a96dd f504d859f1184aed98d2549d09f3be34 - - default default] Unable to schedule network ffe35fac-8905-438a-8b26-46a54b7bb255: no agents available; will retry on subsequent port and subnet creation events.
2026-04-28 18:11:55.089 7 INFO neutron_taas.services.taas.taas_plugin [None req-3f06f2a2-6408-432d-8b41-6b7615bd897d 6268c6aacc814d26933ad8abc8c4af42 f07a3ddf8cb847e9902b2a02d21c53c3 - - default default] TaaS: Handle Delete Port: f1d1e65d-0411-47b8-834a-f1ad78db85b4
2026-04-28 18:11:55.092 7 INFO neutron_taas.services.taas.tap_mirror_plugin [None req-3f06f2a2-6408-432d-8b41-6b7615bd897d 6268c6aacc814d26933ad8abc8c4af42 f07a3ddf8cb847e9902b2a02d21c53c3 - - default default] Tap Mirror: Handle Delete Port: f1d1e65d-0411-47b8-834a-f1ad78db85b4
2026-04-28 18:11:55.093 8 INFO neutron.db.ovn_revision_numbers_db [None req-b5b56711-8e29-4fac-9bf6-a3ef10a614f4 19e4792dbe0a4f89a4039f69084a96dd f504d859f1184aed98d2549d09f3be34 - - default default] Successfully bumped revision number for resource 4905cc1b-634a-4c01-a8d1-4212df47ce93 (type: ports) to 1 [pid: 8|app: 0|req: 1379/2819] 10.0.0.202 () {34 vars in 670 bytes} [Tue Apr 28 18:11:54 2026] POST /v2.0/networks => generated 651 bytes in 954 msecs (HTTP/1.1 201) 4 headers in 162 bytes (1 switches on core 0)
2026-04-28 18:11:55.323 8 WARNING neutron.scheduler.dhcp_agent_scheduler [None req-116b21f1-7e4c-491f-9d02-38d784088b2b 19e4792dbe0a4f89a4039f69084a96dd f504d859f1184aed98d2549d09f3be34 - - default default] No more DHCP agents
2026-04-28 18:11:55.325 8 WARNING neutron.api.rpc.agentnotifiers.dhcp_rpc_agent_api [None req-116b21f1-7e4c-491f-9d02-38d784088b2b 19e4792dbe0a4f89a4039f69084a96dd f504d859f1184aed98d2549d09f3be34 - - default default] Unable to schedule network ffe35fac-8905-438a-8b26-46a54b7bb255: no agents available; will retry on subsequent port and subnet creation events.
2026-04-28 18:11:55.402 7 INFO neutron.services.segments.plugin [-] Segment 7d6b329c-f513-4b45-8df3-5acc9d4ba2b3 resource provider aggregate not found
2026-04-28 18:11:55.409 7 INFO neutron.services.segments.plugin [-] Segment 7d6b329c-f513-4b45-8df3-5acc9d4ba2b3 resource provider aggregate not found
2026-04-28 18:11:55.419 7 INFO neutron.services.segments.plugin [-] Segment 7d6b329c-f513-4b45-8df3-5acc9d4ba2b3 resource provider not found; error: Placement Client Error (4xx): {"errors": [{"status": 404, "title": "Not Found", "detail": "The resource could not be found.\n\n No resource provider with uuid 7d6b329c-f513-4b45-8df3-5acc9d4ba2b3 found for delete ", "request_id": "req-379183e7-7c57-440d-8e03-32ff9087ae1b"}]}
2026-04-28 18:11:55.430 7 INFO neutron.services.segments.plugin [-] Segment 7d6b329c-f513-4b45-8df3-5acc9d4ba2b3 resource provider not found; error: Placement Client Error (4xx): {"errors": [{"status": 404, "title": "Not Found", "detail": "The resource could not be found.\n\n No resource provider with uuid 7d6b329c-f513-4b45-8df3-5acc9d4ba2b3 found for delete ", "request_id": "req-158ff196-69e0-44d2-9406-fcb24f557d1f"}]} [pid: 7|app: 0|req: 1441/2820] 10.0.0.202 () {32 vars in 726 bytes} [Tue Apr 28 18:11:54 2026] DELETE /v2.0/networks/360b7f65-4a2b-40ce-82fb-d15e884cd586 => generated 0 bytes in 546 msecs (HTTP/1.1 204) 3 headers in 131 bytes (1 switches on core 0)
2026-04-28 18:11:55.781 8 INFO neutron.db.ovn_revision_numbers_db [None req-e63cc394-684f-4bbf-b745-820d32613ffa - - - - - -] Successfully bumped revision number for resource 4905cc1b-634a-4c01-a8d1-4212df47ce93 (type: ports) to 2
2026-04-28 18:11:55.797 7 INFO neutron_taas.services.taas.taas_plugin [None req-94673e64-f508-4d1d-b524-ac8e3e525c72 6268c6aacc814d26933ad8abc8c4af42 f07a3ddf8cb847e9902b2a02d21c53c3 - - default default] TaaS: Handle Delete Port: c9969ae3-e903-483a-a85d-e99c7a2beb1e
2026-04-28 18:11:55.800 7 INFO neutron_taas.services.taas.tap_mirror_plugin [None req-94673e64-f508-4d1d-b524-ac8e3e525c72 6268c6aacc814d26933ad8abc8c4af42 f07a3ddf8cb847e9902b2a02d21c53c3 - - default default] Tap Mirror: Handle Delete Port: c9969ae3-e903-483a-a85d-e99c7a2beb1e
2026-04-28 18:11:55.809 8 INFO neutron.db.ovn_revision_numbers_db [None req-e63cc394-684f-4bbf-b745-820d32613ffa - - - - - -] Successfully bumped revision number for resource beed758e-6510-4774-a465-78a0de84e9a9 (type: subnets) to 0 [pid: 8|app: 0|req: 1380/2821] 10.0.0.202 () {34 vars in 669 bytes} [Tue Apr 28 18:11:55 2026] POST /v2.0/subnets => generated 626 bytes in 705 msecs (HTTP/1.1 201) 4 headers in 162 bytes (1 switches on core 0)
2026-04-28 18:11:55.939 8 INFO neutron.db.segments_db [None req-764e6679-e5c9-4f4e-8a65-6695b7dadc09 19e4792dbe0a4f89a4039f69084a96dd f504d859f1184aed98d2549d09f3be34 - - default default] Added segment 8575e92e-0488-4ef6-8973-aca69d4b0eeb of type geneve for network f6fab1b5-8244-4cd3-a81d-3d1402fa76cd
2026-04-28 18:11:56.084 8 INFO neutron.db.ovn_revision_numbers_db [None req-764e6679-e5c9-4f4e-8a65-6695b7dadc09 19e4792dbe0a4f89a4039f69084a96dd f504d859f1184aed98d2549d09f3be34 - - default default] Successfully bumped revision number for resource f6fab1b5-8244-4cd3-a81d-3d1402fa76cd (type: networks) to 1 [pid: 7|app: 0|req: 1442/2824] 10.0.0.202 () {32 vars in 724 bytes} [Tue Apr 28 18:11:55 2026] DELETE /v2.0/routers/f43390eb-ab5a-48cb-bcbd-cfac259150f5 => generated 0 bytes in 774 msecs (HTTP/1.1 204) 2 headers in 112 bytes (1 switches on core 0)
2026-04-28 18:11:56.237 7 WARNING neutron.api.v2.base [None req-f71af011-4ac1-4d1f-ad57-83159d03bf5a a04c16c05d3e443eae91b86a1071e50a 87cf8cacf71c45a2bed957bf2d5011fc - - default default] An exception happened while processing the request body. The exception message is [Invalid input for description. Reason: 'yyyyyyyyyyyyyyyyyyyyyyyyyyyyyyyyyyyyyyyyyyyyyyyyyyyyyyyyyyyyyyyyyyyyyyyyyyyyyyyyyyyyyyyyyyyyyyyyyyyyyyyyyyyyyyyyyyyyyyyyyyyyyyyyyyyyyyyyyyyyyyyyyyyyyyyyyyyyyyyyyyyyyyyyyyyyyyyyyyyyyyyyyyyyyyyyyyyyyyyyyyyyyyyyyyyyyyyyyyyyyyyyyyyyyyyyyyyyyyyyyyyyyyyyyyyyyyyy' exceeds maximum length of 255.].: webob.exc.HTTPBadRequest: Invalid input for description. Reason: 'yyyyyyyyyyyyyyyyyyyyyyyyyyyyyyyyyyyyyyyyyyyyyyyyyyyyyyyyyyyyyyyyyyyyyyyyyyyyyyyyyyyyyyyyyyyyyyyyyyyyyyyyyyyyyyyyyyyyyyyyyyyyyyyyyyyyyyyyyyyyyyyyyyyyyyyyyyyyyyyyyyyyyyyyyyyyyyyyyyyyyyyyyyyyyyyyyyyyyyyyyyyyyyyyyyyyyyyyyyyyyyyyyyyyyyyyyyyyyyyyyyyyyyyyyyyyyyyy' exceeds maximum length of 255.
2026-04-28 18:11:56.237 7 INFO neutron.api.v2.resource [None req-f71af011-4ac1-4d1f-ad57-83159d03bf5a a04c16c05d3e443eae91b86a1071e50a 87cf8cacf71c45a2bed957bf2d5011fc - - default default] create failed (client error): Invalid input for description. Reason: 'yyyyyyyyyyyyyyyyyyyyyyyyyyyyyyyyyyyyyyyyyyyyyyyyyyyyyyyyyyyyyyyyyyyyyyyyyyyyyyyyyyyyyyyyyyyyyyyyyyyyyyyyyyyyyyyyyyyyyyyyyyyyyyyyyyyyyyyyyyyyyyyyyyyyyyyyyyyyyyyyyyyyyyyyyyyyyyyyyyyyyyyyyyyyyyyyyyyyyyyyyyyyyyyyyyyyyyyyyyyyyyyyyyyyyyyyyyyyyyyyyyyyyyyyyyyyyyyy' exceeds maximum length of 255. [pid: 7|app: 0|req: 1443/2825] 10.0.0.202 () {34 vars in 685 bytes} [Tue Apr 28 18:11:56 2026] POST /v2.0/vpn/vpnservices => generated 401 bytes in 5 msecs (HTTP/1.1 400) 4 headers in 166 bytes (1 switches on core 0)
2026-04-28 18:11:56.247 7 WARNING neutron.api.v2.base [None req-0a3b37ad-29d8-4668-b579-7cb3bbc885df a04c16c05d3e443eae91b86a1071e50a 87cf8cacf71c45a2bed957bf2d5011fc - - default default] An exception happened while processing the request body. The exception message is [Invalid input for name. Reason: 'xxxxxxxxxxxxxxxxxxxxxxxxxxxxxxxxxxxxxxxxxxxxxxxxxxxxxxxxxxxxxxxxxxxxxxxxxxxxxxxxxxxxxxxxxxxxxxxxxxxxxxxxxxxxxxxxxxxxxxxxxxxxxxxxxxxxxxxxxxxxxxxxxxxxxxxxxxxxxxxxxxxxxxxxxxxxxxxxxxxxxxxxxxxxxxxxxxxxxxxxxxxxxxxxxxxxxxxxxxxxxxxxxxxxxxxxxxxxxxxxxxxxxxxxxxxxxxxx' exceeds maximum length of 255.].: webob.exc.HTTPBadRequest: Invalid input for name. Reason: 'xxxxxxxxxxxxxxxxxxxxxxxxxxxxxxxxxxxxxxxxxxxxxxxxxxxxxxxxxxxxxxxxxxxxxxxxxxxxxxxxxxxxxxxxxxxxxxxxxxxxxxxxxxxxxxxxxxxxxxxxxxxxxxxxxxxxxxxxxxxxxxxxxxxxxxxxxxxxxxxxxxxxxxxxxxxxxxxxxxxxxxxxxxxxxxxxxxxxxxxxxxxxxxxxxxxxxxxxxxxxxxxxxxxxxxxxxxxxxxxxxxxxxxxxxxxxxxxx' exceeds maximum length of 255.
2026-04-28 18:11:56.247 7 INFO neutron.api.v2.resource [None req-0a3b37ad-29d8-4668-b579-7cb3bbc885df a04c16c05d3e443eae91b86a1071e50a 87cf8cacf71c45a2bed957bf2d5011fc - - default default] create failed (client error): Invalid input for name. Reason: 'xxxxxxxxxxxxxxxxxxxxxxxxxxxxxxxxxxxxxxxxxxxxxxxxxxxxxxxxxxxxxxxxxxxxxxxxxxxxxxxxxxxxxxxxxxxxxxxxxxxxxxxxxxxxxxxxxxxxxxxxxxxxxxxxxxxxxxxxxxxxxxxxxxxxxxxxxxxxxxxxxxxxxxxxxxxxxxxxxxxxxxxxxxxxxxxxxxxxxxxxxxxxxxxxxxxxxxxxxxxxxxxxxxxxxxxxxxxxxxxxxxxxxxxxxxxxxxxx' exceeds maximum length of 255. [pid: 7|app: 0|req: 1444/2826] 10.0.0.202 () {34 vars in 685 bytes} [Tue Apr 28 18:11:56 2026] POST /v2.0/vpn/vpnservices => generated 394 bytes in 5 msecs (HTTP/1.1 400) 4 headers in 166 bytes (1 switches on core 0)
2026-04-28 18:11:56.261 8 WARNING neutron.scheduler.dhcp_agent_scheduler [None req-764e6679-e5c9-4f4e-8a65-6695b7dadc09 19e4792dbe0a4f89a4039f69084a96dd f504d859f1184aed98d2549d09f3be34 - - default default] No more DHCP agents
2026-04-28 18:11:56.263 8 WARNING neutron.api.rpc.agentnotifiers.dhcp_rpc_agent_api [None req-764e6679-e5c9-4f4e-8a65-6695b7dadc09 19e4792dbe0a4f89a4039f69084a96dd f504d859f1184aed98d2549d09f3be34 - - default default] Unable to schedule network f6fab1b5-8244-4cd3-a81d-3d1402fa76cd: no agents available; will retry on subsequent port and subnet creation events.
2026-04-28 18:11:56.288 7 INFO neutron.api.v2.resource [None req-f4eea6b7-7799-47ba-a4e8-d4d4f517d645 a04c16c05d3e443eae91b86a1071e50a 87cf8cacf71c45a2bed957bf2d5011fc - - default default] create failed (client error): The server could not comply with the request since it is either malformed or otherwise incorrect. [pid: 7|app: 0|req: 1445/2827] 10.0.0.202 () {34 vars in 693 bytes} [Tue Apr 28 18:11:56 2026] POST /v2.0/vpn/endpoint-groups => generated 183 bytes in 36 msecs (HTTP/1.1 400) 4 headers in 166 bytes (1 switches on core 0)
2026-04-28 18:11:56.325 8 INFO neutron.plugins.ml2.drivers.ovn.mech_driver.mech_driver [None req-01b42247-3a08-4fbb-a7c8-67aff3bb10bd - - - - - -] OVN reports status down for port: e69f2a48-5380-4157-a144-cfde11a1ec91
2026-04-28 18:11:56.348 7 INFO neutron.api.v2.resource [None req-d43e4a9b-4545-48b3-ade6-6adeeff89ce6 a04c16c05d3e443eae91b86a1071e50a 87cf8cacf71c45a2bed957bf2d5011fc - - default default] create failed (client error): The server could not comply with the request since it is either malformed or otherwise incorrect. [pid: 7|app: 0|req: 1446/2828] 10.0.0.202 () {34 vars in 693 bytes} [Tue Apr 28 18:11:56 2026] POST /v2.0/vpn/endpoint-groups => generated 160 bytes in 53 msecs (HTTP/1.1 400) 4 headers in 166 bytes (1 switches on core 0)
2026-04-28 18:11:56.388 8 INFO neutron.db.ovn_revision_numbers_db [None req-764e6679-e5c9-4f4e-8a65-6695b7dadc09 19e4792dbe0a4f89a4039f69084a96dd f504d859f1184aed98d2549d09f3be34 - - default default] Successfully bumped revision number for resource e69f2a48-5380-4157-a144-cfde11a1ec91 (type: ports) to 1
2026-04-28 18:11:56.398 7 INFO neutron.api.v2.resource [None req-80bc8e2f-6160-4f0a-95c1-1c1e9109e762 a04c16c05d3e443eae91b86a1071e50a 87cf8cacf71c45a2bed957bf2d5011fc - - default default] create failed (client error): The server could not comply with the request since it is either malformed or otherwise incorrect. [pid: 7|app: 0|req: 1447/2829] 10.0.0.202 () {34 vars in 693 bytes} [Tue Apr 28 18:11:56 2026] POST /v2.0/vpn/endpoint-groups => generated 154 bytes in 44 msecs (HTTP/1.1 400) 4 headers in 166 bytes (1 switches on core 0) [pid: 7|app: 0|req: 1448/2830] 10.0.0.202 () {32 vars in 663 bytes} [Tue Apr 28 18:11:56 2026] GET /v2.0/vpn/ikepolicies => generated 407 bytes in 18 msecs (HTTP/1.1 200) 4 headers in 157 bytes (1 switches on core 0) [pid: 8|app: 0|req: 1383/2831] 10.0.0.202 () {34 vars in 670 bytes} [Tue Apr 28 18:11:55 2026] POST /v2.0/networks => generated 651 bytes in 595 msecs (HTTP/1.1 201) 4 headers in 162 bytes (1 switches on core 0) [pid: 8|app: 0|req: 1384/2832] 10.0.0.202 () {32 vars in 667 bytes} [Tue Apr 28 18:11:56 2026] GET /v2.0/vpn/ipsecpolicies => generated 414 bytes in 18 msecs (HTTP/1.1 200) 4 headers in 157 bytes (1 switches on core 0) [pid: 8|app: 0|req: 1385/2833] 10.0.0.202 () {32 vars in 685 bytes} [Tue Apr 28 18:11:56 2026] GET /v2.0/vpn/ipsec-site-connections => generated 796 bytes in 16 msecs (HTTP/1.1 200) 4 headers in 157 bytes (1 switches on core 0) [pid: 8|app: 0|req: 1386/2834] 10.0.0.202 () {32 vars in 663 bytes} [Tue Apr 28 18:11:56 2026] GET /v2.0/vpn/vpnservices => generated 863 bytes in 10 msecs (HTTP/1.1 200) 4 headers in 157 bytes (1 switches on core 0) [pid: 8|app: 0|req: 1387/2835] 10.0.0.202 () {32 vars in 745 bytes} [Tue Apr 28 18:11:56 2026] GET /v2.0/vpn/endpoint-groups/ae1b0471-5111-4f26-866b-d0cce0875b16 => generated 329 bytes in 9 msecs (HTTP/1.1 200) 4 headers in 157 bytes (1 switches on core 0) [pid: 8|app: 0|req: 1388/2836] 10.0.0.202 () {32 vars in 745 bytes} [Tue Apr 28 18:11:56 2026] GET /v2.0/vpn/endpoint-groups/776851fc-8844-4a6e-92a3-59f423ee6e31 => generated 320 bytes in 11 msecs (HTTP/1.1 200) 4 headers in 157 bytes (1 switches on core 0) [pid: 8|app: 0|req: 1389/2837] 10.0.0.202 () {32 vars in 737 bytes} [Tue Apr 28 18:11:56 2026] GET /v2.0/vpn/ikepolicies/f882e0ec-943b-471b-9427-981cdf689c3b => generated 403 bytes in 10 msecs (HTTP/1.1 200) 4 headers in 157 bytes (1 switches on core 0) [pid: 8|app: 0|req: 1390/2838] 10.0.0.202 () {32 vars in 741 bytes} [Tue Apr 28 18:11:56 2026] GET /v2.0/vpn/ipsecpolicies/17c5fc41-b54c-4fea-95c3-561b0ecce0f4 => generated 410 bytes in 8 msecs (HTTP/1.1 200) 4 headers in 157 bytes (1 switches on core 0) [pid: 8|app: 0|req: 1391/2839] 10.0.0.202 () {32 vars in 737 bytes} [Tue Apr 28 18:11:56 2026] GET /v2.0/vpn/vpnservices/3a461a06-ccd1-4bba-806e-ebca84975b22 => generated 450 bytes in 14 msecs (HTTP/1.1 200) 4 headers in 157 bytes (1 switches on core 0)
2026-04-28 18:11:56.639 7 WARNING neutron.scheduler.dhcp_agent_scheduler [None req-0276ad30-5b33-4d1e-b6ed-5a35d2910306 19e4792dbe0a4f89a4039f69084a96dd f504d859f1184aed98d2549d09f3be34 - - default default] No more DHCP agents
2026-04-28 18:11:56.640 7 WARNING neutron.api.rpc.agentnotifiers.dhcp_rpc_agent_api [None req-0276ad30-5b33-4d1e-b6ed-5a35d2910306 19e4792dbe0a4f89a4039f69084a96dd f504d859f1184aed98d2549d09f3be34 - - default default] Unable to schedule network f6fab1b5-8244-4cd3-a81d-3d1402fa76cd: no agents available; will retry on subsequent port and subnet creation events.
2026-04-28 18:11:57.047 7 INFO neutron.db.ovn_revision_numbers_db [None req-c41ff2eb-1f64-454d-8ddf-d9b3b5358d80 - - - - - -] Successfully bumped revision number for resource e69f2a48-5380-4157-a144-cfde11a1ec91 (type: ports) to 2
2026-04-28 18:11:57.080 7 INFO neutron.db.ovn_revision_numbers_db [None req-c41ff2eb-1f64-454d-8ddf-d9b3b5358d80 - - - - - -] Successfully bumped revision number for resource 430a567d-6cf9-4920-afcc-e7cf663fd711 (type: subnets) to 0 [pid: 7|app: 0|req: 1449/2840] 10.0.0.202 () {34 vars in 669 bytes} [Tue Apr 28 18:11:56 2026] POST /v2.0/subnets => generated 629 bytes in 677 msecs (HTTP/1.1 201) 4 headers in 162 bytes (1 switches on core 0)
2026-04-28 18:11:57.208 7 INFO neutron.db.segments_db [None req-9c131f52-62b6-461d-b9bf-37ed813758dc 19e4792dbe0a4f89a4039f69084a96dd f504d859f1184aed98d2549d09f3be34 - - default default] Added segment 5473ba2b-e1fb-44c5-80b0-65ceae6f3c6d of type geneve for network 4e06ffeb-51bb-42c3-af08-b4a2007c297e
2026-04-28 18:11:57.218 8 INFO neutron.db.ovn_revision_numbers_db [None req-a22b2384-74ba-4606-a786-65b837d25ef1 a04c16c05d3e443eae91b86a1071e50a 87cf8cacf71c45a2bed957bf2d5011fc - - default default] Successfully bumped revision number for resource 6ab7a5d3-2952-4ecb-8562-ca0f85be88d1 (type: routers) to 10 [pid: 8|app: 0|req: 1392/2841] 10.0.0.202 () {32 vars in 762 bytes} [Tue Apr 28 18:11:56 2026] DELETE /v2.0/vpn/ipsec-site-connections/87d303d2-83e5-4007-b39f-ec23c1300d76 => generated 0 bytes in 667 msecs (HTTP/1.1 204) 2 headers in 112 bytes (1 switches on core 0) [pid: 8|app: 0|req: 1393/2842] 10.0.0.202 () {32 vars in 748 bytes} [Tue Apr 28 18:11:57 2026] DELETE /v2.0/vpn/endpoint-groups/ae1b0471-5111-4f26-866b-d0cce0875b16 => generated 0 bytes in 23 msecs (HTTP/1.1 204) 2 headers in 112 bytes (1 switches on core 0) [pid: 8|app: 0|req: 1394/2843] 10.0.0.202 () {32 vars in 748 bytes} [Tue Apr 28 18:11:57 2026] DELETE /v2.0/vpn/endpoint-groups/776851fc-8844-4a6e-92a3-59f423ee6e31 => generated 0 bytes in 22 msecs (HTTP/1.1 204) 2 headers in 112 bytes (1 switches on core 0) [pid: 8|app: 0|req: 1395/2844] 10.0.0.202 () {32 vars in 744 bytes} [Tue Apr 28 18:11:57 2026] DELETE /v2.0/vpn/ipsecpolicies/17c5fc41-b54c-4fea-95c3-561b0ecce0f4 => generated 0 bytes in 33 msecs (HTTP/1.1 204) 2 headers in 112 bytes (1 switches on core 0) [pid: 8|app: 0|req: 1396/2845] 10.0.0.202 () {32 vars in 740 bytes} [Tue Apr 28 18:11:57 2026] DELETE /v2.0/vpn/ikepolicies/f882e0ec-943b-471b-9427-981cdf689c3b => generated 0 bytes in 19 msecs (HTTP/1.1 204) 2 headers in 112 bytes (1 switches on core 0)
2026-04-28 18:11:57.383 7 INFO neutron.db.ovn_revision_numbers_db [None req-9c131f52-62b6-461d-b9bf-37ed813758dc 19e4792dbe0a4f89a4039f69084a96dd f504d859f1184aed98d2549d09f3be34 - - default default] Successfully bumped revision number for resource 4e06ffeb-51bb-42c3-af08-b4a2007c297e (type: networks) to 1 [pid: 8|app: 0|req: 1397/2846] 10.0.0.202 () {32 vars in 740 bytes} [Tue Apr 28 18:11:57 2026] DELETE /v2.0/vpn/vpnservices/3a461a06-ccd1-4bba-806e-ebca84975b22 => generated 0 bytes in 57 msecs (HTTP/1.1 204) 2 headers in 112 bytes (1 switches on core 0)
2026-04-28 18:11:57.581 7 WARNING neutron.scheduler.dhcp_agent_scheduler [None req-9c131f52-62b6-461d-b9bf-37ed813758dc 19e4792dbe0a4f89a4039f69084a96dd f504d859f1184aed98d2549d09f3be34 - - default default] No more DHCP agents
2026-04-28 18:11:57.584 7 WARNING neutron.api.rpc.agentnotifiers.dhcp_rpc_agent_api [None req-9c131f52-62b6-461d-b9bf-37ed813758dc 19e4792dbe0a4f89a4039f69084a96dd f504d859f1184aed98d2549d09f3be34 - - default default] Unable to schedule network 4e06ffeb-51bb-42c3-af08-b4a2007c297e: no agents available; will retry on subsequent port and subnet creation events.
2026-04-28 18:11:57.693 7 INFO neutron.db.ovn_revision_numbers_db [None req-9c131f52-62b6-461d-b9bf-37ed813758dc 19e4792dbe0a4f89a4039f69084a96dd f504d859f1184aed98d2549d09f3be34 - - default default] Successfully bumped revision number for resource a8765e1b-1ad4-4f5b-8c93-062b37a4a70b (type: ports) to 1 [pid: 7|app: 0|req: 1450/2847] 10.0.0.202 () {34 vars in 670 bytes} [Tue Apr 28 18:11:57 2026] POST /v2.0/networks => generated 651 bytes in 606 msecs (HTTP/1.1 201) 4 headers in 162 bytes (1 switches on core 0)
2026-04-28 18:11:57.750 8 INFO neutron_taas.services.taas.taas_plugin [None req-cf1b13a2-ebb6-435f-a930-f50395c4180b a04c16c05d3e443eae91b86a1071e50a 87cf8cacf71c45a2bed957bf2d5011fc - - default default] TaaS: Handle Delete Port: 2b704fe7-8a58-4e48-a011-b382759f2d5d
2026-04-28 18:11:57.752 8 INFO neutron_taas.services.taas.tap_mirror_plugin [None req-cf1b13a2-ebb6-435f-a930-f50395c4180b a04c16c05d3e443eae91b86a1071e50a 87cf8cacf71c45a2bed957bf2d5011fc - - default default] Tap Mirror: Handle Delete Port: 2b704fe7-8a58-4e48-a011-b382759f2d5d
