2026-04-28 18:08:51.565 7 WARNING neutron.api.rpc.agentnotifiers.dhcp_rpc_agent_api [None req-d56be288-4dec-47d0-b8b8-09437a7dd1e0 2ef61a1ae6b148f6a5d21dde319ca60c 256639f2293741a28f5e415eb9ecbd6d - - default default] Unable to schedule network e2be3170-f8da-4e3b-8872-1e61a9dd4eb5: no agents available; will retry on subsequent port and subnet creation events.
2026-04-28 18:08:51.637 7 INFO neutron.plugins.ml2.drivers.ovn.mech_driver.mech_driver [None req-7765087c-fe5b-4199-8a40-882c3f82d39e - - - - - -] OVN reports status down for port: fc6492ad-a7b8-40c0-81e4-3815fc8213ac
2026-04-28 18:08:51.745 8 INFO neutron.plugins.ml2.drivers.ovn.mech_driver.mech_driver [None req-5854807f-3fde-4a22-b8c0-16059298d450 - - - - - -] OVN reports status down for port: c9772d78-6f01-441e-9ff8-3f48292ca3ac
2026-04-28 18:08:51.771 7 INFO neutron.db.ovn_revision_numbers_db [None req-d56be288-4dec-47d0-b8b8-09437a7dd1e0 2ef61a1ae6b148f6a5d21dde319ca60c 256639f2293741a28f5e415eb9ecbd6d - - default default] Successfully bumped revision number for resource fc6492ad-a7b8-40c0-81e4-3815fc8213ac (type: ports) to 1
2026-04-28 18:08:51.812 8 INFO neutron.db.ovn_revision_numbers_db [None req-89023ac9-bd9f-48fc-a2b8-23c5451c475c 10dd3ac1bd9349948da3e6767a1ad3e0 0bd572b33b584066b845a783aacd7a7b - - default default] Successfully bumped revision number for resource c9772d78-6f01-441e-9ff8-3f48292ca3ac (type: ports) to 1
2026-04-28 18:08:51.850 7 INFO neutron.plugins.ml2.drivers.ovn.mech_driver.mech_driver [None req-7765087c-fe5b-4199-8a40-882c3f82d39e - - - - - -] OVN reports status up for port: 3cd14bf7-d9f1-48a0-9c3c-2b5c79618921 [pid: 8|app: 0|req: 874/1686] 10.0.0.202 () {34 vars in 670 bytes} [Tue Apr 28 18:08:50 2026] POST /v2.0/networks => generated 663 bytes in 1183 msecs (HTTP/1.1 201) 4 headers in 162 bytes (1 switches on core 0)
2026-04-28 18:08:51.878 7 INFO neutron.plugins.ml2.plugin [None req-7765087c-fe5b-4199-8a40-882c3f82d39e - - - - - -] Attempt 1 to provision port 3cd14bf7-d9f1-48a0-9c3c-2b5c79618921 [pid: 8|app: 0|req: 875/1687] 10.0.0.21 () {34 vars in 1039 bytes} [Tue Apr 28 18:08:51 2026] GET /v2.0/security-groups?id=2d3013b0-ad61-40b4-8c7f-6ec9a5ffaa7f&fields=id&fields=name => generated 114 bytes in 49 msecs (HTTP/1.1 200) 4 headers in 157 bytes (1 switches on core 0) [pid: 7|app: 0|req: 813/1688] 10.0.0.202 () {34 vars in 665 bytes} [Tue Apr 28 18:08:51 2026] POST /v2.0/ports => generated 1505 bytes in 915 msecs (HTTP/1.1 201) 4 headers in 163 bytes (1 switches on core 0) /var/lib/openstack/lib/python3.12/site-packages/pycadf/identifier.py:70: UserWarning: Invalid uuid: neutron. To ensure interoperability, identifiers should be a valid uuid. warnings.warn(('Invalid uuid: %s. To ensure interoperability, ' [pid: 7|app: 0|req: 814/1689] 10.0.0.202 () {32 vars in 643 bytes} [Tue Apr 28 18:08:51 2026] GET /v2.0/ports => generated 3017 bytes in 139 msecs (HTTP/1.1 200) 4 headers in 158 bytes (1 switches on core 0)
2026-04-28 18:08:52.137 7 INFO neutron.notifiers.nova [-] Nova event matching ['req-e49101df-028e-47c0-83c2-ee36871a27a1'] response: {'server_uuid': '3cf87ddc-50c8-46a8-a699-e3c417b6a21f', 'name': 'network-vif-plugged', 'status': 'completed', 'tag': '3cd14bf7-d9f1-48a0-9c3c-2b5c79618921', 'code': 200}
2026-04-28 18:08:52.151 8 WARNING neutron.scheduler.dhcp_agent_scheduler [None req-e3da854c-caff-4572-8b1a-f04250df6530 10dd3ac1bd9349948da3e6767a1ad3e0 0bd572b33b584066b845a783aacd7a7b - - default default] No more DHCP agents
2026-04-28 18:08:52.152 8 WARNING neutron.api.rpc.agentnotifiers.dhcp_rpc_agent_api [None req-e3da854c-caff-4572-8b1a-f04250df6530 10dd3ac1bd9349948da3e6767a1ad3e0 0bd572b33b584066b845a783aacd7a7b - - default default] Unable to schedule network 7885debc-424d-48ba-98c4-502f33f9c8fe: no agents available; will retry on subsequent port and subnet creation events.
2026-04-28 18:08:52.212 8 INFO neutron.plugins.ml2.drivers.ovn.mech_driver.mech_driver [None req-5854807f-3fde-4a22-b8c0-16059298d450 - - - - - -] OVN reports status down for port: 9ed42dd7-1996-46f7-9f34-6ffad352bf2e
2026-04-28 18:08:52.296 8 INFO neutron.db.ovn_revision_numbers_db [None req-e3da854c-caff-4572-8b1a-f04250df6530 10dd3ac1bd9349948da3e6767a1ad3e0 0bd572b33b584066b845a783aacd7a7b - - default default] Successfully bumped revision number for resource 9ed42dd7-1996-46f7-9f34-6ffad352bf2e (type: ports) to 1
2026-04-28 18:08:52.340 7 INFO neutron_taas.services.taas.taas_plugin [None req-bffa2009-a75d-4b81-9a3b-c4319ad2a4f2 2ef61a1ae6b148f6a5d21dde319ca60c 256639f2293741a28f5e415eb9ecbd6d - - default default] TaaS: Handle Delete Port: 8acc927b-5237-4813-a4d0-81974d24d25c
2026-04-28 18:08:52.348 7 INFO neutron_taas.services.taas.tap_mirror_plugin [None req-bffa2009-a75d-4b81-9a3b-c4319ad2a4f2 2ef61a1ae6b148f6a5d21dde319ca60c 256639f2293741a28f5e415eb9ecbd6d - - default default] Tap Mirror: Handle Delete Port: 8acc927b-5237-4813-a4d0-81974d24d25c [pid: 8|app: 0|req: 876/1690] 10.0.0.202 () {34 vars in 665 bytes} [Tue Apr 28 18:08:51 2026] POST /v2.0/ports => generated 775 bytes in 489 msecs (HTTP/1.1 201) 4 headers in 162 bytes (1 switches on core 0) /var/lib/openstack/lib/python3.12/site-packages/pycadf/identifier.py:70: UserWarning: Invalid uuid: neutron. To ensure interoperability, identifiers should be a valid uuid. warnings.warn(('Invalid uuid: %s. To ensure interoperability, '
2026-04-28 18:08:52.458 7 INFO neutron.db.ovn_revision_numbers_db [None req-7765087c-fe5b-4199-8a40-882c3f82d39e - - - - - -] Successfully bumped revision number for resource 3cd14bf7-d9f1-48a0-9c3c-2b5c79618921 (type: ports) to 5
2026-04-28 18:08:52.509 8 INFO neutron.db.segments_db [None req-4cb9961b-49f3-45fb-a1ce-4d4c17ff7e64 10dd3ac1bd9349948da3e6767a1ad3e0 0bd572b33b584066b845a783aacd7a7b - - default default] Added segment 7d10b32e-97d8-4012-9f24-a487d8e04012 of type geneve for network 6af3571c-8f1c-4cf1-8999-330affe03db3 [pid: 7|app: 0|req: 815/1691] 10.0.0.202 () {32 vars in 720 bytes} [Tue Apr 28 18:08:52 2026] DELETE /v2.0/ports/8acc927b-5237-4813-a4d0-81974d24d25c => generated 0 bytes in 524 msecs (HTTP/1.1 204) 3 headers in 131 bytes (1 switches on core 0) /var/lib/openstack/lib/python3.12/site-packages/pycadf/identifier.py:70: UserWarning: Invalid uuid: neutron. To ensure interoperability, identifiers should be a valid uuid. warnings.warn(('Invalid uuid: %s. To ensure interoperability, '
2026-04-28 18:08:52.676 8 INFO neutron.db.ovn_revision_numbers_db [None req-4cb9961b-49f3-45fb-a1ce-4d4c17ff7e64 10dd3ac1bd9349948da3e6767a1ad3e0 0bd572b33b584066b845a783aacd7a7b - - default default] Successfully bumped revision number for resource 6af3571c-8f1c-4cf1-8999-330affe03db3 (type: networks) to 1
2026-04-28 18:08:52.808 7 INFO neutron_taas.services.taas.taas_plugin [None req-238bea8d-d09c-447e-85f4-fb90526dd29b 2ef61a1ae6b148f6a5d21dde319ca60c 256639f2293741a28f5e415eb9ecbd6d - - default default] TaaS: Handle Delete Port: fc6492ad-a7b8-40c0-81e4-3815fc8213ac
2026-04-28 18:08:52.812 7 INFO neutron_taas.services.taas.tap_mirror_plugin [None req-238bea8d-d09c-447e-85f4-fb90526dd29b 2ef61a1ae6b148f6a5d21dde319ca60c 256639f2293741a28f5e415eb9ecbd6d - - default default] Tap Mirror: Handle Delete Port: fc6492ad-a7b8-40c0-81e4-3815fc8213ac
2026-04-28 18:08:52.879 8 WARNING neutron.scheduler.dhcp_agent_scheduler [None req-4cb9961b-49f3-45fb-a1ce-4d4c17ff7e64 10dd3ac1bd9349948da3e6767a1ad3e0 0bd572b33b584066b845a783aacd7a7b - - default default] No more DHCP agents
2026-04-28 18:08:52.880 8 WARNING neutron.api.rpc.agentnotifiers.dhcp_rpc_agent_api [None req-4cb9961b-49f3-45fb-a1ce-4d4c17ff7e64 10dd3ac1bd9349948da3e6767a1ad3e0 0bd572b33b584066b845a783aacd7a7b - - default default] Unable to schedule network 6af3571c-8f1c-4cf1-8999-330affe03db3: no agents available; will retry on subsequent port and subnet creation events.
2026-04-28 18:08:52.960 8 INFO neutron.plugins.ml2.drivers.ovn.mech_driver.mech_driver [None req-5854807f-3fde-4a22-b8c0-16059298d450 - - - - - -] OVN reports status down for port: bcda9a90-c4c9-4561-ba3a-f5d6ccf62fdb [pid: 7|app: 0|req: 816/1692] 10.0.0.202 () {32 vars in 720 bytes} [Tue Apr 28 18:08:52 2026] DELETE /v2.0/ports/fc6492ad-a7b8-40c0-81e4-3815fc8213ac => generated 0 bytes in 393 msecs (HTTP/1.1 204) 3 headers in 131 bytes (1 switches on core 0)
2026-04-28 18:08:53.033 8 INFO neutron.db.ovn_revision_numbers_db [None req-4cb9961b-49f3-45fb-a1ce-4d4c17ff7e64 10dd3ac1bd9349948da3e6767a1ad3e0 0bd572b33b584066b845a783aacd7a7b - - default default] Successfully bumped revision number for resource bcda9a90-c4c9-4561-ba3a-f5d6ccf62fdb (type: ports) to 1 [pid: 7|app: 0|req: 817/1693] 10.0.0.21 () {34 vars in 989 bytes} [Tue Apr 28 18:08:53 2026] GET /v2.0/ports?device_id=3cf87ddc-50c8-46a8-a699-e3c417b6a21f => generated 971 bytes in 39 msecs (HTTP/1.1 200) 4 headers in 157 bytes (1 switches on core 0) [pid: 8|app: 0|req: 877/1694] 10.0.0.202 () {34 vars in 670 bytes} [Tue Apr 28 18:08:52 2026] POST /v2.0/networks => generated 651 bytes in 655 msecs (HTTP/1.1 201) 4 headers in 162 bytes (1 switches on core 0) [pid: 7|app: 0|req: 818/1695] 10.0.0.202 () {32 vars in 643 bytes} [Tue Apr 28 18:08:53 2026] GET /v2.0/ports => generated 1523 bytes in 58 msecs (HTTP/1.1 200) 4 headers in 158 bytes (1 switches on core 0) [pid: 8|app: 0|req: 878/1696] 10.0.0.21 () {34 vars in 1039 bytes} [Tue Apr 28 18:08:53 2026] GET /v2.0/security-groups?id=2d3013b0-ad61-40b4-8c7f-6ec9a5ffaa7f&fields=id&fields=name => generated 114 bytes in 48 msecs (HTTP/1.1 200) 4 headers in 157 bytes (1 switches on core 0)
2026-04-28 18:08:53.218 8 INFO neutron.db.segments_db [None req-510b635e-0329-41b1-9a26-bded8294545a 2ef61a1ae6b148f6a5d21dde319ca60c 256639f2293741a28f5e415eb9ecbd6d - - default default] Added segment e7138dbe-12d4-4dce-a0fc-b7dbd7f43ba9 of type geneve for network 7c3751f0-8aa0-4613-a724-bfd7de3af3e4
2026-04-28 18:08:53.340 8 INFO neutron.db.ovn_revision_numbers_db [None req-510b635e-0329-41b1-9a26-bded8294545a 2ef61a1ae6b148f6a5d21dde319ca60c 256639f2293741a28f5e415eb9ecbd6d - - default default] Successfully bumped revision number for resource 7c3751f0-8aa0-4613-a724-bfd7de3af3e4 (type: networks) to 1
2026-04-28 18:08:53.343 7 WARNING neutron.scheduler.dhcp_agent_scheduler [None req-94f4414a-7263-41bc-8c49-e7522a6f4692 10dd3ac1bd9349948da3e6767a1ad3e0 0bd572b33b584066b845a783aacd7a7b - - default default] No more DHCP agents
2026-04-28 18:08:53.346 7 WARNING neutron.api.rpc.agentnotifiers.dhcp_rpc_agent_api [None req-94f4414a-7263-41bc-8c49-e7522a6f4692 10dd3ac1bd9349948da3e6767a1ad3e0 0bd572b33b584066b845a783aacd7a7b - - default default] Unable to schedule network 6af3571c-8f1c-4cf1-8999-330affe03db3: no agents available; will retry on subsequent port and subnet creation events.
2026-04-28 18:08:53.540 8 WARNING neutron.scheduler.dhcp_agent_scheduler [None req-510b635e-0329-41b1-9a26-bded8294545a 2ef61a1ae6b148f6a5d21dde319ca60c 256639f2293741a28f5e415eb9ecbd6d - - default default] No more DHCP agents
2026-04-28 18:08:53.543 8 WARNING neutron.api.rpc.agentnotifiers.dhcp_rpc_agent_api [None req-510b635e-0329-41b1-9a26-bded8294545a 2ef61a1ae6b148f6a5d21dde319ca60c 256639f2293741a28f5e415eb9ecbd6d - - default default] Unable to schedule network 7c3751f0-8aa0-4613-a724-bfd7de3af3e4: no agents available; will retry on subsequent port and subnet creation events.
2026-04-28 18:08:53.625 7 INFO neutron.plugins.ml2.drivers.ovn.mech_driver.mech_driver [None req-4cad4627-dcda-4f39-bbe6-e1986f404f11 - - - - - -] OVN reports status down for port: 7d69b2bb-5077-4553-ad59-bc40642fd10f
2026-04-28 18:08:53.630 8 INFO neutron.db.ovn_revision_numbers_db [None req-510b635e-0329-41b1-9a26-bded8294545a 2ef61a1ae6b148f6a5d21dde319ca60c 256639f2293741a28f5e415eb9ecbd6d - - default default] Successfully bumped revision number for resource 7d69b2bb-5077-4553-ad59-bc40642fd10f (type: ports) to 1 [pid: 8|app: 0|req: 879/1697] 10.0.0.202 () {34 vars in 670 bytes} [Tue Apr 28 18:08:53 2026] POST /v2.0/networks => generated 668 bytes in 532 msecs (HTTP/1.1 201) 4 headers in 162 bytes (1 switches on core 0)
2026-04-28 18:08:53.789 8 INFO neutron.db.segments_db [None req-4378b020-f0dc-4ffe-a457-027d868f0e76 2ef61a1ae6b148f6a5d21dde319ca60c 256639f2293741a28f5e415eb9ecbd6d - - default default] Added segment 3e03cd85-85b0-4c8e-abe7-f4136194152c of type geneve for network eb1d2cfd-b9db-426e-860e-c4cbebfc4caa
2026-04-28 18:08:53.928 8 INFO neutron.db.ovn_revision_numbers_db [None req-4378b020-f0dc-4ffe-a457-027d868f0e76 2ef61a1ae6b148f6a5d21dde319ca60c 256639f2293741a28f5e415eb9ecbd6d - - default default] Successfully bumped revision number for resource eb1d2cfd-b9db-426e-860e-c4cbebfc4caa (type: networks) to 1
2026-04-28 18:08:53.989 7 INFO neutron.db.ovn_revision_numbers_db [None req-0a05784a-bc12-4334-8277-bbda6d748383 - - - - - -] Successfully bumped revision number for resource bcda9a90-c4c9-4561-ba3a-f5d6ccf62fdb (type: ports) to 2
2026-04-28 18:08:54.028 7 INFO neutron.db.ovn_revision_numbers_db [None req-0a05784a-bc12-4334-8277-bbda6d748383 - - - - - -] Successfully bumped revision number for resource 9c6eef98-a315-41ba-9e5a-e16241f6b21a (type: subnets) to 0 [pid: 7|app: 0|req: 819/1698] 10.0.0.202 () {34 vars in 669 bytes} [Tue Apr 28 18:08:53 2026] POST /v2.0/subnets => generated 626 bytes in 941 msecs (HTTP/1.1 201) 4 headers in 162 bytes (1 switches on core 0)
2026-04-28 18:08:54.132 8 WARNING neutron.scheduler.dhcp_agent_scheduler [None req-4378b020-f0dc-4ffe-a457-027d868f0e76 2ef61a1ae6b148f6a5d21dde319ca60c 256639f2293741a28f5e415eb9ecbd6d - - default default] No more DHCP agents
2026-04-28 18:08:54.133 8 WARNING neutron.api.rpc.agentnotifiers.dhcp_rpc_agent_api [None req-4378b020-f0dc-4ffe-a457-027d868f0e76 2ef61a1ae6b148f6a5d21dde319ca60c 256639f2293741a28f5e415eb9ecbd6d - - default default] Unable to schedule network eb1d2cfd-b9db-426e-860e-c4cbebfc4caa: no agents available; will retry on subsequent port and subnet creation events.
2026-04-28 18:08:54.182 7 INFO neutron.notifiers.nova [-] Nova event matching ['req-2ace0e8a-4925-45e1-b122-11ea24c7b0eb'] response: {'server_uuid': '3cf87ddc-50c8-46a8-a699-e3c417b6a21f', 'name': 'network-vif-plugged', 'status': 'completed', 'tag': '3cd14bf7-d9f1-48a0-9c3c-2b5c79618921', 'code': 200}
2026-04-28 18:08:54.210 8 INFO neutron.plugins.ml2.drivers.ovn.mech_driver.mech_driver [None req-5854807f-3fde-4a22-b8c0-16059298d450 - - - - - -] OVN reports status down for port: b245ee4b-d2cf-4f88-96c7-725d8be9040a
2026-04-28 18:08:54.284 8 INFO neutron.db.ovn_revision_numbers_db [None req-4378b020-f0dc-4ffe-a457-027d868f0e76 2ef61a1ae6b148f6a5d21dde319ca60c 256639f2293741a28f5e415eb9ecbd6d - - default default] Successfully bumped revision number for resource b245ee4b-d2cf-4f88-96c7-725d8be9040a (type: ports) to 1 [pid: 8|app: 0|req: 880/1699] 10.0.0.202 () {34 vars in 670 bytes} [Tue Apr 28 18:08:53 2026] POST /v2.0/networks => generated 668 bytes in 669 msecs (HTTP/1.1 201) 4 headers in 162 bytes (1 switches on core 0)
2026-04-28 18:08:54.388 7 WARNING neutron.scheduler.dhcp_agent_scheduler [None req-795728ed-5389-40c2-820d-a7eb557ed8fb 10dd3ac1bd9349948da3e6767a1ad3e0 0bd572b33b584066b845a783aacd7a7b - - default default] No more DHCP agents
2026-04-28 18:08:54.389 7 WARNING neutron.api.rpc.agentnotifiers.dhcp_rpc_agent_api [None req-795728ed-5389-40c2-820d-a7eb557ed8fb 10dd3ac1bd9349948da3e6767a1ad3e0 0bd572b33b584066b845a783aacd7a7b - - default default] Unable to schedule network 6af3571c-8f1c-4cf1-8999-330affe03db3: no agents available; will retry on subsequent port and subnet creation events. [pid: 8|app: 0|req: 881/1700] 10.0.0.21 () {34 vars in 989 bytes} [Tue Apr 28 18:08:54 2026] GET /v2.0/ports?device_id=3cf87ddc-50c8-46a8-a699-e3c417b6a21f => generated 971 bytes in 102 msecs (HTTP/1.1 200) 4 headers in 157 bytes (1 switches on core 0)
2026-04-28 18:08:54.520 7 INFO neutron.plugins.ml2.drivers.ovn.mech_driver.mech_driver [None req-4cad4627-dcda-4f39-bbe6-e1986f404f11 - - - - - -] OVN reports status down for port: 1fcedf02-2e48-419a-8f9b-f5fd87b13a68
2026-04-28 18:08:54.587 7 INFO neutron.db.ovn_revision_numbers_db [None req-795728ed-5389-40c2-820d-a7eb557ed8fb 10dd3ac1bd9349948da3e6767a1ad3e0 0bd572b33b584066b845a783aacd7a7b - - default default] Successfully bumped revision number for resource 1fcedf02-2e48-419a-8f9b-f5fd87b13a68 (type: ports) to 1 [pid: 7|app: 0|req: 820/1701] 10.0.0.202 () {34 vars in 665 bytes} [Tue Apr 28 18:08:54 2026] POST /v2.0/ports => generated 950 bytes in 578 msecs (HTTP/1.1 201) 4 headers in 162 bytes (1 switches on core 0) /var/lib/openstack/lib/python3.12/site-packages/pycadf/identifier.py:70: UserWarning: Invalid uuid: neutron. To ensure interoperability, identifiers should be a valid uuid. warnings.warn(('Invalid uuid: %s. To ensure interoperability, ' [pid: 7|app: 0|req: 821/1702] 10.0.0.21 () {34 vars in 1039 bytes} [Tue Apr 28 18:08:54 2026] GET /v2.0/security-groups?id=2d3013b0-ad61-40b4-8c7f-6ec9a5ffaa7f&fields=id&fields=name => generated 114 bytes in 68 msecs (HTTP/1.1 200) 4 headers in 157 bytes (1 switches on core 0)
2026-04-28 18:08:54.855 7 INFO neutron_taas.services.taas.taas_plugin [None req-397eac9e-beb7-458a-89eb-196821d4c5b1 10dd3ac1bd9349948da3e6767a1ad3e0 0bd572b33b584066b845a783aacd7a7b - - default default] TaaS: Handle Delete Port: 1fcedf02-2e48-419a-8f9b-f5fd87b13a68
2026-04-28 18:08:54.857 8 WARNING neutron.scheduler.dhcp_agent_scheduler [None req-86708df4-fe37-42fc-866b-f5f6f3f058ef 2ef61a1ae6b148f6a5d21dde319ca60c 256639f2293741a28f5e415eb9ecbd6d - - default default] No more DHCP agents
2026-04-28 18:08:54.858 8 WARNING neutron.api.rpc.agentnotifiers.dhcp_rpc_agent_api [None req-86708df4-fe37-42fc-866b-f5f6f3f058ef 2ef61a1ae6b148f6a5d21dde319ca60c 256639f2293741a28f5e415eb9ecbd6d - - default default] Unable to schedule network 7c3751f0-8aa0-4613-a724-bfd7de3af3e4: no agents available; will retry on subsequent port and subnet creation events.
2026-04-28 18:08:54.860 7 INFO neutron_taas.services.taas.tap_mirror_plugin [None req-397eac9e-beb7-458a-89eb-196821d4c5b1 10dd3ac1bd9349948da3e6767a1ad3e0 0bd572b33b584066b845a783aacd7a7b - - default default] Tap Mirror: Handle Delete Port: 1fcedf02-2e48-419a-8f9b-f5fd87b13a68 [pid: 7|app: 0|req: 822/1703] 10.0.0.202 () {32 vars in 720 bytes} [Tue Apr 28 18:08:54 2026] DELETE /v2.0/ports/1fcedf02-2e48-419a-8f9b-f5fd87b13a68 => generated 0 bytes in 343 msecs (HTTP/1.1 204) 3 headers in 131 bytes (1 switches on core 0) [pid: 7|app: 0|req: 823/1704] 10.0.0.21 () {34 vars in 989 bytes} [Tue Apr 28 18:08:55 2026] GET /v2.0/ports?device_id=3cf87ddc-50c8-46a8-a699-e3c417b6a21f => generated 971 bytes in 82 msecs (HTTP/1.1 200) 4 headers in 157 bytes (1 switches on core 0)
2026-04-28 18:08:55.144 7 INFO neutron.pecan_wsgi.hooks.translation [None req-c9c213a5-9142-4a46-8228-9efc9373a579 10dd3ac1bd9349948da3e6767a1ad3e0 0bd572b33b584066b845a783aacd7a7b - - default default] DELETE failed (client error): The resource could not be found. [pid: 7|app: 0|req: 824/1705] 10.0.0.202 () {32 vars in 720 bytes} [Tue Apr 28 18:08:55 2026] DELETE /v2.0/ports/1fcedf02-2e48-419a-8f9b-f5fd87b13a68 => generated 132 bytes in 14 msecs (HTTP/1.1 404) 4 headers in 164 bytes (1 switches on core 0) [pid: 7|app: 0|req: 825/1706] 10.0.0.21 () {34 vars in 1039 bytes} [Tue Apr 28 18:08:55 2026] GET /v2.0/security-groups?id=2d3013b0-ad61-40b4-8c7f-6ec9a5ffaa7f&fields=id&fields=name => generated 114 bytes in 24 msecs (HTTP/1.1 200) 4 headers in 157 bytes (1 switches on core 0)
2026-04-28 18:08:55.187 7 INFO neutron.pecan_wsgi.hooks.translation [None req-5ffbd9ab-3d58-477a-9a2d-a45a1c20874e 10dd3ac1bd9349948da3e6767a1ad3e0 0bd572b33b584066b845a783aacd7a7b - - default default] GET failed (client error): The resource could not be found. [pid: 7|app: 0|req: 826/1707] 10.0.0.202 () {32 vars in 717 bytes} [Tue Apr 28 18:08:55 2026] GET /v2.0/ports/1fcedf02-2e48-419a-8f9b-f5fd87b13a68 => generated 132 bytes in 17 msecs (HTTP/1.1 404) 4 headers in 164 bytes (1 switches on core 0) [pid: 7|app: 0|req: 827/1708] 10.0.0.202 () {32 vars in 724 bytes} [Tue Apr 28 18:08:55 2026] DELETE /v2.0/subnets/9c6eef98-a315-41ba-9e5a-e16241f6b21a => generated 0 bytes in 172 msecs (HTTP/1.1 204) 3 headers in 131 bytes (1 switches on core 0)
2026-04-28 18:08:55.375 8 INFO neutron.db.ovn_revision_numbers_db [None req-da3cefab-6388-4f09-bb2c-1014bc40dd8b - - - - - -] Successfully bumped revision number for resource 7d69b2bb-5077-4553-ad59-bc40642fd10f (type: ports) to 2 [pid: 7|app: 0|req: 828/1709] 10.0.0.202 () {32 vars in 736 bytes} [Tue Apr 28 18:08:55 2026] GET /v2.0/ports?device_id=3cf87ddc-50c8-46a8-a699-e3c417b6a21f => generated 1209 bytes in 37 msecs (HTTP/1.1 200) 4 headers in 158 bytes (1 switches on core 0)
2026-04-28 18:08:55.422 8 INFO neutron.db.ovn_revision_numbers_db [None req-da3cefab-6388-4f09-bb2c-1014bc40dd8b - - - - - -] Successfully bumped revision number for resource 18851938-4cbc-4cc5-b992-d262fd35a2d0 (type: subnets) to 0
2026-04-28 18:08:55.462 8 WARNING neutron.scheduler.dhcp_agent_scheduler [None req-86708df4-fe37-42fc-866b-f5f6f3f058ef 2ef61a1ae6b148f6a5d21dde319ca60c 256639f2293741a28f5e415eb9ecbd6d - - default default] No more DHCP agents
2026-04-28 18:08:55.464 8 WARNING neutron.api.rpc.agentnotifiers.dhcp_rpc_agent_api [None req-86708df4-fe37-42fc-866b-f5f6f3f058ef 2ef61a1ae6b148f6a5d21dde319ca60c 256639f2293741a28f5e415eb9ecbd6d - - default default] Unable to schedule network eb1d2cfd-b9db-426e-860e-c4cbebfc4caa: no agents available; will retry on subsequent port and subnet creation events.
2026-04-28 18:08:55.536 7 INFO neutron_taas.services.taas.taas_plugin [None req-439a770d-2e2d-40e6-828b-49ea098286d6 10dd3ac1bd9349948da3e6767a1ad3e0 0bd572b33b584066b845a783aacd7a7b - - default default] TaaS: Handle Delete Port: bcda9a90-c4c9-4561-ba3a-f5d6ccf62fdb
2026-04-28 18:08:55.539 7 INFO neutron_taas.services.taas.tap_mirror_plugin [None req-439a770d-2e2d-40e6-828b-49ea098286d6 10dd3ac1bd9349948da3e6767a1ad3e0 0bd572b33b584066b845a783aacd7a7b - - default default] Tap Mirror: Handle Delete Port: bcda9a90-c4c9-4561-ba3a-f5d6ccf62fdb
2026-04-28 18:08:55.768 7 INFO neutron.services.segments.plugin [-] Segment 7d10b32e-97d8-4012-9f24-a487d8e04012 resource provider aggregate not found
2026-04-28 18:08:55.780 7 INFO neutron.services.segments.plugin [-] Segment 7d10b32e-97d8-4012-9f24-a487d8e04012 resource provider aggregate not found
2026-04-28 18:08:55.791 7 INFO neutron.services.segments.plugin [-] Segment 7d10b32e-97d8-4012-9f24-a487d8e04012 resource provider not found; error: Placement Client Error (4xx): {"errors": [{"status": 404, "title": "Not Found", "detail": "The resource could not be found.\n\n No resource provider with uuid 7d10b32e-97d8-4012-9f24-a487d8e04012 found for delete ", "request_id": "req-f2199de5-551d-439f-ba40-f6d53e5ecb05"}]}
2026-04-28 18:08:55.808 7 INFO neutron.services.segments.plugin [-] Segment 7d10b32e-97d8-4012-9f24-a487d8e04012 resource provider not found; error: Placement Client Error (4xx): {"errors": [{"status": 404, "title": "Not Found", "detail": "The resource could not be found.\n\n No resource provider with uuid 7d10b32e-97d8-4012-9f24-a487d8e04012 found for delete ", "request_id": "req-7aae0da3-8853-44ce-97d1-e3352311450e"}]} [pid: 7|app: 0|req: 829/1710] 10.0.0.202 () {32 vars in 726 bytes} [Tue Apr 28 18:08:55 2026] DELETE /v2.0/networks/6af3571c-8f1c-4cf1-8999-330affe03db3 => generated 0 bytes in 440 msecs (HTTP/1.1 204) 3 headers in 131 bytes (1 switches on core 0)
2026-04-28 18:08:55.967 8 INFO neutron.db.ovn_revision_numbers_db [None req-23e4f019-5288-44f2-af9b-11fded7080f8 - - - - - -] Successfully bumped revision number for resource b245ee4b-d2cf-4f88-96c7-725d8be9040a (type: ports) to 2
2026-04-28 18:08:56.003 8 INFO neutron.db.ovn_revision_numbers_db [None req-23e4f019-5288-44f2-af9b-11fded7080f8 - - - - - -] Successfully bumped revision number for resource b0801c30-4d82-4677-a18e-1382b626c48a (type: subnets) to 0 [pid: 8|app: 0|req: 882/1711] 10.0.0.202 () {34 vars in 669 bytes} [Tue Apr 28 18:08:54 2026] POST /v2.0/subnets => generated 1274 bytes in 1584 msecs (HTTP/1.1 201) 4 headers in 163 bytes (1 switches on core 0)
2026-04-28 18:08:56.124 8 INFO neutron.db.segments_db [None req-36e11e08-574f-4648-999c-dada99aca2a9 10dd3ac1bd9349948da3e6767a1ad3e0 0bd572b33b584066b845a783aacd7a7b - - default default] Added segment 0af452c0-b100-4446-a717-dd6c82f4f04f of type geneve for network f39ccb1f-614d-4b0e-9f4f-5588185498a5
2026-04-28 18:08:56.228 8 INFO neutron.db.ovn_revision_numbers_db [None req-36e11e08-574f-4648-999c-dada99aca2a9 10dd3ac1bd9349948da3e6767a1ad3e0 0bd572b33b584066b845a783aacd7a7b - - default default] Successfully bumped revision number for resource f39ccb1f-614d-4b0e-9f4f-5588185498a5 (type: networks) to 1
2026-04-28 18:08:56.456 7 INFO neutron.db.ovn_revision_numbers_db [None req-8080b4f6-9e51-4480-99e9-dde6ced7e023 bf3deb62710a42b6ae31f02bc81b9c65 72db83be588640fdbcf00c727643373a - - default default] Successfully bumped revision number for resource 549556cb-3454-4b94-8804-66f281a8ca94 (type: floatingips) to 4
2026-04-28 18:08:56.482 8 WARNING neutron.scheduler.dhcp_agent_scheduler [None req-36e11e08-574f-4648-999c-dada99aca2a9 10dd3ac1bd9349948da3e6767a1ad3e0 0bd572b33b584066b845a783aacd7a7b - - default default] No more DHCP agents
2026-04-28 18:08:56.484 8 WARNING neutron.api.rpc.agentnotifiers.dhcp_rpc_agent_api [None req-36e11e08-574f-4648-999c-dada99aca2a9 10dd3ac1bd9349948da3e6767a1ad3e0 0bd572b33b584066b845a783aacd7a7b - - default default] Unable to schedule network f39ccb1f-614d-4b0e-9f4f-5588185498a5: no agents available; will retry on subsequent port and subnet creation events.
2026-04-28 18:08:56.546 8 INFO neutron.plugins.ml2.drivers.ovn.mech_driver.mech_driver [None req-5854807f-3fde-4a22-b8c0-16059298d450 - - - - - -] OVN reports status down for port: f47041f6-aa02-4102-b841-cbfa06310a73
2026-04-28 18:08:56.627 7 INFO neutron.db.ovn_revision_numbers_db [None req-8080b4f6-9e51-4480-99e9-dde6ced7e023 bf3deb62710a42b6ae31f02bc81b9c65 72db83be588640fdbcf00c727643373a - - default default] Successfully bumped revision number for resource 549556cb-3454-4b94-8804-66f281a8ca94 (type: floatingips) to 5
2026-04-28 18:08:56.628 7 INFO neutron.db.l3_db [None req-8080b4f6-9e51-4480-99e9-dde6ced7e023 bf3deb62710a42b6ae31f02bc81b9c65 72db83be588640fdbcf00c727643373a - - default default] Floating IP 549556cb-3454-4b94-8804-66f281a8ca94 associated. External IP: 10.96.250.220, port: 3cd14bf7-d9f1-48a0-9c3c-2b5c79618921.
2026-04-28 18:08:56.631 8 INFO neutron.db.ovn_revision_numbers_db [None req-36e11e08-574f-4648-999c-dada99aca2a9 10dd3ac1bd9349948da3e6767a1ad3e0 0bd572b33b584066b845a783aacd7a7b - - default default] Successfully bumped revision number for resource f47041f6-aa02-4102-b841-cbfa06310a73 (type: ports) to 1 [pid: 7|app: 0|req: 830/1714] 10.0.0.202 () {34 vars in 749 bytes} [Tue Apr 28 18:08:55 2026] PUT /v2.0/floatingips/549556cb-3454-4b94-8804-66f281a8ca94 => generated 855 bytes in 827 msecs (HTTP/1.1 200) 4 headers in 157 bytes (1 switches on core 0) [pid: 8|app: 0|req: 885/1715] 10.0.0.202 () {34 vars in 670 bytes} [Tue Apr 28 18:08:56 2026] POST /v2.0/networks => generated 651 bytes in 675 msecs (HTTP/1.1 201) 4 headers in 162 bytes (1 switches on core 0) [pid: 7|app: 0|req: 831/1716] 10.0.0.202 () {32 vars in 647 bytes} [Tue Apr 28 18:08:56 2026] GET /v2.0/subnets => generated 1910 bytes in 46 msecs (HTTP/1.1 200) 4 headers in 158 bytes (1 switches on core 0)
2026-04-28 18:08:56.727 7 INFO neutron.notifiers.nova [-] Nova event matching ['req-331faab2-4aeb-457f-8481-0f96fbb428c2'] response: {'name': 'network-changed', 'server_uuid': '3cf87ddc-50c8-46a8-a699-e3c417b6a21f', 'tag': '3cd14bf7-d9f1-48a0-9c3c-2b5c79618921', 'status': 'completed', 'code': 200} [pid: 7|app: 0|req: 832/1717] 10.0.0.202 () {32 vars in 729 bytes} [Tue Apr 28 18:08:56 2026] GET /v2.0/floatingips/549556cb-3454-4b94-8804-66f281a8ca94 => generated 857 bytes in 45 msecs (HTTP/1.1 200) 4 headers in 157 bytes (1 switches on core 0) /var/lib/openstack/lib/python3.12/site-packages/pycadf/identifier.py:70: UserWarning: Invalid uuid: neutron. To ensure interoperability, identifiers should be a valid uuid. warnings.warn(('Invalid uuid: %s. To ensure interoperability, '
2026-04-28 18:08:56.933 7 WARNING neutron.scheduler.dhcp_agent_scheduler [None req-92119fe2-3cd2-4047-8126-b7af88188645 10dd3ac1bd9349948da3e6767a1ad3e0 0bd572b33b584066b845a783aacd7a7b - - default default] No more DHCP agents
2026-04-28 18:08:56.934 7 WARNING neutron.api.rpc.agentnotifiers.dhcp_rpc_agent_api [None req-92119fe2-3cd2-4047-8126-b7af88188645 10dd3ac1bd9349948da3e6767a1ad3e0 0bd572b33b584066b845a783aacd7a7b - - default default] Unable to schedule network f39ccb1f-614d-4b0e-9f4f-5588185498a5: no agents available; will retry on subsequent port and subnet creation events.
2026-04-28 18:08:56.994 8 INFO neutron.db.ovn_revision_numbers_db [None req-50d87aab-1049-4b59-8a63-12ce121fb1a9 564794dd67a04d0f827e229b7872df76 b831118b6cf44403982f920507b787c4 - - default default] Successfully bumped revision number for resource 09bfce5e-9527-4902-946b-695faca4506b (type: security_groups) to 1
2026-04-28 18:08:57.009 8 INFO neutron.db.ovn_revision_numbers_db [None req-50d87aab-1049-4b59-8a63-12ce121fb1a9 564794dd67a04d0f827e229b7872df76 b831118b6cf44403982f920507b787c4 - - default default] Successfully bumped revision number for resource 0102f495-9e16-44b7-8ff1-b9c2d1feed00 (type: security_group_rules) to 0
2026-04-28 18:08:57.023 8 INFO neutron.db.ovn_revision_numbers_db [None req-50d87aab-1049-4b59-8a63-12ce121fb1a9 564794dd67a04d0f827e229b7872df76 b831118b6cf44403982f920507b787c4 - - default default] Successfully bumped revision number for resource 7942c427-6fe0-45ef-a2f0-25acc8b7b472 (type: security_group_rules) to 0
2026-04-28 18:08:57.039 8 INFO neutron.db.ovn_revision_numbers_db [None req-50d87aab-1049-4b59-8a63-12ce121fb1a9 564794dd67a04d0f827e229b7872df76 b831118b6cf44403982f920507b787c4 - - default default] Successfully bumped revision number for resource af19406d-fe39-4781-97a2-3c7143bb0adb (type: security_group_rules) to 0
2026-04-28 18:08:57.053 8 INFO neutron.db.ovn_revision_numbers_db [None req-50d87aab-1049-4b59-8a63-12ce121fb1a9 564794dd67a04d0f827e229b7872df76 b831118b6cf44403982f920507b787c4 - - default default] Successfully bumped revision number for resource d28c8e45-347b-4b23-bb5c-a9bec845c3e6 (type: security_group_rules) to 0 [pid: 8|app: 0|req: 886/1718] 10.0.0.202 () {32 vars in 774 bytes} [Tue Apr 28 18:08:56 2026] GET /v2.0/security-groups?tenant_id=a762e79dfe6d44f9a9bb4de078538f41&name=default => generated 2925 bytes in 390 msecs (HTTP/1.1 200) 4 headers in 158 bytes (1 switches on core 0) [pid: 8|app: 0|req: 887/1719] 10.0.0.202 () {32 vars in 724 bytes} [Tue Apr 28 18:08:57 2026] DELETE /v2.0/subnets/18851938-4cbc-4cc5-b992-d262fd35a2d0 => generated 0 bytes in 165 msecs (HTTP/1.1 204) 3 headers in 131 bytes (1 switches on core 0)
2026-04-28 18:08:57.435 7 INFO neutron.db.ovn_revision_numbers_db [None req-8c44aa87-8ef3-4970-abcf-c96e304cdb8e - - - - - -] Successfully bumped revision number for resource f47041f6-aa02-4102-b841-cbfa06310a73 (type: ports) to 2
2026-04-28 18:08:57.479 7 INFO neutron.db.ovn_revision_numbers_db [None req-8c44aa87-8ef3-4970-abcf-c96e304cdb8e - - - - - -] Successfully bumped revision number for resource 67d3288f-0365-4ca7-bb4b-0b22d96003de (type: subnets) to 0 [pid: 7|app: 0|req: 833/1720] 10.0.0.202 () {34 vars in 669 bytes} [Tue Apr 28 18:08:56 2026] POST /v2.0/subnets => generated 626 bytes in 731 msecs (HTTP/1.1 201) 4 headers in 162 bytes (1 switches on core 0) [pid: 8|app: 0|req: 888/1721] 10.0.0.202 () {32 vars in 740 bytes} [Tue Apr 28 18:08:57 2026] DELETE /v2.0/security-groups/09bfce5e-9527-4902-946b-695faca4506b => generated 0 bytes in 261 msecs (HTTP/1.1 204) 2 headers in 112 bytes (1 switches on core 0) [pid: 7|app: 0|req: 834/1722] 199.204.45.35 () {34 vars in 1079 bytes} [Tue Apr 28 18:08:57 2026] GET /v2.0/ports?tenant_id=72db83be588640fdbcf00c727643373a&device_id=3cf87ddc-50c8-46a8-a699-e3c417b6a21f => generated 1209 bytes in 47 msecs (HTTP/1.1 200) 4 headers in 158 bytes (1 switches on core 0) [pid: 8|app: 0|req: 889/1723] 10.0.0.202 () {32 vars in 724 bytes} [Tue Apr 28 18:08:57 2026] DELETE /v2.0/subnets/b0801c30-4d82-4677-a18e-1382b626c48a => generated 0 bytes in 156 msecs (HTTP/1.1 204) 3 headers in 131 bytes (1 switches on core 0) [pid: 8|app: 0|req: 890/1724] 199.204.45.35 () {34 vars in 985 bytes} [Tue Apr 28 18:08:57 2026] GET /v2.0/networks?id=f6d94a58-d5d6-4491-99ee-090e12a6c0da => generated 797 bytes in 35 msecs (HTTP/1.1 200) 4 headers in 157 bytes (1 switches on core 0)
2026-04-28 18:08:57.841 7 WARNING neutron.scheduler.dhcp_agent_scheduler [None req-a79e9332-e5b4-48e6-ad47-1d128fd1ad50 10dd3ac1bd9349948da3e6767a1ad3e0 0bd572b33b584066b845a783aacd7a7b - - default default] No more DHCP agents
2026-04-28 18:08:57.844 8 INFO neutron.db.ovn_revision_numbers_db [None req-b58361ca-35e3-46d3-917c-cb19573d7914 564794dd67a04d0f827e229b7872df76 b831118b6cf44403982f920507b787c4 - - default default] Successfully bumped revision number for resource 87a5c511-ff64-46f5-a6df-4b28dddf2821 (type: security_groups) to 1
2026-04-28 18:08:57.845 7 WARNING neutron.api.rpc.agentnotifiers.dhcp_rpc_agent_api [None req-a79e9332-e5b4-48e6-ad47-1d128fd1ad50 10dd3ac1bd9349948da3e6767a1ad3e0 0bd572b33b584066b845a783aacd7a7b - - default default] Unable to schedule network f39ccb1f-614d-4b0e-9f4f-5588185498a5: no agents available; will retry on subsequent port and subnet creation events.
2026-04-28 18:08:57.858 8 INFO neutron.db.ovn_revision_numbers_db [None req-b58361ca-35e3-46d3-917c-cb19573d7914 564794dd67a04d0f827e229b7872df76 b831118b6cf44403982f920507b787c4 - - default default] Successfully bumped revision number for resource 165bad54-69e6-4e35-97ae-a00f90ec220d (type: security_group_rules) to 0
2026-04-28 18:08:57.870 8 INFO neutron.db.ovn_revision_numbers_db [None req-b58361ca-35e3-46d3-917c-cb19573d7914 564794dd67a04d0f827e229b7872df76 b831118b6cf44403982f920507b787c4 - - default default] Successfully bumped revision number for resource 1c69ac71-e0b0-4f3f-bb7e-8678782738e9 (type: security_group_rules) to 0
2026-04-28 18:08:57.883 8 INFO neutron.db.ovn_revision_numbers_db [None req-b58361ca-35e3-46d3-917c-cb19573d7914 564794dd67a04d0f827e229b7872df76 b831118b6cf44403982f920507b787c4 - - default default] Successfully bumped revision number for resource 880af848-b83a-40e4-ab3d-a9fb7fe05b6d (type: security_group_rules) to 0
2026-04-28 18:08:57.896 8 INFO neutron.db.ovn_revision_numbers_db [None req-b58361ca-35e3-46d3-917c-cb19573d7914 564794dd67a04d0f827e229b7872df76 b831118b6cf44403982f920507b787c4 - - default default] Successfully bumped revision number for resource ff94762c-242a-42f6-a393-f3844eec31c7 (type: security_group_rules) to 0 [pid: 8|app: 0|req: 891/1725] 10.0.0.202 () {32 vars in 774 bytes} [Tue Apr 28 18:08:57 2026] GET /v2.0/security-groups?tenant_id=9842606aa4424716b0c58d1e8b885444&name=default => generated 2925 bytes in 233 msecs (HTTP/1.1 200) 4 headers in 158 bytes (1 switches on core 0)
2026-04-28 18:08:58.008 8 INFO neutron.plugins.ml2.drivers.ovn.mech_driver.mech_driver [None req-5854807f-3fde-4a22-b8c0-16059298d450 - - - - - -] OVN reports status down for port: aa7bbe9d-9096-4773-9e5b-788f42fd7036 [pid: 8|app: 0|req: 892/1726] 10.0.0.202 () {32 vars in 647 bytes} [Tue Apr 28 18:08:57 2026] GET /v2.0/subnets => generated 649 bytes in 73 msecs (HTTP/1.1 200) 4 headers in 157 bytes (1 switches on core 0)
2026-04-28 18:08:58.037 7 INFO neutron.db.ovn_revision_numbers_db [None req-a79e9332-e5b4-48e6-ad47-1d128fd1ad50 10dd3ac1bd9349948da3e6767a1ad3e0 0bd572b33b584066b845a783aacd7a7b - - default default] Successfully bumped revision number for resource aa7bbe9d-9096-4773-9e5b-788f42fd7036 (type: ports) to 1 [pid: 7|app: 0|req: 835/1727] 10.0.0.202 () {34 vars in 665 bytes} [Tue Apr 28 18:08:57 2026] POST /v2.0/ports => generated 912 bytes in 525 msecs (HTTP/1.1 201) 4 headers in 162 bytes (1 switches on core 0) [pid: 8|app: 0|req: 893/1728] 199.204.45.35 () {34 vars in 1057 bytes} [Tue Apr 28 18:08:58 2026] GET /v2.0/floatingips?fixed_ip_address=10.100.0.6&port_id=3cd14bf7-d9f1-48a0-9c3c-2b5c79618921 => generated 860 bytes in 81 msecs (HTTP/1.1 200) 4 headers in 157 bytes (1 switches on core 0)
2026-04-28 18:08:58.235 8 INFO neutron_taas.services.taas.taas_plugin [None req-ce03e174-31b4-40bc-8756-5b402987fc77 2ef61a1ae6b148f6a5d21dde319ca60c 256639f2293741a28f5e415eb9ecbd6d - - default default] TaaS: Handle Delete Port: b245ee4b-d2cf-4f88-96c7-725d8be9040a
2026-04-28 18:08:58.237 8 INFO neutron_taas.services.taas.tap_mirror_plugin [None req-ce03e174-31b4-40bc-8756-5b402987fc77 2ef61a1ae6b148f6a5d21dde319ca60c 256639f2293741a28f5e415eb9ecbd6d - - default default] Tap Mirror: Handle Delete Port: b245ee4b-d2cf-4f88-96c7-725d8be9040a [pid: 7|app: 0|req: 836/1729] 10.0.0.202 () {32 vars in 740 bytes} [Tue Apr 28 18:08:58 2026] DELETE /v2.0/security-groups/87a5c511-ff64-46f5-a6df-4b28dddf2821 => generated 0 bytes in 258 msecs (HTTP/1.1 204) 2 headers in 112 bytes (1 switches on core 0)
2026-04-28 18:08:58.405 8 INFO neutron.services.segments.plugin [-] Segment 3e03cd85-85b0-4c8e-abe7-f4136194152c resource provider aggregate not found
2026-04-28 18:08:58.411 8 INFO neutron.services.segments.plugin [-] Segment 3e03cd85-85b0-4c8e-abe7-f4136194152c resource provider aggregate not found
2026-04-28 18:08:58.421 8 INFO neutron.services.segments.plugin [-] Segment 3e03cd85-85b0-4c8e-abe7-f4136194152c resource provider not found; error: Placement Client Error (4xx): {"errors": [{"status": 404, "title": "Not Found", "detail": "The resource could not be found.\n\n No resource provider with uuid 3e03cd85-85b0-4c8e-abe7-f4136194152c found for delete ", "request_id": "req-4880b645-1c6f-4374-9086-a0b320251d57"}]}
2026-04-28 18:08:58.435 8 INFO neutron.services.segments.plugin [-] Segment 3e03cd85-85b0-4c8e-abe7-f4136194152c resource provider not found; error: Placement Client Error (4xx): {"errors": [{"status": 404, "title": "Not Found", "detail": "The resource could not be found.\n\n No resource provider with uuid 3e03cd85-85b0-4c8e-abe7-f4136194152c found for delete ", "request_id": "req-706cc9e1-32e2-496f-89ed-5cd5afa5bcc1"}]} [pid: 8|app: 0|req: 894/1730] 10.0.0.202 () {32 vars in 726 bytes} [Tue Apr 28 18:08:58 2026] DELETE /v2.0/networks/eb1d2cfd-b9db-426e-860e-c4cbebfc4caa => generated 0 bytes in 358 msecs (HTTP/1.1 204) 3 headers in 131 bytes (1 switches on core 0)
2026-04-28 18:08:58.471 7 INFO neutron_taas.services.taas.taas_plugin [None req-f7c83d5f-2708-4a9b-9fdb-66a0ab93f413 10dd3ac1bd9349948da3e6767a1ad3e0 0bd572b33b584066b845a783aacd7a7b - - default default] TaaS: Handle Delete Port: aa7bbe9d-9096-4773-9e5b-788f42fd7036
2026-04-28 18:08:58.474 7 INFO neutron_taas.services.taas.tap_mirror_plugin [None req-f7c83d5f-2708-4a9b-9fdb-66a0ab93f413 10dd3ac1bd9349948da3e6767a1ad3e0 0bd572b33b584066b845a783aacd7a7b - - default default] Tap Mirror: Handle Delete Port: aa7bbe9d-9096-4773-9e5b-788f42fd7036 [pid: 8|app: 0|req: 895/1731] 199.204.45.35 () {34 vars in 983 bytes} [Tue Apr 28 18:08:58 2026] GET /v2.0/subnets?id=779e46c9-09e7-413a-b9e1-ab889d15d597 => generated 678 bytes in 33 msecs (HTTP/1.1 200) 4 headers in 157 bytes (1 switches on core 0)
2026-04-28 18:08:58.608 8 INFO neutron_taas.services.taas.taas_plugin [None req-e78923af-65bb-4953-90da-d03decf185ad 2ef61a1ae6b148f6a5d21dde319ca60c 256639f2293741a28f5e415eb9ecbd6d - - default default] TaaS: Handle Delete Port: 7d69b2bb-5077-4553-ad59-bc40642fd10f
2026-04-28 18:08:58.611 8 INFO neutron_taas.services.taas.tap_mirror_plugin [None req-e78923af-65bb-4953-90da-d03decf185ad 2ef61a1ae6b148f6a5d21dde319ca60c 256639f2293741a28f5e415eb9ecbd6d - - default default] Tap Mirror: Handle Delete Port: 7d69b2bb-5077-4553-ad59-bc40642fd10f [pid: 7|app: 0|req: 837/1732] 10.0.0.202 () {32 vars in 720 bytes} [Tue Apr 28 18:08:58 2026] DELETE /v2.0/ports/aa7bbe9d-9096-4773-9e5b-788f42fd7036 => generated 0 bytes in 360 msecs (HTTP/1.1 204) 3 headers in 131 bytes (1 switches on core 0) [pid: 7|app: 0|req: 838/1733] 199.204.45.35 () {34 vars in 1051 bytes} [Tue Apr 28 18:08:58 2026] GET /v2.0/ports?network_id=f6d94a58-d5d6-4491-99ee-090e12a6c0da&device_owner=network%3Adhcp => generated 12 bytes in 20 msecs (HTTP/1.1 200) 4 headers in 156 bytes (1 switches on core 0)
2026-04-28 18:08:58.753 7 INFO neutron.pecan_wsgi.hooks.translation [None req-213f11f7-8d70-4e56-b4b5-458b6d42b962 10dd3ac1bd9349948da3e6767a1ad3e0 0bd572b33b584066b845a783aacd7a7b - - default default] GET failed (client error): The resource could not be found. [pid: 7|app: 0|req: 839/1734] 10.0.0.202 () {32 vars in 717 bytes} [Tue Apr 28 18:08:58 2026] GET /v2.0/ports/aa7bbe9d-9096-4773-9e5b-788f42fd7036 => generated 132 bytes in 41 msecs (HTTP/1.1 404) 4 headers in 164 bytes (1 switches on core 0) [pid: 7|app: 0|req: 840/1735] 199.204.45.35 () {34 vars in 1011 bytes} [Tue Apr 28 18:08:58 2026] GET /v2.0/networks/f6d94a58-d5d6-4491-99ee-090e12a6c0da?fields=segments => generated 14 bytes in 54 msecs (HTTP/1.1 200) 4 headers in 156 bytes (1 switches on core 0) [pid: 8|app: 0|req: 896/1736] 10.0.0.202 () {32 vars in 726 bytes} [Tue Apr 28 18:08:58 2026] DELETE /v2.0/networks/7c3751f0-8aa0-4613-a724-bfd7de3af3e4 => generated 0 bytes in 386 msecs (HTTP/1.1 204) 3 headers in 131 bytes (1 switches on core 0) [pid: 8|app: 0|req: 897/1737] 199.204.45.35 () {34 vars in 1111 bytes} [Tue Apr 28 18:08:58 2026] GET /v2.0/networks/f6d94a58-d5d6-4491-99ee-090e12a6c0da?fields=provider%3Aphysical_network&fields=provider%3Anetwork_type => generated 79 bytes in 42 msecs (HTTP/1.1 200) 4 headers in 156 bytes (1 switches on core 0) [pid: 7|app: 0|req: 841/1738] 10.0.0.202 () {32 vars in 724 bytes} [Tue Apr 28 18:08:58 2026] DELETE /v2.0/subnets/67d3288f-0365-4ca7-bb4b-0b22d96003de => generated 0 bytes in 183 msecs (HTTP/1.1 204) 3 headers in 131 bytes (1 switches on core 0)
2026-04-28 18:08:59.063 8 INFO neutron_taas.services.taas.taas_plugin [None req-fa9d828a-9b92-46d4-ab2e-f0983f4a87f7 2ef61a1ae6b148f6a5d21dde319ca60c 256639f2293741a28f5e415eb9ecbd6d - - default default] TaaS: Handle Delete Port: fe4bf6e1-5b46-47cc-9123-ec87c9218863
2026-04-28 18:08:59.065 8 INFO neutron_taas.services.taas.tap_mirror_plugin [None req-fa9d828a-9b92-46d4-ab2e-f0983f4a87f7 2ef61a1ae6b148f6a5d21dde319ca60c 256639f2293741a28f5e415eb9ecbd6d - - default default] Tap Mirror: Handle Delete Port: fe4bf6e1-5b46-47cc-9123-ec87c9218863
2026-04-28 18:08:59.123 7 INFO neutron_taas.services.taas.taas_plugin [None req-f2d7af69-53cc-49f2-a28d-2ca3505128f3 10dd3ac1bd9349948da3e6767a1ad3e0 0bd572b33b584066b845a783aacd7a7b - - default default] TaaS: Handle Delete Port: f47041f6-aa02-4102-b841-cbfa06310a73
2026-04-28 18:08:59.128 7 INFO neutron_taas.services.taas.tap_mirror_plugin [None req-f2d7af69-53cc-49f2-a28d-2ca3505128f3 10dd3ac1bd9349948da3e6767a1ad3e0 0bd572b33b584066b845a783aacd7a7b - - default default] Tap Mirror: Handle Delete Port: f47041f6-aa02-4102-b841-cbfa06310a73 [pid: 8|app: 0|req: 898/1739] 10.0.0.202 () {32 vars in 726 bytes} [Tue Apr 28 18:08:58 2026] DELETE /v2.0/networks/e2be3170-f8da-4e3b-8872-1e61a9dd4eb5 => generated 0 bytes in 387 msecs (HTTP/1.1 204) 3 headers in 131 bytes (1 switches on core 0)
2026-04-28 18:08:59.357 7 INFO neutron.services.segments.plugin [-] Segment 0af452c0-b100-4446-a717-dd6c82f4f04f resource provider aggregate not found
2026-04-28 18:08:59.366 7 INFO neutron.services.segments.plugin [-] Segment 0af452c0-b100-4446-a717-dd6c82f4f04f resource provider aggregate not found
2026-04-28 18:08:59.382 7 INFO neutron.services.segments.plugin [-] Segment 0af452c0-b100-4446-a717-dd6c82f4f04f resource provider not found; error: Placement Client Error (4xx): {"errors": [{"status": 404, "title": "Not Found", "detail": "The resource could not be found.\n\n No resource provider with uuid 0af452c0-b100-4446-a717-dd6c82f4f04f found for delete ", "request_id": "req-937f8af0-9067-482f-bb09-48ae5dbf7ec4"}]}
2026-04-28 18:08:59.384 7 INFO neutron.services.segments.plugin [-] Segment 0af452c0-b100-4446-a717-dd6c82f4f04f resource provider not found; error: Placement Client Error (4xx): {"errors": [{"status": 404, "title": "Not Found", "detail": "The resource could not be found.\n\n No resource provider with uuid 0af452c0-b100-4446-a717-dd6c82f4f04f found for delete ", "request_id": "req-140510f6-3d06-40a1-a276-709da753f690"}]} [pid: 7|app: 0|req: 842/1740] 10.0.0.202 () {32 vars in 726 bytes} [Tue Apr 28 18:08:59 2026] DELETE /v2.0/networks/f39ccb1f-614d-4b0e-9f4f-5588185498a5 => generated 0 bytes in 428 msecs (HTTP/1.1 204) 3 headers in 131 bytes (1 switches on core 0)
2026-04-28 18:08:59.478 8 INFO neutron_taas.services.taas.taas_plugin [None req-4685bc05-cb57-49ff-86b1-53b38e0dba8f 2ef61a1ae6b148f6a5d21dde319ca60c 256639f2293741a28f5e415eb9ecbd6d - - default default] TaaS: Handle Delete Port: e2c8895b-6d48-437c-9ada-8907ee41b0ba
2026-04-28 18:08:59.480 8 INFO neutron_taas.services.taas.tap_mirror_plugin [None req-4685bc05-cb57-49ff-86b1-53b38e0dba8f 2ef61a1ae6b148f6a5d21dde319ca60c 256639f2293741a28f5e415eb9ecbd6d - - default default] Tap Mirror: Handle Delete Port: e2c8895b-6d48-437c-9ada-8907ee41b0ba
2026-04-28 18:08:59.674 7 WARNING neutron.scheduler.dhcp_agent_scheduler [None req-ce05ed7f-e0c1-4e21-b755-f327849de026 10dd3ac1bd9349948da3e6767a1ad3e0 0bd572b33b584066b845a783aacd7a7b - - default default] No more DHCP agents
2026-04-28 18:08:59.675 7 WARNING neutron.api.rpc.agentnotifiers.dhcp_rpc_agent_api [None req-ce05ed7f-e0c1-4e21-b755-f327849de026 10dd3ac1bd9349948da3e6767a1ad3e0 0bd572b33b584066b845a783aacd7a7b - - default default] Unable to schedule network 7885debc-424d-48ba-98c4-502f33f9c8fe: no agents available; will retry on subsequent port and subnet creation events.
2026-04-28 18:08:59.750 8 INFO neutron.plugins.ml2.drivers.ovn.mech_driver.mech_driver [None req-5854807f-3fde-4a22-b8c0-16059298d450 - - - - - -] OVN reports status down for port: ae0b007f-cd7f-4426-af03-3a7630885275
2026-04-28 18:08:59.771 7 INFO neutron.db.ovn_revision_numbers_db [None req-ce05ed7f-e0c1-4e21-b755-f327849de026 10dd3ac1bd9349948da3e6767a1ad3e0 0bd572b33b584066b845a783aacd7a7b - - default default] Successfully bumped revision number for resource ae0b007f-cd7f-4426-af03-3a7630885275 (type: ports) to 1 [pid: 7|app: 0|req: 843/1741] 10.0.0.202 () {34 vars in 665 bytes} [Tue Apr 28 18:08:59 2026] POST /v2.0/ports => generated 774 bytes in 394 msecs (HTTP/1.1 201) 4 headers in 162 bytes (1 switches on core 0) /var/lib/openstack/lib/python3.12/site-packages/pycadf/identifier.py:70: UserWarning: Invalid uuid: neutron. To ensure interoperability, identifiers should be a valid uuid. warnings.warn(('Invalid uuid: %s. To ensure interoperability, ' [pid: 8|app: 0|req: 899/1742] 10.0.0.202 () {32 vars in 726 bytes} [Tue Apr 28 18:08:59 2026] DELETE /v2.0/networks/251c70c3-43c3-496c-9c2e-7b8e51409497 => generated 0 bytes in 520 msecs (HTTP/1.1 204) 3 headers in 131 bytes (1 switches on core 0)
2026-04-28 18:09:00.108 8 INFO neutron.plugins.ml2.drivers.ovn.mech_driver.mech_driver [None req-5854807f-3fde-4a22-b8c0-16059298d450 - - - - - -] OVN reports status down for port: ae0b007f-cd7f-4426-af03-3a7630885275
2026-04-28 18:09:00.141 7 INFO neutron.db.ovn_revision_numbers_db [None req-cd49d589-0cd3-4b94-a3a3-ddc6135ec534 10dd3ac1bd9349948da3e6767a1ad3e0 0bd572b33b584066b845a783aacd7a7b - - default default] Successfully bumped revision number for resource ae0b007f-cd7f-4426-af03-3a7630885275 (type: ports) to 2 [pid: 7|app: 0|req: 844/1743] 10.0.0.202 () {34 vars in 737 bytes} [Tue Apr 28 18:08:59 2026] PUT /v2.0/ports/ae0b007f-cd7f-4426-af03-3a7630885275 => generated 752 bytes in 325 msecs (HTTP/1.1 200) 4 headers in 157 bytes (1 switches on core 0)
2026-04-28 18:09:00.346 8 INFO neutron_taas.services.taas.taas_plugin [None req-50e14899-d522-4998-b87c-a3b3294fd837 10dd3ac1bd9349948da3e6767a1ad3e0 0bd572b33b584066b845a783aacd7a7b - - default default] TaaS: Handle Delete Port: ae0b007f-cd7f-4426-af03-3a7630885275
2026-04-28 18:09:00.350 8 INFO neutron_taas.services.taas.tap_mirror_plugin [None req-50e14899-d522-4998-b87c-a3b3294fd837 10dd3ac1bd9349948da3e6767a1ad3e0 0bd572b33b584066b845a783aacd7a7b - - default default] Tap Mirror: Handle Delete Port: ae0b007f-cd7f-4426-af03-3a7630885275
2026-04-28 18:09:00.447 8 INFO neutron.services.segments.plugin [-] Segment e7138dbe-12d4-4dce-a0fc-b7dbd7f43ba9 resource provider aggregate not found
2026-04-28 18:09:00.471 8 INFO neutron.services.segments.plugin [-] Segment e7138dbe-12d4-4dce-a0fc-b7dbd7f43ba9 resource provider aggregate not found
2026-04-28 18:09:00.476 8 INFO neutron.services.segments.plugin [-] Segment e7138dbe-12d4-4dce-a0fc-b7dbd7f43ba9 resource provider not found; error: Placement Client Error (4xx): {"errors": [{"status": 404, "title": "Not Found", "detail": "The resource could not be found.\n\n No resource provider with uuid e7138dbe-12d4-4dce-a0fc-b7dbd7f43ba9 found for delete ", "request_id": "req-1e0af706-1fda-42f9-9175-8d2b7176ceda"}]}
2026-04-28 18:09:00.499 8 INFO neutron.services.segments.plugin [-] Segment e7138dbe-12d4-4dce-a0fc-b7dbd7f43ba9 resource provider not found; error: Placement Client Error (4xx): {"errors": [{"status": 404, "title": "Not Found", "detail": "The resource could not be found.\n\n No resource provider with uuid e7138dbe-12d4-4dce-a0fc-b7dbd7f43ba9 found for delete ", "request_id": "req-9db8815d-6876-458f-9d73-13e12090daa8"}]}
2026-04-28 18:09:00.511 8 INFO neutron.services.segments.plugin [-] Segment 31b2a15c-7e01-43b7-82cc-18cc390b502a resource provider aggregate not found
2026-04-28 18:09:00.520 8 INFO neutron.services.segments.plugin [-] Segment 31b2a15c-7e01-43b7-82cc-18cc390b502a resource provider aggregate not found
