2026-04-28 18:09:35.129 8 INFO neutron.db.ovn_revision_numbers_db [None req-0ee8af2e-744e-403e-85ca-fec0eaa380f6 d9d01d195f334fc2bffafc067cfe85f1 84335d642f534177b81eefd609a0a72e - - default default] Successfully bumped revision number for resource 6064c3d0-ba33-4b32-b31e-47f6a17a050d (type: routers) to 2 [pid: 8|app: 0|req: 982/1947] 10.0.0.202 () {34 vars in 669 bytes} [Tue Apr 28 18:09:33 2026] POST /v2.0/routers => generated 948 bytes in 1387 msecs (HTTP/1.1 201) 4 headers in 162 bytes (1 switches on core 0) [pid: 8|app: 0|req: 983/1948] 10.0.0.202 () {32 vars in 680 bytes} [Tue Apr 28 18:09:35 2026] GET /v2.0/floatingips?not-tags=red => generated 1100 bytes in 52 msecs (HTTP/1.1 200) 4 headers in 158 bytes (1 switches on core 0) [pid: 8|app: 0|req: 984/1949] 10.0.0.202 () {32 vars in 721 bytes} [Tue Apr 28 18:09:35 2026] GET /v2.0/routers/6064c3d0-ba33-4b32-b31e-47f6a17a050d => generated 954 bytes in 88 msecs (HTTP/1.1 200) 4 headers in 157 bytes (1 switches on core 0) [pid: 8|app: 0|req: 985/1950] 10.0.0.202 () {32 vars in 694 bytes} [Tue Apr 28 18:09:35 2026] GET /v2.0/floatingips?not-tags=red%2Cblue => generated 1643 bytes in 47 msecs (HTTP/1.1 200) 4 headers in 158 bytes (1 switches on core 0)
2026-04-28 18:09:35.401 7 WARNING neutron.scheduler.dhcp_agent_scheduler [None req-fe78251a-b229-4718-b6c7-43a5c1021661 991a9d737ac94b908a08340f10d5d8db 93ebce79940f4984bda1aa5c1f837156 - - default default] No more DHCP agents
2026-04-28 18:09:35.403 7 WARNING neutron.api.rpc.agentnotifiers.dhcp_rpc_agent_api [None req-fe78251a-b229-4718-b6c7-43a5c1021661 991a9d737ac94b908a08340f10d5d8db 93ebce79940f4984bda1aa5c1f837156 - - default default] Unable to schedule network ae9c6184-97c1-487a-b672-fedf61f2213c: no agents available; will retry on subsequent port and subnet creation events. [pid: 8|app: 0|req: 986/1951] 10.0.0.202 () {32 vars in 647 bytes} [Tue Apr 28 18:09:35 2026] GET /v2.0/routers => generated 957 bytes in 76 msecs (HTTP/1.1 200) 4 headers in 157 bytes (1 switches on core 0) [pid: 8|app: 0|req: 987/1952] 10.0.0.202 () {32 vars in 690 bytes} [Tue Apr 28 18:09:35 2026] GET /v2.0/floatingips?not-tags-any=blue => generated 1643 bytes in 43 msecs (HTTP/1.1 200) 4 headers in 158 bytes (1 switches on core 0)
2026-04-28 18:09:35.602 7 INFO neutron.db.ovn_revision_numbers_db [None req-fe78251a-b229-4718-b6c7-43a5c1021661 991a9d737ac94b908a08340f10d5d8db 93ebce79940f4984bda1aa5c1f837156 - - default default] Successfully bumped revision number for resource 8f2b36c7-294e-4423-9e42-195c11270787 (type: router_ports) to 2 [pid: 7|app: 0|req: 966/1953] 10.0.0.202 () {34 vars in 783 bytes} [Tue Apr 28 18:09:34 2026] PUT /v2.0/routers/24ed0695-3b0e-4aa0-9e44-bc0a09a2d00d/add_router_interface => generated 309 bytes in 1516 msecs (HTTP/1.1 200) 4 headers in 157 bytes (1 switches on core 0) /var/lib/openstack/lib/python3.12/site-packages/pycadf/identifier.py:70: UserWarning: Invalid uuid: neutron. To ensure interoperability, identifiers should be a valid uuid. warnings.warn(('Invalid uuid: %s. To ensure interoperability, ' [pid: 7|app: 0|req: 967/1954] 10.0.0.202 () {32 vars in 702 bytes} [Tue Apr 28 18:09:35 2026] GET /v2.0/floatingips?not-tags-any=red%2Cblue => generated 1100 bytes in 63 msecs (HTTP/1.1 200) 4 headers in 158 bytes (1 switches on core 0) [pid: 7|app: 0|req: 968/1955] 10.0.0.202 () {32 vars in 717 bytes} [Tue Apr 28 18:09:35 2026] GET /v2.0/ports/8f2b36c7-294e-4423-9e42-195c11270787 => generated 1023 bytes in 49 msecs (HTTP/1.1 200) 4 headers in 158 bytes (1 switches on core 0)
2026-04-28 18:09:35.868 7 INFO neutron_taas.services.taas.taas_plugin [None req-d28e10c9-982f-4088-9d61-9299680b263b 34c64659f2054c01b48fe1ee752bf552 d7879a9a7e324a08bfc6b87c500158f5 - - default default] TaaS: Handle Delete Port: f62b0b20-3856-4299-a12b-0c57f0c41550
2026-04-28 18:09:35.871 7 INFO neutron_taas.services.taas.tap_mirror_plugin [None req-d28e10c9-982f-4088-9d61-9299680b263b 34c64659f2054c01b48fe1ee752bf552 d7879a9a7e324a08bfc6b87c500158f5 - - default default] Tap Mirror: Handle Delete Port: f62b0b20-3856-4299-a12b-0c57f0c41550 [pid: 7|app: 0|req: 969/1956] 10.0.0.202 () {32 vars in 732 bytes} [Tue Apr 28 18:09:35 2026] DELETE /v2.0/floatingips/5bb16440-642b-4a85-9aec-c9d529b2cfb5 => generated 0 bytes in 316 msecs (HTTP/1.1 204) 2 headers in 112 bytes (1 switches on core 0)
2026-04-28 18:09:36.331 7 INFO neutron_taas.services.taas.taas_plugin [None req-f71ac21f-90f5-4433-ba48-dda3296a13ac 991a9d737ac94b908a08340f10d5d8db 93ebce79940f4984bda1aa5c1f837156 - - default default] TaaS: Handle Delete Port: 8f2b36c7-294e-4423-9e42-195c11270787
2026-04-28 18:09:36.335 7 INFO neutron_taas.services.taas.tap_mirror_plugin [None req-f71ac21f-90f5-4433-ba48-dda3296a13ac 991a9d737ac94b908a08340f10d5d8db 93ebce79940f4984bda1aa5c1f837156 - - default default] Tap Mirror: Handle Delete Port: 8f2b36c7-294e-4423-9e42-195c11270787
2026-04-28 18:09:36.408 8 WARNING neutron.plugins.ml2.drivers.ovn.mech_driver.ovsdb.ovn_client [None req-54f8a58f-c1fc-4e91-ba6f-556b9c4ae8f6 - - - - - -] No port found with ID 188a3939-5ce7-4978-941e-90424039d540: RuntimeError: No port found with ID 188a3939-5ce7-4978-941e-90424039d540
2026-04-28 18:09:36.450 8 INFO neutron.plugins.ml2.drivers.ovn.mech_driver.mech_driver [None req-54f8a58f-c1fc-4e91-ba6f-556b9c4ae8f6 - - - - - -] OVN reports status down for port: 8f2b36c7-294e-4423-9e42-195c11270787
2026-04-28 18:09:36.534 8 INFO neutron.plugins.ml2.db [None req-54f8a58f-c1fc-4e91-ba6f-556b9c4ae8f6 - - - - - -] No ports have port_id starting with 8f2b36c7-294e-4423-9e42-195c11270787
2026-04-28 18:09:36.540 8 ERROR ovsdbapp.backend.ovs_idl.command [None req-54f8a58f-c1fc-4e91-ba6f-556b9c4ae8f6 - - - - - -] Error executing command (LspGetUpCommand): ovsdbapp.backend.ovs_idl.idlutils.RowNotFound: Cannot find Logical_Switch_Port with name=8f2b36c7-294e-4423-9e42-195c11270787
2026-04-28 18:09:36.540 8 ERROR ovsdbapp.backend.ovs_idl.command
Traceback (most recent call last):
2026-04-28 18:09:36.540 8 ERROR ovsdbapp.backend.ovs_idl.command
File "/var/lib/openstack/lib/python3.12/site-packages/ovsdbapp/backend/ovs_idl/command.py", line 47, in execute
2026-04-28 18:09:36.540 8 ERROR ovsdbapp.backend.ovs_idl.command self.run_idl(None)
2026-04-28 18:09:36.540 8 ERROR ovsdbapp.backend.ovs_idl.command
File "/var/lib/openstack/lib/python3.12/site-packages/ovsdbapp/schema/ovn_northbound/commands.py", line 681, in run_idl
2026-04-28 18:09:36.540 8 ERROR ovsdbapp.backend.ovs_idl.command lsp = self.api.lookup('Logical_Switch_Port', self.port)
2026-04-28 18:09:36.540 8 ERROR ovsdbapp.backend.ovs_idl.command ^^^^^^^^^^^^^^^^^^^^^^^^^^^^^^^^^^^^^^^^^^^^^^^^^
2026-04-28 18:09:36.540 8 ERROR ovsdbapp.backend.ovs_idl.command
File "/var/lib/openstack/lib/python3.12/site-packages/ovsdbapp/backend/ovs_idl/__init__.py", line 184, in lookup
2026-04-28 18:09:36.540 8 ERROR ovsdbapp.backend.ovs_idl.command return self._lookup(table, record)
2026-04-28 18:09:36.540 8 ERROR ovsdbapp.backend.ovs_idl.command ^^^^^^^^^^^^^^^^^^^^^^^^^^^
2026-04-28 18:09:36.540 8 ERROR ovsdbapp.backend.ovs_idl.command
File "/var/lib/openstack/lib/python3.12/site-packages/ovsdbapp/backend/ovs_idl/__init__.py", line 235, in _lookup
2026-04-28 18:09:36.540 8 ERROR ovsdbapp.backend.ovs_idl.command row = idlutils.row_by_value(self, rl.table, rl.column, record)
2026-04-28 18:09:36.540 8 ERROR ovsdbapp.backend.ovs_idl.command ^^^^^^^^^^^^^^^^^^^^^^^^^^^^^^^^^^^^^^^^^^^^^^^^^^^^^^^^
2026-04-28 18:09:36.540 8 ERROR ovsdbapp.backend.ovs_idl.command
File "/var/lib/openstack/lib/python3.12/site-packages/ovsdbapp/backend/ovs_idl/idlutils.py", line 114, in row_by_value
2026-04-28 18:09:36.540 8 ERROR ovsdbapp.backend.ovs_idl.command raise RowNotFound(table=table, col=column, match=match)
2026-04-28 18:09:36.540 8 ERROR ovsdbapp.backend.ovs_idl.command ovsdbapp.backend.ovs_idl.idlutils.RowNotFound: Cannot find Logical_Switch_Port with name=8f2b36c7-294e-4423-9e42-195c11270787
2026-04-28 18:09:36.540 8 ERROR ovsdbapp.backend.ovs_idl.command
2026-04-28 18:09:36.554 8 ERROR ovsdbapp.event [None req-54f8a58f-c1fc-4e91-ba6f-556b9c4ae8f6 - - - - - -] Unexpected exception in notify_loop: ovsdbapp.backend.ovs_idl.idlutils.RowNotFound: Cannot find Logical_Switch_Port with name=8f2b36c7-294e-4423-9e42-195c11270787
2026-04-28 18:09:36.554 8 ERROR ovsdbapp.event
Traceback (most recent call last):
2026-04-28 18:09:36.554 8 ERROR ovsdbapp.event
File "/var/lib/openstack/lib/python3.12/site-packages/ovsdbapp/event.py", line 177, in notify_loop
2026-04-28 18:09:36.554 8 ERROR ovsdbapp.event match.run(event, row, updates)
2026-04-28 18:09:36.554 8 ERROR ovsdbapp.event
File "/var/lib/openstack/lib/python3.12/site-packages/neutron/plugins/ml2/drivers/ovn/mech_driver/ovsdb/ovsdb_monitor.py", line 506, in run
2026-04-28 18:09:36.554 8 ERROR ovsdbapp.event self.driver.set_port_status_down(row.name)
2026-04-28 18:09:36.554 8 ERROR ovsdbapp.event
File "/var/lib/openstack/lib/python3.12/site-packages/neutron/plugins/ml2/drivers/ovn/mech_driver/mech_driver.py", line 1379, in set_port_status_down
2026-04-28 18:09:36.554 8 ERROR ovsdbapp.event self._ovn_client.update_lsp_host_info(
2026-04-28 18:09:36.554 8 ERROR ovsdbapp.event
File "/var/lib/openstack/lib/python3.12/site-packages/neutron/plugins/ml2/drivers/ovn/mech_driver/ovsdb/ovn_client.py", line 305, in update_lsp_host_info
2026-04-28 18:09:36.554 8 ERROR ovsdbapp.event port_up = self._nb_idl.lsp_get_up(db_port.id).execute(
2026-04-28 18:09:36.554 8 ERROR ovsdbapp.event ^^^^^^^^^^^^^^^^^^^^^^^^^^^^^^^^^^^^^^^^^^^^
2026-04-28 18:09:36.554 8 ERROR ovsdbapp.event
File "/var/lib/openstack/lib/python3.12/site-packages/ovsdbapp/backend/ovs_idl/command.py", line 47, in execute
2026-04-28 18:09:36.554 8 ERROR ovsdbapp.event self.run_idl(None)
2026-04-28 18:09:36.554 8 ERROR ovsdbapp.event
File "/var/lib/openstack/lib/python3.12/site-packages/ovsdbapp/schema/ovn_northbound/commands.py", line 681, in run_idl
2026-04-28 18:09:36.554 8 ERROR ovsdbapp.event lsp = self.api.lookup('Logical_Switch_Port', self.port)
2026-04-28 18:09:36.554 8 ERROR ovsdbapp.event ^^^^^^^^^^^^^^^^^^^^^^^^^^^^^^^^^^^^^^^^^^^^^^^^^
2026-04-28 18:09:36.554 8 ERROR ovsdbapp.event
File "/var/lib/openstack/lib/python3.12/site-packages/ovsdbapp/backend/ovs_idl/__init__.py", line 184, in lookup
2026-04-28 18:09:36.554 8 ERROR ovsdbapp.event return self._lookup(table, record)
2026-04-28 18:09:36.554 8 ERROR ovsdbapp.event ^^^^^^^^^^^^^^^^^^^^^^^^^^^
2026-04-28 18:09:36.554 8 ERROR ovsdbapp.event
File "/var/lib/openstack/lib/python3.12/site-packages/ovsdbapp/backend/ovs_idl/__init__.py", line 235, in _lookup
2026-04-28 18:09:36.554 8 ERROR ovsdbapp.event row = idlutils.row_by_value(self, rl.table, rl.column, record)
2026-04-28 18:09:36.554 8 ERROR ovsdbapp.event ^^^^^^^^^^^^^^^^^^^^^^^^^^^^^^^^^^^^^^^^^^^^^^^^^^^^^^^^
2026-04-28 18:09:36.554 8 ERROR ovsdbapp.event
File "/var/lib/openstack/lib/python3.12/site-packages/ovsdbapp/backend/ovs_idl/idlutils.py", line 114, in row_by_value
2026-04-28 18:09:36.554 8 ERROR ovsdbapp.event raise RowNotFound(table=table, col=column, match=match)
2026-04-28 18:09:36.554 8 ERROR ovsdbapp.event ovsdbapp.backend.ovs_idl.idlutils.RowNotFound: Cannot find Logical_Switch_Port with name=8f2b36c7-294e-4423-9e42-195c11270787
2026-04-28 18:09:36.554 8 ERROR ovsdbapp.event
2026-04-28 18:09:36.573 8 INFO neutron.plugins.ml2.drivers.ovn.mech_driver.mech_driver [None req-54f8a58f-c1fc-4e91-ba6f-556b9c4ae8f6 - - - - - -] OVN reports status up for port: 8f2b36c7-294e-4423-9e42-195c11270787 [pid: 7|app: 0|req: 970/1957] 10.0.0.202 () {34 vars in 789 bytes} [Tue Apr 28 18:09:36 2026] PUT /v2.0/routers/24ed0695-3b0e-4aa0-9e44-bc0a09a2d00d/remove_router_interface => generated 309 bytes in 627 msecs (HTTP/1.1 200) 4 headers in 157 bytes (1 switches on core 0) /var/lib/openstack/lib/python3.12/site-packages/pycadf/identifier.py:70: UserWarning: Invalid uuid: neutron. To ensure interoperability, identifiers should be a valid uuid. warnings.warn(('Invalid uuid: %s. To ensure interoperability, '
2026-04-28 18:09:36.786 8 INFO neutron.db.ovn_revision_numbers_db [None req-64260c34-04dc-4033-8d47-53b1a83b74ba d9d01d195f334fc2bffafc067cfe85f1 84335d642f534177b81eefd609a0a72e - - default default] Successfully bumped revision number for resource 6064c3d0-ba33-4b32-b31e-47f6a17a050d (type: routers) to 3 [pid: 8|app: 0|req: 988/1958] 10.0.0.202 () {34 vars in 741 bytes} [Tue Apr 28 18:09:35 2026] PUT /v2.0/routers/6064c3d0-ba33-4b32-b31e-47f6a17a050d => generated 961 bytes in 1339 msecs (HTTP/1.1 200) 4 headers in 157 bytes (1 switches on core 0)
2026-04-28 18:09:36.841 7 INFO neutron_taas.services.taas.taas_plugin [None req-8e563dcf-da37-4246-8194-bdc2b9eb98d8 34c64659f2054c01b48fe1ee752bf552 d7879a9a7e324a08bfc6b87c500158f5 - - default default] TaaS: Handle Delete Port: bbbcf00f-5e87-4623-b5c3-f1a21b11ae08
2026-04-28 18:09:36.845 7 INFO neutron_taas.services.taas.tap_mirror_plugin [None req-8e563dcf-da37-4246-8194-bdc2b9eb98d8 34c64659f2054c01b48fe1ee752bf552 d7879a9a7e324a08bfc6b87c500158f5 - - default default] Tap Mirror: Handle Delete Port: bbbcf00f-5e87-4623-b5c3-f1a21b11ae08
2026-04-28 18:09:36.848 8 INFO neutron.api.v2.resource [None req-a4d098d5-b400-4773-83ee-d2058bdca941 991a9d737ac94b908a08340f10d5d8db 93ebce79940f4984bda1aa5c1f837156 - - default default] remove_router_interface failed (client error): The resource could not be found. [pid: 8|app: 0|req: 989/1959] 10.0.0.202 () {34 vars in 789 bytes} [Tue Apr 28 18:09:36 2026] PUT /v2.0/routers/24ed0695-3b0e-4aa0-9e44-bc0a09a2d00d/remove_router_interface => generated 197 bytes in 54 msecs (HTTP/1.1 404) 4 headers in 164 bytes (1 switches on core 0) [pid: 8|app: 0|req: 990/1960] 10.0.0.202 () {32 vars in 721 bytes} [Tue Apr 28 18:09:36 2026] GET /v2.0/routers/6064c3d0-ba33-4b32-b31e-47f6a17a050d => generated 961 bytes in 74 msecs (HTTP/1.1 200) 4 headers in 157 bytes (1 switches on core 0) [pid: 8|app: 0|req: 991/1961] 10.0.0.202 () {32 vars in 736 bytes} [Tue Apr 28 18:09:36 2026] GET /v2.0/ports?device_id=24ed0695-3b0e-4aa0-9e44-bc0a09a2d00d => generated 12 bytes in 19 msecs (HTTP/1.1 200) 4 headers in 156 bytes (1 switches on core 0) [pid: 7|app: 0|req: 971/1962] 10.0.0.202 () {32 vars in 732 bytes} [Tue Apr 28 18:09:36 2026] DELETE /v2.0/floatingips/79d7ca29-a728-4ebc-a65f-a059f9dee0c8 => generated 0 bytes in 363 msecs (HTTP/1.1 204) 2 headers in 112 bytes (1 switches on core 0) [pid: 7|app: 0|req: 972/1963] 10.0.0.202 () {32 vars in 736 bytes} [Tue Apr 28 18:09:37 2026] GET /v2.0/ports?device_id=6064c3d0-ba33-4b32-b31e-47f6a17a050d => generated 12 bytes in 16 msecs (HTTP/1.1 200) 4 headers in 156 bytes (1 switches on core 0)
2026-04-28 18:09:37.216 8 INFO neutron.db.ovn_revision_numbers_db [None req-e682dde3-16c5-444a-bc18-d64d27d147d8 702c3023ec4a46e6982ec36b32df2cfc 63c60e159a7443a18aa0bdbc2ccab0e0 - - default default] Successfully bumped revision number for resource 719569f6-8073-4bb3-8c49-629efcf90a67 (type: security_groups) to 1 [pid: 7|app: 0|req: 973/1964] 10.0.0.202 () {32 vars in 724 bytes} [Tue Apr 28 18:09:37 2026] DELETE /v2.0/routers/24ed0695-3b0e-4aa0-9e44-bc0a09a2d00d => generated 0 bytes in 171 msecs (HTTP/1.1 204) 2 headers in 112 bytes (1 switches on core 0)
2026-04-28 18:09:37.226 8 INFO neutron.db.ovn_revision_numbers_db [None req-e682dde3-16c5-444a-bc18-d64d27d147d8 702c3023ec4a46e6982ec36b32df2cfc 63c60e159a7443a18aa0bdbc2ccab0e0 - - default default] Successfully bumped revision number for resource 02d1e05a-6d55-4af4-a0f9-8b2802585c29 (type: security_group_rules) to 0
2026-04-28 18:09:37.237 8 INFO neutron.db.ovn_revision_numbers_db [None req-e682dde3-16c5-444a-bc18-d64d27d147d8 702c3023ec4a46e6982ec36b32df2cfc 63c60e159a7443a18aa0bdbc2ccab0e0 - - default default] Successfully bumped revision number for resource 2e5cc48e-f51b-4e50-a948-c2b7fa740d36 (type: security_group_rules) to 0
2026-04-28 18:09:37.248 8 INFO neutron.db.ovn_revision_numbers_db [None req-e682dde3-16c5-444a-bc18-d64d27d147d8 702c3023ec4a46e6982ec36b32df2cfc 63c60e159a7443a18aa0bdbc2ccab0e0 - - default default] Successfully bumped revision number for resource d026faec-f96a-474f-a900-e4dd7fa7f2a9 (type: security_group_rules) to 0
2026-04-28 18:09:37.259 8 INFO neutron.db.ovn_revision_numbers_db [None req-e682dde3-16c5-444a-bc18-d64d27d147d8 702c3023ec4a46e6982ec36b32df2cfc 63c60e159a7443a18aa0bdbc2ccab0e0 - - default default] Successfully bumped revision number for resource e8e81587-9d75-4ad3-9f64-a2795e4dcc32 (type: security_group_rules) to 0
2026-04-28 18:09:37.322 7 INFO neutron_taas.services.taas.taas_plugin [None req-f808a9b0-7c3f-4462-8fbf-1a552ae4b1df 34c64659f2054c01b48fe1ee752bf552 d7879a9a7e324a08bfc6b87c500158f5 - - default default] TaaS: Handle Delete Port: b61bcb54-b236-4f73-ad64-2558b31cff6c
2026-04-28 18:09:37.325 7 INFO neutron_taas.services.taas.tap_mirror_plugin [None req-f808a9b0-7c3f-4462-8fbf-1a552ae4b1df 34c64659f2054c01b48fe1ee752bf552 d7879a9a7e324a08bfc6b87c500158f5 - - default default] Tap Mirror: Handle Delete Port: b61bcb54-b236-4f73-ad64-2558b31cff6c
2026-04-28 18:09:37.371 8 INFO neutron.db.ovn_revision_numbers_db [None req-e682dde3-16c5-444a-bc18-d64d27d147d8 702c3023ec4a46e6982ec36b32df2cfc 63c60e159a7443a18aa0bdbc2ccab0e0 - - default default] Successfully bumped revision number for resource a38b1b05-8c76-4b49-a603-4a8c1ec2d17b (type: security_groups) to 1
2026-04-28 18:09:37.384 8 INFO neutron.db.ovn_revision_numbers_db [None req-e682dde3-16c5-444a-bc18-d64d27d147d8 702c3023ec4a46e6982ec36b32df2cfc 63c60e159a7443a18aa0bdbc2ccab0e0 - - default default] Successfully bumped revision number for resource 87bf6397-cc63-4281-ad6c-f36d92c0c57b (type: security_group_rules) to 0
2026-04-28 18:09:37.394 8 INFO neutron.db.ovn_revision_numbers_db [None req-e682dde3-16c5-444a-bc18-d64d27d147d8 702c3023ec4a46e6982ec36b32df2cfc 63c60e159a7443a18aa0bdbc2ccab0e0 - - default default] Successfully bumped revision number for resource 8fef9353-8dfc-4c05-af3f-a86c8ab10b35 (type: security_group_rules) to 0 [pid: 8|app: 0|req: 992/1965] 10.0.0.202 () {34 vars in 684 bytes} [Tue Apr 28 18:09:36 2026] POST /v2.0/security-groups => generated 1601 bytes in 489 msecs (HTTP/1.1 201) 4 headers in 163 bytes (1 switches on core 0) [pid: 7|app: 0|req: 974/1966] 10.0.0.202 () {32 vars in 732 bytes} [Tue Apr 28 18:09:37 2026] DELETE /v2.0/floatingips/871f37f4-e64b-4075-a855-e3e54f2db6bd => generated 0 bytes in 277 msecs (HTTP/1.1 204) 2 headers in 112 bytes (1 switches on core 0) [pid: 7|app: 0|req: 975/1967] 10.0.0.202 () {32 vars in 724 bytes} [Tue Apr 28 18:09:37 2026] DELETE /v2.0/subnets/838acbf2-4c16-4312-a61a-3cb693adaa55 => generated 0 bytes in 197 msecs (HTTP/1.1 204) 3 headers in 131 bytes (1 switches on core 0)
2026-04-28 18:09:37.789 8 INFO neutron_taas.services.taas.taas_plugin [None req-28a2fcbc-f73e-43f6-a665-c4025837fe15 d9d01d195f334fc2bffafc067cfe85f1 84335d642f534177b81eefd609a0a72e - - default default] TaaS: Handle Delete Port: 0e1df775-138c-4b3e-bb37-836b4c6efbfc
2026-04-28 18:09:37.792 8 INFO neutron_taas.services.taas.tap_mirror_plugin [None req-28a2fcbc-f73e-43f6-a665-c4025837fe15 d9d01d195f334fc2bffafc067cfe85f1 84335d642f534177b81eefd609a0a72e - - default default] Tap Mirror: Handle Delete Port: 0e1df775-138c-4b3e-bb37-836b4c6efbfc
2026-04-28 18:09:37.832 7 INFO neutron.db.ovn_revision_numbers_db [None req-f39c83b0-1750-428b-81f3-9f1696a736fe 702c3023ec4a46e6982ec36b32df2cfc 63c60e159a7443a18aa0bdbc2ccab0e0 - - default default] Successfully bumped revision number for resource 86be2908-d02a-4a3d-a9bb-ab42473c888e (type: security_groups) to 1
2026-04-28 18:09:37.851 7 INFO neutron.db.ovn_revision_numbers_db [None req-f39c83b0-1750-428b-81f3-9f1696a736fe 702c3023ec4a46e6982ec36b32df2cfc 63c60e159a7443a18aa0bdbc2ccab0e0 - - default default] Successfully bumped revision number for resource 1abef3e5-c390-47d5-a381-5d08f0cf9414 (type: security_group_rules) to 0
2026-04-28 18:09:37.863 7 INFO neutron.db.ovn_revision_numbers_db [None req-f39c83b0-1750-428b-81f3-9f1696a736fe 702c3023ec4a46e6982ec36b32df2cfc 63c60e159a7443a18aa0bdbc2ccab0e0 - - default default] Successfully bumped revision number for resource 6f61b9c3-0c38-4aef-8e8d-38781815d64e (type: security_group_rules) to 0 [pid: 7|app: 0|req: 976/1968] 10.0.0.202 () {34 vars in 684 bytes} [Tue Apr 28 18:09:37 2026] POST /v2.0/security-groups => generated 1601 bytes in 241 msecs (HTTP/1.1 201) 4 headers in 163 bytes (1 switches on core 0)
2026-04-28 18:09:38.083 7 INFO neutron_taas.services.taas.taas_plugin [None req-c5226b67-8a3b-4f4e-99d3-1b3b3d207c38 34c64659f2054c01b48fe1ee752bf552 d7879a9a7e324a08bfc6b87c500158f5 - - default default] TaaS: Handle Delete Port: df121fd9-e21a-4929-996f-f800c9031b2e
2026-04-28 18:09:38.086 7 INFO neutron_taas.services.taas.tap_mirror_plugin [None req-c5226b67-8a3b-4f4e-99d3-1b3b3d207c38 34c64659f2054c01b48fe1ee752bf552 d7879a9a7e324a08bfc6b87c500158f5 - - default default] Tap Mirror: Handle Delete Port: df121fd9-e21a-4929-996f-f800c9031b2e [pid: 8|app: 0|req: 993/1969] 10.0.0.202 () {32 vars in 724 bytes} [Tue Apr 28 18:09:37 2026] DELETE /v2.0/routers/6064c3d0-ba33-4b32-b31e-47f6a17a050d => generated 0 bytes in 754 msecs (HTTP/1.1 204) 2 headers in 112 bytes (1 switches on core 0) [pid: 7|app: 0|req: 977/1970] 10.0.0.202 () {32 vars in 732 bytes} [Tue Apr 28 18:09:37 2026] DELETE /v2.0/floatingips/17bb1977-5827-43cc-b9fa-c46a58f6cc44 => generated 0 bytes in 329 msecs (HTTP/1.1 204) 2 headers in 112 bytes (1 switches on core 0)
2026-04-28 18:09:38.325 8 INFO neutron_taas.services.taas.taas_plugin [None req-6be71297-42ec-45a3-aa0f-9260259b05cf 991a9d737ac94b908a08340f10d5d8db 93ebce79940f4984bda1aa5c1f837156 - - default default] TaaS: Handle Delete Port: 280654cc-418f-45e9-b92d-5db194142ba9
2026-04-28 18:09:38.327 8 INFO neutron_taas.services.taas.tap_mirror_plugin [None req-6be71297-42ec-45a3-aa0f-9260259b05cf 991a9d737ac94b908a08340f10d5d8db 93ebce79940f4984bda1aa5c1f837156 - - default default] Tap Mirror: Handle Delete Port: 280654cc-418f-45e9-b92d-5db194142ba9
2026-04-28 18:09:38.394 7 INFO neutron.db.ovn_revision_numbers_db [None req-99416824-5fcc-48a8-abd2-ef35f758333a 702c3023ec4a46e6982ec36b32df2cfc 63c60e159a7443a18aa0bdbc2ccab0e0 - - default default] Successfully bumped revision number for resource cde9e652-a433-452d-b613-41d994395b92 (type: security_groups) to 1
2026-04-28 18:09:38.409 7 INFO neutron.db.ovn_revision_numbers_db [None req-99416824-5fcc-48a8-abd2-ef35f758333a 702c3023ec4a46e6982ec36b32df2cfc 63c60e159a7443a18aa0bdbc2ccab0e0 - - default default] Successfully bumped revision number for resource 3e7a2b8e-4c0f-4c02-b0c5-29ae456f3aaa (type: security_group_rules) to 0
2026-04-28 18:09:38.422 7 INFO neutron.db.ovn_revision_numbers_db [None req-99416824-5fcc-48a8-abd2-ef35f758333a 702c3023ec4a46e6982ec36b32df2cfc 63c60e159a7443a18aa0bdbc2ccab0e0 - - default default] Successfully bumped revision number for resource 88fd5040-3be3-4759-9a55-152510722789 (type: security_group_rules) to 0 [pid: 7|app: 0|req: 978/1971] 10.0.0.202 () {34 vars in 684 bytes} [Tue Apr 28 18:09:38 2026] POST /v2.0/security-groups => generated 1601 bytes in 199 msecs (HTTP/1.1 201) 4 headers in 163 bytes (1 switches on core 0) [pid: 7|app: 0|req: 979/1972] 10.0.0.202 () {32 vars in 736 bytes} [Tue Apr 28 18:09:38 2026] GET /v2.0/ports?device_id=6064c3d0-ba33-4b32-b31e-47f6a17a050d => generated 12 bytes in 21 msecs (HTTP/1.1 200) 4 headers in 156 bytes (1 switches on core 0)
2026-04-28 18:09:38.528 8 INFO neutron.services.segments.plugin [-] Segment 99bb9082-6311-4cac-8291-a3d077d5ebd9 resource provider aggregate not found
2026-04-28 18:09:38.539 8 INFO neutron.services.segments.plugin [-] Segment 99bb9082-6311-4cac-8291-a3d077d5ebd9 resource provider aggregate not found
2026-04-28 18:09:38.556 8 INFO neutron.services.segments.plugin [-] Segment 99bb9082-6311-4cac-8291-a3d077d5ebd9 resource provider not found; error: Placement Client Error (4xx): {"errors": [{"status": 404, "title": "Not Found", "detail": "The resource could not be found.\n\n No resource provider with uuid 99bb9082-6311-4cac-8291-a3d077d5ebd9 found for delete ", "request_id": "req-c57e1714-3d7b-4e67-a4e9-87907155c1ce"}]}
2026-04-28 18:09:38.561 8 INFO neutron.services.segments.plugin [-] Segment 99bb9082-6311-4cac-8291-a3d077d5ebd9 resource provider not found; error: Placement Client Error (4xx): {"errors": [{"status": 404, "title": "Not Found", "detail": "The resource could not be found.\n\n No resource provider with uuid 99bb9082-6311-4cac-8291-a3d077d5ebd9 found for delete ", "request_id": "req-93c26fd1-3666-4dd8-a43b-b916ef65bff9"}]} [pid: 8|app: 0|req: 994/1973] 10.0.0.202 () {32 vars in 726 bytes} [Tue Apr 28 18:09:38 2026] DELETE /v2.0/networks/ae9c6184-97c1-487a-b672-fedf61f2213c => generated 0 bytes in 396 msecs (HTTP/1.1 204) 3 headers in 131 bytes (1 switches on core 0)
2026-04-28 18:09:38.634 7 INFO neutron_taas.services.taas.taas_plugin [None req-42f5fae8-edf3-4c1a-9859-cc1c2d1ff910 34c64659f2054c01b48fe1ee752bf552 d7879a9a7e324a08bfc6b87c500158f5 - - default default] TaaS: Handle Delete Port: d78d7a93-35f9-49e0-af09-10d3cd2e3a51
2026-04-28 18:09:38.637 7 INFO neutron_taas.services.taas.tap_mirror_plugin [None req-42f5fae8-edf3-4c1a-9859-cc1c2d1ff910 34c64659f2054c01b48fe1ee752bf552 d7879a9a7e324a08bfc6b87c500158f5 - - default default] Tap Mirror: Handle Delete Port: d78d7a93-35f9-49e0-af09-10d3cd2e3a51
2026-04-28 18:09:38.734 8 INFO neutron.db.ovn_revision_numbers_db [None req-7236cf9d-8e1b-45d2-b4dd-54e7439e273a 702c3023ec4a46e6982ec36b32df2cfc 63c60e159a7443a18aa0bdbc2ccab0e0 - - default default] Successfully bumped revision number for resource bf22c634-44eb-4bc1-b33e-929bfa5add3f (type: security_groups) to 1
2026-04-28 18:09:38.749 8 INFO neutron.db.ovn_revision_numbers_db [None req-7236cf9d-8e1b-45d2-b4dd-54e7439e273a 702c3023ec4a46e6982ec36b32df2cfc 63c60e159a7443a18aa0bdbc2ccab0e0 - - default default] Successfully bumped revision number for resource 034ff053-ea94-4bca-8330-b151913c4c28 (type: security_group_rules) to 0
2026-04-28 18:09:38.766 8 INFO neutron.db.ovn_revision_numbers_db [None req-7236cf9d-8e1b-45d2-b4dd-54e7439e273a 702c3023ec4a46e6982ec36b32df2cfc 63c60e159a7443a18aa0bdbc2ccab0e0 - - default default] Successfully bumped revision number for resource bf022d7b-9572-4b10-b601-246c8bb746a9 (type: security_group_rules) to 0 [pid: 8|app: 0|req: 995/1974] 10.0.0.202 () {34 vars in 684 bytes} [Tue Apr 28 18:09:38 2026] POST /v2.0/security-groups => generated 1601 bytes in 224 msecs (HTTP/1.1 201) 4 headers in 163 bytes (1 switches on core 0)
2026-04-28 18:09:38.825 8 INFO neutron.api.v2.resource [None req-34e63a1a-d7e6-48a9-a07d-0539423214df d9d01d195f334fc2bffafc067cfe85f1 84335d642f534177b81eefd609a0a72e - - default default] delete failed (client error): The resource could not be found. [pid: 8|app: 0|req: 996/1975] 10.0.0.202 () {32 vars in 724 bytes} [Tue Apr 28 18:09:38 2026] DELETE /v2.0/routers/6064c3d0-ba33-4b32-b31e-47f6a17a050d => generated 135 bytes in 17 msecs (HTTP/1.1 404) 4 headers in 164 bytes (1 switches on core 0) [pid: 7|app: 0|req: 980/1976] 10.0.0.202 () {32 vars in 732 bytes} [Tue Apr 28 18:09:38 2026] DELETE /v2.0/floatingips/25a6467e-8f5b-4f9e-8fdf-f26a0ff40f83 => generated 0 bytes in 340 msecs (HTTP/1.1 204) 2 headers in 112 bytes (1 switches on core 0)
2026-04-28 18:09:38.930 8 INFO neutron.db.segments_db [None req-d7c9f78f-1a0a-4503-a82c-44cddec849e9 991a9d737ac94b908a08340f10d5d8db 93ebce79940f4984bda1aa5c1f837156 - - default default] Added segment 717f00c6-e399-4ec9-aae0-6174c2192b44 of type geneve for network db214a0b-2485-40d9-b2d5-362d0ad1f639
2026-04-28 18:09:38.990 7 INFO neutron.db.ovn_revision_numbers_db [None req-07c4b255-7279-4d21-a13a-5fe7f1584fb7 702c3023ec4a46e6982ec36b32df2cfc 63c60e159a7443a18aa0bdbc2ccab0e0 - - default default] Successfully bumped revision number for resource f0e7b411-53d9-423d-9889-d96837d3ef5c (type: security_groups) to 1
2026-04-28 18:09:39.004 7 INFO neutron.db.ovn_revision_numbers_db [None req-07c4b255-7279-4d21-a13a-5fe7f1584fb7 702c3023ec4a46e6982ec36b32df2cfc 63c60e159a7443a18aa0bdbc2ccab0e0 - - default default] Successfully bumped revision number for resource 65d2c83d-3ae4-4ae5-bb62-0df4ca67dc9e (type: security_group_rules) to 0
2026-04-28 18:09:39.016 7 INFO neutron.db.ovn_revision_numbers_db [None req-07c4b255-7279-4d21-a13a-5fe7f1584fb7 702c3023ec4a46e6982ec36b32df2cfc 63c60e159a7443a18aa0bdbc2ccab0e0 - - default default] Successfully bumped revision number for resource d6a7fc2c-ab31-406d-a4e4-87a234a694c9 (type: security_group_rules) to 0 [pid: 7|app: 0|req: 981/1977] 10.0.0.202 () {34 vars in 684 bytes} [Tue Apr 28 18:09:38 2026] POST /v2.0/security-groups => generated 1601 bytes in 229 msecs (HTTP/1.1 201) 4 headers in 163 bytes (1 switches on core 0)
2026-04-28 18:09:39.063 8 INFO neutron.db.ovn_revision_numbers_db [None req-d7c9f78f-1a0a-4503-a82c-44cddec849e9 991a9d737ac94b908a08340f10d5d8db 93ebce79940f4984bda1aa5c1f837156 - - default default] Successfully bumped revision number for resource db214a0b-2485-40d9-b2d5-362d0ad1f639 (type: networks) to 1 [pid: 7|app: 0|req: 982/1978] 10.0.0.202 () {32 vars in 736 bytes} [Tue Apr 28 18:09:39 2026] GET /v2.0/ports?device_id=6ae62b0c-068f-4994-a4f8-341a022cfe11 => generated 12 bytes in 17 msecs (HTTP/1.1 200) 4 headers in 156 bytes (1 switches on core 0) [pid: 7|app: 0|req: 983/1979] 10.0.0.202 () {34 vars in 767 bytes} [Tue Apr 28 18:09:39 2026] PUT /v2.0/security-groups/a38b1b05-8c76-4b49-a603-4a8c1ec2d17b/tags => generated 17 bytes in 61 msecs (HTTP/1.1 200) 4 headers in 156 bytes (1 switches on core 0)
2026-04-28 18:09:39.159 7 INFO neutron.api.v2.resource [None req-85905501-a6b8-46df-a535-aab3cd1c1c27 d9d01d195f334fc2bffafc067cfe85f1 84335d642f534177b81eefd609a0a72e - - default default] delete failed (client error): The resource could not be found. [pid: 7|app: 0|req: 984/1980] 10.0.0.202 () {32 vars in 724 bytes} [Tue Apr 28 18:09:39 2026] DELETE /v2.0/routers/6ae62b0c-068f-4994-a4f8-341a022cfe11 => generated 135 bytes in 18 msecs (HTTP/1.1 404) 4 headers in 164 bytes (1 switches on core 0) [pid: 7|app: 0|req: 985/1981] 10.0.0.202 () {34 vars in 767 bytes} [Tue Apr 28 18:09:39 2026] PUT /v2.0/security-groups/86be2908-d02a-4a3d-a9bb-ab42473c888e/tags => generated 25 bytes in 51 msecs (HTTP/1.1 200) 4 headers in 156 bytes (1 switches on core 0)
2026-04-28 18:09:39.228 7 INFO neutron.pecan_wsgi.hooks.translation [None req-c65bd693-be8c-4e01-9248-487891797629 d9d01d195f334fc2bffafc067cfe85f1 84335d642f534177b81eefd609a0a72e - - default default] DELETE failed (client error): The resource could not be found. [pid: 7|app: 0|req: 986/1982] 10.0.0.202 () {32 vars in 724 bytes} [Tue Apr 28 18:09:39 2026] DELETE /v2.0/subnets/c8b9607a-55c7-4bb3-91e9-bd0c8a16077b => generated 136 bytes in 18 msecs (HTTP/1.1 404) 4 headers in 164 bytes (1 switches on core 0)
2026-04-28 18:09:39.249 8 WARNING neutron.scheduler.dhcp_agent_scheduler [None req-d7c9f78f-1a0a-4503-a82c-44cddec849e9 991a9d737ac94b908a08340f10d5d8db 93ebce79940f4984bda1aa5c1f837156 - - default default] No more DHCP agents
2026-04-28 18:09:39.250 8 WARNING neutron.api.rpc.agentnotifiers.dhcp_rpc_agent_api [None req-d7c9f78f-1a0a-4503-a82c-44cddec849e9 991a9d737ac94b908a08340f10d5d8db 93ebce79940f4984bda1aa5c1f837156 - - default default] Unable to schedule network db214a0b-2485-40d9-b2d5-362d0ad1f639: no agents available; will retry on subsequent port and subnet creation events. [pid: 7|app: 0|req: 987/1983] 10.0.0.202 () {34 vars in 767 bytes} [Tue Apr 28 18:09:39 2026] PUT /v2.0/security-groups/cde9e652-a433-452d-b613-41d994395b92/tags => generated 34 bytes in 54 msecs (HTTP/1.1 200) 4 headers in 156 bytes (1 switches on core 0) [pid: 7|app: 0|req: 988/1984] 10.0.0.202 () {32 vars in 736 bytes} [Tue Apr 28 18:09:39 2026] GET /v2.0/ports?device_id=7f99c3e4-8aaa-4ad1-8587-19227bc22de6 => generated 12 bytes in 37 msecs (HTTP/1.1 200) 4 headers in 156 bytes (1 switches on core 0)
2026-04-28 18:09:39.340 8 INFO neutron.db.ovn_revision_numbers_db [None req-d7c9f78f-1a0a-4503-a82c-44cddec849e9 991a9d737ac94b908a08340f10d5d8db 93ebce79940f4984bda1aa5c1f837156 - - default default] Successfully bumped revision number for resource 92e1c6b8-45c8-400b-a98a-e500f13fee13 (type: ports) to 1 [pid: 7|app: 0|req: 989/1985] 10.0.0.202 () {34 vars in 767 bytes} [Tue Apr 28 18:09:39 2026] PUT /v2.0/security-groups/bf22c634-44eb-4bc1-b33e-929bfa5add3f/tags => generated 19 bytes in 37 msecs (HTTP/1.1 200) 4 headers in 156 bytes (1 switches on core 0) [pid: 8|app: 0|req: 997/1986] 10.0.0.202 () {34 vars in 670 bytes} [Tue Apr 28 18:09:38 2026] POST /v2.0/networks => generated 653 bytes in 543 msecs (HTTP/1.1 201) 4 headers in 162 bytes (1 switches on core 0)
2026-04-28 18:09:39.381 7 INFO neutron.api.v2.resource [None req-0a4d2a8b-d2ca-4900-8d2b-7641f58e587f d9d01d195f334fc2bffafc067cfe85f1 84335d642f534177b81eefd609a0a72e - - default default] delete failed (client error): The resource could not be found. [pid: 7|app: 0|req: 990/1987] 10.0.0.202 () {32 vars in 724 bytes} [Tue Apr 28 18:09:39 2026] DELETE /v2.0/routers/7f99c3e4-8aaa-4ad1-8587-19227bc22de6 => generated 135 bytes in 22 msecs (HTTP/1.1 404) 4 headers in 164 bytes (1 switches on core 0) [pid: 8|app: 0|req: 998/1988] 10.0.0.202 () {32 vars in 680 bytes} [Tue Apr 28 18:09:39 2026] GET /v2.0/security-groups?tags=red => generated 4804 bytes in 51 msecs (HTTP/1.1 200) 4 headers in 158 bytes (1 switches on core 0)
2026-04-28 18:09:39.439 8 INFO neutron.pecan_wsgi.hooks.translation [None req-77bbaf1a-5506-4800-a4fe-0735fd2db748 d9d01d195f334fc2bffafc067cfe85f1 84335d642f534177b81eefd609a0a72e - - default default] DELETE failed (client error): The resource could not be found. [pid: 8|app: 0|req: 999/1989] 10.0.0.202 () {32 vars in 724 bytes} [Tue Apr 28 18:09:39 2026] DELETE /v2.0/subnets/0bf5efae-d9b0-4614-96f5-6cf1e47920a6 => generated 136 bytes in 21 msecs (HTTP/1.1 404) 4 headers in 164 bytes (1 switches on core 0) [pid: 8|app: 0|req: 1000/1990] 10.0.0.202 () {32 vars in 694 bytes} [Tue Apr 28 18:09:39 2026] GET /v2.0/security-groups?tags=red%2Cblue => generated 3218 bytes in 48 msecs (HTTP/1.1 200) 4 headers in 158 bytes (1 switches on core 0) [pid: 8|app: 0|req: 1001/1991] 10.0.0.202 () {32 vars in 736 bytes} [Tue Apr 28 18:09:39 2026] GET /v2.0/ports?device_id=ed04230d-229f-4c62-b558-1b3ecf498438 => generated 12 bytes in 21 msecs (HTTP/1.1 200) 4 headers in 156 bytes (1 switches on core 0)
2026-04-28 18:09:39.551 7 WARNING neutron.scheduler.dhcp_agent_scheduler [None req-a7ec8a67-0467-4990-8b33-97b061103f4e 991a9d737ac94b908a08340f10d5d8db 93ebce79940f4984bda1aa5c1f837156 - - default default] No more DHCP agents
2026-04-28 18:09:39.552 7 WARNING neutron.api.rpc.agentnotifiers.dhcp_rpc_agent_api [None req-a7ec8a67-0467-4990-8b33-97b061103f4e 991a9d737ac94b908a08340f10d5d8db 93ebce79940f4984bda1aa5c1f837156 - - default default] Unable to schedule network db214a0b-2485-40d9-b2d5-362d0ad1f639: no agents available; will retry on subsequent port and subnet creation events. [pid: 8|app: 0|req: 1002/1992] 10.0.0.202 () {32 vars in 690 bytes} [Tue Apr 28 18:09:39 2026] GET /v2.0/security-groups?tags-any=blue => generated 3218 bytes in 47 msecs (HTTP/1.1 200) 4 headers in 158 bytes (1 switches on core 0)
2026-04-28 18:09:39.580 7 INFO neutron.db.ovn_revision_numbers_db [None req-a7ec8a67-0467-4990-8b33-97b061103f4e 991a9d737ac94b908a08340f10d5d8db 93ebce79940f4984bda1aa5c1f837156 - - default default] Successfully bumped revision number for resource f0bd37f6-09f7-428a-9eef-96a45258fae3 (type: subnets) to 0
2026-04-28 18:09:39.585 8 INFO neutron.api.v2.resource [None req-fe898e50-a37b-4b1b-bbc4-189386519e68 d9d01d195f334fc2bffafc067cfe85f1 84335d642f534177b81eefd609a0a72e - - default default] delete failed (client error): The resource could not be found. [pid: 8|app: 0|req: 1003/1993] 10.0.0.202 () {32 vars in 724 bytes} [Tue Apr 28 18:09:39 2026] DELETE /v2.0/routers/ed04230d-229f-4c62-b558-1b3ecf498438 => generated 135 bytes in 25 msecs (HTTP/1.1 404) 4 headers in 164 bytes (1 switches on core 0) [pid: 7|app: 0|req: 991/1994] 10.0.0.202 () {34 vars in 669 bytes} [Tue Apr 28 18:09:39 2026] POST /v2.0/subnets => generated 646 bytes in 215 msecs (HTTP/1.1 201) 4 headers in 162 bytes (1 switches on core 0)
2026-04-28 18:09:39.622 7 INFO neutron.pecan_wsgi.hooks.translation [None req-d0b73f06-eb70-45c2-af70-0d627ab2fe94 d9d01d195f334fc2bffafc067cfe85f1 84335d642f534177b81eefd609a0a72e - - default default] DELETE failed (client error): The resource could not be found. [pid: 8|app: 0|req: 1004/1995] 10.0.0.202 () {32 vars in 702 bytes} [Tue Apr 28 18:09:39 2026] GET /v2.0/security-groups?tags-any=red%2Cblue => generated 4804 bytes in 40 msecs (HTTP/1.1 200) 4 headers in 158 bytes (1 switches on core 0)
2026-04-28 18:09:39.623 7 WARNING neutron.plugins.ml2.drivers.ovn.mech_driver.ovsdb.ovn_client [None req-36a6e01e-40c8-4dda-bd54-60713d9b8532 - - - - - -] No port found with ID 0e1df775-138c-4b3e-bb37-836b4c6efbfc: RuntimeError: No port found with ID 0e1df775-138c-4b3e-bb37-836b4c6efbfc [pid: 7|app: 0|req: 992/1996] 10.0.0.202 () {32 vars in 724 bytes} [Tue Apr 28 18:09:39 2026] DELETE /v2.0/subnets/41c4d569-bd1f-4e04-a57d-a9756fb5597a => generated 136 bytes in 30 msecs (HTTP/1.1 404) 4 headers in 164 bytes (1 switches on core 0)
2026-04-28 18:09:39.628 7 INFO neutron.plugins.ml2.drivers.ovn.mech_driver.mech_driver [None req-36a6e01e-40c8-4dda-bd54-60713d9b8532 - - - - - -] OVN reports status down for port: 92e1c6b8-45c8-400b-a98a-e500f13fee13 [pid: 7|app: 0|req: 993/1997] 10.0.0.202 () {32 vars in 688 bytes} [Tue Apr 28 18:09:39 2026] GET /v2.0/security-groups?not-tags=red => generated 6094 bytes in 83 msecs (HTTP/1.1 200) 4 headers in 158 bytes (1 switches on core 0)
2026-04-28 18:09:39.752 7 INFO neutron.pecan_wsgi.hooks.translation [None req-723e39e3-e2d2-4012-aad2-b005b563f9fa d9d01d195f334fc2bffafc067cfe85f1 84335d642f534177b81eefd609a0a72e - - default default] DELETE failed (client error): The resource could not be found.
2026-04-28 18:09:39.758 8 INFO neutron.db.ovn_revision_numbers_db [None req-eb13a3c7-495a-4da7-89ca-c6a0477f3963 991a9d737ac94b908a08340f10d5d8db 93ebce79940f4984bda1aa5c1f837156 - - default default] Successfully bumped revision number for resource 8da541b6-1f9b-4b2c-9e1c-d8f12b2fb258 (type: routers) to 1 [pid: 7|app: 0|req: 994/1998] 10.0.0.202 () {32 vars in 724 bytes} [Tue Apr 28 18:09:39 2026] DELETE /v2.0/subnets/228967e2-788d-47cd-a477-4afd7144cd16 => generated 136 bytes in 43 msecs (HTTP/1.1 404) 4 headers in 164 bytes (1 switches on core 0) [pid: 8|app: 0|req: 1005/1999] 10.0.0.202 () {34 vars in 669 bytes} [Tue Apr 28 18:09:39 2026] POST /v2.0/routers => generated 606 bytes in 149 msecs (HTTP/1.1 201) 4 headers in 162 bytes (1 switches on core 0) [pid: 8|app: 0|req: 1006/2000] 10.0.0.202 () {32 vars in 702 bytes} [Tue Apr 28 18:09:39 2026] GET /v2.0/security-groups?not-tags=red%2Cblue => generated 7680 bytes in 49 msecs (HTTP/1.1 200) 4 headers in 158 bytes (1 switches on core 0)
2026-04-28 18:09:40.111 7 INFO neutron.db.ovn_revision_numbers_db [None req-296011a0-b0dd-4834-a0ee-dbad5a9f675c 564794dd67a04d0f827e229b7872df76 b831118b6cf44403982f920507b787c4 - - default default] Successfully bumped revision number for resource 0d3f72e2-7197-4789-9e19-5e4d25be3883 (type: security_groups) to 1
2026-04-28 18:09:40.124 7 INFO neutron.db.ovn_revision_numbers_db [None req-296011a0-b0dd-4834-a0ee-dbad5a9f675c 564794dd67a04d0f827e229b7872df76 b831118b6cf44403982f920507b787c4 - - default default] Successfully bumped revision number for resource 71f16e82-ed4d-4d2d-974b-f728abfba238 (type: security_group_rules) to 0
2026-04-28 18:09:40.143 7 INFO neutron.db.ovn_revision_numbers_db [None req-296011a0-b0dd-4834-a0ee-dbad5a9f675c 564794dd67a04d0f827e229b7872df76 b831118b6cf44403982f920507b787c4 - - default default] Successfully bumped revision number for resource 7852c0e3-aaf1-4240-b525-28067f8d613e (type: security_group_rules) to 0
2026-04-28 18:09:40.155 7 INFO neutron.db.ovn_revision_numbers_db [None req-296011a0-b0dd-4834-a0ee-dbad5a9f675c 564794dd67a04d0f827e229b7872df76 b831118b6cf44403982f920507b787c4 - - default default] Successfully bumped revision number for resource 7f7df0a1-06f2-41c2-aa33-fea6e9bbf211 (type: security_group_rules) to 0
2026-04-28 18:09:40.170 7 INFO neutron.db.ovn_revision_numbers_db [None req-296011a0-b0dd-4834-a0ee-dbad5a9f675c 564794dd67a04d0f827e229b7872df76 b831118b6cf44403982f920507b787c4 - - default default] Successfully bumped revision number for resource e32eab3f-b88f-4bbf-a611-ae84b4bc75d5 (type: security_group_rules) to 0
2026-04-28 18:09:40.206 8 WARNING neutron.scheduler.dhcp_agent_scheduler [None req-de7bfc0c-a3d9-4b58-b936-9c65bf577ec1 991a9d737ac94b908a08340f10d5d8db 93ebce79940f4984bda1aa5c1f837156 - - default default] No more DHCP agents [pid: 7|app: 0|req: 995/2001] 10.0.0.202 () {32 vars in 774 bytes} [Tue Apr 28 18:09:39 2026] GET /v2.0/security-groups?tenant_id=41e740950cdb49e6ba3d46f025a474c2&name=default => generated 2925 bytes in 447 msecs (HTTP/1.1 200) 4 headers in 158 bytes (1 switches on core 0)
2026-04-28 18:09:40.208 8 WARNING neutron.api.rpc.agentnotifiers.dhcp_rpc_agent_api [None req-de7bfc0c-a3d9-4b58-b936-9c65bf577ec1 991a9d737ac94b908a08340f10d5d8db 93ebce79940f4984bda1aa5c1f837156 - - default default] Unable to schedule network db214a0b-2485-40d9-b2d5-362d0ad1f639: no agents available; will retry on subsequent port and subnet creation events. [pid: 7|app: 0|req: 996/2002] 10.0.0.202 () {32 vars in 698 bytes} [Tue Apr 28 18:09:40 2026] GET /v2.0/security-groups?not-tags-any=blue => generated 7680 bytes in 44 msecs (HTTP/1.1 200) 4 headers in 158 bytes (1 switches on core 0)
2026-04-28 18:09:40.272 7 INFO neutron.plugins.ml2.drivers.ovn.mech_driver.mech_driver [None req-36a6e01e-40c8-4dda-bd54-60713d9b8532 - - - - - -] OVN reports status down for port: fec0ab55-2a69-4c21-a02b-c2e6dd20d2e1
2026-04-28 18:09:40.312 8 INFO neutron.db.ovn_revision_numbers_db [None req-de7bfc0c-a3d9-4b58-b936-9c65bf577ec1 991a9d737ac94b908a08340f10d5d8db 93ebce79940f4984bda1aa5c1f837156 - - default default] Successfully bumped revision number for resource fec0ab55-2a69-4c21-a02b-c2e6dd20d2e1 (type: ports) to 1 [pid: 7|app: 0|req: 997/2003] 10.0.0.202 () {32 vars in 740 bytes} [Tue Apr 28 18:09:40 2026] DELETE /v2.0/security-groups/0d3f72e2-7197-4789-9e19-5e4d25be3883 => generated 0 bytes in 294 msecs (HTTP/1.1 204) 2 headers in 112 bytes (1 switches on core 0) [pid: 7|app: 0|req: 998/2004] 10.0.0.202 () {32 vars in 710 bytes} [Tue Apr 28 18:09:40 2026] GET /v2.0/security-groups?not-tags-any=red%2Cblue => generated 6094 bytes in 35 msecs (HTTP/1.1 200) 4 headers in 158 bytes (1 switches on core 0)
2026-04-28 18:09:40.804 7 INFO neutron.plugins.ml2.drivers.ovn.mech_driver.mech_driver [None req-36a6e01e-40c8-4dda-bd54-60713d9b8532 - - - - - -] OVN reports status up for port: fec0ab55-2a69-4c21-a02b-c2e6dd20d2e1 [pid: 7|app: 0|req: 999/2005] 10.0.0.202 () {32 vars in 774 bytes} [Tue Apr 28 18:09:40 2026] GET /v2.0/security-groups?tenant_id=84335d642f534177b81eefd609a0a72e&name=default => generated 2925 bytes in 248 msecs (HTTP/1.1 200) 4 headers in 158 bytes (1 switches on core 0)
2026-04-28 18:09:40.852 7 INFO neutron.plugins.ml2.plugin [None req-36a6e01e-40c8-4dda-bd54-60713d9b8532 - - - - - -] Attempt 1 to provision port fec0ab55-2a69-4c21-a02b-c2e6dd20d2e1
2026-04-28 18:09:40.903 8 WARNING neutron.scheduler.dhcp_agent_scheduler [None req-de7bfc0c-a3d9-4b58-b936-9c65bf577ec1 991a9d737ac94b908a08340f10d5d8db 93ebce79940f4984bda1aa5c1f837156 - - default default] No more DHCP agents
2026-04-28 18:09:40.904 8 WARNING neutron.api.rpc.agentnotifiers.dhcp_rpc_agent_api [None req-de7bfc0c-a3d9-4b58-b936-9c65bf577ec1 991a9d737ac94b908a08340f10d5d8db 93ebce79940f4984bda1aa5c1f837156 - - default default] Unable to schedule network db214a0b-2485-40d9-b2d5-362d0ad1f639: no agents available; will retry on subsequent port and subnet creation events. [pid: 7|app: 0|req: 1000/2006] 10.0.0.202 () {32 vars in 740 bytes} [Tue Apr 28 18:09:40 2026] DELETE /v2.0/security-groups/a38b1b05-8c76-4b49-a603-4a8c1ec2d17b => generated 0 bytes in 264 msecs (HTTP/1.1 204) 2 headers in 112 bytes (1 switches on core 0)
2026-04-28 18:09:41.122 8 INFO neutron.db.ovn_revision_numbers_db [None req-de7bfc0c-a3d9-4b58-b936-9c65bf577ec1 991a9d737ac94b908a08340f10d5d8db 93ebce79940f4984bda1aa5c1f837156 - - default default] Successfully bumped revision number for resource fec0ab55-2a69-4c21-a02b-c2e6dd20d2e1 (type: router_ports) to 1 [pid: 8|app: 0|req: 1007/2007] 10.0.0.202 () {34 vars in 783 bytes} [Tue Apr 28 18:09:39 2026] PUT /v2.0/routers/8da541b6-1f9b-4b2c-9e1c-d8f12b2fb258/add_router_interface => generated 309 bytes in 1302 msecs (HTTP/1.1 200) 4 headers in 157 bytes (1 switches on core 0)
2026-04-28 18:09:41.390 7 INFO neutron.db.ovn_revision_numbers_db [None req-4b49b890-3f8d-4b2c-a768-3bed64da2e5e 564794dd67a04d0f827e229b7872df76 b831118b6cf44403982f920507b787c4 - - default default] Successfully bumped revision number for resource f36611d5-ef68-40de-a765-97ac2912ada5 (type: security_groups) to 1 [pid: 8|app: 0|req: 1010/2010] 10.0.0.202 () {32 vars in 740 bytes} [Tue Apr 28 18:09:41 2026] DELETE /v2.0/security-groups/5a4d5be2-09d8-4c71-9ed2-0fb189b81e1f => generated 0 bytes in 262 msecs (HTTP/1.1 204) 2 headers in 112 bytes (1 switches on core 0)
2026-04-28 18:09:41.416 7 INFO neutron.db.ovn_revision_numbers_db [None req-4b49b890-3f8d-4b2c-a768-3bed64da2e5e 564794dd67a04d0f827e229b7872df76 b831118b6cf44403982f920507b787c4 - - default default] Successfully bumped revision number for resource 4457089f-f302-4b4a-9d14-28f49bf8e0ae (type: security_group_rules) to 0
2026-04-28 18:09:41.439 7 INFO neutron.db.ovn_revision_numbers_db [None req-4b49b890-3f8d-4b2c-a768-3bed64da2e5e 564794dd67a04d0f827e229b7872df76 b831118b6cf44403982f920507b787c4 - - default default] Successfully bumped revision number for resource 56bc67ed-eed2-4b56-b11d-08042f0cad6d (type: security_group_rules) to 0
2026-04-28 18:09:41.468 7 INFO neutron.db.ovn_revision_numbers_db [None req-4b49b890-3f8d-4b2c-a768-3bed64da2e5e 564794dd67a04d0f827e229b7872df76 b831118b6cf44403982f920507b787c4 - - default default] Successfully bumped revision number for resource 762de518-749c-4e6b-8dc4-977a24ad59ef (type: security_group_rules) to 0
2026-04-28 18:09:41.506 7 INFO neutron.db.ovn_revision_numbers_db [None req-4b49b890-3f8d-4b2c-a768-3bed64da2e5e 564794dd67a04d0f827e229b7872df76 b831118b6cf44403982f920507b787c4 - - default default] Successfully bumped revision number for resource 9644afe1-5ded-422b-a31c-9d8460dfd9e5 (type: security_group_rules) to 0 [pid: 8|app: 0|req: 1011/2011] 10.0.0.202 () {32 vars in 740 bytes} [Tue Apr 28 18:09:41 2026] DELETE /v2.0/security-groups/86be2908-d02a-4a3d-a9bb-ab42473c888e => generated 0 bytes in 139 msecs (HTTP/1.1 204) 2 headers in 112 bytes (1 switches on core 0) [pid: 7|app: 0|req: 1001/2012] 10.0.0.202 () {32 vars in 774 bytes} [Tue Apr 28 18:09:41 2026] GET /v2.0/security-groups?tenant_id=d7879a9a7e324a08bfc6b87c500158f5&name=default => generated 2925 bytes in 469 msecs (HTTP/1.1 200) 4 headers in 158 bytes (1 switches on core 0) [pid: 8|app: 0|req: 1012/2013] 10.0.0.202 () {32 vars in 717 bytes} [Tue Apr 28 18:09:41 2026] GET /v2.0/ports/fec0ab55-2a69-4c21-a02b-c2e6dd20d2e1 => generated 947 bytes in 77 msecs (HTTP/1.1 200) 4 headers in 157 bytes (1 switches on core 0)
2026-04-28 18:09:41.627 7 INFO neutron.db.ovn_revision_numbers_db [None req-36a6e01e-40c8-4dda-bd54-60713d9b8532 - - - - - -] Successfully bumped revision number for resource fec0ab55-2a69-4c21-a02b-c2e6dd20d2e1 (type: ports) to 2 [pid: 7|app: 0|req: 1002/2014] 10.0.0.202 () {32 vars in 740 bytes} [Tue Apr 28 18:09:41 2026] DELETE /v2.0/security-groups/cde9e652-a433-452d-b613-41d994395b92 => generated 0 bytes in 225 msecs (HTTP/1.1 204) 2 headers in 112 bytes (1 switches on core 0) [pid: 7|app: 0|req: 1003/2015] 10.0.0.202 () {32 vars in 717 bytes} [Tue Apr 28 18:09:41 2026] GET /v2.0/ports/fec0ab55-2a69-4c21-a02b-c2e6dd20d2e1 => generated 947 bytes in 39 msecs (HTTP/1.1 200) 4 headers in 157 bytes (1 switches on core 0) [pid: 8|app: 0|req: 1013/2016] 10.0.0.202 () {32 vars in 740 bytes} [Tue Apr 28 18:09:41 2026] DELETE /v2.0/security-groups/f36611d5-ef68-40de-a765-97ac2912ada5 => generated 0 bytes in 282 msecs (HTTP/1.1 204) 2 headers in 112 bytes (1 switches on core 0) [pid: 7|app: 0|req: 1004/2017] 10.0.0.202 () {32 vars in 740 bytes} [Tue Apr 28 18:09:41 2026] DELETE /v2.0/security-groups/bf22c634-44eb-4bc1-b33e-929bfa5add3f => generated 0 bytes in 139 msecs (HTTP/1.1 204) 2 headers in 112 bytes (1 switches on core 0) [pid: 7|app: 0|req: 1005/2018] 10.0.0.202 () {32 vars in 740 bytes} [Tue Apr 28 18:09:41 2026] DELETE /v2.0/security-groups/f0e7b411-53d9-423d-9889-d96837d3ef5c => generated 0 bytes in 119 msecs (HTTP/1.1 204) 2 headers in 112 bytes (1 switches on core 0)
2026-04-28 18:09:42.165 8 INFO neutron_taas.services.taas.taas_plugin [None req-81fd8862-9287-4686-86de-52dee5bf564c 991a9d737ac94b908a08340f10d5d8db 93ebce79940f4984bda1aa5c1f837156 - - default default] TaaS: Handle Delete Port: fec0ab55-2a69-4c21-a02b-c2e6dd20d2e1
2026-04-28 18:09:42.168 8 INFO neutron_taas.services.taas.tap_mirror_plugin [None req-81fd8862-9287-4686-86de-52dee5bf564c 991a9d737ac94b908a08340f10d5d8db 93ebce79940f4984bda1aa5c1f837156 - - default default] Tap Mirror: Handle Delete Port: fec0ab55-2a69-4c21-a02b-c2e6dd20d2e1
2026-04-28 18:09:42.241 7 INFO neutron.db.ovn_revision_numbers_db [None req-5069a0af-5dc9-4a36-84ff-b2c6600d7631 564794dd67a04d0f827e229b7872df76 b831118b6cf44403982f920507b787c4 - - default default] Successfully bumped revision number for resource 295a4e42-bb00-4d2d-9b84-9e1658d05211 (type: security_groups) to 1
