2026-06-05 03:58:56.364 8 INFO neutron_taas.services.taas.tap_mirror_plugin [None req-2b68c686-bc8c-40e3-ac4c-84418e417899 77ce4dc6a4824a3f925948fd2f0cc412 ff65cd0c14c14b3a844b6b93b590e7f3 - - default default] Tap Mirror: Handle Delete Port: 7896a852-554c-4129-a7e7-0f4f45803ef7 [pid: 8|app: 0|req: 1486/3329] 10.0.0.182 () {34 vars in 789 bytes} [Fri Jun 5 03:58:56 2026] PUT /v2.0/routers/9e268be3-33fa-45ff-8928-7bd55fae44ee/remove_router_interface => generated 309 bytes in 852 msecs (HTTP/1.1 200) 4 headers in 157 bytes (1 switches on core 0)
2026-06-05 03:58:57.053 7 INFO neutron.api.v2.resource [None req-6308036f-f4a1-4cdf-9dc0-b4c82439748f 77ce4dc6a4824a3f925948fd2f0cc412 ff65cd0c14c14b3a844b6b93b590e7f3 - - default default] remove_router_interface failed (client error): The resource could not be found. [pid: 7|app: 0|req: 1844/3330] 10.0.0.182 () {34 vars in 789 bytes} [Fri Jun 5 03:58:56 2026] PUT /v2.0/routers/9e268be3-33fa-45ff-8928-7bd55fae44ee/remove_router_interface => generated 198 bytes in 116 msecs (HTTP/1.1 404) 4 headers in 164 bytes (1 switches on core 0) /var/lib/openstack/lib/python3.12/site-packages/pycadf/identifier.py:70: UserWarning: Invalid uuid: neutron. To ensure interoperability, identifiers should be a valid uuid. warnings.warn(('Invalid uuid: %s. To ensure interoperability, '
2026-06-05 03:58:57.398 8 INFO neutron_taas.services.taas.taas_plugin [None req-79cf0018-4f1d-4d94-87cf-84bf30a006b3 77ce4dc6a4824a3f925948fd2f0cc412 ff65cd0c14c14b3a844b6b93b590e7f3 - - default default] TaaS: Handle Delete Port: 56cd722e-aa19-4c4c-af9e-5079b1c59c33
2026-06-05 03:58:57.401 8 INFO neutron_taas.services.taas.tap_mirror_plugin [None req-79cf0018-4f1d-4d94-87cf-84bf30a006b3 77ce4dc6a4824a3f925948fd2f0cc412 ff65cd0c14c14b3a844b6b93b590e7f3 - - default default] Tap Mirror: Handle Delete Port: 56cd722e-aa19-4c4c-af9e-5079b1c59c33 [pid: 8|app: 0|req: 1487/3331] 10.0.0.182 () {32 vars in 724 bytes} [Fri Jun 5 03:58:57 2026] DELETE /v2.0/routers/9e268be3-33fa-45ff-8928-7bd55fae44ee => generated 0 bytes in 782 msecs (HTTP/1.1 204) 2 headers in 112 bytes (1 switches on core 0)
2026-06-05 03:58:57.865 7 INFO neutron.api.v2.resource [None req-6d04bf31-53d4-4f89-acca-3f6120bd9d42 77ce4dc6a4824a3f925948fd2f0cc412 ff65cd0c14c14b3a844b6b93b590e7f3 - - default default] show failed (client error): The resource could not be found. [pid: 7|app: 0|req: 1845/3332] 10.0.0.182 () {32 vars in 721 bytes} [Fri Jun 5 03:58:57 2026] GET /v2.0/routers/9e268be3-33fa-45ff-8928-7bd55fae44ee => generated 135 bytes in 19 msecs (HTTP/1.1 404) 4 headers in 164 bytes (1 switches on core 0) [pid: 8|app: 0|req: 1488/3333] 10.0.0.182 () {32 vars in 724 bytes} [Fri Jun 5 03:58:57 2026] DELETE /v2.0/subnets/31df40b5-2ffd-4d71-a542-8607f90f4f76 => generated 0 bytes in 150 msecs (HTTP/1.1 204) 3 headers in 131 bytes (1 switches on core 0)
2026-06-05 03:58:58.047 7 INFO neutron.pecan_wsgi.hooks.translation [None req-ab01135f-d3fe-4a24-9991-b69ed7da8861 77ce4dc6a4824a3f925948fd2f0cc412 ff65cd0c14c14b3a844b6b93b590e7f3 - - default default] GET failed (client error): The resource could not be found. [pid: 7|app: 0|req: 1846/3334] 10.0.0.182 () {32 vars in 721 bytes} [Fri Jun 5 03:58:58 2026] GET /v2.0/subnets/31df40b5-2ffd-4d71-a542-8607f90f4f76 => generated 136 bytes in 20 msecs (HTTP/1.1 404) 4 headers in 164 bytes (1 switches on core 0) [pid: 8|app: 0|req: 1489/3337] 10.0.0.182 () {32 vars in 724 bytes} [Fri Jun 5 03:58:58 2026] DELETE /v2.0/subnets/39e8a236-44c4-464f-809d-23b19c68f934 => generated 0 bytes in 190 msecs (HTTP/1.1 204) 3 headers in 131 bytes (1 switches on core 0)
2026-06-05 03:58:58.268 7 INFO neutron.pecan_wsgi.hooks.translation [None req-c73d9afe-c8a3-4b95-8653-21fefe00305e 77ce4dc6a4824a3f925948fd2f0cc412 ff65cd0c14c14b3a844b6b93b590e7f3 - - default default] GET failed (client error): The resource could not be found. [pid: 7|app: 0|req: 1849/3338] 10.0.0.182 () {32 vars in 721 bytes} [Fri Jun 5 03:58:58 2026] GET /v2.0/subnets/39e8a236-44c4-464f-809d-23b19c68f934 => generated 136 bytes in 17 msecs (HTTP/1.1 404) 4 headers in 164 bytes (1 switches on core 0)
2026-06-05 03:58:58.384 8 INFO neutron_taas.services.taas.taas_plugin [None req-89cb4eab-d309-4ebe-98ae-1db5917e2035 77ce4dc6a4824a3f925948fd2f0cc412 ff65cd0c14c14b3a844b6b93b590e7f3 - - default default] TaaS: Handle Delete Port: 34a4b6b5-5d42-40bf-8348-ebced2b29370
2026-06-05 03:58:58.388 8 INFO neutron_taas.services.taas.tap_mirror_plugin [None req-89cb4eab-d309-4ebe-98ae-1db5917e2035 77ce4dc6a4824a3f925948fd2f0cc412 ff65cd0c14c14b3a844b6b93b590e7f3 - - default default] Tap Mirror: Handle Delete Port: 34a4b6b5-5d42-40bf-8348-ebced2b29370
2026-06-05 03:58:58.623 8 INFO neutron.services.segments.plugin [-] Segment 0bd51155-90be-4767-9751-89fcd883c2cf resource provider aggregate not found
2026-06-05 03:58:58.632 8 INFO neutron.services.segments.plugin [-] Segment 0bd51155-90be-4767-9751-89fcd883c2cf resource provider aggregate not found
2026-06-05 03:58:58.643 8 INFO neutron.services.segments.plugin [-] Segment 0bd51155-90be-4767-9751-89fcd883c2cf resource provider not found; error: Placement Client Error (4xx): {"errors": [{"status": 404, "title": "Not Found", "detail": "The resource could not be found.\n\n No resource provider with uuid 0bd51155-90be-4767-9751-89fcd883c2cf found for delete ", "request_id": "req-a9304ae1-156e-42ed-add1-b778da56d0f2"}]}
2026-06-05 03:58:58.651 8 INFO neutron.services.segments.plugin [-] Segment 0bd51155-90be-4767-9751-89fcd883c2cf resource provider not found; error: Placement Client Error (4xx): {"errors": [{"status": 404, "title": "Not Found", "detail": "The resource could not be found.\n\n No resource provider with uuid 0bd51155-90be-4767-9751-89fcd883c2cf found for delete ", "request_id": "req-66e5bb5f-8c99-4ff0-9917-e9b4cb407ee4"}]} [pid: 8|app: 0|req: 1490/3339] 10.0.0.182 () {32 vars in 726 bytes} [Fri Jun 5 03:58:58 2026] DELETE /v2.0/networks/dc67278e-d2b5-4bee-98dc-b761a34899ca => generated 0 bytes in 420 msecs (HTTP/1.1 204) 3 headers in 131 bytes (1 switches on core 0)
2026-06-05 03:58:58.714 7 INFO neutron.pecan_wsgi.hooks.translation [None req-f6c48796-e4c6-47d4-890f-b72e88e6fce3 77ce4dc6a4824a3f925948fd2f0cc412 ff65cd0c14c14b3a844b6b93b590e7f3 - - default default] GET failed (client error): The resource could not be found. [pid: 7|app: 0|req: 1850/3340] 10.0.0.182 () {32 vars in 723 bytes} [Fri Jun 5 03:58:58 2026] GET /v2.0/networks/dc67278e-d2b5-4bee-98dc-b761a34899ca => generated 138 bytes in 17 msecs (HTTP/1.1 404) 4 headers in 164 bytes (1 switches on core 0) [pid: 8|app: 0|req: 1491/3341] 10.0.0.182 () {32 vars in 724 bytes} [Fri Jun 5 03:58:58 2026] DELETE /v2.0/subnets/22879738-ff5a-4c0b-86ad-69da260310af => generated 0 bytes in 146 msecs (HTTP/1.1 204) 3 headers in 131 bytes (1 switches on core 0)
2026-06-05 03:58:58.884 7 INFO neutron.pecan_wsgi.hooks.translation [None req-e1b2f7a5-9c02-45e6-8965-0862c1bee0e6 77ce4dc6a4824a3f925948fd2f0cc412 ff65cd0c14c14b3a844b6b93b590e7f3 - - default default] GET failed (client error): The resource could not be found. [pid: 7|app: 0|req: 1851/3342] 10.0.0.182 () {32 vars in 721 bytes} [Fri Jun 5 03:58:58 2026] GET /v2.0/subnets/22879738-ff5a-4c0b-86ad-69da260310af => generated 136 bytes in 14 msecs (HTTP/1.1 404) 4 headers in 164 bytes (1 switches on core 0) [pid: 8|app: 0|req: 1492/3343] 10.0.0.182 () {32 vars in 724 bytes} [Fri Jun 5 03:58:58 2026] DELETE /v2.0/subnets/8c54dff1-af16-413b-b8e3-525ac9b2f158 => generated 0 bytes in 172 msecs (HTTP/1.1 204) 3 headers in 131 bytes (1 switches on core 0)
2026-06-05 03:58:59.085 7 INFO neutron.pecan_wsgi.hooks.translation [None req-fbd3eb6c-0dbb-49e9-80f4-8427e75c5d07 77ce4dc6a4824a3f925948fd2f0cc412 ff65cd0c14c14b3a844b6b93b590e7f3 - - default default] GET failed (client error): The resource could not be found. [pid: 7|app: 0|req: 1852/3344] 10.0.0.182 () {32 vars in 721 bytes} [Fri Jun 5 03:58:59 2026] GET /v2.0/subnets/8c54dff1-af16-413b-b8e3-525ac9b2f158 => generated 136 bytes in 17 msecs (HTTP/1.1 404) 4 headers in 164 bytes (1 switches on core 0)
2026-06-05 03:58:59.253 8 INFO neutron_taas.services.taas.taas_plugin [None req-caf08abb-7e5e-45d2-a5ff-194af39e1736 77ce4dc6a4824a3f925948fd2f0cc412 ff65cd0c14c14b3a844b6b93b590e7f3 - - default default] TaaS: Handle Delete Port: a81dc970-d240-46c1-ae35-7602d05122ea
2026-06-05 03:58:59.259 8 INFO neutron_taas.services.taas.tap_mirror_plugin [None req-caf08abb-7e5e-45d2-a5ff-194af39e1736 77ce4dc6a4824a3f925948fd2f0cc412 ff65cd0c14c14b3a844b6b93b590e7f3 - - default default] Tap Mirror: Handle Delete Port: a81dc970-d240-46c1-ae35-7602d05122ea [pid: 8|app: 0|req: 1493/3345] 10.0.0.182 () {32 vars in 726 bytes} [Fri Jun 5 03:58:59 2026] DELETE /v2.0/networks/a6b18836-7836-4559-8c2b-111190db919c => generated 0 bytes in 426 msecs (HTTP/1.1 204) 3 headers in 131 bytes (1 switches on core 0)
2026-06-05 03:58:59.538 7 INFO neutron.pecan_wsgi.hooks.translation [None req-391fa5de-c717-4a80-a1ff-0e1a616a569f 77ce4dc6a4824a3f925948fd2f0cc412 ff65cd0c14c14b3a844b6b93b590e7f3 - - default default] GET failed (client error): The resource could not be found. [pid: 7|app: 0|req: 1853/3346] 10.0.0.182 () {32 vars in 723 bytes} [Fri Jun 5 03:58:59 2026] GET /v2.0/networks/a6b18836-7836-4559-8c2b-111190db919c => generated 138 bytes in 15 msecs (HTTP/1.1 404) 4 headers in 164 bytes (1 switches on core 0) [pid: 8|app: 0|req: 1494/3347] 10.0.0.182 () {32 vars in 724 bytes} [Fri Jun 5 03:58:59 2026] DELETE /v2.0/subnets/2ced0ed9-d796-4f4f-bc75-563f04783a05 => generated 0 bytes in 144 msecs (HTTP/1.1 204) 3 headers in 131 bytes (1 switches on core 0)
2026-06-05 03:58:59.703 7 INFO neutron.pecan_wsgi.hooks.translation [None req-9b247e69-6f1d-4477-876e-d2e4c2df8390 77ce4dc6a4824a3f925948fd2f0cc412 ff65cd0c14c14b3a844b6b93b590e7f3 - - default default] GET failed (client error): The resource could not be found. [pid: 7|app: 0|req: 1854/3348] 10.0.0.182 () {32 vars in 721 bytes} [Fri Jun 5 03:58:59 2026] GET /v2.0/subnets/2ced0ed9-d796-4f4f-bc75-563f04783a05 => generated 136 bytes in 12 msecs (HTTP/1.1 404) 4 headers in 164 bytes (1 switches on core 0) [pid: 8|app: 0|req: 1495/3349] 10.0.0.182 () {32 vars in 724 bytes} [Fri Jun 5 03:58:59 2026] DELETE /v2.0/subnets/b0a8342a-d2f6-4234-bf08-bbc8c8b4c772 => generated 0 bytes in 178 msecs (HTTP/1.1 204) 3 headers in 131 bytes (1 switches on core 0)
2026-06-05 03:58:59.903 7 INFO neutron.pecan_wsgi.hooks.translation [None req-77caae08-396f-4018-a2dd-b61d4dc4d11d 77ce4dc6a4824a3f925948fd2f0cc412 ff65cd0c14c14b3a844b6b93b590e7f3 - - default default] GET failed (client error): The resource could not be found. [pid: 7|app: 0|req: 1855/3350] 10.0.0.182 () {32 vars in 721 bytes} [Fri Jun 5 03:58:59 2026] GET /v2.0/subnets/b0a8342a-d2f6-4234-bf08-bbc8c8b4c772 => generated 136 bytes in 13 msecs (HTTP/1.1 404) 4 headers in 164 bytes (1 switches on core 0)
2026-06-05 03:59:00.042 8 INFO neutron_taas.services.taas.taas_plugin [None req-e1c452f1-cdfd-4cc8-beed-8a439de397a4 77ce4dc6a4824a3f925948fd2f0cc412 ff65cd0c14c14b3a844b6b93b590e7f3 - - default default] TaaS: Handle Delete Port: b02a6d6d-f92c-4b78-899d-7036cd06733b
2026-06-05 03:59:00.045 8 INFO neutron_taas.services.taas.tap_mirror_plugin [None req-e1c452f1-cdfd-4cc8-beed-8a439de397a4 77ce4dc6a4824a3f925948fd2f0cc412 ff65cd0c14c14b3a844b6b93b590e7f3 - - default default] Tap Mirror: Handle Delete Port: b02a6d6d-f92c-4b78-899d-7036cd06733b [pid: 8|app: 0|req: 1496/3351] 10.0.0.182 () {32 vars in 726 bytes} [Fri Jun 5 03:58:59 2026] DELETE /v2.0/networks/1b33e328-a56b-4253-ac80-01c5d7d7160e => generated 0 bytes in 403 msecs (HTTP/1.1 204) 3 headers in 131 bytes (1 switches on core 0)
2026-06-05 03:59:00.336 7 INFO neutron.pecan_wsgi.hooks.translation [None req-27fe9f0a-b81a-4fb0-9440-62255e90aff5 77ce4dc6a4824a3f925948fd2f0cc412 ff65cd0c14c14b3a844b6b93b590e7f3 - - default default] GET failed (client error): The resource could not be found. [pid: 7|app: 0|req: 1856/3352] 10.0.0.182 () {32 vars in 723 bytes} [Fri Jun 5 03:59:00 2026] GET /v2.0/networks/1b33e328-a56b-4253-ac80-01c5d7d7160e => generated 138 bytes in 17 msecs (HTTP/1.1 404) 4 headers in 164 bytes (1 switches on core 0)
2026-06-05 03:59:00.659 8 INFO neutron.services.segments.plugin [-] Segment f33b2971-1efe-47dd-937f-3a5a1ee2fd7d resource provider aggregate not found
2026-06-05 03:59:00.676 8 INFO neutron.services.segments.plugin [-] Segment f33b2971-1efe-47dd-937f-3a5a1ee2fd7d resource provider aggregate not found
2026-06-05 03:59:00.677 8 INFO neutron.services.segments.plugin [-] Segment f33b2971-1efe-47dd-937f-3a5a1ee2fd7d resource provider not found; error: Placement Client Error (4xx): {"errors": [{"status": 404, "title": "Not Found", "detail": "The resource could not be found.\n\n No resource provider with uuid f33b2971-1efe-47dd-937f-3a5a1ee2fd7d found for delete ", "request_id": "req-72ad6bcd-0e39-4eb7-bd5d-3ea24bb044c9"}]}
2026-06-05 03:59:00.771 8 INFO neutron.services.segments.plugin [-] Segment f33b2971-1efe-47dd-937f-3a5a1ee2fd7d resource provider not found; error: Placement Client Error (4xx): {"errors": [{"status": 404, "title": "Not Found", "detail": "The resource could not be found.\n\n No resource provider with uuid f33b2971-1efe-47dd-937f-3a5a1ee2fd7d found for delete ", "request_id": "req-effdcac9-0e39-4d84-9369-1b636a26859e"}]}
2026-06-05 03:59:00.790 8 INFO neutron.services.segments.plugin [-] Segment 8503d1da-58f4-4f5e-b372-7e35fffc0803 resource provider aggregate not found
2026-06-05 03:59:00.796 8 INFO neutron.services.segments.plugin [-] Segment 8503d1da-58f4-4f5e-b372-7e35fffc0803 resource provider aggregate not found
2026-06-05 03:59:00.804 8 INFO neutron.services.segments.plugin [-] Segment 8503d1da-58f4-4f5e-b372-7e35fffc0803 resource provider not found; error: Placement Client Error (4xx): {"errors": [{"status": 404, "title": "Not Found", "detail": "The resource could not be found.\n\n No resource provider with uuid 8503d1da-58f4-4f5e-b372-7e35fffc0803 found for delete ", "request_id": "req-0d456d23-0700-44bd-a659-60a0b7d207dc"}]}
2026-06-05 03:59:00.811 8 INFO neutron.services.segments.plugin [-] Segment 8503d1da-58f4-4f5e-b372-7e35fffc0803 resource provider not found; error: Placement Client Error (4xx): {"errors": [{"status": 404, "title": "Not Found", "detail": "The resource could not be found.\n\n No resource provider with uuid 8503d1da-58f4-4f5e-b372-7e35fffc0803 found for delete ", "request_id": "req-24c8677e-f11c-4bac-a595-b57f39d682b5"}]}
2026-06-05 03:59:02.696 8 INFO neutron.db.ovn_revision_numbers_db [None req-469aa747-878b-4424-9d4b-cfdf7d63b91d 23e23a2764954bce9456e632db6191b9 b0abec43eb974d99b38104979062444c - - default default] Successfully bumped revision number for resource e53ee018-9f85-41da-aa6b-c929d762ee78 (type: security_groups) to 1
2026-06-05 03:59:02.712 8 INFO neutron.db.ovn_revision_numbers_db [None req-469aa747-878b-4424-9d4b-cfdf7d63b91d 23e23a2764954bce9456e632db6191b9 b0abec43eb974d99b38104979062444c - - default default] Successfully bumped revision number for resource 60e0b135-3da9-4520-84b9-62eb4505fea5 (type: security_group_rules) to 0
2026-06-05 03:59:02.724 8 INFO neutron.db.ovn_revision_numbers_db [None req-469aa747-878b-4424-9d4b-cfdf7d63b91d 23e23a2764954bce9456e632db6191b9 b0abec43eb974d99b38104979062444c - - default default] Successfully bumped revision number for resource 8b13913d-7562-401f-b94c-fb33a3928897 (type: security_group_rules) to 0
2026-06-05 03:59:02.735 8 INFO neutron.db.ovn_revision_numbers_db [None req-469aa747-878b-4424-9d4b-cfdf7d63b91d 23e23a2764954bce9456e632db6191b9 b0abec43eb974d99b38104979062444c - - default default] Successfully bumped revision number for resource 91d5934f-18aa-4acb-92d0-1f3752352104 (type: security_group_rules) to 0
2026-06-05 03:59:02.748 8 INFO neutron.db.ovn_revision_numbers_db [None req-469aa747-878b-4424-9d4b-cfdf7d63b91d 23e23a2764954bce9456e632db6191b9 b0abec43eb974d99b38104979062444c - - default default] Successfully bumped revision number for resource a1c47627-b49a-494a-abb5-678ab9abd57a (type: security_group_rules) to 0 [pid: 8|app: 0|req: 1497/3353] 10.0.0.182 () {32 vars in 774 bytes} [Fri Jun 5 03:59:02 2026] GET /v2.0/security-groups?tenant_id=0f904121826e441299ae27a564ed72c0&name=default => generated 2929 bytes in 404 msecs (HTTP/1.1 200) 4 headers in 158 bytes (1 switches on core 0) [pid: 7|app: 0|req: 1857/3354] 10.0.0.182 () {32 vars in 740 bytes} [Fri Jun 5 03:59:02 2026] DELETE /v2.0/security-groups/e53ee018-9f85-41da-aa6b-c929d762ee78 => generated 0 bytes in 292 msecs (HTTP/1.1 204) 2 headers in 112 bytes (1 switches on core 0)
2026-06-05 03:59:03.368 8 INFO neutron.db.ovn_revision_numbers_db [None req-9b69d8f8-5b7d-43c6-a33a-2b9aec1bb51f 23e23a2764954bce9456e632db6191b9 b0abec43eb974d99b38104979062444c - - default default] Successfully bumped revision number for resource cd6e7aa3-11fe-4614-a580-9c915c93cca2 (type: security_groups) to 1
2026-06-05 03:59:03.381 8 INFO neutron.db.ovn_revision_numbers_db [None req-9b69d8f8-5b7d-43c6-a33a-2b9aec1bb51f 23e23a2764954bce9456e632db6191b9 b0abec43eb974d99b38104979062444c - - default default] Successfully bumped revision number for resource 0f6cec1d-d16d-4a11-8236-97b730150081 (type: security_group_rules) to 0
2026-06-05 03:59:03.394 8 INFO neutron.db.ovn_revision_numbers_db [None req-9b69d8f8-5b7d-43c6-a33a-2b9aec1bb51f 23e23a2764954bce9456e632db6191b9 b0abec43eb974d99b38104979062444c - - default default] Successfully bumped revision number for resource 4015cb45-73e3-41e7-b141-a7d09d24fc9f (type: security_group_rules) to 0
2026-06-05 03:59:03.405 8 INFO neutron.db.ovn_revision_numbers_db [None req-9b69d8f8-5b7d-43c6-a33a-2b9aec1bb51f 23e23a2764954bce9456e632db6191b9 b0abec43eb974d99b38104979062444c - - default default] Successfully bumped revision number for resource 7e1f75a6-3835-41e5-8b59-8f86d16b5db3 (type: security_group_rules) to 0
2026-06-05 03:59:03.417 8 INFO neutron.db.ovn_revision_numbers_db [None req-9b69d8f8-5b7d-43c6-a33a-2b9aec1bb51f 23e23a2764954bce9456e632db6191b9 b0abec43eb974d99b38104979062444c - - default default] Successfully bumped revision number for resource 7e4ecc98-afac-46f7-ae1a-d71d6367fb40 (type: security_group_rules) to 0 [pid: 8|app: 0|req: 1498/3355] 10.0.0.182 () {32 vars in 774 bytes} [Fri Jun 5 03:59:03 2026] GET /v2.0/security-groups?tenant_id=1488f144a6ba4f6caf329866cbe0e923&name=default => generated 2929 bytes in 282 msecs (HTTP/1.1 200) 4 headers in 158 bytes (1 switches on core 0) [pid: 7|app: 0|req: 1858/3356] 10.0.0.182 () {32 vars in 740 bytes} [Fri Jun 5 03:59:03 2026] DELETE /v2.0/security-groups/cd6e7aa3-11fe-4614-a580-9c915c93cca2 => generated 0 bytes in 290 msecs (HTTP/1.1 204) 2 headers in 112 bytes (1 switches on core 0)
2026-06-05 03:59:04.106 8 INFO neutron.db.ovn_revision_numbers_db [None req-5f6268fd-aa81-454d-83f0-ba7b76249327 23e23a2764954bce9456e632db6191b9 b0abec43eb974d99b38104979062444c - - default default] Successfully bumped revision number for resource 7bbffe27-122e-4303-a431-cfb07a174df0 (type: security_groups) to 1
2026-06-05 03:59:04.122 8 INFO neutron.db.ovn_revision_numbers_db [None req-5f6268fd-aa81-454d-83f0-ba7b76249327 23e23a2764954bce9456e632db6191b9 b0abec43eb974d99b38104979062444c - - default default] Successfully bumped revision number for resource 4fafdd99-180d-4710-bc33-6ef386b16513 (type: security_group_rules) to 0
2026-06-05 03:59:04.140 8 INFO neutron.db.ovn_revision_numbers_db [None req-5f6268fd-aa81-454d-83f0-ba7b76249327 23e23a2764954bce9456e632db6191b9 b0abec43eb974d99b38104979062444c - - default default] Successfully bumped revision number for resource 638e3bbb-93f5-4189-af11-ebc32536ac20 (type: security_group_rules) to 0
2026-06-05 03:59:04.157 8 INFO neutron.db.ovn_revision_numbers_db [None req-5f6268fd-aa81-454d-83f0-ba7b76249327 23e23a2764954bce9456e632db6191b9 b0abec43eb974d99b38104979062444c - - default default] Successfully bumped revision number for resource 65e21987-ac35-457b-b04f-8d32110df1bb (type: security_group_rules) to 0
2026-06-05 03:59:04.170 8 INFO neutron.db.ovn_revision_numbers_db [None req-5f6268fd-aa81-454d-83f0-ba7b76249327 23e23a2764954bce9456e632db6191b9 b0abec43eb974d99b38104979062444c - - default default] Successfully bumped revision number for resource cfd2549e-0105-4789-a47c-2f5841b5acc3 (type: security_group_rules) to 0 [pid: 8|app: 0|req: 1499/3357] 10.0.0.182 () {32 vars in 774 bytes} [Fri Jun 5 03:59:03 2026] GET /v2.0/security-groups?tenant_id=25b8031f061e4d73b90906d1c5acff3e&name=default => generated 2929 bytes in 301 msecs (HTTP/1.1 200) 4 headers in 158 bytes (1 switches on core 0) [pid: 7|app: 0|req: 1859/3358] 10.0.0.182 () {32 vars in 740 bytes} [Fri Jun 5 03:59:04 2026] DELETE /v2.0/security-groups/7bbffe27-122e-4303-a431-cfb07a174df0 => generated 0 bytes in 275 msecs (HTTP/1.1 204) 2 headers in 112 bytes (1 switches on core 0)
2026-06-05 03:59:04.805 8 INFO neutron.db.ovn_revision_numbers_db [None req-8ec44446-e6e8-421f-9e81-e19af7dbc5de 23e23a2764954bce9456e632db6191b9 b0abec43eb974d99b38104979062444c - - default default] Successfully bumped revision number for resource 837266cc-c72c-4e8c-b971-2afe25a64afd (type: security_groups) to 1
2026-06-05 03:59:04.819 8 INFO neutron.db.ovn_revision_numbers_db [None req-8ec44446-e6e8-421f-9e81-e19af7dbc5de 23e23a2764954bce9456e632db6191b9 b0abec43eb974d99b38104979062444c - - default default] Successfully bumped revision number for resource 4062baaa-b040-4021-bb15-21ed50dad62e (type: security_group_rules) to 0
2026-06-05 03:59:04.830 8 INFO neutron.db.ovn_revision_numbers_db [None req-8ec44446-e6e8-421f-9e81-e19af7dbc5de 23e23a2764954bce9456e632db6191b9 b0abec43eb974d99b38104979062444c - - default default] Successfully bumped revision number for resource 9272e669-3668-42ff-9814-cdd7674393c9 (type: security_group_rules) to 0
2026-06-05 03:59:04.843 8 INFO neutron.db.ovn_revision_numbers_db [None req-8ec44446-e6e8-421f-9e81-e19af7dbc5de 23e23a2764954bce9456e632db6191b9 b0abec43eb974d99b38104979062444c - - default default] Successfully bumped revision number for resource b1ec9d09-85cf-4768-b749-a2788bfa7d72 (type: security_group_rules) to 0
2026-06-05 03:59:04.855 8 INFO neutron.db.ovn_revision_numbers_db [None req-8ec44446-e6e8-421f-9e81-e19af7dbc5de 23e23a2764954bce9456e632db6191b9 b0abec43eb974d99b38104979062444c - - default default] Successfully bumped revision number for resource f9811e58-8f25-443d-adcd-71ea98bf6142 (type: security_group_rules) to 0 [pid: 8|app: 0|req: 1500/3359] 10.0.0.182 () {32 vars in 774 bytes} [Fri Jun 5 03:59:04 2026] GET /v2.0/security-groups?tenant_id=69fbc7bf1ee94d1d98398d131115b0b6&name=default => generated 2929 bytes in 264 msecs (HTTP/1.1 200) 4 headers in 158 bytes (1 switches on core 0) [pid: 7|app: 0|req: 1860/3360] 10.0.0.182 () {32 vars in 740 bytes} [Fri Jun 5 03:59:04 2026] DELETE /v2.0/security-groups/837266cc-c72c-4e8c-b971-2afe25a64afd => generated 0 bytes in 286 msecs (HTTP/1.1 204) 2 headers in 112 bytes (1 switches on core 0)
2026-06-05 03:59:05.517 8 INFO neutron.db.ovn_revision_numbers_db [None req-c56ec490-442d-4ecb-a43b-7c5b7c636a2d 23e23a2764954bce9456e632db6191b9 b0abec43eb974d99b38104979062444c - - default default] Successfully bumped revision number for resource dc57bc47-dfaa-40f0-af43-249b9fe47716 (type: security_groups) to 1
2026-06-05 03:59:05.529 8 INFO neutron.db.ovn_revision_numbers_db [None req-c56ec490-442d-4ecb-a43b-7c5b7c636a2d 23e23a2764954bce9456e632db6191b9 b0abec43eb974d99b38104979062444c - - default default] Successfully bumped revision number for resource 0446d7d3-b25d-41e7-b004-0b611efe028a (type: security_group_rules) to 0
2026-06-05 03:59:05.540 8 INFO neutron.db.ovn_revision_numbers_db [None req-c56ec490-442d-4ecb-a43b-7c5b7c636a2d 23e23a2764954bce9456e632db6191b9 b0abec43eb974d99b38104979062444c - - default default] Successfully bumped revision number for resource 4b820913-34ee-4e73-bb4f-221abb2aec07 (type: security_group_rules) to 0
2026-06-05 03:59:05.552 8 INFO neutron.db.ovn_revision_numbers_db [None req-c56ec490-442d-4ecb-a43b-7c5b7c636a2d 23e23a2764954bce9456e632db6191b9 b0abec43eb974d99b38104979062444c - - default default] Successfully bumped revision number for resource 6a43923e-3349-4542-bdee-5219e86ddd67 (type: security_group_rules) to 0
2026-06-05 03:59:05.563 8 INFO neutron.db.ovn_revision_numbers_db [None req-c56ec490-442d-4ecb-a43b-7c5b7c636a2d 23e23a2764954bce9456e632db6191b9 b0abec43eb974d99b38104979062444c - - default default] Successfully bumped revision number for resource a789afba-1c93-496d-b036-0ec194a0f729 (type: security_group_rules) to 0 [pid: 8|app: 0|req: 1501/3361] 10.0.0.182 () {32 vars in 774 bytes} [Fri Jun 5 03:59:05 2026] GET /v2.0/security-groups?tenant_id=32f5f01e293a401d9b9c51bd97495b67&name=default => generated 2929 bytes in 259 msecs (HTTP/1.1 200) 4 headers in 158 bytes (1 switches on core 0) [pid: 7|app: 0|req: 1861/3362] 10.0.0.182 () {32 vars in 740 bytes} [Fri Jun 5 03:59:05 2026] DELETE /v2.0/security-groups/dc57bc47-dfaa-40f0-af43-249b9fe47716 => generated 0 bytes in 285 msecs (HTTP/1.1 204) 2 headers in 112 bytes (1 switches on core 0)
2026-06-05 03:59:06.283 8 INFO neutron.db.ovn_revision_numbers_db [None req-ad0841fa-71ba-4979-bbd6-fb6c82a6e936 23e23a2764954bce9456e632db6191b9 b0abec43eb974d99b38104979062444c - - default default] Successfully bumped revision number for resource e1a15f74-8eb5-4731-9351-1525def28741 (type: security_groups) to 1
2026-06-05 03:59:06.300 8 INFO neutron.db.ovn_revision_numbers_db [None req-ad0841fa-71ba-4979-bbd6-fb6c82a6e936 23e23a2764954bce9456e632db6191b9 b0abec43eb974d99b38104979062444c - - default default] Successfully bumped revision number for resource 66fb912d-d933-4baa-a40b-4e9d9b4f278f (type: security_group_rules) to 0
2026-06-05 03:59:06.313 8 INFO neutron.db.ovn_revision_numbers_db [None req-ad0841fa-71ba-4979-bbd6-fb6c82a6e936 23e23a2764954bce9456e632db6191b9 b0abec43eb974d99b38104979062444c - - default default] Successfully bumped revision number for resource 7d9e0328-4a64-4a97-b344-a0f01e673e8a (type: security_group_rules) to 0
2026-06-05 03:59:06.326 8 INFO neutron.db.ovn_revision_numbers_db [None req-ad0841fa-71ba-4979-bbd6-fb6c82a6e936 23e23a2764954bce9456e632db6191b9 b0abec43eb974d99b38104979062444c - - default default] Successfully bumped revision number for resource b399d1d2-a054-4922-a064-8a48d3e40bfc (type: security_group_rules) to 0
2026-06-05 03:59:06.341 8 INFO neutron.db.ovn_revision_numbers_db [None req-ad0841fa-71ba-4979-bbd6-fb6c82a6e936 23e23a2764954bce9456e632db6191b9 b0abec43eb974d99b38104979062444c - - default default] Successfully bumped revision number for resource f7dd76ac-253b-43a1-b1c5-3cd238da1653 (type: security_group_rules) to 0 [pid: 8|app: 0|req: 1502/3363] 10.0.0.182 () {32 vars in 774 bytes} [Fri Jun 5 03:59:06 2026] GET /v2.0/security-groups?tenant_id=e8b09b4a85314020b5940fe460d41dea&name=default => generated 2929 bytes in 321 msecs (HTTP/1.1 200) 4 headers in 158 bytes (1 switches on core 0) [pid: 7|app: 0|req: 1862/3364] 10.0.0.182 () {32 vars in 740 bytes} [Fri Jun 5 03:59:06 2026] DELETE /v2.0/security-groups/e1a15f74-8eb5-4731-9351-1525def28741 => generated 0 bytes in 308 msecs (HTTP/1.1 204) 2 headers in 112 bytes (1 switches on core 0) [pid: 8|app: 0|req: 1503/3365] 10.0.0.182 () {32 vars in 774 bytes} [Fri Jun 5 03:59:06 2026] GET /v2.0/security-groups?tenant_id=ff65cd0c14c14b3a844b6b93b590e7f3&name=default => generated 2925 bytes in 34 msecs (HTTP/1.1 200) 4 headers in 158 bytes (1 switches on core 0) [pid: 7|app: 0|req: 1863/3366] 10.0.0.182 () {32 vars in 740 bytes} [Fri Jun 5 03:59:06 2026] DELETE /v2.0/security-groups/6a6ca52f-2b8e-4bb8-88cf-c3472389c6da => generated 0 bytes in 312 msecs (HTTP/1.1 204) 2 headers in 112 bytes (1 switches on core 0)
2026-06-05 03:59:11.639 8 INFO neutron.db.ovn_revision_numbers_db [None req-ded18890-b707-4140-9118-deea5c820fd2 98cf0f87c93b41fbbe6e059afee8e68e 1bc0d03798ab48dda5d7aca48d92d9ba - - default default] Successfully bumped revision number for resource b3deb515-7858-40a5-bafb-23444e61f09d (type: security_groups) to 1
2026-06-05 03:59:11.655 8 INFO neutron.db.ovn_revision_numbers_db [None req-ded18890-b707-4140-9118-deea5c820fd2 98cf0f87c93b41fbbe6e059afee8e68e 1bc0d03798ab48dda5d7aca48d92d9ba - - default default] Successfully bumped revision number for resource 00c3d7ae-602b-4ed8-904b-adacdf68310a (type: security_group_rules) to 0
2026-06-05 03:59:11.673 8 INFO neutron.db.ovn_revision_numbers_db [None req-ded18890-b707-4140-9118-deea5c820fd2 98cf0f87c93b41fbbe6e059afee8e68e 1bc0d03798ab48dda5d7aca48d92d9ba - - default default] Successfully bumped revision number for resource 0535cf34-846b-4c32-b673-f438a0265af2 (type: security_group_rules) to 0
2026-06-05 03:59:11.686 8 INFO neutron.db.ovn_revision_numbers_db [None req-ded18890-b707-4140-9118-deea5c820fd2 98cf0f87c93b41fbbe6e059afee8e68e 1bc0d03798ab48dda5d7aca48d92d9ba - - default default] Successfully bumped revision number for resource 34668bc3-4692-4ac4-a454-df6551a830ce (type: security_group_rules) to 0
2026-06-05 03:59:11.699 8 INFO neutron.db.ovn_revision_numbers_db [None req-ded18890-b707-4140-9118-deea5c820fd2 98cf0f87c93b41fbbe6e059afee8e68e 1bc0d03798ab48dda5d7aca48d92d9ba - - default default] Successfully bumped revision number for resource 80b69afa-dc75-440c-85b7-7993af242130 (type: security_group_rules) to 0
2026-06-05 03:59:11.778 8 INFO neutron.db.segments_db [None req-ded18890-b707-4140-9118-deea5c820fd2 98cf0f87c93b41fbbe6e059afee8e68e 1bc0d03798ab48dda5d7aca48d92d9ba - - default default] Added segment 07ef816b-e083-4b4c-82a3-16fcf69dba23 of type geneve for network ec28f241-20ce-4dba-9b23-6bd12c3f22be
2026-06-05 03:59:11.924 8 INFO neutron.db.ovn_revision_numbers_db [None req-ded18890-b707-4140-9118-deea5c820fd2 98cf0f87c93b41fbbe6e059afee8e68e 1bc0d03798ab48dda5d7aca48d92d9ba - - default default] Successfully bumped revision number for resource ec28f241-20ce-4dba-9b23-6bd12c3f22be (type: networks) to 1
2026-06-05 03:59:12.160 8 WARNING neutron.scheduler.dhcp_agent_scheduler [None req-ded18890-b707-4140-9118-deea5c820fd2 98cf0f87c93b41fbbe6e059afee8e68e 1bc0d03798ab48dda5d7aca48d92d9ba - - default default] No more DHCP agents
2026-06-05 03:59:12.161 8 WARNING neutron.api.rpc.agentnotifiers.dhcp_rpc_agent_api [None req-ded18890-b707-4140-9118-deea5c820fd2 98cf0f87c93b41fbbe6e059afee8e68e 1bc0d03798ab48dda5d7aca48d92d9ba - - default default] Unable to schedule network ec28f241-20ce-4dba-9b23-6bd12c3f22be: no agents available; will retry on subsequent port and subnet creation events.
2026-06-05 03:59:12.235 8 INFO neutron.plugins.ml2.drivers.ovn.mech_driver.mech_driver [None req-5cbb6273-dcde-4287-9e6b-b3512fa1da13 - - - - - -] OVN reports status down for port: f218e8d1-d877-4a84-ad1e-91f3b864739f
2026-06-05 03:59:12.294 8 INFO neutron.db.ovn_revision_numbers_db [None req-ded18890-b707-4140-9118-deea5c820fd2 98cf0f87c93b41fbbe6e059afee8e68e 1bc0d03798ab48dda5d7aca48d92d9ba - - default default] Successfully bumped revision number for resource f218e8d1-d877-4a84-ad1e-91f3b864739f (type: ports) to 1 [pid: 8|app: 0|req: 1504/3367] 10.0.0.182 () {34 vars in 670 bytes} [Fri Jun 5 03:59:11 2026] POST /v2.0/networks => generated 632 bytes in 1060 msecs (HTTP/1.1 201) 4 headers in 162 bytes (1 switches on core 0)
2026-06-05 03:59:12.527 7 WARNING neutron.scheduler.dhcp_agent_scheduler [None req-4cf73685-a0ce-48c4-a829-739c1b343866 98cf0f87c93b41fbbe6e059afee8e68e 1bc0d03798ab48dda5d7aca48d92d9ba - - default default] No more DHCP agents
2026-06-05 03:59:12.529 7 WARNING neutron.api.rpc.agentnotifiers.dhcp_rpc_agent_api [None req-4cf73685-a0ce-48c4-a829-739c1b343866 98cf0f87c93b41fbbe6e059afee8e68e 1bc0d03798ab48dda5d7aca48d92d9ba - - default default] Unable to schedule network ec28f241-20ce-4dba-9b23-6bd12c3f22be: no agents available; will retry on subsequent port and subnet creation events.
2026-06-05 03:59:12.979 7 INFO neutron.db.ovn_revision_numbers_db [None req-4c46bb51-906b-4d65-b364-027a4eb0c4ca - - - - - -] Successfully bumped revision number for resource f218e8d1-d877-4a84-ad1e-91f3b864739f (type: ports) to 2
2026-06-05 03:59:13.022 7 INFO neutron.db.ovn_revision_numbers_db [None req-4c46bb51-906b-4d65-b364-027a4eb0c4ca - - - - - -] Successfully bumped revision number for resource d5c75b08-31d4-4d88-b178-1bf9948c23ef (type: subnets) to 0 [pid: 7|app: 0|req: 1864/3368] 10.0.0.182 () {34 vars in 669 bytes} [Fri Jun 5 03:59:12 2026] POST /v2.0/subnets => generated 626 bytes in 706 msecs (HTTP/1.1 201) 4 headers in 162 bytes (1 switches on core 0)
2026-06-05 03:59:13.156 8 INFO neutron.db.segments_db [None req-34a4a043-3647-449c-a46d-11d16af5eccc 98cf0f87c93b41fbbe6e059afee8e68e 1bc0d03798ab48dda5d7aca48d92d9ba - - default default] Added segment bb83356c-f15f-4599-9971-4d43612fd415 of type geneve for network 04d900af-da9d-49be-9af0-355516e1f5d9
2026-06-05 03:59:13.275 8 INFO neutron.db.ovn_revision_numbers_db [None req-34a4a043-3647-449c-a46d-11d16af5eccc 98cf0f87c93b41fbbe6e059afee8e68e 1bc0d03798ab48dda5d7aca48d92d9ba - - default default] Successfully bumped revision number for resource 04d900af-da9d-49be-9af0-355516e1f5d9 (type: networks) to 1
2026-06-05 03:59:13.447 8 WARNING neutron.scheduler.dhcp_agent_scheduler [None req-34a4a043-3647-449c-a46d-11d16af5eccc 98cf0f87c93b41fbbe6e059afee8e68e 1bc0d03798ab48dda5d7aca48d92d9ba - - default default] No more DHCP agents
2026-06-05 03:59:13.449 8 WARNING neutron.api.rpc.agentnotifiers.dhcp_rpc_agent_api [None req-34a4a043-3647-449c-a46d-11d16af5eccc 98cf0f87c93b41fbbe6e059afee8e68e 1bc0d03798ab48dda5d7aca48d92d9ba - - default default] Unable to schedule network 04d900af-da9d-49be-9af0-355516e1f5d9: no agents available; will retry on subsequent port and subnet creation events.
2026-06-05 03:59:13.516 8 INFO neutron.plugins.ml2.drivers.ovn.mech_driver.mech_driver [None req-5cbb6273-dcde-4287-9e6b-b3512fa1da13 - - - - - -] OVN reports status down for port: 5e412ea5-c2da-4e06-9e13-0eef7f4515fa
2026-06-05 03:59:13.586 8 INFO neutron.db.ovn_revision_numbers_db [None req-34a4a043-3647-449c-a46d-11d16af5eccc 98cf0f87c93b41fbbe6e059afee8e68e 1bc0d03798ab48dda5d7aca48d92d9ba - - default default] Successfully bumped revision number for resource 5e412ea5-c2da-4e06-9e13-0eef7f4515fa (type: ports) to 1 [pid: 8|app: 0|req: 1505/3371] 10.0.0.182 () {34 vars in 670 bytes} [Fri Jun 5 03:59:13 2026] POST /v2.0/networks => generated 632 bytes in 567 msecs (HTTP/1.1 201) 4 headers in 162 bytes (1 switches on core 0)
2026-06-05 03:59:13.800 7 WARNING neutron.scheduler.dhcp_agent_scheduler [None req-a33a9a2f-9662-4dd0-9d3b-eb03f7067f49 98cf0f87c93b41fbbe6e059afee8e68e 1bc0d03798ab48dda5d7aca48d92d9ba - - default default] No more DHCP agents
2026-06-05 03:59:13.802 7 WARNING neutron.api.rpc.agentnotifiers.dhcp_rpc_agent_api [None req-a33a9a2f-9662-4dd0-9d3b-eb03f7067f49 98cf0f87c93b41fbbe6e059afee8e68e 1bc0d03798ab48dda5d7aca48d92d9ba - - default default] Unable to schedule network 04d900af-da9d-49be-9af0-355516e1f5d9: no agents available; will retry on subsequent port and subnet creation events.
2026-06-05 03:59:14.308 7 INFO neutron.db.ovn_revision_numbers_db [None req-98062f2f-9258-43e8-8ec5-52e4e7f139d8 - - - - - -] Successfully bumped revision number for resource 5e412ea5-c2da-4e06-9e13-0eef7f4515fa (type: ports) to 2
2026-06-05 03:59:14.344 7 INFO neutron.db.ovn_revision_numbers_db [None req-98062f2f-9258-43e8-8ec5-52e4e7f139d8 - - - - - -] Successfully bumped revision number for resource 891373e9-0544-42f6-a6d5-6b8a693f3b8c (type: subnets) to 0 [pid: 7|app: 0|req: 1867/3372] 10.0.0.182 () {34 vars in 669 bytes} [Fri Jun 5 03:59:13 2026] POST /v2.0/subnets => generated 629 bytes in 735 msecs (HTTP/1.1 201) 4 headers in 162 bytes (1 switches on core 0)
2026-06-05 03:59:14.461 8 INFO neutron.db.segments_db [None req-959836cc-c202-47df-82a8-9a6a68556d44 98cf0f87c93b41fbbe6e059afee8e68e 1bc0d03798ab48dda5d7aca48d92d9ba - - default default] Added segment 5665b90d-d196-494d-a9c6-de26c30d1b42 of type geneve for network 008730ea-4528-4391-966e-3d9634039b97
2026-06-05 03:59:14.597 8 INFO neutron.db.ovn_revision_numbers_db [None req-959836cc-c202-47df-82a8-9a6a68556d44 98cf0f87c93b41fbbe6e059afee8e68e 1bc0d03798ab48dda5d7aca48d92d9ba - - default default] Successfully bumped revision number for resource 008730ea-4528-4391-966e-3d9634039b97 (type: networks) to 1
2026-06-05 03:59:14.790 8 WARNING neutron.scheduler.dhcp_agent_scheduler [None req-959836cc-c202-47df-82a8-9a6a68556d44 98cf0f87c93b41fbbe6e059afee8e68e 1bc0d03798ab48dda5d7aca48d92d9ba - - default default] No more DHCP agents
2026-06-05 03:59:14.793 8 WARNING neutron.api.rpc.agentnotifiers.dhcp_rpc_agent_api [None req-959836cc-c202-47df-82a8-9a6a68556d44 98cf0f87c93b41fbbe6e059afee8e68e 1bc0d03798ab48dda5d7aca48d92d9ba - - default default] Unable to schedule network 008730ea-4528-4391-966e-3d9634039b97: no agents available; will retry on subsequent port and subnet creation events.
2026-06-05 03:59:14.870 8 INFO neutron.plugins.ml2.drivers.ovn.mech_driver.mech_driver [None req-5cbb6273-dcde-4287-9e6b-b3512fa1da13 - - - - - -] OVN reports status down for port: fae2feab-5103-4727-8863-f5b6ab238d71
2026-06-05 03:59:14.954 8 INFO neutron.db.ovn_revision_numbers_db [None req-959836cc-c202-47df-82a8-9a6a68556d44 98cf0f87c93b41fbbe6e059afee8e68e 1bc0d03798ab48dda5d7aca48d92d9ba - - default default] Successfully bumped revision number for resource fae2feab-5103-4727-8863-f5b6ab238d71 (type: ports) to 1 [pid: 8|app: 0|req: 1506/3373] 10.0.0.182 () {34 vars in 670 bytes} [Fri Jun 5 03:59:14 2026] POST /v2.0/networks => generated 632 bytes in 643 msecs (HTTP/1.1 201) 4 headers in 162 bytes (1 switches on core 0)
2026-06-05 03:59:15.231 7 WARNING neutron.scheduler.dhcp_agent_scheduler [None req-e3837c11-06a9-460e-9088-43be383758fa 98cf0f87c93b41fbbe6e059afee8e68e 1bc0d03798ab48dda5d7aca48d92d9ba - - default default] No more DHCP agents
2026-06-05 03:59:15.233 7 WARNING neutron.api.rpc.agentnotifiers.dhcp_rpc_agent_api [None req-e3837c11-06a9-460e-9088-43be383758fa 98cf0f87c93b41fbbe6e059afee8e68e 1bc0d03798ab48dda5d7aca48d92d9ba - - default default] Unable to schedule network 008730ea-4528-4391-966e-3d9634039b97: no agents available; will retry on subsequent port and subnet creation events.
2026-06-05 03:59:15.688 7 INFO neutron.db.ovn_revision_numbers_db [None req-9923b683-3f31-4a74-8a0d-b7e18b23d507 - - - - - -] Successfully bumped revision number for resource fae2feab-5103-4727-8863-f5b6ab238d71 (type: ports) to 2
2026-06-05 03:59:15.720 7 INFO neutron.db.ovn_revision_numbers_db [None req-9923b683-3f31-4a74-8a0d-b7e18b23d507 - - - - - -] Successfully bumped revision number for resource 020398c4-42ee-4409-94bd-dca6a8730a84 (type: subnets) to 0 [pid: 7|app: 0|req: 1868/3374] 10.0.0.182 () {34 vars in 669 bytes} [Fri Jun 5 03:59:15 2026] POST /v2.0/subnets => generated 629 bytes in 719 msecs (HTTP/1.1 201) 4 headers in 162 bytes (1 switches on core 0)
2026-06-05 03:59:15.834 8 INFO neutron.db.segments_db [None req-552fc8ac-06e9-43b2-8c3b-8e4e1c23252d 98cf0f87c93b41fbbe6e059afee8e68e 1bc0d03798ab48dda5d7aca48d92d9ba - - default default] Added segment 6b52a8cd-d26b-42e4-bcd5-8589498a53c0 of type geneve for network fdef4d3d-7a13-416c-ac9a-60e1d4303d39
2026-06-05 03:59:15.968 8 INFO neutron.db.ovn_revision_numbers_db [None req-552fc8ac-06e9-43b2-8c3b-8e4e1c23252d 98cf0f87c93b41fbbe6e059afee8e68e 1bc0d03798ab48dda5d7aca48d92d9ba - - default default] Successfully bumped revision number for resource fdef4d3d-7a13-416c-ac9a-60e1d4303d39 (type: networks) to 1
2026-06-05 03:59:16.181 8 WARNING neutron.scheduler.dhcp_agent_scheduler [None req-552fc8ac-06e9-43b2-8c3b-8e4e1c23252d 98cf0f87c93b41fbbe6e059afee8e68e 1bc0d03798ab48dda5d7aca48d92d9ba - - default default] No more DHCP agents
2026-06-05 03:59:16.183 8 WARNING neutron.api.rpc.agentnotifiers.dhcp_rpc_agent_api [None req-552fc8ac-06e9-43b2-8c3b-8e4e1c23252d 98cf0f87c93b41fbbe6e059afee8e68e 1bc0d03798ab48dda5d7aca48d92d9ba - - default default] Unable to schedule network fdef4d3d-7a13-416c-ac9a-60e1d4303d39: no agents available; will retry on subsequent port and subnet creation events.
2026-06-05 03:59:16.257 8 INFO neutron.plugins.ml2.drivers.ovn.mech_driver.mech_driver [None req-5cbb6273-dcde-4287-9e6b-b3512fa1da13 - - - - - -] OVN reports status down for port: 4f6b1a0f-d5f7-4619-9c40-f12e50e38545
2026-06-05 03:59:16.326 8 INFO neutron.db.ovn_revision_numbers_db [None req-552fc8ac-06e9-43b2-8c3b-8e4e1c23252d 98cf0f87c93b41fbbe6e059afee8e68e 1bc0d03798ab48dda5d7aca48d92d9ba - - default default] Successfully bumped revision number for resource 4f6b1a0f-d5f7-4619-9c40-f12e50e38545 (type: ports) to 1 [pid: 8|app: 0|req: 1507/3375] 10.0.0.182 () {34 vars in 670 bytes} [Fri Jun 5 03:59:15 2026] POST /v2.0/networks => generated 632 bytes in 644 msecs (HTTP/1.1 201) 4 headers in 162 bytes (1 switches on core 0)
2026-06-05 03:59:16.600 7 WARNING neutron.scheduler.dhcp_agent_scheduler [None req-b98c337d-fa2c-4f2a-aa91-bce5eb16c982 98cf0f87c93b41fbbe6e059afee8e68e 1bc0d03798ab48dda5d7aca48d92d9ba - - default default] No more DHCP agents
2026-06-05 03:59:16.604 7 WARNING neutron.api.rpc.agentnotifiers.dhcp_rpc_agent_api [None req-b98c337d-fa2c-4f2a-aa91-bce5eb16c982 98cf0f87c93b41fbbe6e059afee8e68e 1bc0d03798ab48dda5d7aca48d92d9ba - - default default] Unable to schedule network fdef4d3d-7a13-416c-ac9a-60e1d4303d39: no agents available; will retry on subsequent port and subnet creation events.
2026-06-05 03:59:17.072 7 INFO neutron.db.ovn_revision_numbers_db [None req-4a320020-22a8-47ed-a155-8424b4cbb10b - - - - - -] Successfully bumped revision number for resource 4f6b1a0f-d5f7-4619-9c40-f12e50e38545 (type: ports) to 2
2026-06-05 03:59:17.121 7 INFO neutron.db.ovn_revision_numbers_db [None req-4a320020-22a8-47ed-a155-8424b4cbb10b - - - - - -] Successfully bumped revision number for resource 86275419-f2a7-43b7-a16b-9629e03a9911 (type: subnets) to 0 [pid: 7|app: 0|req: 1869/3376] 10.0.0.182 () {34 vars in 669 bytes} [Fri Jun 5 03:59:16 2026] POST /v2.0/subnets => generated 629 bytes in 756 msecs (HTTP/1.1 201) 4 headers in 162 bytes (1 switches on core 0)
2026-06-05 03:59:17.239 8 INFO neutron.db.segments_db [None req-68bd07d1-148c-4406-8b28-625fc38241a8 98cf0f87c93b41fbbe6e059afee8e68e 1bc0d03798ab48dda5d7aca48d92d9ba - - default default] Added segment ef4ed588-c664-41f5-8a54-94a9b6853dd7 of type geneve for network 2afa4061-0981-4cf0-a0d1-876732861ee9
2026-06-05 03:59:17.364 8 INFO neutron.db.ovn_revision_numbers_db [None req-68bd07d1-148c-4406-8b28-625fc38241a8 98cf0f87c93b41fbbe6e059afee8e68e 1bc0d03798ab48dda5d7aca48d92d9ba - - default default] Successfully bumped revision number for resource 2afa4061-0981-4cf0-a0d1-876732861ee9 (type: networks) to 1
2026-06-05 03:59:17.544 8 WARNING neutron.scheduler.dhcp_agent_scheduler [None req-68bd07d1-148c-4406-8b28-625fc38241a8 98cf0f87c93b41fbbe6e059afee8e68e 1bc0d03798ab48dda5d7aca48d92d9ba - - default default] No more DHCP agents
2026-06-05 03:59:17.546 8 WARNING neutron.api.rpc.agentnotifiers.dhcp_rpc_agent_api [None req-68bd07d1-148c-4406-8b28-625fc38241a8 98cf0f87c93b41fbbe6e059afee8e68e 1bc0d03798ab48dda5d7aca48d92d9ba - - default default] Unable to schedule network 2afa4061-0981-4cf0-a0d1-876732861ee9: no agents available; will retry on subsequent port and subnet creation events.
2026-06-05 03:59:17.643 8 INFO neutron.plugins.ml2.drivers.ovn.mech_driver.mech_driver [None req-5cbb6273-dcde-4287-9e6b-b3512fa1da13 - - - - - -] OVN reports status down for port: f445166b-74af-46f1-a5fe-d69375c9221e
2026-06-05 03:59:17.723 8 INFO neutron.db.ovn_revision_numbers_db [None req-68bd07d1-148c-4406-8b28-625fc38241a8 98cf0f87c93b41fbbe6e059afee8e68e 1bc0d03798ab48dda5d7aca48d92d9ba - - default default] Successfully bumped revision number for resource f445166b-74af-46f1-a5fe-d69375c9221e (type: ports) to 1 [pid: 8|app: 0|req: 1508/3377] 10.0.0.182 () {34 vars in 670 bytes} [Fri Jun 5 03:59:17 2026] POST /v2.0/networks => generated 632 bytes in 625 msecs (HTTP/1.1 201) 4 headers in 162 bytes (1 switches on core 0)
2026-06-05 03:59:17.971 7 WARNING neutron.scheduler.dhcp_agent_scheduler [None req-a043f256-947f-4771-b95b-084a26e136f2 98cf0f87c93b41fbbe6e059afee8e68e 1bc0d03798ab48dda5d7aca48d92d9ba - - default default] No more DHCP agents
2026-06-05 03:59:17.973 7 WARNING neutron.api.rpc.agentnotifiers.dhcp_rpc_agent_api [None req-a043f256-947f-4771-b95b-084a26e136f2 98cf0f87c93b41fbbe6e059afee8e68e 1bc0d03798ab48dda5d7aca48d92d9ba - - default default] Unable to schedule network 2afa4061-0981-4cf0-a0d1-876732861ee9: no agents available; will retry on subsequent port and subnet creation events.
2026-06-05 03:59:18.470 7 INFO neutron.db.ovn_revision_numbers_db [None req-dc25613d-a899-4f7a-9dd9-db7229478e53 - - - - - -] Successfully bumped revision number for resource f445166b-74af-46f1-a5fe-d69375c9221e (type: ports) to 2
2026-06-05 03:59:18.513 7 INFO neutron.db.ovn_revision_numbers_db [None req-dc25613d-a899-4f7a-9dd9-db7229478e53 - - - - - -] Successfully bumped revision number for resource ad5410d9-fb86-40c3-8837-24e1e052944f (type: subnets) to 0 [pid: 7|app: 0|req: 1870/3378] 10.0.0.182 () {34 vars in 669 bytes} [Fri Jun 5 03:59:17 2026] POST /v2.0/subnets => generated 629 bytes in 746 msecs (HTTP/1.1 201) 4 headers in 162 bytes (1 switches on core 0) [pid: 8|app: 0|req: 1509/3379] 10.0.0.182 () {34 vars in 751 bytes} [Fri Jun 5 03:59:18 2026] PUT /v2.0/subnets/d5c75b08-31d4-4d88-b178-1bf9948c23ef/tags => generated 17 bytes in 59 msecs (HTTP/1.1 200) 4 headers in 156 bytes (1 switches on core 0) [pid: 7|app: 0|req: 1871/3380] 10.0.0.182 () {34 vars in 751 bytes} [Fri Jun 5 03:59:18 2026] PUT /v2.0/subnets/891373e9-0544-42f6-a6d5-6b8a693f3b8c/tags => generated 25 bytes in 85 msecs (HTTP/1.1 200) 4 headers in 156 bytes (1 switches on core 0) [pid: 8|app: 0|req: 1510/3381] 10.0.0.182 () {34 vars in 751 bytes} [Fri Jun 5 03:59:18 2026] PUT /v2.0/subnets/020398c4-42ee-4409-94bd-dca6a8730a84/tags => generated 34 bytes in 64 msecs (HTTP/1.1 200) 4 headers in 156 bytes (1 switches on core 0) [pid: 7|app: 0|req: 1872/3382] 10.0.0.182 () {34 vars in 751 bytes} [Fri Jun 5 03:59:18 2026] PUT /v2.0/subnets/86275419-f2a7-43b7-a16b-9629e03a9911/tags => generated 19 bytes in 70 msecs (HTTP/1.1 200) 4 headers in 156 bytes (1 switches on core 0) [pid: 8|app: 0|req: 1511/3383] 10.0.0.182 () {32 vars in 664 bytes} [Fri Jun 5 03:59:18 2026] GET /v2.0/subnets?tags=red => generated 1904 bytes in 55 msecs (HTTP/1.1 200) 4 headers in 158 bytes (1 switches on core 0) [pid: 7|app: 0|req: 1873/3384] 10.0.0.182 () {32 vars in 678 bytes} [Fri Jun 5 03:59:18 2026] GET /v2.0/subnets?tags=red%2Cblue => generated 1283 bytes in 41 msecs (HTTP/1.1 200) 4 headers in 158 bytes (1 switches on core 0) [pid: 8|app: 0|req: 1512/3385] 10.0.0.182 () {32 vars in 674 bytes} [Fri Jun 5 03:59:18 2026] GET /v2.0/subnets?tags-any=blue => generated 1283 bytes in 41 msecs (HTTP/1.1 200) 4 headers in 158 bytes (1 switches on core 0) [pid: 7|app: 0|req: 1874/3386] 10.0.0.182 () {32 vars in 686 bytes} [Fri Jun 5 03:59:18 2026] GET /v2.0/subnets?tags-any=red%2Cblue => generated 1904 bytes in 55 msecs (HTTP/1.1 200) 4 headers in 158 bytes (1 switches on core 0) [pid: 8|app: 0|req: 1513/3387] 10.0.0.182 () {32 vars in 672 bytes} [Fri Jun 5 03:59:19 2026] GET /v2.0/subnets?not-tags=red => generated 1894 bytes in 47 msecs (HTTP/1.1 200) 4 headers in 158 bytes (1 switches on core 0) [pid: 7|app: 0|req: 1875/3388] 10.0.0.182 () {32 vars in 686 bytes} [Fri Jun 5 03:59:19 2026] GET /v2.0/subnets?not-tags=red%2Cblue => generated 2515 bytes in 51 msecs (HTTP/1.1 200) 4 headers in 158 bytes (1 switches on core 0) [pid: 8|app: 0|req: 1514/3389] 10.0.0.182 () {32 vars in 682 bytes} [Fri Jun 5 03:59:19 2026] GET /v2.0/subnets?not-tags-any=blue => generated 2515 bytes in 52 msecs (HTTP/1.1 200) 4 headers in 158 bytes (1 switches on core 0) [pid: 7|app: 0|req: 1876/3390] 10.0.0.182 () {32 vars in 694 bytes} [Fri Jun 5 03:59:19 2026] GET /v2.0/subnets?not-tags-any=red%2Cblue => generated 1894 bytes in 38 msecs (HTTP/1.1 200) 4 headers in 158 bytes (1 switches on core 0) [pid: 8|app: 0|req: 1515/3391] 10.0.0.182 () {32 vars in 724 bytes} [Fri Jun 5 03:59:19 2026] DELETE /v2.0/subnets/d5c75b08-31d4-4d88-b178-1bf9948c23ef => generated 0 bytes in 156 msecs (HTTP/1.1 204) 3 headers in 131 bytes (1 switches on core 0) [pid: 7|app: 0|req: 1877/3392] 10.0.0.182 () {32 vars in 724 bytes} [Fri Jun 5 03:59:19 2026] DELETE /v2.0/subnets/891373e9-0544-42f6-a6d5-6b8a693f3b8c => generated 0 bytes in 164 msecs (HTTP/1.1 204) 3 headers in 131 bytes (1 switches on core 0) [pid: 8|app: 0|req: 1516/3393] 10.0.0.182 () {32 vars in 724 bytes} [Fri Jun 5 03:59:19 2026] DELETE /v2.0/subnets/020398c4-42ee-4409-94bd-dca6a8730a84 => generated 0 bytes in 196 msecs (HTTP/1.1 204) 3 headers in 131 bytes (1 switches on core 0) [pid: 7|app: 0|req: 1878/3394] 10.0.0.182 () {32 vars in 724 bytes} [Fri Jun 5 03:59:19 2026] DELETE /v2.0/subnets/86275419-f2a7-43b7-a16b-9629e03a9911 => generated 0 bytes in 156 msecs (HTTP/1.1 204) 3 headers in 131 bytes (1 switches on core 0) [pid: 8|app: 0|req: 1517/3395] 10.0.0.182 () {32 vars in 724 bytes} [Fri Jun 5 03:59:19 2026] DELETE /v2.0/subnets/ad5410d9-fb86-40c3-8837-24e1e052944f => generated 0 bytes in 194 msecs (HTTP/1.1 204) 3 headers in 131 bytes (1 switches on core 0)
2026-06-05 03:59:20.283 7 INFO neutron_taas.services.taas.taas_plugin [None req-5adcd992-3151-41d9-9857-2b26e8458e69 98cf0f87c93b41fbbe6e059afee8e68e 1bc0d03798ab48dda5d7aca48d92d9ba - - default default] TaaS: Handle Delete Port: f218e8d1-d877-4a84-ad1e-91f3b864739f
