+ COMMAND=start + start + for KEYSTONE_WSGI_SCRIPT in keystone-wsgi-public ++ type -p keystone-wsgi-public + cp -a /var/lib/openstack/bin/keystone-wsgi-public /var/www/cgi-bin/keystone/ + '[' -f /etc/apache2/envvars ']' + source /etc/apache2/envvars ++ unset HOME ++ '[' '' '!=' '' ']' ++ SUFFIX= ++ export APACHE_RUN_USER=www-data ++ APACHE_RUN_USER=www-data ++ export APACHE_RUN_GROUP=www-data ++ APACHE_RUN_GROUP=www-data ++ export APACHE_PID_FILE=/var/run/apache2/apache2.pid ++ APACHE_PID_FILE=/var/run/apache2/apache2.pid ++ export APACHE_RUN_DIR=/var/run/apache2 ++ APACHE_RUN_DIR=/var/run/apache2 ++ export APACHE_LOCK_DIR=/var/lock/apache2 ++ APACHE_LOCK_DIR=/var/lock/apache2 ++ export APACHE_LOG_DIR=/var/log/apache2 ++ APACHE_LOG_DIR=/var/log/apache2 ++ export LANG=C ++ LANG=C ++ export LANG + '[' -f /var/run/apache2/apache2.pid ']' + exec apache2 -DFOREGROUND AH00558: apache2: Could not reliably determine the server's fully qualified domain name, using 10.0.0.97. Set the 'ServerName' directive globally to suppress this message AH00558: apache2: Could not reliably determine the server's fully qualified domain name, using 10.0.0.97. Set the 'ServerName' directive globally to suppress this message
[Wed May 20 03:24:44.922059 2026] [mpm_event:notice] [pid 1:tid 140408165144448] AH00489: Apache/2.4.58 (Ubuntu) mod_wsgi/5.0.0 Python/3.12 configured -- resuming normal operations
[Wed May 20 03:24:44.922240 2026] [core:notice] [pid 1:tid 140408165144448] AH00094: Command line: 'apache2 -D FOREGROUND'
[Wed May 20 03:25:40.039701 2026] [wsgi:error] [pid 12:tid 140407528371904] /var/lib/openstack/lib/python3.12/site-packages/oslo_utils/importutils.py:77: EventletDeprecationWarning:
[Wed May 20 03:25:40.039750 2026] [wsgi:error] [pid 12:tid 140407528371904] Eventlet is deprecated. It is currently being maintained in bugfix mode, and
[Wed May 20 03:25:40.039752 2026] [wsgi:error] [pid 12:tid 140407528371904] we strongly recommend against using it for new projects.
[Wed May 20 03:25:40.039753 2026] [wsgi:error] [pid 12:tid 140407528371904]
[Wed May 20 03:25:40.039754 2026] [wsgi:error] [pid 12:tid 140407528371904] If you are already using Eventlet, we recommend migrating to a different
[Wed May 20 03:25:40.039756 2026] [wsgi:error] [pid 12:tid 140407528371904] framework. For more detail see
[Wed May 20 03:25:40.039757 2026] [wsgi:error] [pid 12:tid 140407528371904] https://eventlet.readthedocs.io/en/latest/asyncio/migration.html
[Wed May 20 03:25:40.039758 2026] [wsgi:error] [pid 12:tid 140407528371904]
[Wed May 20 03:25:40.039759 2026] [wsgi:error] [pid 12:tid 140407528371904] __import__(import_str)
[Wed May 20 03:25:40.070970 2026] [wsgi:error] [pid 11:tid 140407528371904] /var/lib/openstack/lib/python3.12/site-packages/oslo_utils/importutils.py:77: EventletDeprecationWarning:
[Wed May 20 03:25:40.071021 2026] [wsgi:error] [pid 11:tid 140407528371904] Eventlet is deprecated. It is currently being maintained in bugfix mode, and
[Wed May 20 03:25:40.071023 2026] [wsgi:error] [pid 11:tid 140407528371904] we strongly recommend against using it for new projects.
[Wed May 20 03:25:40.071024 2026] [wsgi:error] [pid 11:tid 140407528371904]
[Wed May 20 03:25:40.071025 2026] [wsgi:error] [pid 11:tid 140407528371904] If you are already using Eventlet, we recommend migrating to a different
[Wed May 20 03:25:40.071026 2026] [wsgi:error] [pid 11:tid 140407528371904] framework. For more detail see
[Wed May 20 03:25:40.071027 2026] [wsgi:error] [pid 11:tid 140407528371904] https://eventlet.readthedocs.io/en/latest/asyncio/migration.html
[Wed May 20 03:25:40.071028 2026] [wsgi:error] [pid 11:tid 140407528371904]
[Wed May 20 03:25:40.071029 2026] [wsgi:error] [pid 11:tid 140407528371904] __import__(import_str) 10.0.0.155 - - [20/May/2026:03:25:39 +0000] "GET /v3/ HTTP/1.1" 200 249 10.0.0.155 - - [20/May/2026:03:25:39 +0000] "GET /v3/ HTTP/1.1" 200 249
[Wed May 20 03:25:52.722616 2026] [wsgi:error] [pid 9:tid 140407528371904] /var/lib/openstack/lib/python3.12/site-packages/oslo_utils/importutils.py:77: EventletDeprecationWarning:
[Wed May 20 03:25:52.722736 2026] [wsgi:error] [pid 9:tid 140407528371904] Eventlet is deprecated. It is currently being maintained in bugfix mode, and
[Wed May 20 03:25:52.722749 2026] [wsgi:error] [pid 9:tid 140407528371904] we strongly recommend against using it for new projects.
[Wed May 20 03:25:52.722761 2026] [wsgi:error] [pid 9:tid 140407528371904]
[Wed May 20 03:25:52.722771 2026] [wsgi:error] [pid 9:tid 140407528371904] If you are already using Eventlet, we recommend migrating to a different
[Wed May 20 03:25:52.722781 2026] [wsgi:error] [pid 9:tid 140407528371904] framework. For more detail see
[Wed May 20 03:25:52.722791 2026] [wsgi:error] [pid 9:tid 140407528371904] https://eventlet.readthedocs.io/en/latest/asyncio/migration.html
[Wed May 20 03:25:52.722801 2026] [wsgi:error] [pid 9:tid 140407528371904]
[Wed May 20 03:25:52.722811 2026] [wsgi:error] [pid 9:tid 140407528371904] __import__(import_str) 10.0.0.117 - - [20/May/2026:03:25:51 +0000] "GET / HTTP/1.1" 300 295
[Wed May 20 03:25:58.509390 2026] [wsgi:error] [pid 10:tid 140407528371904] /var/lib/openstack/lib/python3.12/site-packages/oslo_utils/importutils.py:77: EventletDeprecationWarning:
[Wed May 20 03:25:58.509446 2026] [wsgi:error] [pid 10:tid 140407528371904] Eventlet is deprecated. It is currently being maintained in bugfix mode, and
[Wed May 20 03:25:58.509447 2026] [wsgi:error] [pid 10:tid 140407528371904] we strongly recommend against using it for new projects.
[Wed May 20 03:25:58.509448 2026] [wsgi:error] [pid 10:tid 140407528371904]
[Wed May 20 03:25:58.509449 2026] [wsgi:error] [pid 10:tid 140407528371904] If you are already using Eventlet, we recommend migrating to a different
[Wed May 20 03:25:58.509451 2026] [wsgi:error] [pid 10:tid 140407528371904] framework. For more detail see
[Wed May 20 03:25:58.509452 2026] [wsgi:error] [pid 10:tid 140407528371904] https://eventlet.readthedocs.io/en/latest/asyncio/migration.html
[Wed May 20 03:25:58.509453 2026] [wsgi:error] [pid 10:tid 140407528371904]
[Wed May 20 03:25:58.509454 2026] [wsgi:error] [pid 10:tid 140407528371904] __import__(import_str)
[Wed May 20 03:26:03.193143 2026] [wsgi:error] [pid 10:tid 140407528371904] [remote 10.0.0.117:57684] 2026-05-20 03:26:03.187 10 WARNING keystone.identity.core [None req-1b43475f-5c3d-42d6-8aae-3b3b2ccdbdca - - - - - -] Invalid domain name (atmosphere) found in config file name: keystone.exception.DomainNotFound: Could not find domain: atmosphere.
[Wed May 20 03:26:03.248354 2026] [wsgi:error] [pid 10:tid 140407528371904] [remote 10.0.0.117:57684] 2026-05-20 03:26:03.247 10 WARNING keystone.common.password_hashing [None req-1b43475f-5c3d-42d6-8aae-3b3b2ccdbdca - - - - - -] Truncating password to algorithm specific maximum length 72 characters.
[Wed May 20 03:26:03.534828 2026] [wsgi:error] [pid 10:tid 140407528371904] [remote 10.0.0.117:57684] 2026-05-20 03:26:03.534 10 WARNING keystone.common.fernet_utils [None req-1b43475f-5c3d-42d6-8aae-3b3b2ccdbdca - - - - - -] key_repository is world readable: /etc/keystone/fernet-keys/ 10.0.0.117 - - [20/May/2026:03:25:57 +0000] "POST /v3/auth/tokens HTTP/1.1" 201 1359
[Wed May 20 03:26:03.917517 2026] [wsgi:error] [pid 12:tid 140407528371904] [remote 10.0.0.117:57684] 2026-05-20 03:26:03.914 12 WARNING keystone.identity.core [None req-12db7551-0622-4283-8e95-f42c20c39063 - - - - - -] Invalid domain name (atmosphere) found in config file name: keystone.exception.DomainNotFound: Could not find domain: atmosphere. 10.0.0.117 - - [20/May/2026:03:26:03 +0000] "POST /v3/domains HTTP/1.1" 201 261 10.0.0.144 - - [20/May/2026:03:26:17 +0000] "GET / HTTP/1.1" 300 295
[Wed May 20 03:26:17.530385 2026] [wsgi:error] [pid 9:tid 140407528371904] [remote 10.0.0.144:49398] 2026-05-20 03:26:17.529 9 WARNING keystone.common.password_hashing [None req-688d5fce-70dc-4fd3-b5c1-99230470f172 - - - - - -] Truncating password to algorithm specific maximum length 72 characters.
[Wed May 20 03:26:17.805609 2026] [wsgi:error] [pid 9:tid 140407528371904] [remote 10.0.0.144:49398] 2026-05-20 03:26:17.805 9 WARNING keystone.common.fernet_utils [None req-688d5fce-70dc-4fd3-b5c1-99230470f172 - - - - - -] key_repository is world readable: /etc/keystone/fernet-keys/ 10.0.0.144 - - [20/May/2026:03:26:17 +0000] "POST /v3/auth/tokens HTTP/1.1" 201 1359 10.0.0.144 - - [20/May/2026:03:26:17 +0000] "GET /v3/roles/admin HTTP/1.1" 404 83
[Wed May 20 03:26:18.040248 2026] [wsgi:error] [pid 12:tid 140407528371904] [remote 10.0.0.144:49398] 2026-05-20 03:26:18.039 12 WARNING keystone.common.rbac_enforcer.enforcer [None req-176f888a-148f-41b9-8ddb-526d94229220 3cc4c1c65e654c11ae013569042320dc 12d00b5d3f964ed1b212242bcaa32a1c - - default default] Deprecated policy rules found. Use oslopolicy-policy-generator and oslopolicy-policy-upgrade to detect and resolve deprecated policies in your configuration. 10.0.0.144 - - [20/May/2026:03:26:18 +0000] "GET /v3/roles?name=admin HTTP/1.1" 200 389
[Wed May 20 03:26:18.471984 2026] [wsgi:error] [pid 11:tid 140407528371904] [remote 10.0.0.144:49398] 2026-05-20 03:26:18.471 11 WARNING keystone.common.rbac_enforcer.enforcer [None req-3748ea39-877e-4211-9763-039a391b510d 3cc4c1c65e654c11ae013569042320dc 12d00b5d3f964ed1b212242bcaa32a1c - - default default] Deprecated policy rules found. Use oslopolicy-policy-generator and oslopolicy-policy-upgrade to detect and resolve deprecated policies in your configuration. 10.0.0.144 - - [20/May/2026:03:26:18 +0000] "GET /v3/users/admin-RegionOne HTTP/1.1" 404 93
[Wed May 20 03:26:18.719784 2026] [wsgi:error] [pid 9:tid 140407528371904] [remote 10.0.0.144:49398] 2026-05-20 03:26:18.719 9 WARNING keystone.common.rbac_enforcer.enforcer [None req-54d269d5-0728-4c79-a811-23f897b779df 3cc4c1c65e654c11ae013569042320dc 12d00b5d3f964ed1b212242bcaa32a1c - - default default] Deprecated policy rules found. Use oslopolicy-policy-generator and oslopolicy-policy-upgrade to detect and resolve deprecated policies in your configuration. 10.0.0.144 - - [20/May/2026:03:26:18 +0000] "GET /v3/users?name=admin-RegionOne HTTP/1.1" 200 422
[Wed May 20 03:26:19.018227 2026] [wsgi:error] [pid 10:tid 140407528371904] [remote 10.0.0.144:49398] 2026-05-20 03:26:19.017 10 WARNING keystone.common.rbac_enforcer.enforcer [None req-1e4ce29a-025f-483a-b63a-061bb6dcc8b8 3cc4c1c65e654c11ae013569042320dc 12d00b5d3f964ed1b212242bcaa32a1c - - default default] Deprecated policy rules found. Use oslopolicy-policy-generator and oslopolicy-policy-upgrade to detect and resolve deprecated policies in your configuration. 10.0.0.144 - - [20/May/2026:03:26:18 +0000] "GET /v3/domains/default HTTP/1.1" 200 224 10.0.0.144 - - [20/May/2026:03:26:19 +0000] "PUT /v3/domains/default/users/3cc4c1c65e654c11ae013569042320dc/roles/8231fbcae69c4e319ae08328c1758c78 HTTP/1.1" 204 - 10.0.0.155 - - [20/May/2026:03:26:29 +0000] "GET / HTTP/1.1" 300 280 10.0.0.155 - - [20/May/2026:03:26:30 +0000] "GET /v3 HTTP/1.1" 200 265
[Wed May 20 03:26:30.556028 2026] [wsgi:error] [pid 10:tid 140407528371904] [remote 10.0.0.155:54212] 2026-05-20 03:26:30.555 10 WARNING keystone.common.password_hashing [None req-8546f92c-1c99-4558-906b-7f3bbc5c710c - - - - - -] Truncating password to algorithm specific maximum length 72 characters.
[Wed May 20 03:26:30.842747 2026] [wsgi:error] [pid 10:tid 140407528371904] [remote 10.0.0.155:54212] 2026-05-20 03:26:30.842 10 WARNING keystone.common.fernet_utils [None req-8546f92c-1c99-4558-906b-7f3bbc5c710c - - - - - -] key_repository is world readable: /etc/keystone/fernet-keys/ 10.0.0.155 - - [20/May/2026:03:26:30 +0000] "POST /v3/auth/tokens HTTP/1.1" 201 1359 10.0.0.155 - - [20/May/2026:03:26:30 +0000] "GET / HTTP/1.1" 300 280 10.0.0.155 - - [20/May/2026:03:26:30 +0000] "GET /v3/domains/atmosphere HTTP/1.1" 404 90 10.0.0.155 - - [20/May/2026:03:26:30 +0000] "GET /v3/domains?name=atmosphere HTTP/1.1" 200 368 10.0.0.155 - - [20/May/2026:03:26:30 +0000] "GET /v3/domains/e3345cdc9953495bbb61a872f24b2441 HTTP/1.1" 200 246 10.0.0.155 - - [20/May/2026:03:26:31 +0000] "GET /v3 HTTP/1.1" 200 265
[Wed May 20 03:26:32.127764 2026] [wsgi:error] [pid 11:tid 140407528371904] [remote 10.0.0.155:54212] 2026-05-20 03:26:32.127 11 WARNING keystone.common.password_hashing [None req-8bcf15bc-f90a-42c6-9d59-37d1d2cb62f4 - - - - - -] Truncating password to algorithm specific maximum length 72 characters.
[Wed May 20 03:26:32.403302 2026] [wsgi:error] [pid 11:tid 140407528371904] [remote 10.0.0.155:54212] 2026-05-20 03:26:32.403 11 WARNING keystone.common.fernet_utils [None req-8bcf15bc-f90a-42c6-9d59-37d1d2cb62f4 - - - - - -] key_repository is world readable: /etc/keystone/fernet-keys/ 10.0.0.155 - - [20/May/2026:03:26:31 +0000] "POST /v3/auth/tokens HTTP/1.1" 201 1359 10.0.0.155 - - [20/May/2026:03:26:32 +0000] "GET / HTTP/1.1" 300 280 10.0.0.155 - - [20/May/2026:03:26:32 +0000] "GET /v3/OS-FEDERATION/identity_providers/atmosphere HTTP/1.1" 404 101 10.0.0.155 - - [20/May/2026:03:26:32 +0000] "GET /v3/OS-FEDERATION/identity_providers HTTP/1.1" 200 155 10.0.0.155 - - [20/May/2026:03:26:32 +0000] "PUT /v3/OS-FEDERATION/identity_providers/atmosphere HTTP/1.1" 201 340 10.0.0.155 - - [20/May/2026:03:26:33 +0000] "GET /v3 HTTP/1.1" 200 265
[Wed May 20 03:26:33.312140 2026] [wsgi:error] [pid 10:tid 140407528371904] [remote 10.0.0.155:54212] 2026-05-20 03:26:33.311 10 WARNING keystone.common.password_hashing [None req-ce322a75-03f9-43ab-a2de-b3fe1f5b137c - - - - - -] Truncating password to algorithm specific maximum length 72 characters.
[Wed May 20 03:26:33.587936 2026] [wsgi:error] [pid 10:tid 140407528371904] [remote 10.0.0.155:54212] 2026-05-20 03:26:33.587 10 WARNING keystone.common.fernet_utils [None req-ce322a75-03f9-43ab-a2de-b3fe1f5b137c - - - - - -] key_repository is world readable: /etc/keystone/fernet-keys/ 10.0.0.155 - - [20/May/2026:03:26:33 +0000] "POST /v3/auth/tokens HTTP/1.1" 201 1359 10.0.0.155 - - [20/May/2026:03:26:33 +0000] "GET / HTTP/1.1" 300 280 10.0.0.155 - - [20/May/2026:03:26:33 +0000] "GET /v3/OS-FEDERATION/mappings/atmosphere-openid HTTP/1.1" 404 98 10.0.0.155 - - [20/May/2026:03:26:33 +0000] "GET /v3/OS-FEDERATION/mappings HTTP/1.1" 200 135 10.0.0.155 - - [20/May/2026:03:26:33 +0000] "PUT /v3/OS-FEDERATION/mappings/atmosphere-openid HTTP/1.1" 201 356 10.0.0.155 - - [20/May/2026:03:26:34 +0000] "GET /v3 HTTP/1.1" 200 265
[Wed May 20 03:26:34.429289 2026] [wsgi:error] [pid 11:tid 140407528371904] [remote 10.0.0.155:51238] 2026-05-20 03:26:34.429 11 WARNING keystone.common.password_hashing [None req-dc536c5b-464c-4478-a130-eff8895e3e59 - - - - - -] Truncating password to algorithm specific maximum length 72 characters.
[Wed May 20 03:26:34.724908 2026] [wsgi:error] [pid 11:tid 140407528371904] [remote 10.0.0.155:51238] 2026-05-20 03:26:34.724 11 WARNING keystone.common.fernet_utils [None req-dc536c5b-464c-4478-a130-eff8895e3e59 - - - - - -] key_repository is world readable: /etc/keystone/fernet-keys/ 10.0.0.155 - - [20/May/2026:03:26:34 +0000] "POST /v3/auth/tokens HTTP/1.1" 201 1359 10.0.0.155 - - [20/May/2026:03:26:34 +0000] "GET / HTTP/1.1" 300 280 10.0.0.155 - - [20/May/2026:03:26:34 +0000] "GET /v3/OS-FEDERATION/identity_providers/atmosphere/protocols/openid?idp_id=atmosphere HTTP/1.1" 404 131 10.0.0.155 - - [20/May/2026:03:26:34 +0000] "GET /v3/OS-FEDERATION/identity_providers/atmosphere/protocols HTTP/1.1" 200 167 10.0.0.155 - - [20/May/2026:03:26:34 +0000] "PUT /v3/OS-FEDERATION/identity_providers/atmosphere/protocols/openid HTTP/1.1" 201 222 10.0.0.155 - - [20/May/2026:03:26:39 +0000] "GET /v3/ HTTP/1.1" 200 249 10.0.0.155 - - [20/May/2026:03:26:39 +0000] "GET /v3/ HTTP/1.1" 200 249 10.0.0.155 - - [20/May/2026:03:27:39 +0000] "GET /v3/ HTTP/1.1" 200 249 10.0.0.155 - - [20/May/2026:03:27:39 +0000] "GET /v3/ HTTP/1.1" 200 249 10.0.0.99 - - [20/May/2026:03:27:58 +0000] "GET / HTTP/1.1" 300 295
[Wed May 20 03:27:58.863640 2026] [wsgi:error] [pid 9:tid 140407528371904] [remote 10.0.0.99:44614] 2026-05-20 03:27:58.863 9 WARNING keystone.common.password_hashing [None req-d5d55f0e-ac8f-4ca6-ba17-7a6c42885c4c - - - - - -] Truncating password to algorithm specific maximum length 72 characters.
[Wed May 20 03:27:59.142929 2026] [wsgi:error] [pid 9:tid 140407528371904] [remote 10.0.0.99:44614] 2026-05-20 03:27:59.142 9 WARNING keystone.common.fernet_utils [None req-d5d55f0e-ac8f-4ca6-ba17-7a6c42885c4c - - - - - -] key_repository is world readable: /etc/keystone/fernet-keys/ 10.0.0.99 - - [20/May/2026:03:27:58 +0000] "POST /v3/auth/tokens HTTP/1.1" 201 1359 10.0.0.99 - - [20/May/2026:03:27:59 +0000] "GET /v3/services HTTP/1.1" 200 355 10.0.0.99 - - [20/May/2026:03:28:02 +0000] "GET / HTTP/1.1" 300 295
[Wed May 20 03:28:02.924992 2026] [wsgi:error] [pid 10:tid 140407528371904] [remote 10.0.0.99:44946] 2026-05-20 03:28:02.924 10 WARNING keystone.common.password_hashing [None req-1c7a95e8-2e49-4ab4-a403-1ac4f1438441 - - - - - -] Truncating password to algorithm specific maximum length 72 characters.
[Wed May 20 03:28:03.205412 2026] [wsgi:error] [pid 10:tid 140407528371904] [remote 10.0.0.99:44946] 2026-05-20 03:28:03.205 10 WARNING keystone.common.fernet_utils [None req-1c7a95e8-2e49-4ab4-a403-1ac4f1438441 - - - - - -] key_repository is world readable: /etc/keystone/fernet-keys/ 10.0.0.99 - - [20/May/2026:03:28:02 +0000] "POST /v3/auth/tokens HTTP/1.1" 201 1359 10.0.0.99 - - [20/May/2026:03:28:03 +0000] "GET /v3/services HTTP/1.1" 200 355 10.0.0.99 - - [20/May/2026:03:28:06 +0000] "GET / HTTP/1.1" 300 295
[Wed May 20 03:28:06.978426 2026] [wsgi:error] [pid 12:tid 140407528371904] [remote 10.0.0.99:44948] 2026-05-20 03:28:06.977 12 WARNING keystone.common.password_hashing [None req-490e379a-b090-4ec8-be3d-1d5766531770 - - - - - -] Truncating password to algorithm specific maximum length 72 characters.
[Wed May 20 03:28:07.272235 2026] [wsgi:error] [pid 12:tid 140407528371904] [remote 10.0.0.99:44948] 2026-05-20 03:28:07.272 12 WARNING keystone.common.fernet_utils [None req-490e379a-b090-4ec8-be3d-1d5766531770 - - - - - -] key_repository is world readable: /etc/keystone/fernet-keys/ 10.0.0.99 - - [20/May/2026:03:28:06 +0000] "POST /v3/auth/tokens HTTP/1.1" 201 1359 10.0.0.99 - - [20/May/2026:03:28:07 +0000] "GET /v3/services HTTP/1.1" 200 355 10.0.0.99 - - [20/May/2026:03:28:11 +0000] "GET / HTTP/1.1" 300 295
[Wed May 20 03:28:11.054309 2026] [wsgi:error] [pid 11:tid 140407528371904] [remote 10.0.0.99:44964] 2026-05-20 03:28:11.054 11 WARNING keystone.common.password_hashing [None req-6373bdc2-e82e-41f1-9171-b51700458b72 - - - - - -] Truncating password to algorithm specific maximum length 72 characters.
[Wed May 20 03:28:11.348857 2026] [wsgi:error] [pid 11:tid 140407528371904] [remote 10.0.0.99:44964] 2026-05-20 03:28:11.348 11 WARNING keystone.common.fernet_utils [None req-6373bdc2-e82e-41f1-9171-b51700458b72 - - - - - -] key_repository is world readable: /etc/keystone/fernet-keys/ 10.0.0.99 - - [20/May/2026:03:28:11 +0000] "POST /v3/auth/tokens HTTP/1.1" 201 1359 10.0.0.99 - - [20/May/2026:03:28:11 +0000] "POST /v3/services HTTP/1.1" 201 296 10.0.0.102 - - [20/May/2026:03:28:23 +0000] "GET / HTTP/1.1" 300 295
[Wed May 20 03:28:23.267245 2026] [wsgi:error] [pid 9:tid 140407528371904] [remote 10.0.0.102:37638] 2026-05-20 03:28:23.266 9 WARNING keystone.common.password_hashing [None req-bc552892-3ec7-4651-acca-3444464945a6 - - - - - -] Truncating password to algorithm specific maximum length 72 characters. 10.0.0.102 - - [20/May/2026:03:28:23 +0000] "GET / HTTP/1.1" 300 295 10.0.0.102 - - [20/May/2026:03:28:23 +0000] "GET / HTTP/1.1" 300 295
[Wed May 20 03:28:23.482739 2026] [wsgi:error] [pid 12:tid 140407528371904] [remote 10.0.0.102:37640] 2026-05-20 03:28:23.482 12 WARNING keystone.common.password_hashing [None req-49eb51ec-468d-4de0-ba6a-2bac68b72bc8 - - - - - -] Truncating password to algorithm specific maximum length 72 characters.
[Wed May 20 03:28:23.494613 2026] [wsgi:error] [pid 11:tid 140407528371904] [remote 10.0.0.102:37652] 2026-05-20 03:28:23.494 11 WARNING keystone.common.password_hashing [None req-2139c39f-7fff-4e29-a53a-79555ff2080a - - - - - -] Truncating password to algorithm specific maximum length 72 characters.
[Wed May 20 03:28:23.559992 2026] [wsgi:error] [pid 9:tid 140407528371904] [remote 10.0.0.102:37638] 2026-05-20 03:28:23.559 9 WARNING keystone.common.fernet_utils [None req-bc552892-3ec7-4651-acca-3444464945a6 - - - - - -] key_repository is world readable: /etc/keystone/fernet-keys/ 10.0.0.102 - - [20/May/2026:03:28:23 +0000] "POST /v3/auth/tokens HTTP/1.1" 201 1463 10.0.0.102 - - [20/May/2026:03:28:23 +0000] "GET /v3/services HTTP/1.1" 200 639
[Wed May 20 03:28:23.759488 2026] [wsgi:error] [pid 12:tid 140407528371904] [remote 10.0.0.102:37640] 2026-05-20 03:28:23.759 12 WARNING keystone.common.fernet_utils [None req-49eb51ec-468d-4de0-ba6a-2bac68b72bc8 - - - - - -] key_repository is world readable: /etc/keystone/fernet-keys/ 10.0.0.102 - - [20/May/2026:03:28:23 +0000] "POST /v3/auth/tokens HTTP/1.1" 201 1463
[Wed May 20 03:28:23.771526 2026] [wsgi:error] [pid 11:tid 140407528371904] [remote 10.0.0.102:37652] 2026-05-20 03:28:23.771 11 WARNING keystone.common.fernet_utils [None req-2139c39f-7fff-4e29-a53a-79555ff2080a - - - - - -] key_repository is world readable: /etc/keystone/fernet-keys/ 10.0.0.102 - - [20/May/2026:03:28:23 +0000] "POST /v3/auth/tokens HTTP/1.1" 201 1463 10.0.0.102 - - [20/May/2026:03:28:23 +0000] "GET /v3/services HTTP/1.1" 200 639 10.0.0.102 - - [20/May/2026:03:28:23 +0000] "GET /v3/services HTTP/1.1" 200 639 10.0.0.102 - - [20/May/2026:03:28:25 +0000] "GET / HTTP/1.1" 300 295
[Wed May 20 03:28:25.521249 2026] [wsgi:error] [pid 11:tid 140407528371904] [remote 10.0.0.102:37666] 2026-05-20 03:28:25.521 11 WARNING keystone.common.password_hashing [None req-ae9ae37b-f59b-4e78-85ba-fff492e96d79 - - - - - -] Truncating password to algorithm specific maximum length 72 characters. 10.0.0.102 - - [20/May/2026:03:28:25 +0000] "GET / HTTP/1.1" 300 295
[Wed May 20 03:28:25.583767 2026] [wsgi:error] [pid 10:tid 140407528371904] [remote 10.0.0.102:37674] 2026-05-20 03:28:25.583 10 WARNING keystone.common.password_hashing [None req-b135e780-4b23-403d-8b70-7f80b928f6c2 - - - - - -] Truncating password to algorithm specific maximum length 72 characters. 10.0.0.102 - - [20/May/2026:03:28:25 +0000] "GET / HTTP/1.1" 300 295
[Wed May 20 03:28:25.784770 2026] [wsgi:error] [pid 9:tid 140407528371904] [remote 10.0.0.102:37680] 2026-05-20 03:28:25.784 9 WARNING keystone.common.password_hashing [None req-803f7b22-4ed3-4eaf-8cc6-a3a2b48bdf34 - - - - - -] Truncating password to algorithm specific maximum length 72 characters.
[Wed May 20 03:28:25.803351 2026] [wsgi:error] [pid 11:tid 140407528371904] [remote 10.0.0.102:37666] 2026-05-20 03:28:25.803 11 WARNING keystone.common.fernet_utils [None req-ae9ae37b-f59b-4e78-85ba-fff492e96d79 - - - - - -] key_repository is world readable: /etc/keystone/fernet-keys/ 10.0.0.102 - - [20/May/2026:03:28:25 +0000] "POST /v3/auth/tokens HTTP/1.1" 201 1463
[Wed May 20 03:28:25.858782 2026] [wsgi:error] [pid 10:tid 140407528371904] [remote 10.0.0.102:37674] 2026-05-20 03:28:25.858 10 WARNING keystone.common.fernet_utils [None req-b135e780-4b23-403d-8b70-7f80b928f6c2 - - - - - -] key_repository is world readable: /etc/keystone/fernet-keys/ 10.0.0.102 - - [20/May/2026:03:28:25 +0000] "POST /v3/auth/tokens HTTP/1.1" 201 1463 10.0.0.102 - - [20/May/2026:03:28:25 +0000] "GET /v3/endpoints HTTP/1.1" 200 1226 10.0.0.102 - - [20/May/2026:03:28:25 +0000] "GET /v3/services/cb37b692bdf342228323298bc8b068a0 HTTP/1.1" 200 233 10.0.0.102 - - [20/May/2026:03:28:25 +0000] "GET /v3/services/cb37b692bdf342228323298bc8b068a0 HTTP/1.1" 200 233 10.0.0.102 - - [20/May/2026:03:28:25 +0000] "GET /v3/services/cb37b692bdf342228323298bc8b068a0 HTTP/1.1" 200 233 10.0.0.102 - - [20/May/2026:03:28:25 +0000] "GET /v3/endpoints HTTP/1.1" 200 1226 10.0.0.102 - - [20/May/2026:03:28:26 +0000] "GET /v3/services/cb37b692bdf342228323298bc8b068a0 HTTP/1.1" 200 233 10.0.0.102 - - [20/May/2026:03:28:26 +0000] "GET /v3/services/cb37b692bdf342228323298bc8b068a0 HTTP/1.1" 200 233 10.0.0.102 - - [20/May/2026:03:28:26 +0000] "GET /v3/services/cb37b692bdf342228323298bc8b068a0 HTTP/1.1" 200 233
[Wed May 20 03:28:26.090642 2026] [wsgi:error] [pid 9:tid 140407528371904] [remote 10.0.0.102:37680] 2026-05-20 03:28:26.090 9 WARNING keystone.common.fernet_utils [None req-803f7b22-4ed3-4eaf-8cc6-a3a2b48bdf34 - - - - - -] key_repository is world readable: /etc/keystone/fernet-keys/ 10.0.0.102 - - [20/May/2026:03:28:25 +0000] "POST /v3/auth/tokens HTTP/1.1" 201 1463 10.0.0.102 - - [20/May/2026:03:28:26 +0000] "GET /v3/endpoints HTTP/1.1" 200 1226 10.0.0.102 - - [20/May/2026:03:28:26 +0000] "GET /v3/services/cb37b692bdf342228323298bc8b068a0 HTTP/1.1" 200 233 10.0.0.102 - - [20/May/2026:03:28:26 +0000] "GET /v3/services/cb37b692bdf342228323298bc8b068a0 HTTP/1.1" 200 233 10.0.0.102 - - [20/May/2026:03:28:26 +0000] "GET /v3/services/cb37b692bdf342228323298bc8b068a0 HTTP/1.1" 200 233 10.0.0.102 - - [20/May/2026:03:28:27 +0000] "GET / HTTP/1.1" 300 295
[Wed May 20 03:28:27.677929 2026] [wsgi:error] [pid 11:tid 140407528371904] [remote 10.0.0.102:37686] 2026-05-20 03:28:27.677 11 WARNING keystone.common.password_hashing [None req-85bafa28-c9ab-4e94-a512-8e0556c02fa2 - - - - - -] Truncating password to algorithm specific maximum length 72 characters. 10.0.0.102 - - [20/May/2026:03:28:27 +0000] "GET / HTTP/1.1" 300 295
[Wed May 20 03:28:27.808506 2026] [wsgi:error] [pid 9:tid 140407528371904] [remote 10.0.0.102:37694] 2026-05-20 03:28:27.808 9 WARNING keystone.common.password_hashing [None req-3a3e15f2-8245-497a-928d-7a56f89e59a9 - - - - - -] Truncating password to algorithm specific maximum length 72 characters. 10.0.0.102 - - [20/May/2026:03:28:27 +0000] "GET / HTTP/1.1" 300 295
[Wed May 20 03:28:27.933229 2026] [wsgi:error] [pid 12:tid 140407528371904] [remote 10.0.0.102:37704] 2026-05-20 03:28:27.932 12 WARNING keystone.common.password_hashing [None req-46243002-3b25-4e1a-9ca7-0cf8e1db1854 - - - - - -] Truncating password to algorithm specific maximum length 72 characters.
[Wed May 20 03:28:27.967793 2026] [wsgi:error] [pid 11:tid 140407528371904] [remote 10.0.0.102:37686] 2026-05-20 03:28:27.967 11 WARNING keystone.common.fernet_utils [None req-85bafa28-c9ab-4e94-a512-8e0556c02fa2 - - - - - -] key_repository is world readable: /etc/keystone/fernet-keys/ 10.0.0.102 - - [20/May/2026:03:28:27 +0000] "POST /v3/auth/tokens HTTP/1.1" 201 1463
[Wed May 20 03:28:28.087926 2026] [wsgi:error] [pid 9:tid 140407528371904] [remote 10.0.0.102:37694] 2026-05-20 03:28:28.087 9 WARNING keystone.common.fernet_utils [None req-3a3e15f2-8245-497a-928d-7a56f89e59a9 - - - - - -] key_repository is world readable: /etc/keystone/fernet-keys/ 10.0.0.102 - - [20/May/2026:03:28:27 +0000] "POST /v3/auth/tokens HTTP/1.1" 201 1463 10.0.0.102 - - [20/May/2026:03:28:28 +0000] "GET /v3/services/eaeed6bdd0d24137ad362ed47b69fac1 HTTP/1.1" 200 296 10.0.0.102 - - [20/May/2026:03:28:28 +0000] "GET /v3/regions/RegionOne HTTP/1.1" 200 173 10.0.0.102 - - [20/May/2026:03:28:28 +0000] "GET /v3/services/eaeed6bdd0d24137ad362ed47b69fac1 HTTP/1.1" 200 296
[Wed May 20 03:28:28.238906 2026] [wsgi:error] [pid 12:tid 140407528371904] [remote 10.0.0.102:37704] 2026-05-20 03:28:28.238 12 WARNING keystone.common.fernet_utils [None req-46243002-3b25-4e1a-9ca7-0cf8e1db1854 - - - - - -] key_repository is world readable: /etc/keystone/fernet-keys/ 10.0.0.102 - - [20/May/2026:03:28:28 +0000] "GET /v3/regions/RegionOne HTTP/1.1" 200 173 10.0.0.102 - - [20/May/2026:03:28:27 +0000] "POST /v3/auth/tokens HTTP/1.1" 201 1463 10.0.0.102 - - [20/May/2026:03:28:28 +0000] "POST /v3/endpoints HTTP/1.1" 201 380 10.0.0.102 - - [20/May/2026:03:28:28 +0000] "GET /v3/services/eaeed6bdd0d24137ad362ed47b69fac1 HTTP/1.1" 200 296 10.0.0.102 - - [20/May/2026:03:28:28 +0000] "GET /v3/regions/RegionOne HTTP/1.1" 200 173 10.0.0.102 - - [20/May/2026:03:28:28 +0000] "POST /v3/endpoints HTTP/1.1" 201 369 10.0.0.102 - - [20/May/2026:03:28:28 +0000] "POST /v3/endpoints HTTP/1.1" 201 383 10.0.0.102 - - [20/May/2026:03:28:29 +0000] "GET / HTTP/1.1" 300 295
[Wed May 20 03:28:29.908038 2026] [wsgi:error] [pid 12:tid 140407528371904] [remote 10.0.0.102:37712] 2026-05-20 03:28:29.907 12 WARNING keystone.common.password_hashing [None req-4bc2b366-da3a-497e-847d-c2c9e869f4f7 - - - - - -] Truncating password to algorithm specific maximum length 72 characters. 10.0.0.102 - - [20/May/2026:03:28:30 +0000] "GET / HTTP/1.1" 300 295 10.0.0.102 - - [20/May/2026:03:28:30 +0000] "GET / HTTP/1.1" 300 295
[Wed May 20 03:28:30.064979 2026] [wsgi:error] [pid 9:tid 140407528371904] [remote 10.0.0.102:37716] 2026-05-20 03:28:30.064 9 WARNING keystone.common.password_hashing [None req-1cc45bbe-ca4e-4ef5-857e-5dc0dd5f3e29 - - - - - -] Truncating password to algorithm specific maximum length 72 characters.
[Wed May 20 03:28:30.099334 2026] [wsgi:error] [pid 10:tid 140407528371904] [remote 10.0.0.102:37728] 2026-05-20 03:28:30.098 10 WARNING keystone.common.password_hashing [None req-9d3899f9-17ca-4eb8-a1c2-a1f0609b2508 - - - - - -] Truncating password to algorithm specific maximum length 72 characters.
[Wed May 20 03:28:30.185447 2026] [wsgi:error] [pid 12:tid 140407528371904] [remote 10.0.0.102:37712] 2026-05-20 03:28:30.185 12 WARNING keystone.common.fernet_utils [None req-4bc2b366-da3a-497e-847d-c2c9e869f4f7 - - - - - -] key_repository is world readable: /etc/keystone/fernet-keys/ 10.0.0.102 - - [20/May/2026:03:28:29 +0000] "POST /v3/auth/tokens HTTP/1.1" 201 1990 10.0.0.102 - - [20/May/2026:03:28:30 +0000] "GET /v3/endpoints/e0dafb4211964ad99ee55e201f0aa377 HTTP/1.1" 200 380
[Wed May 20 03:28:30.341661 2026] [wsgi:error] [pid 9:tid 140407528371904] [remote 10.0.0.102:37716] 2026-05-20 03:28:30.341 9 WARNING keystone.common.fernet_utils [None req-1cc45bbe-ca4e-4ef5-857e-5dc0dd5f3e29 - - - - - -] key_repository is world readable: /etc/keystone/fernet-keys/ 10.0.0.102 - - [20/May/2026:03:28:30 +0000] "POST /v3/auth/tokens HTTP/1.1" 201 1990 10.0.0.102 - - [20/May/2026:03:28:30 +0000] "GET /v3/services/eaeed6bdd0d24137ad362ed47b69fac1 HTTP/1.1" 200 296
[Wed May 20 03:28:30.391343 2026] [wsgi:error] [pid 10:tid 140407528371904] [remote 10.0.0.102:37728] 2026-05-20 03:28:30.391 10 WARNING keystone.common.fernet_utils [None req-9d3899f9-17ca-4eb8-a1c2-a1f0609b2508 - - - - - -] key_repository is world readable: /etc/keystone/fernet-keys/ 10.0.0.102 - - [20/May/2026:03:28:30 +0000] "POST /v3/auth/tokens HTTP/1.1" 201 1990 10.0.0.102 - - [20/May/2026:03:28:30 +0000] "GET /v3/endpoints/e93a8b055bc54626b3b6f489bb67429b HTTP/1.1" 200 383 10.0.0.102 - - [20/May/2026:03:28:30 +0000] "GET /v3/services/eaeed6bdd0d24137ad362ed47b69fac1 HTTP/1.1" 200 296 10.0.0.102 - - [20/May/2026:03:28:30 +0000] "GET /v3/endpoints/37c4f6eda774455ab345413f727e432b HTTP/1.1" 200 369 10.0.0.102 - - [20/May/2026:03:28:30 +0000] "GET /v3/services/eaeed6bdd0d24137ad362ed47b69fac1 HTTP/1.1" 200 296 10.0.0.155 - - [20/May/2026:03:28:39 +0000] "GET /v3/ HTTP/1.1" 200 249 10.0.0.155 - - [20/May/2026:03:28:39 +0000] "GET /v3/ HTTP/1.1" 200 249 10.0.0.28 - - [20/May/2026:03:28:43 +0000] "GET / HTTP/1.1" 300 295
[Wed May 20 03:28:43.211973 2026] [wsgi:error] [pid 10:tid 140407528371904] [remote 10.0.0.28:43480] 2026-05-20 03:28:43.211 10 WARNING keystone.common.password_hashing [None req-362a0cfc-15ba-4b57-9633-da7ba07e99b0 - - - - - -] Truncating password to algorithm specific maximum length 72 characters.
[Wed May 20 03:28:43.488677 2026] [wsgi:error] [pid 10:tid 140407528371904] [remote 10.0.0.28:43480] 2026-05-20 03:28:43.488 10 WARNING keystone.common.fernet_utils [None req-362a0cfc-15ba-4b57-9633-da7ba07e99b0 - - - - - -] key_repository is world readable: /etc/keystone/fernet-keys/ 10.0.0.28 - - [20/May/2026:03:28:43 +0000] "POST /v3/auth/tokens HTTP/1.1" 201 1990 10.0.0.28 - - [20/May/2026:03:28:43 +0000] "POST /v3/domains HTTP/1.1" 201 284 10.0.0.28 - - [20/May/2026:03:28:45 +0000] "GET / HTTP/1.1" 300 295
[Wed May 20 03:28:45.374815 2026] [wsgi:error] [pid 12:tid 140407528371904] [remote 10.0.0.28:43482] 2026-05-20 03:28:45.374 12 WARNING keystone.common.password_hashing [None req-4bcb0f6f-f5a5-4aac-8084-40b84cd9f530 - - - - - -] Truncating password to algorithm specific maximum length 72 characters.
[Wed May 20 03:28:45.652961 2026] [wsgi:error] [pid 12:tid 140407528371904] [remote 10.0.0.28:43482] 2026-05-20 03:28:45.652 12 WARNING keystone.common.fernet_utils [None req-4bcb0f6f-f5a5-4aac-8084-40b84cd9f530 - - - - - -] key_repository is world readable: /etc/keystone/fernet-keys/ 10.0.0.28 - - [20/May/2026:03:28:45 +0000] "POST /v3/auth/tokens HTTP/1.1" 201 1990
[Wed May 20 03:28:45.840464 2026] [wsgi:error] [pid 10:tid 140407528371904] [remote 10.0.0.28:43482] 2026-05-20 03:28:45.828 10 ERROR keystone.server.flask.application [None req-587fdaa5-3d2d-48a4-87d7-78e85fe04b85 3cc4c1c65e654c11ae013569042320dc 12d00b5d3f964ed1b212242bcaa32a1c - - default default] Conflict occurred attempting to store project - it is not permitted to have two projects acting as domains with the same name: service.: keystone.exception.Conflict: Conflict occurred attempting to store project - it is not permitted to have two projects acting as domains with the same name: service.
[Wed May 20 03:28:45.840491 2026] [wsgi:error] [pid 10:tid 140407528371904] [remote 10.0.0.28:43482] 2026-05-20 03:28:45.828 10 ERROR keystone.server.flask.application
Traceback (most recent call last):
[Wed May 20 03:28:45.840493 2026] [wsgi:error] [pid 10:tid 140407528371904] [remote 10.0.0.28:43482] 2026-05-20 03:28:45.828 10 ERROR keystone.server.flask.application
File "/var/lib/openstack/lib/python3.12/site-packages/sqlalchemy/engine/base.py", line 1967, in _exec_single_context
[Wed May 20 03:28:45.840495 2026] [wsgi:error] [pid 10:tid 140407528371904] [remote 10.0.0.28:43482] 2026-05-20 03:28:45.828 10 ERROR keystone.server.flask.application self.dialect.do_execute(
[Wed May 20 03:28:45.840497 2026] [wsgi:error] [pid 10:tid 140407528371904] [remote 10.0.0.28:43482] 2026-05-20 03:28:45.828 10 ERROR keystone.server.flask.application
File "/var/lib/openstack/lib/python3.12/site-packages/sqlalchemy/engine/default.py", line 952, in do_execute
[Wed May 20 03:28:45.840499 2026] [wsgi:error] [pid 10:tid 140407528371904] [remote 10.0.0.28:43482] 2026-05-20 03:28:45.828 10 ERROR keystone.server.flask.application cursor.execute(statement, parameters)
[Wed May 20 03:28:45.840500 2026] [wsgi:error] [pid 10:tid 140407528371904] [remote 10.0.0.28:43482] 2026-05-20 03:28:45.828 10 ERROR keystone.server.flask.application
File "/var/lib/openstack/lib/python3.12/site-packages/pymysql/cursors.py", line 157, in execute
[Wed May 20 03:28:45.840502 2026] [wsgi:error] [pid 10:tid 140407528371904] [remote 10.0.0.28:43482] 2026-05-20 03:28:45.828 10 ERROR keystone.server.flask.application result = self._query(query)
[Wed May 20 03:28:45.840504 2026] [wsgi:error] [pid 10:tid 140407528371904] [remote 10.0.0.28:43482] 2026-05-20 03:28:45.828 10 ERROR keystone.server.flask.application ^^^^^^^^^^^^^^^^^^
[Wed May 20 03:28:45.840505 2026] [wsgi:error] [pid 10:tid 140407528371904] [remote 10.0.0.28:43482] 2026-05-20 03:28:45.828 10 ERROR keystone.server.flask.application
File "/var/lib/openstack/lib/python3.12/site-packages/pymysql/cursors.py", line 328, in _query
[Wed May 20 03:28:45.840507 2026] [wsgi:error] [pid 10:tid 140407528371904] [remote 10.0.0.28:43482] 2026-05-20 03:28:45.828 10 ERROR keystone.server.flask.application conn.query(q)
[Wed May 20 03:28:45.840509 2026] [wsgi:error] [pid 10:tid 140407528371904] [remote 10.0.0.28:43482] 2026-05-20 03:28:45.828 10 ERROR keystone.server.flask.application
File "/var/lib/openstack/lib/python3.12/site-packages/pymysql/connections.py", line 575, in query
[Wed May 20 03:28:45.840511 2026] [wsgi:error] [pid 10:tid 140407528371904] [remote 10.0.0.28:43482] 2026-05-20 03:28:45.828 10 ERROR keystone.server.flask.application self._affected_rows = self._read_query_result(unbuffered=unbuffered)
[Wed May 20 03:28:45.840512 2026] [wsgi:error] [pid 10:tid 140407528371904] [remote 10.0.0.28:43482] 2026-05-20 03:28:45.828 10 ERROR keystone.server.flask.application ^^^^^^^^^^^^^^^^^^^^^^^^^^^^^^^^^^^^^^^^^^^^^^
[Wed May 20 03:28:45.840514 2026] [wsgi:error] [pid 10:tid 140407528371904] [remote 10.0.0.28:43482] 2026-05-20 03:28:45.828 10 ERROR keystone.server.flask.application
File "/var/lib/openstack/lib/python3.12/site-packages/pymysql/connections.py", line 826, in _read_query_result
[Wed May 20 03:28:45.840515 2026] [wsgi:error] [pid 10:tid 140407528371904] [remote 10.0.0.28:43482] 2026-05-20 03:28:45.828 10 ERROR keystone.server.flask.application result.read()
[Wed May 20 03:28:45.840518 2026] [wsgi:error] [pid 10:tid 140407528371904] [remote 10.0.0.28:43482] 2026-05-20 03:28:45.828 10 ERROR keystone.server.flask.application
File "/var/lib/openstack/lib/python3.12/site-packages/pymysql/connections.py", line 1203, in read
[Wed May 20 03:28:45.840520 2026] [wsgi:error] [pid 10:tid 140407528371904] [remote 10.0.0.28:43482] 2026-05-20 03:28:45.828 10 ERROR keystone.server.flask.application first_packet = self.connection._read_packet()
[Wed May 20 03:28:45.840521 2026] [wsgi:error] [pid 10:tid 140407528371904] [remote 10.0.0.28:43482] 2026-05-20 03:28:45.828 10 ERROR keystone.server.flask.application ^^^^^^^^^^^^^^^^^^^^^^^^^^^^^^
[Wed May 20 03:28:45.840522 2026] [wsgi:error] [pid 10:tid 140407528371904] [remote 10.0.0.28:43482] 2026-05-20 03:28:45.828 10 ERROR keystone.server.flask.application
File "/var/lib/openstack/lib/python3.12/site-packages/pymysql/connections.py", line 782, in _read_packet
[Wed May 20 03:28:45.840524 2026] [wsgi:error] [pid 10:tid 140407528371904] [remote 10.0.0.28:43482] 2026-05-20 03:28:45.828 10 ERROR keystone.server.flask.application packet.raise_for_error()
[Wed May 20 03:28:45.840526 2026] [wsgi:error] [pid 10:tid 140407528371904] [remote 10.0.0.28:43482] 2026-05-20 03:28:45.828 10 ERROR keystone.server.flask.application
File "/var/lib/openstack/lib/python3.12/site-packages/pymysql/protocol.py", line 219, in raise_for_error
[Wed May 20 03:28:45.840532 2026] [wsgi:error] [pid 10:tid 140407528371904] [remote 10.0.0.28:43482] 2026-05-20 03:28:45.828 10 ERROR keystone.server.flask.application err.raise_mysql_exception(self._data)
[Wed May 20 03:28:45.840534 2026] [wsgi:error] [pid 10:tid 140407528371904] [remote 10.0.0.28:43482] 2026-05-20 03:28:45.828 10 ERROR keystone.server.flask.application
File "/var/lib/openstack/lib/python3.12/site-packages/pymysql/err.py", line 150, in raise_mysql_exception
[Wed May 20 03:28:45.840536 2026] [wsgi:error] [pid 10:tid 140407528371904] [remote 10.0.0.28:43482] 2026-05-20 03:28:45.828 10 ERROR keystone.server.flask.application raise errorclass(errno, errval)
[Wed May 20 03:28:45.840538 2026] [wsgi:error] [pid 10:tid 140407528371904] [remote 10.0.0.28:43482] 2026-05-20 03:28:45.828 10 ERROR keystone.server.flask.application pymysql.err.IntegrityError: (1062, "Duplicate entry '<>-service' for key 'project.ixu_project_name_domain_id'")
[Wed May 20 03:28:45.840540 2026] [wsgi:error] [pid 10:tid 140407528371904] [remote 10.0.0.28:43482] 2026-05-20 03:28:45.828 10 ERROR keystone.server.flask.application
[Wed May 20 03:28:45.840541 2026] [wsgi:error] [pid 10:tid 140407528371904] [remote 10.0.0.28:43482] 2026-05-20 03:28:45.828 10 ERROR keystone.server.flask.application The above exception was the direct cause of the following exception:
[Wed May 20 03:28:45.840543 2026] [wsgi:error] [pid 10:tid 140407528371904] [remote 10.0.0.28:43482] 2026-05-20 03:28:45.828 10 ERROR keystone.server.flask.application
[Wed May 20 03:28:45.840544 2026] [wsgi:error] [pid 10:tid 140407528371904] [remote 10.0.0.28:43482] 2026-05-20 03:28:45.828 10 ERROR keystone.server.flask.application
Traceback (most recent call last):
[Wed May 20 03:28:45.840546 2026] [wsgi:error] [pid 10:tid 140407528371904] [remote 10.0.0.28:43482] 2026-05-20 03:28:45.828 10 ERROR keystone.server.flask.application
File "/var/lib/openstack/lib/python3.12/site-packages/keystone/common/sql/core.py", line 575, in wrapper
[Wed May 20 03:28:45.840549 2026] [wsgi:error] [pid 10:tid 140407528371904] [remote 10.0.0.28:43482] 2026-05-20 03:28:45.828 10 ERROR keystone.server.flask.application return method(*args, **kwargs)
[Wed May 20 03:28:45.840551 2026] [wsgi:error] [pid 10:tid 140407528371904] [remote 10.0.0.28:43482] 2026-05-20 03:28:45.828 10 ERROR keystone.server.flask.application ^^^^^^^^^^^^^^^^^^^^^^^
[Wed May 20 03:28:45.840554 2026] [wsgi:error] [pid 10:tid 140407528371904] [remote 10.0.0.28:43482] 2026-05-20 03:28:45.828 10 ERROR keystone.server.flask.application
File "/var/lib/openstack/lib/python3.12/site-packages/keystone/resource/backends/sql.py", line 278, in create_project
[Wed May 20 03:28:45.840558 2026] [wsgi:error] [pid 10:tid 140407528371904] [remote 10.0.0.28:43482] 2026-05-20 03:28:45.828 10 ERROR keystone.server.flask.application with sql.session_for_write() as session:
[Wed May 20 03:28:45.840561 2026] [wsgi:error] [pid 10:tid 140407528371904] [remote 10.0.0.28:43482] 2026-05-20 03:28:45.828 10 ERROR keystone.server.flask.application
File "/usr/lib/python3.12/contextlib.py", line 144, in __exit__
[Wed May 20 03:28:45.840564 2026] [wsgi:error] [pid 10:tid 140407528371904] [remote 10.0.0.28:43482] 2026-05-20 03:28:45.828 10 ERROR keystone.server.flask.application next(self.gen)
[Wed May 20 03:28:45.840567 2026] [wsgi:error] [pid 10:tid 140407528371904] [remote 10.0.0.28:43482] 2026-05-20 03:28:45.828 10 ERROR keystone.server.flask.application
File "/var/lib/openstack/lib/python3.12/site-packages/oslo_db/sqlalchemy/enginefacade.py", line 1175, in _transaction_scope
[Wed May 20 03:28:45.840571 2026] [wsgi:error] [pid 10:tid 140407528371904] [remote 10.0.0.28:43482] 2026-05-20 03:28:45.828 10 ERROR keystone.server.flask.application with current._produce_block(
[Wed May 20 03:28:45.840573 2026] [wsgi:error] [pid 10:tid 140407528371904] [remote 10.0.0.28:43482] 2026-05-20 03:28:45.828 10 ERROR keystone.server.flask.application
File "/usr/lib/python3.12/contextlib.py", line 144, in __exit__
[Wed May 20 03:28:45.840576 2026] [wsgi:error] [pid 10:tid 140407528371904] [remote 10.0.0.28:43482] 2026-05-20 03:28:45.828 10 ERROR keystone.server.flask.application next(self.gen)
[Wed May 20 03:28:45.840578 2026] [wsgi:error] [pid 10:tid 140407528371904] [remote 10.0.0.28:43482] 2026-05-20 03:28:45.828 10 ERROR keystone.server.flask.application
File "/var/lib/openstack/lib/python3.12/site-packages/oslo_db/sqlalchemy/enginefacade.py", line 837, in _session
[Wed May 20 03:28:45.840582 2026] [wsgi:error] [pid 10:tid 140407528371904] [remote 10.0.0.28:43482] 2026-05-20 03:28:45.828 10 ERROR keystone.server.flask.application with excutils.save_and_reraise_exception():
[Wed May 20 03:28:45.840585 2026] [wsgi:error] [pid 10:tid 140407528371904] [remote 10.0.0.28:43482] 2026-05-20 03:28:45.828 10 ERROR keystone.server.flask.application
File "/var/lib/openstack/lib/python3.12/site-packages/oslo_utils/excutils.py", line 271, in __exit__
[Wed May 20 03:28:45.840589 2026] [wsgi:error] [pid 10:tid 140407528371904] [remote 10.0.0.28:43482] 2026-05-20 03:28:45.828 10 ERROR keystone.server.flask.application self.force_reraise()
[Wed May 20 03:28:45.840591 2026] [wsgi:error] [pid 10:tid 140407528371904] [remote 10.0.0.28:43482] 2026-05-20 03:28:45.828 10 ERROR keystone.server.flask.application
File "/var/lib/openstack/lib/python3.12/site-packages/oslo_utils/excutils.py", line 233, in force_reraise
[Wed May 20 03:28:45.840595 2026] [wsgi:error] [pid 10:tid 140407528371904] [remote 10.0.0.28:43482] 2026-05-20 03:28:45.828 10 ERROR keystone.server.flask.application raise self.value
[Wed May 20 03:28:45.840598 2026] [wsgi:error] [pid 10:tid 140407528371904] [remote 10.0.0.28:43482] 2026-05-20 03:28:45.828 10 ERROR keystone.server.flask.application
File "/var/lib/openstack/lib/python3.12/site-packages/oslo_db/sqlalchemy/enginefacade.py", line 835, in _session
[Wed May 20 03:28:45.840601 2026] [wsgi:error] [pid 10:tid 140407528371904] [remote 10.0.0.28:43482] 2026-05-20 03:28:45.828 10 ERROR keystone.server.flask.application self._end_session_transaction(self.session)
[Wed May 20 03:28:45.840604 2026] [wsgi:error] [pid 10:tid 140407528371904] [remote 10.0.0.28:43482] 2026-05-20 03:28:45.828 10 ERROR keystone.server.flask.application
File "/var/lib/openstack/lib/python3.12/site-packages/oslo_db/sqlalchemy/enginefacade.py", line 748, in _end_session_transaction
[Wed May 20 03:28:45.840607 2026] [wsgi:error] [pid 10:tid 140407528371904] [remote 10.0.0.28:43482] 2026-05-20 03:28:45.828 10 ERROR keystone.server.flask.application session.commit()
[Wed May 20 03:28:45.840609 2026] [wsgi:error] [pid 10:tid 140407528371904] [remote 10.0.0.28:43482] 2026-05-20 03:28:45.828 10 ERROR keystone.server.flask.application
File "/var/lib/openstack/lib/python3.12/site-packages/sqlalchemy/orm/session.py", line 2030, in commit
[Wed May 20 03:28:45.840612 2026] [wsgi:error] [pid 10:tid 140407528371904] [remote 10.0.0.28:43482] 2026-05-20 03:28:45.828 10 ERROR keystone.server.flask.application trans.commit(_to_root=True)
[Wed May 20 03:28:45.840615 2026] [wsgi:error] [pid 10:tid 140407528371904] [remote 10.0.0.28:43482] 2026-05-20 03:28:45.828 10 ERROR keystone.server.flask.application File "", line 2, in commit
[Wed May 20 03:28:45.840619 2026] [wsgi:error] [pid 10:tid 140407528371904] [remote 10.0.0.28:43482] 2026-05-20 03:28:45.828 10 ERROR keystone.server.flask.application
File "/var/lib/openstack/lib/python3.12/site-packages/sqlalchemy/orm/state_changes.py", line 137, in _go
[Wed May 20 03:28:45.840622 2026] [wsgi:error] [pid 10:tid 140407528371904] [remote 10.0.0.28:43482] 2026-05-20 03:28:45.828 10 ERROR keystone.server.flask.application ret_value = fn(self, *arg, **kw)
[Wed May 20 03:28:45.840625 2026] [wsgi:error] [pid 10:tid 140407528371904] [remote 10.0.0.28:43482] 2026-05-20 03:28:45.828 10 ERROR keystone.server.flask.application ^^^^^^^^^^^^^^^^^^^^
[Wed May 20 03:28:45.840629 2026] [wsgi:error] [pid 10:tid 140407528371904] [remote 10.0.0.28:43482] 2026-05-20 03:28:45.828 10 ERROR keystone.server.flask.application
File "/var/lib/openstack/lib/python3.12/site-packages/sqlalchemy/orm/session.py", line 1311, in commit
[Wed May 20 03:28:45.840632 2026] [wsgi:error] [pid 10:tid 140407528371904] [remote 10.0.0.28:43482] 2026-05-20 03:28:45.828 10 ERROR keystone.server.flask.application self._prepare_impl()
[Wed May 20 03:28:45.840635 2026] [wsgi:error] [pid 10:tid 140407528371904] [remote 10.0.0.28:43482] 2026-05-20 03:28:45.828 10 ERROR keystone.server.flask.application File "", line 2, in _prepare_impl
[Wed May 20 03:28:45.840639 2026] [wsgi:error] [pid 10:tid 140407528371904] [remote 10.0.0.28:43482] 2026-05-20 03:28:45.828 10 ERROR keystone.server.flask.application
File "/var/lib/openstack/lib/python3.12/site-packages/sqlalchemy/orm/state_changes.py", line 137, in _go
[Wed May 20 03:28:45.840642 2026] [wsgi:error] [pid 10:tid 140407528371904] [remote 10.0.0.28:43482] 2026-05-20 03:28:45.828 10 ERROR keystone.server.flask.application ret_value = fn(self, *arg, **kw)
[Wed May 20 03:28:45.840644 2026] [wsgi:error] [pid 10:tid 140407528371904] [remote 10.0.0.28:43482] 2026-05-20 03:28:45.828 10 ERROR keystone.server.flask.application ^^^^^^^^^^^^^^^^^^^^
[Wed May 20 03:28:45.840648 2026] [wsgi:error] [pid 10:tid 140407528371904] [remote 10.0.0.28:43482] 2026-05-20 03:28:45.828 10 ERROR keystone.server.flask.application
File "/var/lib/openstack/lib/python3.12/site-packages/sqlalchemy/orm/session.py", line 1286, in _prepare_impl
[Wed May 20 03:28:45.840651 2026] [wsgi:error] [pid 10:tid 140407528371904] [remote 10.0.0.28:43482] 2026-05-20 03:28:45.828 10 ERROR keystone.server.flask.application self.session.flush()
[Wed May 20 03:28:45.840654 2026] [wsgi:error] [pid 10:tid 140407528371904] [remote 10.0.0.28:43482] 2026-05-20 03:28:45.828 10 ERROR keystone.server.flask.application
File "/var/lib/openstack/lib/python3.12/site-packages/sqlalchemy/orm/session.py", line 4331, in flush
[Wed May 20 03:28:45.840657 2026] [wsgi:error] [pid 10:tid 140407528371904] [remote 10.0.0.28:43482] 2026-05-20 03:28:45.828 10 ERROR keystone.server.flask.application self._flush(objects)
[Wed May 20 03:28:45.840660 2026] [wsgi:error] [pid 10:tid 140407528371904] [remote 10.0.0.28:43482] 2026-05-20 03:28:45.828 10 ERROR keystone.server.flask.application
File "/var/lib/openstack/lib/python3.12/site-packages/sqlalchemy/orm/session.py", line 4466, in _flush
[Wed May 20 03:28:45.840663 2026] [wsgi:error] [pid 10:tid 140407528371904] [remote 10.0.0.28:43482] 2026-05-20 03:28:45.828 10 ERROR keystone.server.flask.application with util.safe_reraise():
[Wed May 20 03:28:45.840666 2026] [wsgi:error] [pid 10:tid 140407528371904] [remote 10.0.0.28:43482] 2026-05-20 03:28:45.828 10 ERROR keystone.server.flask.application
File "/var/lib/openstack/lib/python3.12/site-packages/sqlalchemy/util/langhelpers.py", line 121, in __exit__
[Wed May 20 03:28:45.840722 2026] [wsgi:error] [pid 10:tid 140407528371904] [remote 10.0.0.28:43482] 2026-05-20 03:28:45.828 10 ERROR keystone.server.flask.application raise exc_value.with_traceback(exc_tb)
[Wed May 20 03:28:45.840730 2026] [wsgi:error] [pid 10:tid 140407528371904] [remote 10.0.0.28:43482] 2026-05-20 03:28:45.828 10 ERROR keystone.server.flask.application
File "/var/lib/openstack/lib/python3.12/site-packages/sqlalchemy/orm/session.py", line 4427, in _flush
[Wed May 20 03:28:45.840733 2026] [wsgi:error] [pid 10:tid 140407528371904] [remote 10.0.0.28:43482] 2026-05-20 03:28:45.828 10 ERROR keystone.server.flask.application flush_context.execute()
[Wed May 20 03:28:45.840735 2026] [wsgi:error] [pid 10:tid 140407528371904] [remote 10.0.0.28:43482] 2026-05-20 03:28:45.828 10 ERROR keystone.server.flask.application
