2026-05-13 23:15:34.448 8 INFO neutron.plugins.ml2.drivers.ovn.mech_driver.mech_driver [None req-521573c5-e107-419e-b5e1-3ddf290db490 - - - - - -] OVN reports status down for port: 76fe955f-8bf5-4f9e-8388-4379b30f54f5
2026-05-13 23:15:34.498 8 INFO neutron.db.ovn_revision_numbers_db [None req-47e4aa7f-3fc6-4f4f-89fa-019fca9c2787 f07a7736fe174067a67df15f9701bda2 ebe52a16ace54c95babc67dd2176587f - - default default] Successfully bumped revision number for resource 76fe955f-8bf5-4f9e-8388-4379b30f54f5 (type: ports) to 1 [pid: 8|app: 0|req: 1255/2574] 10.0.0.6 () {34 vars in 668 bytes} [Wed May 13 23:15:34 2026] POST /v2.0/networks => generated 669 bytes in 472 msecs (HTTP/1.1 201) 4 headers in 162 bytes (1 switches on core 0)
2026-05-13 23:15:34.542 9 WARNING neutron.scheduler.dhcp_agent_scheduler [None req-38c598ee-7c73-4af2-a5af-1a9e3fe0870f 13f3e919f3224260b1055701c98d4adb 74a8efb9a39f4aa88d098f36f2a7ddd6 - - default default] No more DHCP agents
2026-05-13 23:15:34.543 9 WARNING neutron.api.rpc.agentnotifiers.dhcp_rpc_agent_api [None req-38c598ee-7c73-4af2-a5af-1a9e3fe0870f 13f3e919f3224260b1055701c98d4adb 74a8efb9a39f4aa88d098f36f2a7ddd6 - - default default] Unable to schedule network f128e1ea-089b-4623-9e49-7f3845a6961b: no agents available; will retry on subsequent port and subnet creation events. [pid: 8|app: 0|req: 1256/2575] 10.0.0.6 () {32 vars in 738 bytes} [Wed May 13 23:15:34 2026] DELETE /v2.0/security-groups/a1ae9347-5761-495b-8aff-85c3bf42bf9a => generated 0 bytes in 154 msecs (HTTP/1.1 204) 2 headers in 112 bytes (1 switches on core 0) [pid: 9|app: 0|req: 1320/2576] 10.0.0.6 () {34 vars in 674 bytes} [Wed May 13 23:15:34 2026] POST /v2.0/floatingips => generated 552 bytes in 593 msecs (HTTP/1.1 201) 4 headers in 162 bytes (1 switches on core 0)
2026-05-13 23:15:34.880 9 WARNING neutron.db.securitygroups_db [None req-aa0d16b2-014b-447e-b65e-9392bb7814f1 453cc100c4d54207bd18d719c7827abd fa14a2ac2af14a52a3cc17274dfe2494 - - default default] project_id key not found in filters, using tenant_id instead. This support has been deprecated and will be removed in a future release. [pid: 9|app: 0|req: 1321/2577] 10.0.0.6 () {32 vars in 772 bytes} [Wed May 13 23:15:34 2026] GET /v2.0/security-groups?tenant_id=002d728dfa9a40de9c21165c963aeda5&name=default => generated 2929 bytes in 29 msecs (HTTP/1.1 200) 4 headers in 158 bytes (1 switches on core 0)
2026-05-13 23:15:34.913 8 WARNING neutron.scheduler.dhcp_agent_scheduler [None req-76aaef73-aa18-4ad6-a2e1-d80d0fddf34a f07a7736fe174067a67df15f9701bda2 ebe52a16ace54c95babc67dd2176587f - - default default] No more DHCP agents
2026-05-13 23:15:34.915 8 WARNING neutron.api.rpc.agentnotifiers.dhcp_rpc_agent_api [None req-76aaef73-aa18-4ad6-a2e1-d80d0fddf34a f07a7736fe174067a67df15f9701bda2 ebe52a16ace54c95babc67dd2176587f - - default default] Unable to schedule network 35f9014e-40e6-41e4-8c55-28b843cb831b: no agents available; will retry on subsequent port and subnet creation events.
2026-05-13 23:15:34.961 9 INFO neutron.plugins.ml2.drivers.ovn.mech_driver.mech_driver [None req-4431f79a-39e8-4894-9edd-eb0ae332e8a3 - - - - - -] OVN reports status down for port: 0f6b371e-0ea4-4f57-a296-3f6a7e79da65
2026-05-13 23:15:34.962 9 WARNING tagging [None req-3b228c6d-fe93-404c-9c5b-b215524906f8 13f3e919f3224260b1055701c98d4adb 74a8efb9a39f4aa88d098f36f2a7ddd6 - - default default] project_id key not found in request, using tenant_id instead. This support has been deprecated and will be removed in a future release.
2026-05-13 23:15:34.985 8 INFO neutron.db.ovn_revision_numbers_db [None req-76aaef73-aa18-4ad6-a2e1-d80d0fddf34a f07a7736fe174067a67df15f9701bda2 ebe52a16ace54c95babc67dd2176587f - - default default] Successfully bumped revision number for resource 0f6b371e-0ea4-4f57-a296-3f6a7e79da65 (type: ports) to 1 [pid: 8|app: 0|req: 1257/2578] 10.0.0.6 () {34 vars in 662 bytes} [Wed May 13 23:15:34 2026] POST /v2.0/ports => generated 743 bytes in 336 msecs (HTTP/1.1 201) 4 headers in 162 bytes (1 switches on core 0) /var/lib/openstack/lib/python3.12/site-packages/pycadf/identifier.py:70: UserWarning: Invalid uuid: neutron. To ensure interoperability, identifiers should be a valid uuid. warnings.warn(('Invalid uuid: %s. To ensure interoperability, ' [pid: 9|app: 0|req: 1322/2579] 10.0.0.6 () {34 vars in 757 bytes} [Wed May 13 23:15:34 2026] PUT /v2.0/floatingips/1ce0d9b0-2195-41c3-835c-0a3f84fedaeb/tags => generated 25 bytes in 141 msecs (HTTP/1.1 200) 4 headers in 156 bytes (1 switches on core 0)
2026-05-13 23:15:35.163 9 INFO neutron.db.segments_db [None req-1606808f-b91d-460e-881e-346ffd3c2a64 f07a7736fe174067a67df15f9701bda2 ebe52a16ace54c95babc67dd2176587f - - default default] Added segment 0176816b-c721-45a1-a5b9-f5921edb3e17 of type geneve for network cce3628e-c687-4429-98b6-2f24f6c1589a [pid: 8|app: 0|req: 1258/2580] 10.0.0.6 () {32 vars in 738 bytes} [Wed May 13 23:15:35 2026] DELETE /v2.0/security-groups/5682b5d9-705a-4382-9f96-19bb0921958d => generated 0 bytes in 166 msecs (HTTP/1.1 204) 2 headers in 112 bytes (1 switches on core 0)
2026-05-13 23:15:35.221 8 WARNING tagging [None req-420c9d8e-fec1-43a0-94c0-71a992e047a5 13f3e919f3224260b1055701c98d4adb 74a8efb9a39f4aa88d098f36f2a7ddd6 - - default default] project_id key not found in request, using tenant_id instead. This support has been deprecated and will be removed in a future release. [pid: 8|app: 0|req: 1259/2581] 10.0.0.6 () {32 vars in 737 bytes} [Wed May 13 23:15:35 2026] GET /v2.0/floatingips/1ce0d9b0-2195-41c3-835c-0a3f84fedaeb/tags => generated 25 bytes in 36 msecs (HTTP/1.1 200) 4 headers in 156 bytes (1 switches on core 0)
2026-05-13 23:15:35.263 8 WARNING tagging [None req-58cdf302-4b07-4d8c-be8f-3596921c0b9a 13f3e919f3224260b1055701c98d4adb 74a8efb9a39f4aa88d098f36f2a7ddd6 - - default default] project_id key not found in request, using tenant_id instead. This support has been deprecated and will be removed in a future release.
2026-05-13 23:15:35.269 9 INFO neutron.db.ovn_revision_numbers_db [None req-1606808f-b91d-460e-881e-346ffd3c2a64 f07a7736fe174067a67df15f9701bda2 ebe52a16ace54c95babc67dd2176587f - - default default] Successfully bumped revision number for resource cce3628e-c687-4429-98b6-2f24f6c1589a (type: networks) to 1 [pid: 8|app: 0|req: 1260/2582] 10.0.0.6 () {34 vars in 768 bytes} [Wed May 13 23:15:35 2026] PUT /v2.0/floatingips/1ce0d9b0-2195-41c3-835c-0a3f84fedaeb/tags/green => generated 4 bytes in 64 msecs (HTTP/1.1 201) 4 headers in 160 bytes (1 switches on core 0)
2026-05-13 23:15:35.328 8 WARNING tagging [None req-0f32c16c-72f1-427d-963c-8b690f3d9c3a 13f3e919f3224260b1055701c98d4adb 74a8efb9a39f4aa88d098f36f2a7ddd6 - - default default] project_id key not found in request, using tenant_id instead. This support has been deprecated and will be removed in a future release. [pid: 8|app: 0|req: 1261/2583] 10.0.0.6 () {32 vars in 737 bytes} [Wed May 13 23:15:35 2026] GET /v2.0/floatingips/1ce0d9b0-2195-41c3-835c-0a3f84fedaeb/tags => generated 34 bytes in 34 msecs (HTTP/1.1 200) 4 headers in 156 bytes (1 switches on core 0)
2026-05-13 23:15:35.373 8 WARNING tagging [None req-b549ee21-3fee-4900-932f-cbb793cd14db 13f3e919f3224260b1055701c98d4adb 74a8efb9a39f4aa88d098f36f2a7ddd6 - - default default] project_id key not found in request, using tenant_id instead. This support has been deprecated and will be removed in a future release. [pid: 8|app: 0|req: 1262/2584] 10.0.0.6 () {34 vars in 764 bytes} [Wed May 13 23:15:35 2026] PUT /v2.0/floatingips/1ce0d9b0-2195-41c3-835c-0a3f84fedaeb/tags/red => generated 4 bytes in 52 msecs (HTTP/1.1 201) 4 headers in 160 bytes (1 switches on core 0)
2026-05-13 23:15:35.429 8 WARNING tagging [None req-208d5159-12e4-4e05-9051-bda1aee5d18a 13f3e919f3224260b1055701c98d4adb 74a8efb9a39f4aa88d098f36f2a7ddd6 - - default default] project_id key not found in request, using tenant_id instead. This support has been deprecated and will be removed in a future release. [pid: 8|app: 0|req: 1263/2585] 10.0.0.6 () {32 vars in 737 bytes} [Wed May 13 23:15:35 2026] GET /v2.0/floatingips/1ce0d9b0-2195-41c3-835c-0a3f84fedaeb/tags => generated 34 bytes in 44 msecs (HTTP/1.1 200) 4 headers in 156 bytes (1 switches on core 0)
2026-05-13 23:15:35.476 8 WARNING tagging [None req-10560e6b-70a0-47a6-9e53-543f52eb3cf8 13f3e919f3224260b1055701c98d4adb 74a8efb9a39f4aa88d098f36f2a7ddd6 - - default default] project_id key not found in request, using tenant_id instead. This support has been deprecated and will be removed in a future release.
2026-05-13 23:15:35.480 9 WARNING neutron.scheduler.dhcp_agent_scheduler [None req-1606808f-b91d-460e-881e-346ffd3c2a64 f07a7736fe174067a67df15f9701bda2 ebe52a16ace54c95babc67dd2176587f - - default default] No more DHCP agents
2026-05-13 23:15:35.481 9 WARNING neutron.api.rpc.agentnotifiers.dhcp_rpc_agent_api [None req-1606808f-b91d-460e-881e-346ffd3c2a64 f07a7736fe174067a67df15f9701bda2 ebe52a16ace54c95babc67dd2176587f - - default default] Unable to schedule network cce3628e-c687-4429-98b6-2f24f6c1589a: no agents available; will retry on subsequent port and subnet creation events.
2026-05-13 23:15:35.521 9 INFO neutron.plugins.ml2.drivers.ovn.mech_driver.mech_driver [None req-4431f79a-39e8-4894-9edd-eb0ae332e8a3 - - - - - -] OVN reports status down for port: 18f0ab84-4c6d-46ca-8287-e73613b1e62c [pid: 8|app: 0|req: 1264/2586] 10.0.0.6 () {34 vars in 786 bytes} [Wed May 13 23:15:35 2026] PUT /v2.0/floatingips/1ce0d9b0-2195-41c3-835c-0a3f84fedaeb/tags/black.or.white => generated 4 bytes in 83 msecs (HTTP/1.1 201) 4 headers in 160 bytes (1 switches on core 0)
2026-05-13 23:15:35.562 8 WARNING tagging [None req-f177fec0-ad3f-4a35-a370-e931e82bb688 13f3e919f3224260b1055701c98d4adb 74a8efb9a39f4aa88d098f36f2a7ddd6 - - default default] project_id key not found in request, using tenant_id instead. This support has been deprecated and will be removed in a future release.
2026-05-13 23:15:35.566 9 INFO neutron.db.ovn_revision_numbers_db [None req-1606808f-b91d-460e-881e-346ffd3c2a64 f07a7736fe174067a67df15f9701bda2 ebe52a16ace54c95babc67dd2176587f - - default default] Successfully bumped revision number for resource 18f0ab84-4c6d-46ca-8287-e73613b1e62c (type: ports) to 1 [pid: 8|app: 0|req: 1265/2587] 10.0.0.6 () {32 vars in 737 bytes} [Wed May 13 23:15:35 2026] GET /v2.0/floatingips/1ce0d9b0-2195-41c3-835c-0a3f84fedaeb/tags => generated 52 bytes in 37 msecs (HTTP/1.1 200) 4 headers in 156 bytes (1 switches on core 0) [pid: 9|app: 0|req: 1323/2588] 10.0.0.6 () {34 vars in 668 bytes} [Wed May 13 23:15:35 2026] POST /v2.0/networks => generated 669 bytes in 551 msecs (HTTP/1.1 201) 4 headers in 162 bytes (1 switches on core 0)
2026-05-13 23:15:35.603 8 WARNING tagging [None req-a3e10f80-96d2-4073-a9dc-218f3ea1c322 13f3e919f3224260b1055701c98d4adb 74a8efb9a39f4aa88d098f36f2a7ddd6 - - default default] project_id key not found in request, using tenant_id instead. This support has been deprecated and will be removed in a future release. [pid: 8|app: 0|req: 1266/2589] 10.0.0.6 () {34 vars in 757 bytes} [Wed May 13 23:15:35 2026] PUT /v2.0/floatingips/1ce0d9b0-2195-41c3-835c-0a3f84fedaeb/tags => generated 37 bytes in 50 msecs (HTTP/1.1 200) 4 headers in 156 bytes (1 switches on core 0)
2026-05-13 23:15:35.654 8 WARNING tagging [None req-bdd5fb91-dd5e-40c2-bd65-bd8070189fda 13f3e919f3224260b1055701c98d4adb 74a8efb9a39f4aa88d098f36f2a7ddd6 - - default default] project_id key not found in request, using tenant_id instead. This support has been deprecated and will be removed in a future release. [pid: 8|app: 0|req: 1267/2590] 10.0.0.6 () {32 vars in 737 bytes} [Wed May 13 23:15:35 2026] GET /v2.0/floatingips/1ce0d9b0-2195-41c3-835c-0a3f84fedaeb/tags => generated 37 bytes in 31 msecs (HTTP/1.1 200) 4 headers in 156 bytes (1 switches on core 0)
2026-05-13 23:15:35.690 8 WARNING tagging [None req-09a31fb4-d141-4104-80d9-84ec11dae1cb 13f3e919f3224260b1055701c98d4adb 74a8efb9a39f4aa88d098f36f2a7ddd6 - - default default] project_id key not found in request, using tenant_id instead. This support has been deprecated and will be removed in a future release. [pid: 8|app: 0|req: 1268/2591] 10.0.0.6 () {32 vars in 745 bytes} [Wed May 13 23:15:35 2026] GET /v2.0/floatingips/1ce0d9b0-2195-41c3-835c-0a3f84fedaeb/tags/red => generated 0 bytes in 32 msecs (HTTP/1.1 204) 2 headers in 112 bytes (1 switches on core 0)
2026-05-13 23:15:35.723 8 WARNING tagging [None req-b47322ae-e580-44f3-8654-1ffe111a0796 13f3e919f3224260b1055701c98d4adb 74a8efb9a39f4aa88d098f36f2a7ddd6 - - default default] project_id key not found in request, using tenant_id instead. This support has been deprecated and will be removed in a future release.
2026-05-13 23:15:35.737 8 INFO neutron.api.v2.resource [None req-b47322ae-e580-44f3-8654-1ffe111a0796 13f3e919f3224260b1055701c98d4adb 74a8efb9a39f4aa88d098f36f2a7ddd6 - - default default] show failed (client error): The resource could not be found. [pid: 8|app: 0|req: 1269/2592] 10.0.0.6 () {32 vars in 749 bytes} [Wed May 13 23:15:35 2026] GET /v2.0/floatingips/1ce0d9b0-2195-41c3-835c-0a3f84fedaeb/tags/green => generated 99 bytes in 31 msecs (HTTP/1.1 404) 4 headers in 163 bytes (1 switches on core 0)
2026-05-13 23:15:35.761 8 WARNING tagging [None req-4802b173-44e5-4fc9-b62d-a50a7ce430e2 13f3e919f3224260b1055701c98d4adb 74a8efb9a39f4aa88d098f36f2a7ddd6 - - default default] project_id key not found in request, using tenant_id instead. This support has been deprecated and will be removed in a future release.
2026-05-13 23:15:35.782 9 WARNING neutron.scheduler.dhcp_agent_scheduler [None req-1ea7c086-d99a-4b84-bb4b-eae833e6be96 f07a7736fe174067a67df15f9701bda2 ebe52a16ace54c95babc67dd2176587f - - default default] No more DHCP agents
2026-05-13 23:15:35.784 9 WARNING neutron.api.rpc.agentnotifiers.dhcp_rpc_agent_api [None req-1ea7c086-d99a-4b84-bb4b-eae833e6be96 f07a7736fe174067a67df15f9701bda2 ebe52a16ace54c95babc67dd2176587f - - default default] Unable to schedule network cce3628e-c687-4429-98b6-2f24f6c1589a: no agents available; will retry on subsequent port and subnet creation events. [pid: 8|app: 0|req: 1270/2593] 10.0.0.6 () {32 vars in 748 bytes} [Wed May 13 23:15:35 2026] DELETE /v2.0/floatingips/1ce0d9b0-2195-41c3-835c-0a3f84fedaeb/tags/red => generated 0 bytes in 44 msecs (HTTP/1.1 204) 2 headers in 112 bytes (1 switches on core 0)
2026-05-13 23:15:35.810 8 WARNING tagging [None req-ae397706-9966-45b3-b044-2595c22dc96e 13f3e919f3224260b1055701c98d4adb 74a8efb9a39f4aa88d098f36f2a7ddd6 - - default default] project_id key not found in request, using tenant_id instead. This support has been deprecated and will be removed in a future release. [pid: 8|app: 0|req: 1271/2594] 10.0.0.6 () {32 vars in 737 bytes} [Wed May 13 23:15:35 2026] GET /v2.0/floatingips/1ce0d9b0-2195-41c3-835c-0a3f84fedaeb/tags => generated 30 bytes in 48 msecs (HTTP/1.1 200) 4 headers in 156 bytes (1 switches on core 0)
2026-05-13 23:15:35.842 8 INFO neutron.plugins.ml2.drivers.ovn.mech_driver.mech_driver [None req-521573c5-e107-419e-b5e1-3ddf290db490 - - - - - -] OVN reports status down for port: f75c21b8-67fe-4c61-a9b3-9e2245b5f01b
2026-05-13 23:15:35.869 9 INFO neutron.db.ovn_revision_numbers_db [None req-1ea7c086-d99a-4b84-bb4b-eae833e6be96 f07a7736fe174067a67df15f9701bda2 ebe52a16ace54c95babc67dd2176587f - - default default] Successfully bumped revision number for resource f75c21b8-67fe-4c61-a9b3-9e2245b5f01b (type: ports) to 1
2026-05-13 23:15:35.889 8 WARNING tagging [None req-c6f4a789-661e-4521-906c-72f7f9a87950 13f3e919f3224260b1055701c98d4adb 74a8efb9a39f4aa88d098f36f2a7ddd6 - - default default] project_id key not found in request, using tenant_id instead. This support has been deprecated and will be removed in a future release.
2026-05-13 23:15:35.924 8 INFO neutron.api.v2.resource [None req-c6f4a789-661e-4521-906c-72f7f9a87950 13f3e919f3224260b1055701c98d4adb 74a8efb9a39f4aa88d098f36f2a7ddd6 - - default default] delete failed (client error): The resource could not be found. [pid: 8|app: 0|req: 1272/2595] 10.0.0.6 () {32 vars in 752 bytes} [Wed May 13 23:15:35 2026] DELETE /v2.0/floatingips/1ce0d9b0-2195-41c3-835c-0a3f84fedaeb/tags/green => generated 99 bytes in 84 msecs (HTTP/1.1 404) 4 headers in 163 bytes (1 switches on core 0) [pid: 9|app: 0|req: 1324/2596] 10.0.0.6 () {34 vars in 662 bytes} [Wed May 13 23:15:35 2026] POST /v2.0/ports => generated 743 bytes in 328 msecs (HTTP/1.1 201) 4 headers in 162 bytes (1 switches on core 0) /var/lib/openstack/lib/python3.12/site-packages/pycadf/identifier.py:70: UserWarning: Invalid uuid: neutron. To ensure interoperability, identifiers should be a valid uuid. warnings.warn(('Invalid uuid: %s. To ensure interoperability, '
2026-05-13 23:15:35.975 8 WARNING tagging [None req-bd78f08b-bfa6-4d6e-9362-88374415a4c4 13f3e919f3224260b1055701c98d4adb 74a8efb9a39f4aa88d098f36f2a7ddd6 - - default default] project_id key not found in request, using tenant_id instead. This support has been deprecated and will be removed in a future release. [pid: 8|app: 0|req: 1273/2597] 10.0.0.6 () {32 vars in 740 bytes} [Wed May 13 23:15:35 2026] DELETE /v2.0/floatingips/1ce0d9b0-2195-41c3-835c-0a3f84fedaeb/tags => generated 0 bytes in 82 msecs (HTTP/1.1 204) 2 headers in 112 bytes (1 switches on core 0)
2026-05-13 23:15:36.024 9 INFO neutron.db.segments_db [None req-87a82986-05b8-47c1-9842-4a69946b44da f07a7736fe174067a67df15f9701bda2 ebe52a16ace54c95babc67dd2176587f - - default default] Added segment 1d83aea6-6a00-492f-975e-03724a87b43b of type geneve for network 49149d31-9dc5-416c-865b-378b5b351c78
2026-05-13 23:15:36.035 8 WARNING tagging [None req-031b2ac2-3e2d-4da8-8e02-fccf325254db 13f3e919f3224260b1055701c98d4adb 74a8efb9a39f4aa88d098f36f2a7ddd6 - - default default] project_id key not found in request, using tenant_id instead. This support has been deprecated and will be removed in a future release. [pid: 8|app: 0|req: 1274/2598] 10.0.0.6 () {32 vars in 737 bytes} [Wed May 13 23:15:36 2026] GET /v2.0/floatingips/1ce0d9b0-2195-41c3-835c-0a3f84fedaeb/tags => generated 12 bytes in 34 msecs (HTTP/1.1 200) 4 headers in 156 bytes (1 switches on core 0)
2026-05-13 23:15:36.125 9 INFO neutron.db.ovn_revision_numbers_db [None req-87a82986-05b8-47c1-9842-4a69946b44da f07a7736fe174067a67df15f9701bda2 ebe52a16ace54c95babc67dd2176587f - - default default] Successfully bumped revision number for resource 49149d31-9dc5-416c-865b-378b5b351c78 (type: networks) to 1
2026-05-13 23:15:36.161 8 INFO neutron_taas.services.taas.taas_plugin [None req-66765991-6534-47c9-ab94-1a93eb2f2fcf 13f3e919f3224260b1055701c98d4adb 74a8efb9a39f4aa88d098f36f2a7ddd6 - - default default] TaaS: Handle Delete Port: c2d73cb5-85f2-41bc-9807-82c274187124
2026-05-13 23:15:36.164 8 INFO neutron_taas.services.taas.tap_mirror_plugin [None req-66765991-6534-47c9-ab94-1a93eb2f2fcf 13f3e919f3224260b1055701c98d4adb 74a8efb9a39f4aa88d098f36f2a7ddd6 - - default default] Tap Mirror: Handle Delete Port: c2d73cb5-85f2-41bc-9807-82c274187124
2026-05-13 23:15:36.278 9 WARNING neutron.scheduler.dhcp_agent_scheduler [None req-87a82986-05b8-47c1-9842-4a69946b44da f07a7736fe174067a67df15f9701bda2 ebe52a16ace54c95babc67dd2176587f - - default default] No more DHCP agents
2026-05-13 23:15:36.280 9 WARNING neutron.api.rpc.agentnotifiers.dhcp_rpc_agent_api [None req-87a82986-05b8-47c1-9842-4a69946b44da f07a7736fe174067a67df15f9701bda2 ebe52a16ace54c95babc67dd2176587f - - default default] Unable to schedule network 49149d31-9dc5-416c-865b-378b5b351c78: no agents available; will retry on subsequent port and subnet creation events. [pid: 8|app: 0|req: 1275/2599] 10.0.0.6 () {32 vars in 730 bytes} [Wed May 13 23:15:36 2026] DELETE /v2.0/floatingips/1ce0d9b0-2195-41c3-835c-0a3f84fedaeb => generated 0 bytes in 277 msecs (HTTP/1.1 204) 2 headers in 112 bytes (1 switches on core 0)
2026-05-13 23:15:36.332 8 INFO neutron.plugins.ml2.drivers.ovn.mech_driver.mech_driver [None req-521573c5-e107-419e-b5e1-3ddf290db490 - - - - - -] OVN reports status down for port: 3910c4a8-980e-41f7-8d41-7d8ea0e8d3a6
2026-05-13 23:15:36.352 9 INFO neutron.db.ovn_revision_numbers_db [None req-87a82986-05b8-47c1-9842-4a69946b44da f07a7736fe174067a67df15f9701bda2 ebe52a16ace54c95babc67dd2176587f - - default default] Successfully bumped revision number for resource 3910c4a8-980e-41f7-8d41-7d8ea0e8d3a6 (type: ports) to 1 [pid: 9|app: 0|req: 1325/2600] 10.0.0.6 () {34 vars in 668 bytes} [Wed May 13 23:15:35 2026] POST /v2.0/networks => generated 669 bytes in 436 msecs (HTTP/1.1 201) 4 headers in 162 bytes (1 switches on core 0)
2026-05-13 23:15:36.596 8 WARNING neutron.scheduler.dhcp_agent_scheduler [None req-685842d3-08ab-4f12-bdba-26a06f6bf1f0 f07a7736fe174067a67df15f9701bda2 ebe52a16ace54c95babc67dd2176587f - - default default] No more DHCP agents
2026-05-13 23:15:36.597 8 WARNING neutron.api.rpc.agentnotifiers.dhcp_rpc_agent_api [None req-685842d3-08ab-4f12-bdba-26a06f6bf1f0 f07a7736fe174067a67df15f9701bda2 ebe52a16ace54c95babc67dd2176587f - - default default] Unable to schedule network 49149d31-9dc5-416c-865b-378b5b351c78: no agents available; will retry on subsequent port and subnet creation events.
2026-05-13 23:15:36.642 8 INFO neutron.plugins.ml2.drivers.ovn.mech_driver.mech_driver [None req-521573c5-e107-419e-b5e1-3ddf290db490 - - - - - -] OVN reports status down for port: 16008f35-b798-4856-9a8a-4a5e871492ed
2026-05-13 23:15:36.693 8 INFO neutron.db.ovn_revision_numbers_db [None req-685842d3-08ab-4f12-bdba-26a06f6bf1f0 f07a7736fe174067a67df15f9701bda2 ebe52a16ace54c95babc67dd2176587f - - default default] Successfully bumped revision number for resource 16008f35-b798-4856-9a8a-4a5e871492ed (type: ports) to 1 [pid: 8|app: 0|req: 1276/2601] 10.0.0.6 () {34 vars in 662 bytes} [Wed May 13 23:15:36 2026] POST /v2.0/ports => generated 743 bytes in 382 msecs (HTTP/1.1 201) 4 headers in 162 bytes (1 switches on core 0) [pid: 9|app: 0|req: 1326/2602] 10.0.0.6 () {34 vars in 745 bytes} [Wed May 13 23:15:36 2026] PUT /v2.0/ports/5e849d7f-75c5-410a-a7d4-8d3d6e77a260/tags => generated 17 bytes in 58 msecs (HTTP/1.1 200) 4 headers in 156 bytes (1 switches on core 0) /var/lib/openstack/lib/python3.12/site-packages/pycadf/identifier.py:70: UserWarning: Invalid uuid: neutron. To ensure interoperability, identifiers should be a valid uuid. warnings.warn(('Invalid uuid: %s. To ensure interoperability, ' [pid: 8|app: 0|req: 1277/2603] 10.0.0.6 () {34 vars in 745 bytes} [Wed May 13 23:15:36 2026] PUT /v2.0/ports/bf5b197e-9d23-464d-9165-9673a6784c4a/tags => generated 25 bytes in 54 msecs (HTTP/1.1 200) 4 headers in 156 bytes (1 switches on core 0) /var/lib/openstack/lib/python3.12/site-packages/pycadf/identifier.py:70: UserWarning: Invalid uuid: neutron. To ensure interoperability, identifiers should be a valid uuid. warnings.warn(('Invalid uuid: %s. To ensure interoperability, ' [pid: 9|app: 0|req: 1327/2604] 10.0.0.6 () {34 vars in 745 bytes} [Wed May 13 23:15:36 2026] PUT /v2.0/ports/0f6b371e-0ea4-4f57-a296-3f6a7e79da65/tags => generated 34 bytes in 67 msecs (HTTP/1.1 200) 4 headers in 156 bytes (1 switches on core 0) /var/lib/openstack/lib/python3.12/site-packages/pycadf/identifier.py:70: UserWarning: Invalid uuid: neutron. To ensure interoperability, identifiers should be a valid uuid. warnings.warn(('Invalid uuid: %s. To ensure interoperability, ' [pid: 9|app: 0|req: 1328/2605] 10.0.0.6 () {34 vars in 745 bytes} [Wed May 13 23:15:36 2026] PUT /v2.0/ports/f75c21b8-67fe-4c61-a9b3-9e2245b5f01b/tags => generated 19 bytes in 54 msecs (HTTP/1.1 200) 4 headers in 156 bytes (1 switches on core 0) /var/lib/openstack/lib/python3.12/site-packages/pycadf/identifier.py:70: UserWarning: Invalid uuid: neutron. To ensure interoperability, identifiers should be a valid uuid. warnings.warn(('Invalid uuid: %s. To ensure interoperability, ' /var/lib/openstack/lib/python3.12/site-packages/pycadf/identifier.py:70: UserWarning: Invalid uuid: neutron. To ensure interoperability, identifiers should be a valid uuid. warnings.warn(('Invalid uuid: %s. To ensure interoperability, '
2026-05-13 23:15:37.070 8 WARNING neutron.db.securitygroups_db [None req-a27783c2-1b23-463c-b23f-4b1fedcfdb50 453cc100c4d54207bd18d719c7827abd fa14a2ac2af14a52a3cc17274dfe2494 - - default default] project_id key not found in filters, using tenant_id instead. This support has been deprecated and will be removed in a future release.
2026-05-13 23:15:37.168 8 INFO neutron.db.ovn_revision_numbers_db [None req-a27783c2-1b23-463c-b23f-4b1fedcfdb50 453cc100c4d54207bd18d719c7827abd fa14a2ac2af14a52a3cc17274dfe2494 - - default default] Successfully bumped revision number for resource 7cab5ba6-7e7b-4ade-96e8-99671a3517b2 (type: security_groups) to 1
2026-05-13 23:15:37.178 8 INFO neutron.db.ovn_revision_numbers_db [None req-a27783c2-1b23-463c-b23f-4b1fedcfdb50 453cc100c4d54207bd18d719c7827abd fa14a2ac2af14a52a3cc17274dfe2494 - - default default] Successfully bumped revision number for resource 08de384f-68bd-4087-893e-b081557c54ea (type: security_group_rules) to 0 [pid: 9|app: 0|req: 1329/2606] 10.0.0.6 () {32 vars in 658 bytes} [Wed May 13 23:15:37 2026] GET /v2.0/ports?tags=red => generated 2253 bytes in 158 msecs (HTTP/1.1 200) 4 headers in 158 bytes (1 switches on core 0)
2026-05-13 23:15:37.189 8 INFO neutron.db.ovn_revision_numbers_db [None req-a27783c2-1b23-463c-b23f-4b1fedcfdb50 453cc100c4d54207bd18d719c7827abd fa14a2ac2af14a52a3cc17274dfe2494 - - default default] Successfully bumped revision number for resource 57181faf-4039-4a3d-b6fb-a0c25783b68a (type: security_group_rules) to 0
2026-05-13 23:15:37.198 8 INFO neutron.db.ovn_revision_numbers_db [None req-a27783c2-1b23-463c-b23f-4b1fedcfdb50 453cc100c4d54207bd18d719c7827abd fa14a2ac2af14a52a3cc17274dfe2494 - - default default] Successfully bumped revision number for resource 6835dc30-ed82-4cfd-ba82-3961a83d9be3 (type: security_group_rules) to 0
2026-05-13 23:15:37.209 8 INFO neutron.db.ovn_revision_numbers_db [None req-a27783c2-1b23-463c-b23f-4b1fedcfdb50 453cc100c4d54207bd18d719c7827abd fa14a2ac2af14a52a3cc17274dfe2494 - - default default] Successfully bumped revision number for resource a3643c0e-754b-44f0-915b-6a015a3e4317 (type: security_group_rules) to 0 [pid: 8|app: 0|req: 1278/2607] 10.0.0.6 () {32 vars in 772 bytes} [Wed May 13 23:15:36 2026] GET /v2.0/security-groups?tenant_id=74a8efb9a39f4aa88d098f36f2a7ddd6&name=default => generated 2929 bytes in 357 msecs (HTTP/1.1 200) 4 headers in 158 bytes (1 switches on core 0) [pid: 9|app: 0|req: 1330/2608] 10.0.0.6 () {32 vars in 672 bytes} [Wed May 13 23:15:37 2026] GET /v2.0/ports?tags=red%2Cblue => generated 1513 bytes in 64 msecs (HTTP/1.1 200) 4 headers in 158 bytes (1 switches on core 0) [pid: 9|app: 0|req: 1331/2609] 10.0.0.6 () {32 vars in 668 bytes} [Wed May 13 23:15:37 2026] GET /v2.0/ports?tags-any=blue => generated 1513 bytes in 57 msecs (HTTP/1.1 200) 4 headers in 158 bytes (1 switches on core 0) [pid: 9|app: 0|req: 1332/2610] 10.0.0.6 () {32 vars in 680 bytes} [Wed May 13 23:15:37 2026] GET /v2.0/ports?tags-any=red%2Cblue => generated 2253 bytes in 43 msecs (HTTP/1.1 200) 4 headers in 158 bytes (1 switches on core 0) [pid: 8|app: 0|req: 1279/2611] 10.0.0.6 () {32 vars in 738 bytes} [Wed May 13 23:15:37 2026] DELETE /v2.0/security-groups/7cab5ba6-7e7b-4ade-96e8-99671a3517b2 => generated 0 bytes in 157 msecs (HTTP/1.1 204) 2 headers in 112 bytes (1 switches on core 0) [pid: 9|app: 0|req: 1333/2612] 10.0.0.6 () {32 vars in 666 bytes} [Wed May 13 23:15:37 2026] GET /v2.0/ports?not-tags=red => generated 5268 bytes in 122 msecs (HTTP/1.1 200) 4 headers in 158 bytes (1 switches on core 0)
2026-05-13 23:15:37.513 9 WARNING neutron.db.securitygroups_db [None req-0bd04e6c-8406-4abf-a9a4-927af750e7fd 453cc100c4d54207bd18d719c7827abd fa14a2ac2af14a52a3cc17274dfe2494 - - default default] project_id key not found in filters, using tenant_id instead. This support has been deprecated and will be removed in a future release. [pid: 8|app: 0|req: 1280/2613] 10.0.0.6 () {32 vars in 680 bytes} [Wed May 13 23:15:37 2026] GET /v2.0/ports?not-tags=red%2Cblue => generated 6008 bytes in 143 msecs (HTTP/1.1 200) 4 headers in 158 bytes (1 switches on core 0)
2026-05-13 23:15:37.635 9 INFO neutron.db.ovn_revision_numbers_db [None req-0bd04e6c-8406-4abf-a9a4-927af750e7fd 453cc100c4d54207bd18d719c7827abd fa14a2ac2af14a52a3cc17274dfe2494 - - default default] Successfully bumped revision number for resource d8cfaf60-6c7f-4082-bf4a-546ceebfcd73 (type: security_groups) to 1
2026-05-13 23:15:37.649 9 INFO neutron.db.ovn_revision_numbers_db [None req-0bd04e6c-8406-4abf-a9a4-927af750e7fd 453cc100c4d54207bd18d719c7827abd fa14a2ac2af14a52a3cc17274dfe2494 - - default default] Successfully bumped revision number for resource 0243b502-0595-4726-9f8e-a9114e6a92cc (type: security_group_rules) to 0
2026-05-13 23:15:37.678 9 INFO neutron.db.ovn_revision_numbers_db [None req-0bd04e6c-8406-4abf-a9a4-927af750e7fd 453cc100c4d54207bd18d719c7827abd fa14a2ac2af14a52a3cc17274dfe2494 - - default default] Successfully bumped revision number for resource 1ac3c19f-613c-48d1-ab7f-ee92b66561fc (type: security_group_rules) to 0
2026-05-13 23:15:37.688 9 INFO neutron.db.ovn_revision_numbers_db [None req-0bd04e6c-8406-4abf-a9a4-927af750e7fd 453cc100c4d54207bd18d719c7827abd fa14a2ac2af14a52a3cc17274dfe2494 - - default default] Successfully bumped revision number for resource 935ae5d4-126c-4bd8-932b-9b57d78fbe2f (type: security_group_rules) to 0
2026-05-13 23:15:37.700 9 INFO neutron.db.ovn_revision_numbers_db [None req-0bd04e6c-8406-4abf-a9a4-927af750e7fd 453cc100c4d54207bd18d719c7827abd fa14a2ac2af14a52a3cc17274dfe2494 - - default default] Successfully bumped revision number for resource fbe4b142-e589-4e8b-8c78-c41bb0b3197a (type: security_group_rules) to 0 [pid: 9|app: 0|req: 1334/2614] 10.0.0.6 () {32 vars in 772 bytes} [Wed May 13 23:15:37 2026] GET /v2.0/security-groups?tenant_id=901c3857910d46e6a59702a300c8056a&name=default => generated 2929 bytes in 236 msecs (HTTP/1.1 200) 4 headers in 158 bytes (1 switches on core 0) [pid: 8|app: 0|req: 1281/2615] 10.0.0.6 () {32 vars in 676 bytes} [Wed May 13 23:15:37 2026] GET /v2.0/ports?not-tags-any=blue => generated 6008 bytes in 126 msecs (HTTP/1.1 200) 4 headers in 158 bytes (1 switches on core 0) [pid: 8|app: 0|req: 1282/2616] 10.0.0.6 () {32 vars in 688 bytes} [Wed May 13 23:15:37 2026] GET /v2.0/ports?not-tags-any=red%2Cblue => generated 5268 bytes in 64 msecs (HTTP/1.1 200) 4 headers in 158 bytes (1 switches on core 0) [pid: 9|app: 0|req: 1335/2617] 10.0.0.6 () {32 vars in 738 bytes} [Wed May 13 23:15:37 2026] DELETE /v2.0/security-groups/d8cfaf60-6c7f-4082-bf4a-546ceebfcd73 => generated 0 bytes in 128 msecs (HTTP/1.1 204) 2 headers in 112 bytes (1 switches on core 0)
2026-05-13 23:15:37.967 8 INFO neutron_taas.services.taas.taas_plugin [None req-fe9a5236-42e0-4e9d-8145-4903e530a5a2 f07a7736fe174067a67df15f9701bda2 ebe52a16ace54c95babc67dd2176587f - - default default] TaaS: Handle Delete Port: 5e849d7f-75c5-410a-a7d4-8d3d6e77a260
2026-05-13 23:15:37.970 8 INFO neutron_taas.services.taas.tap_mirror_plugin [None req-fe9a5236-42e0-4e9d-8145-4903e530a5a2 f07a7736fe174067a67df15f9701bda2 ebe52a16ace54c95babc67dd2176587f - - default default] Tap Mirror: Handle Delete Port: 5e849d7f-75c5-410a-a7d4-8d3d6e77a260 [pid: 8|app: 0|req: 1283/2618] 10.0.0.6 () {32 vars in 718 bytes} [Wed May 13 23:15:37 2026] DELETE /v2.0/ports/5e849d7f-75c5-410a-a7d4-8d3d6e77a260 => generated 0 bytes in 268 msecs (HTTP/1.1 204) 3 headers in 131 bytes (1 switches on core 0)
2026-05-13 23:15:38.224 9 INFO neutron_taas.services.taas.taas_plugin [None req-5064ba92-c672-4999-a1d2-da99a3dabab0 f07a7736fe174067a67df15f9701bda2 ebe52a16ace54c95babc67dd2176587f - - default default] TaaS: Handle Delete Port: bf5b197e-9d23-464d-9165-9673a6784c4a
2026-05-13 23:15:38.227 9 INFO neutron_taas.services.taas.tap_mirror_plugin [None req-5064ba92-c672-4999-a1d2-da99a3dabab0 f07a7736fe174067a67df15f9701bda2 ebe52a16ace54c95babc67dd2176587f - - default default] Tap Mirror: Handle Delete Port: bf5b197e-9d23-464d-9165-9673a6784c4a [pid: 9|app: 0|req: 1336/2619] 10.0.0.6 () {32 vars in 718 bytes} [Wed May 13 23:15:38 2026] DELETE /v2.0/ports/bf5b197e-9d23-464d-9165-9673a6784c4a => generated 0 bytes in 213 msecs (HTTP/1.1 204) 3 headers in 131 bytes (1 switches on core 0)
2026-05-13 23:15:38.445 9 INFO neutron_taas.services.taas.taas_plugin [None req-9cb16fc8-1a1f-4be7-94a5-3a67dcbeb7b7 f07a7736fe174067a67df15f9701bda2 ebe52a16ace54c95babc67dd2176587f - - default default] TaaS: Handle Delete Port: 0f6b371e-0ea4-4f57-a296-3f6a7e79da65
2026-05-13 23:15:38.447 9 INFO neutron_taas.services.taas.tap_mirror_plugin [None req-9cb16fc8-1a1f-4be7-94a5-3a67dcbeb7b7 f07a7736fe174067a67df15f9701bda2 ebe52a16ace54c95babc67dd2176587f - - default default] Tap Mirror: Handle Delete Port: 0f6b371e-0ea4-4f57-a296-3f6a7e79da65 [pid: 9|app: 0|req: 1337/2620] 10.0.0.6 () {32 vars in 718 bytes} [Wed May 13 23:15:38 2026] DELETE /v2.0/ports/0f6b371e-0ea4-4f57-a296-3f6a7e79da65 => generated 0 bytes in 214 msecs (HTTP/1.1 204) 3 headers in 131 bytes (1 switches on core 0)
2026-05-13 23:15:38.595 8 INFO neutron.db.ovn_revision_numbers_db [None req-942ef545-e775-4a72-a6ca-c3d96417657f 30eeb0360b9c430db6842eff5f4c4274 701193b60d684298addd9f5e2166344b - - default default] Successfully bumped revision number for resource 4d8d566d-9940-405c-9832-e97ac5e2bcd2 (type: security_groups) to 1
2026-05-13 23:15:38.610 8 INFO neutron.db.ovn_revision_numbers_db [None req-942ef545-e775-4a72-a6ca-c3d96417657f 30eeb0360b9c430db6842eff5f4c4274 701193b60d684298addd9f5e2166344b - - default default] Successfully bumped revision number for resource 0b79b19a-d167-4fd9-a929-1acf928f981e (type: security_group_rules) to 0
2026-05-13 23:15:38.625 8 INFO neutron.db.ovn_revision_numbers_db [None req-942ef545-e775-4a72-a6ca-c3d96417657f 30eeb0360b9c430db6842eff5f4c4274 701193b60d684298addd9f5e2166344b - - default default] Successfully bumped revision number for resource 45a97f1d-e0cd-43a8-bf1d-cc5379bcc6d6 (type: security_group_rules) to 0
2026-05-13 23:15:38.638 8 INFO neutron.db.ovn_revision_numbers_db [None req-942ef545-e775-4a72-a6ca-c3d96417657f 30eeb0360b9c430db6842eff5f4c4274 701193b60d684298addd9f5e2166344b - - default default] Successfully bumped revision number for resource ba2c27ed-dae5-4290-8ad1-b06c79870682 (type: security_group_rules) to 0
2026-05-13 23:15:38.650 8 INFO neutron.db.ovn_revision_numbers_db [None req-942ef545-e775-4a72-a6ca-c3d96417657f 30eeb0360b9c430db6842eff5f4c4274 701193b60d684298addd9f5e2166344b - - default default] Successfully bumped revision number for resource f7064dec-5f32-4b1e-b081-9296776a874b (type: security_group_rules) to 0
2026-05-13 23:15:38.663 9 INFO neutron_taas.services.taas.taas_plugin [None req-a746d0f3-023e-4106-97c9-681526ea0ecf f07a7736fe174067a67df15f9701bda2 ebe52a16ace54c95babc67dd2176587f - - default default] TaaS: Handle Delete Port: f75c21b8-67fe-4c61-a9b3-9e2245b5f01b
2026-05-13 23:15:38.666 9 INFO neutron_taas.services.taas.tap_mirror_plugin [None req-a746d0f3-023e-4106-97c9-681526ea0ecf f07a7736fe174067a67df15f9701bda2 ebe52a16ace54c95babc67dd2176587f - - default default] Tap Mirror: Handle Delete Port: f75c21b8-67fe-4c61-a9b3-9e2245b5f01b
2026-05-13 23:15:38.725 8 INFO neutron.db.segments_db [None req-942ef545-e775-4a72-a6ca-c3d96417657f 30eeb0360b9c430db6842eff5f4c4274 701193b60d684298addd9f5e2166344b - - default default] Added segment 7227c73c-4f39-42ec-8382-18cd0995915a of type geneve for network bac394db-952e-41f0-87ec-991f1c2de5ee [pid: 9|app: 0|req: 1340/2623] 10.0.0.6 () {32 vars in 718 bytes} [Wed May 13 23:15:38 2026] DELETE /v2.0/ports/f75c21b8-67fe-4c61-a9b3-9e2245b5f01b => generated 0 bytes in 206 msecs (HTTP/1.1 204) 3 headers in 131 bytes (1 switches on core 0)
2026-05-13 23:15:38.865 8 INFO neutron.db.ovn_revision_numbers_db [None req-942ef545-e775-4a72-a6ca-c3d96417657f 30eeb0360b9c430db6842eff5f4c4274 701193b60d684298addd9f5e2166344b - - default default] Successfully bumped revision number for resource bac394db-952e-41f0-87ec-991f1c2de5ee (type: networks) to 1
2026-05-13 23:15:38.898 9 INFO neutron_taas.services.taas.taas_plugin [None req-87dd593a-05f5-46ac-b81b-929740927573 f07a7736fe174067a67df15f9701bda2 ebe52a16ace54c95babc67dd2176587f - - default default] TaaS: Handle Delete Port: 16008f35-b798-4856-9a8a-4a5e871492ed
2026-05-13 23:15:38.902 9 INFO neutron_taas.services.taas.tap_mirror_plugin [None req-87dd593a-05f5-46ac-b81b-929740927573 f07a7736fe174067a67df15f9701bda2 ebe52a16ace54c95babc67dd2176587f - - default default] Tap Mirror: Handle Delete Port: 16008f35-b798-4856-9a8a-4a5e871492ed [pid: 9|app: 0|req: 1341/2624] 10.0.0.6 () {32 vars in 718 bytes} [Wed May 13 23:15:38 2026] DELETE /v2.0/ports/16008f35-b798-4856-9a8a-4a5e871492ed => generated 0 bytes in 270 msecs (HTTP/1.1 204) 3 headers in 131 bytes (1 switches on core 0)
2026-05-13 23:15:39.048 8 WARNING neutron.scheduler.dhcp_agent_scheduler [None req-942ef545-e775-4a72-a6ca-c3d96417657f 30eeb0360b9c430db6842eff5f4c4274 701193b60d684298addd9f5e2166344b - - default default] No more DHCP agents
2026-05-13 23:15:39.050 8 WARNING neutron.api.rpc.agentnotifiers.dhcp_rpc_agent_api [None req-942ef545-e775-4a72-a6ca-c3d96417657f 30eeb0360b9c430db6842eff5f4c4274 701193b60d684298addd9f5e2166344b - - default default] Unable to schedule network bac394db-952e-41f0-87ec-991f1c2de5ee: no agents available; will retry on subsequent port and subnet creation events.
2026-05-13 23:15:39.092 9 INFO neutron.plugins.ml2.drivers.ovn.mech_driver.mech_driver [None req-4431f79a-39e8-4894-9edd-eb0ae332e8a3 - - - - - -] OVN reports status down for port: a7d5318d-bfdf-4ab7-9695-d01d798c7836
2026-05-13 23:15:39.116 8 INFO neutron.db.ovn_revision_numbers_db [None req-942ef545-e775-4a72-a6ca-c3d96417657f 30eeb0360b9c430db6842eff5f4c4274 701193b60d684298addd9f5e2166344b - - default default] Successfully bumped revision number for resource a7d5318d-bfdf-4ab7-9695-d01d798c7836 (type: ports) to 1 [pid: 8|app: 0|req: 1284/2625] 10.0.0.6 () {34 vars in 668 bytes} [Wed May 13 23:15:38 2026] POST /v2.0/networks => generated 669 bytes in 831 msecs (HTTP/1.1 201) 4 headers in 162 bytes (1 switches on core 0)
2026-05-13 23:15:39.203 9 INFO neutron_taas.services.taas.taas_plugin [None req-8b760465-017b-4960-98ea-945a0eaab38a f07a7736fe174067a67df15f9701bda2 ebe52a16ace54c95babc67dd2176587f - - default default] TaaS: Handle Delete Port: 0625f451-1f98-4230-827b-c829c2f68ca4
2026-05-13 23:15:39.208 9 INFO neutron_taas.services.taas.tap_mirror_plugin [None req-8b760465-017b-4960-98ea-945a0eaab38a f07a7736fe174067a67df15f9701bda2 ebe52a16ace54c95babc67dd2176587f - - default default] Tap Mirror: Handle Delete Port: 0625f451-1f98-4230-827b-c829c2f68ca4
2026-05-13 23:15:39.345 8 WARNING neutron.scheduler.dhcp_agent_scheduler [None req-70a183ce-a556-4061-a3ea-7aa764ac97f0 30eeb0360b9c430db6842eff5f4c4274 701193b60d684298addd9f5e2166344b - - default default] No more DHCP agents
2026-05-13 23:15:39.346 8 WARNING neutron.api.rpc.agentnotifiers.dhcp_rpc_agent_api [None req-70a183ce-a556-4061-a3ea-7aa764ac97f0 30eeb0360b9c430db6842eff5f4c4274 701193b60d684298addd9f5e2166344b - - default default] Unable to schedule network bac394db-952e-41f0-87ec-991f1c2de5ee: no agents available; will retry on subsequent port and subnet creation events.
2026-05-13 23:15:39.369 9 INFO neutron.services.segments.plugin [-] Segment 7b1f1a1d-f352-4b1d-a707-4375ada4bbc5 resource provider aggregate not found
2026-05-13 23:15:39.371 9 INFO neutron.services.segments.plugin [-] Segment 7b1f1a1d-f352-4b1d-a707-4375ada4bbc5 resource provider aggregate not found
2026-05-13 23:15:39.391 9 INFO neutron.plugins.ml2.drivers.ovn.mech_driver.mech_driver [None req-4431f79a-39e8-4894-9edd-eb0ae332e8a3 - - - - - -] OVN reports status down for port: 298d415d-67f9-4151-bab6-9ee6e1c3b309
2026-05-13 23:15:39.401 9 INFO neutron.services.segments.plugin [-] Segment 7b1f1a1d-f352-4b1d-a707-4375ada4bbc5 resource provider not found; error: Placement Client Error (4xx): {"errors": [{"status": 404, "title": "Not Found", "detail": "The resource could not be found.\n\n No resource provider with uuid 7b1f1a1d-f352-4b1d-a707-4375ada4bbc5 found for delete ", "request_id": "req-e80b9600-0653-465d-846a-8a700900087d"}]}
2026-05-13 23:15:39.402 9 INFO neutron.services.segments.plugin [-] Segment 7b1f1a1d-f352-4b1d-a707-4375ada4bbc5 resource provider not found; error: Placement Client Error (4xx): {"errors": [{"status": 404, "title": "Not Found", "detail": "The resource could not be found.\n\n No resource provider with uuid 7b1f1a1d-f352-4b1d-a707-4375ada4bbc5 found for delete ", "request_id": "req-cd5a9e1f-43c3-45a2-8c42-6d18a675471e"}]}
2026-05-13 23:15:39.425 8 INFO neutron.db.ovn_revision_numbers_db [None req-70a183ce-a556-4061-a3ea-7aa764ac97f0 30eeb0360b9c430db6842eff5f4c4274 701193b60d684298addd9f5e2166344b - - default default] Successfully bumped revision number for resource 298d415d-67f9-4151-bab6-9ee6e1c3b309 (type: ports) to 1 [pid: 9|app: 0|req: 1342/2626] 10.0.0.6 () {32 vars in 724 bytes} [Wed May 13 23:15:39 2026] DELETE /v2.0/networks/5216fd7e-a5dd-446e-bd04-6d32b478b08b => generated 0 bytes in 398 msecs (HTTP/1.1 204) 3 headers in 131 bytes (1 switches on core 0) [pid: 8|app: 0|req: 1285/2627] 10.0.0.6 () {34 vars in 662 bytes} [Wed May 13 23:15:39 2026] POST /v2.0/ports => generated 743 bytes in 332 msecs (HTTP/1.1 201) 4 headers in 162 bytes (1 switches on core 0) /var/lib/openstack/lib/python3.12/site-packages/pycadf/identifier.py:70: UserWarning: Invalid uuid: neutron. To ensure interoperability, identifiers should be a valid uuid. warnings.warn(('Invalid uuid: %s. To ensure interoperability, '
2026-05-13 23:15:39.568 9 INFO neutron_taas.services.taas.taas_plugin [None req-995a06b2-610e-4f9c-8587-279946cec048 f07a7736fe174067a67df15f9701bda2 ebe52a16ace54c95babc67dd2176587f - - default default] TaaS: Handle Delete Port: e0ef4763-cc0e-4a11-9140-9fa112eff803
2026-05-13 23:15:39.570 9 INFO neutron_taas.services.taas.tap_mirror_plugin [None req-995a06b2-610e-4f9c-8587-279946cec048 f07a7736fe174067a67df15f9701bda2 ebe52a16ace54c95babc67dd2176587f - - default default] Tap Mirror: Handle Delete Port: e0ef4763-cc0e-4a11-9140-9fa112eff803 [pid: 8|app: 0|req: 1286/2628] 10.0.0.6 () {34 vars in 664 bytes} [Wed May 13 23:15:39 2026] POST /v2.0/trunks => generated 409 bytes in 199 msecs (HTTP/1.1 201) 4 headers in 162 bytes (1 switches on core 0)
2026-05-13 23:15:39.694 8 WARNING tagging [None req-dd7bf268-27d2-4872-832b-c7b3c905b7cb 30eeb0360b9c430db6842eff5f4c4274 701193b60d684298addd9f5e2166344b - - default default] project_id key not found in request, using tenant_id instead. This support has been deprecated and will be removed in a future release. [pid: 8|app: 0|req: 1287/2629] 10.0.0.6 () {34 vars in 747 bytes} [Wed May 13 23:15:39 2026] PUT /v2.0/trunks/b10e4ba7-0b35-4b0f-aa63-9ca4f3b78979/tags => generated 25 bytes in 30 msecs (HTTP/1.1 200) 4 headers in 156 bytes (1 switches on core 0)
2026-05-13 23:15:39.726 8 WARNING tagging [None req-8dbaaba4-039e-4f96-87a1-a738ec7f828e 30eeb0360b9c430db6842eff5f4c4274 701193b60d684298addd9f5e2166344b - - default default] project_id key not found in request, using tenant_id instead. This support has been deprecated and will be removed in a future release. [pid: 8|app: 0|req: 1288/2630] 10.0.0.6 () {32 vars in 727 bytes} [Wed May 13 23:15:39 2026] GET /v2.0/trunks/b10e4ba7-0b35-4b0f-aa63-9ca4f3b78979/tags => generated 25 bytes in 19 msecs (HTTP/1.1 200) 4 headers in 156 bytes (1 switches on core 0)
2026-05-13 23:15:39.749 8 WARNING tagging [None req-67e5c57d-1de7-4665-b334-a5d3e01f3bf4 30eeb0360b9c430db6842eff5f4c4274 701193b60d684298addd9f5e2166344b - - default default] project_id key not found in request, using tenant_id instead. This support has been deprecated and will be removed in a future release. [pid: 8|app: 0|req: 1289/2631] 10.0.0.6 () {34 vars in 758 bytes} [Wed May 13 23:15:39 2026] PUT /v2.0/trunks/b10e4ba7-0b35-4b0f-aa63-9ca4f3b78979/tags/green => generated 4 bytes in 41 msecs (HTTP/1.1 201) 4 headers in 160 bytes (1 switches on core 0) [pid: 9|app: 0|req: 1343/2632] 10.0.0.6 () {32 vars in 724 bytes} [Wed May 13 23:15:39 2026] DELETE /v2.0/networks/0d9dbd43-b866-4c92-a281-4000c8784347 => generated 0 bytes in 340 msecs (HTTP/1.1 204) 3 headers in 131 bytes (1 switches on core 0)
2026-05-13 23:15:39.793 8 WARNING tagging [None req-4fdcbd4b-f190-4f8f-8968-ff06cf7352b3 30eeb0360b9c430db6842eff5f4c4274 701193b60d684298addd9f5e2166344b - - default default] project_id key not found in request, using tenant_id instead. This support has been deprecated and will be removed in a future release. [pid: 8|app: 0|req: 1290/2633] 10.0.0.6 () {32 vars in 727 bytes} [Wed May 13 23:15:39 2026] GET /v2.0/trunks/b10e4ba7-0b35-4b0f-aa63-9ca4f3b78979/tags => generated 34 bytes in 16 msecs (HTTP/1.1 200) 4 headers in 156 bytes (1 switches on core 0)
2026-05-13 23:15:39.814 8 WARNING tagging [None req-75978716-a13b-478f-a16b-b4f7f71d7243 30eeb0360b9c430db6842eff5f4c4274 701193b60d684298addd9f5e2166344b - - default default] project_id key not found in request, using tenant_id instead. This support has been deprecated and will be removed in a future release. [pid: 8|app: 0|req: 1291/2634] 10.0.0.6 () {34 vars in 754 bytes} [Wed May 13 23:15:39 2026] PUT /v2.0/trunks/b10e4ba7-0b35-4b0f-aa63-9ca4f3b78979/tags/red => generated 4 bytes in 26 msecs (HTTP/1.1 201) 4 headers in 160 bytes (1 switches on core 0)
2026-05-13 23:15:39.844 8 WARNING tagging [None req-fea842ce-b778-4a2c-bc49-23075fe5e14a 30eeb0360b9c430db6842eff5f4c4274 701193b60d684298addd9f5e2166344b - - default default] project_id key not found in request, using tenant_id instead. This support has been deprecated and will be removed in a future release. [pid: 8|app: 0|req: 1292/2635] 10.0.0.6 () {32 vars in 727 bytes} [Wed May 13 23:15:39 2026] GET /v2.0/trunks/b10e4ba7-0b35-4b0f-aa63-9ca4f3b78979/tags => generated 34 bytes in 18 msecs (HTTP/1.1 200) 4 headers in 156 bytes (1 switches on core 0)
2026-05-13 23:15:39.866 8 WARNING tagging [None req-1074fe02-f97a-4753-9cdd-9b1a857be225 30eeb0360b9c430db6842eff5f4c4274 701193b60d684298addd9f5e2166344b - - default default] project_id key not found in request, using tenant_id instead. This support has been deprecated and will be removed in a future release. [pid: 8|app: 0|req: 1293/2636] 10.0.0.6 () {34 vars in 776 bytes} [Wed May 13 23:15:39 2026] PUT /v2.0/trunks/b10e4ba7-0b35-4b0f-aa63-9ca4f3b78979/tags/black.or.white => generated 4 bytes in 32 msecs (HTTP/1.1 201) 4 headers in 160 bytes (1 switches on core 0)
2026-05-13 23:15:39.894 9 INFO neutron_taas.services.taas.taas_plugin [None req-6f4a4c2f-280e-42d3-9f45-367d4fa2fd18 f07a7736fe174067a67df15f9701bda2 ebe52a16ace54c95babc67dd2176587f - - default default] TaaS: Handle Delete Port: 76fe955f-8bf5-4f9e-8388-4379b30f54f5
2026-05-13 23:15:39.897 9 INFO neutron_taas.services.taas.tap_mirror_plugin [None req-6f4a4c2f-280e-42d3-9f45-367d4fa2fd18 f07a7736fe174067a67df15f9701bda2 ebe52a16ace54c95babc67dd2176587f - - default default] Tap Mirror: Handle Delete Port: 76fe955f-8bf5-4f9e-8388-4379b30f54f5
2026-05-13 23:15:39.905 8 WARNING tagging [None req-c64aefd8-629c-406d-89dd-0e5285bdf44b 30eeb0360b9c430db6842eff5f4c4274 701193b60d684298addd9f5e2166344b - - default default] project_id key not found in request, using tenant_id instead. This support has been deprecated and will be removed in a future release. [pid: 8|app: 0|req: 1294/2637] 10.0.0.6 () {32 vars in 727 bytes} [Wed May 13 23:15:39 2026] GET /v2.0/trunks/b10e4ba7-0b35-4b0f-aa63-9ca4f3b78979/tags => generated 52 bytes in 18 msecs (HTTP/1.1 200) 4 headers in 156 bytes (1 switches on core 0)
2026-05-13 23:15:39.926 8 WARNING tagging [None req-917223b9-487c-42d5-b5bf-1ad02518564a 30eeb0360b9c430db6842eff5f4c4274 701193b60d684298addd9f5e2166344b - - default default] project_id key not found in request, using tenant_id instead. This support has been deprecated and will be removed in a future release. [pid: 8|app: 0|req: 1295/2638] 10.0.0.6 () {34 vars in 747 bytes} [Wed May 13 23:15:39 2026] PUT /v2.0/trunks/b10e4ba7-0b35-4b0f-aa63-9ca4f3b78979/tags => generated 37 bytes in 30 msecs (HTTP/1.1 200) 4 headers in 156 bytes (1 switches on core 0)
2026-05-13 23:15:39.967 8 WARNING tagging [None req-a143229a-71fb-4d12-8ae4-9f1bb0a0c2c5 30eeb0360b9c430db6842eff5f4c4274 701193b60d684298addd9f5e2166344b - - default default] project_id key not found in request, using tenant_id instead. This support has been deprecated and will be removed in a future release. [pid: 8|app: 0|req: 1296/2639] 10.0.0.6 () {32 vars in 727 bytes} [Wed May 13 23:15:39 2026] GET /v2.0/trunks/b10e4ba7-0b35-4b0f-aa63-9ca4f3b78979/tags => generated 37 bytes in 17 msecs (HTTP/1.1 200) 4 headers in 156 bytes (1 switches on core 0)
2026-05-13 23:15:39.996 8 WARNING tagging [None req-6c210cb4-f81f-412c-9752-70329e06b062 30eeb0360b9c430db6842eff5f4c4274 701193b60d684298addd9f5e2166344b - - default default] project_id key not found in request, using tenant_id instead. This support has been deprecated and will be removed in a future release. [pid: 8|app: 0|req: 1297/2640] 10.0.0.6 () {32 vars in 735 bytes} [Wed May 13 23:15:39 2026] GET /v2.0/trunks/b10e4ba7-0b35-4b0f-aa63-9ca4f3b78979/tags/red => generated 0 bytes in 28 msecs (HTTP/1.1 204) 2 headers in 112 bytes (1 switches on core 0)
2026-05-13 23:15:40.022 8 WARNING tagging [None req-84c305cf-4dd5-422d-aef7-203ea9f08562 30eeb0360b9c430db6842eff5f4c4274 701193b60d684298addd9f5e2166344b - - default default] project_id key not found in request, using tenant_id instead. This support has been deprecated and will be removed in a future release.
