2026-05-13 23:15:51.397 9 INFO neutron.db.ovn_revision_numbers_db [None req-a1a0f734-daf7-413b-838d-5f576aec0307 453cc100c4d54207bd18d719c7827abd fa14a2ac2af14a52a3cc17274dfe2494 - - default default] Successfully bumped revision number for resource 24808b91-f370-46ae-8a92-2af798073e8d (type: security_group_rules) to 0
2026-05-13 23:15:51.408 9 INFO neutron.db.ovn_revision_numbers_db [None req-a1a0f734-daf7-413b-838d-5f576aec0307 453cc100c4d54207bd18d719c7827abd fa14a2ac2af14a52a3cc17274dfe2494 - - default default] Successfully bumped revision number for resource 35e1275e-0995-4641-a3aa-6c94cddc948d (type: security_group_rules) to 0
2026-05-13 23:15:51.419 9 INFO neutron.db.ovn_revision_numbers_db [None req-a1a0f734-daf7-413b-838d-5f576aec0307 453cc100c4d54207bd18d719c7827abd fa14a2ac2af14a52a3cc17274dfe2494 - - default default] Successfully bumped revision number for resource 5c4400f8-a056-4a7f-94ab-236b238305d0 (type: security_group_rules) to 0
2026-05-13 23:15:51.428 9 INFO neutron.db.ovn_revision_numbers_db [None req-a1a0f734-daf7-413b-838d-5f576aec0307 453cc100c4d54207bd18d719c7827abd fa14a2ac2af14a52a3cc17274dfe2494 - - default default] Successfully bumped revision number for resource 5ee8cd0a-81d4-4192-b4f9-ec338562394a (type: security_group_rules) to 0 [pid: 9|app: 0|req: 1378/2716] 10.0.0.6 () {32 vars in 772 bytes} [Wed May 13 23:15:51 2026] GET /v2.0/security-groups?tenant_id=12490234db794226b8ac30010f54a626&name=default => generated 2929 bytes in 199 msecs (HTTP/1.1 200) 4 headers in 158 bytes (1 switches on core 0) [pid: 8|app: 0|req: 1339/2717] 10.0.0.6 () {32 vars in 738 bytes} [Wed May 13 23:15:51 2026] DELETE /v2.0/security-groups/35e26439-e177-491e-9d25-b5d17c0052ca => generated 0 bytes in 177 msecs (HTTP/1.1 204) 2 headers in 112 bytes (1 switches on core 0)
2026-05-13 23:15:51.856 9 INFO neutron.db.ovn_revision_numbers_db [None req-0394f386-6097-4184-9797-0b8ba1caacf0 fd096e42eaec413e97a7348a138b62d1 173b9fbfc4fa48f7bc78a6a8ac5d9496 - - default default] Successfully bumped revision number for resource f66032ec-73d9-4931-8d1d-0ef03573f538 (type: security_groups) to 1
2026-05-13 23:15:51.867 9 INFO neutron.db.ovn_revision_numbers_db [None req-0394f386-6097-4184-9797-0b8ba1caacf0 fd096e42eaec413e97a7348a138b62d1 173b9fbfc4fa48f7bc78a6a8ac5d9496 - - default default] Successfully bumped revision number for resource 3c13f870-6b82-4d46-a212-e411929bb74b (type: security_group_rules) to 0
2026-05-13 23:15:51.878 9 INFO neutron.db.ovn_revision_numbers_db [None req-0394f386-6097-4184-9797-0b8ba1caacf0 fd096e42eaec413e97a7348a138b62d1 173b9fbfc4fa48f7bc78a6a8ac5d9496 - - default default] Successfully bumped revision number for resource 66b2cf4e-ae7e-440a-886b-9cb05b08b4dc (type: security_group_rules) to 0
2026-05-13 23:15:51.887 9 INFO neutron.db.ovn_revision_numbers_db [None req-0394f386-6097-4184-9797-0b8ba1caacf0 fd096e42eaec413e97a7348a138b62d1 173b9fbfc4fa48f7bc78a6a8ac5d9496 - - default default] Successfully bumped revision number for resource 8079f93d-813a-49a0-9036-e203a406364d (type: security_group_rules) to 0
2026-05-13 23:15:51.897 9 INFO neutron.db.ovn_revision_numbers_db [None req-0394f386-6097-4184-9797-0b8ba1caacf0 fd096e42eaec413e97a7348a138b62d1 173b9fbfc4fa48f7bc78a6a8ac5d9496 - - default default] Successfully bumped revision number for resource d6c0679d-3e99-4131-a5a4-281641aa8a3d (type: security_group_rules) to 0
2026-05-13 23:15:51.970 9 INFO neutron.db.segments_db [None req-0394f386-6097-4184-9797-0b8ba1caacf0 fd096e42eaec413e97a7348a138b62d1 173b9fbfc4fa48f7bc78a6a8ac5d9496 - - default default] Added segment f44c153d-ffc4-41c1-b485-c94e6b74b405 of type geneve for network 81243c0d-ac04-40d0-8cb0-44a4d373b9d7
2026-05-13 23:15:52.060 9 INFO neutron.db.ovn_revision_numbers_db [None req-0394f386-6097-4184-9797-0b8ba1caacf0 fd096e42eaec413e97a7348a138b62d1 173b9fbfc4fa48f7bc78a6a8ac5d9496 - - default default] Successfully bumped revision number for resource 81243c0d-ac04-40d0-8cb0-44a4d373b9d7 (type: networks) to 1
2026-05-13 23:15:52.245 9 WARNING neutron.scheduler.dhcp_agent_scheduler [None req-0394f386-6097-4184-9797-0b8ba1caacf0 fd096e42eaec413e97a7348a138b62d1 173b9fbfc4fa48f7bc78a6a8ac5d9496 - - default default] No more DHCP agents
2026-05-13 23:15:52.246 9 WARNING neutron.api.rpc.agentnotifiers.dhcp_rpc_agent_api [None req-0394f386-6097-4184-9797-0b8ba1caacf0 fd096e42eaec413e97a7348a138b62d1 173b9fbfc4fa48f7bc78a6a8ac5d9496 - - default default] Unable to schedule network 81243c0d-ac04-40d0-8cb0-44a4d373b9d7: no agents available; will retry on subsequent port and subnet creation events.
2026-05-13 23:15:52.303 8 INFO neutron.plugins.ml2.drivers.ovn.mech_driver.mech_driver [None req-521573c5-e107-419e-b5e1-3ddf290db490 - - - - - -] OVN reports status down for port: 6be40e6c-1f8c-4966-8b58-6c9b2df4c728
2026-05-13 23:15:52.336 9 INFO neutron.db.ovn_revision_numbers_db [None req-0394f386-6097-4184-9797-0b8ba1caacf0 fd096e42eaec413e97a7348a138b62d1 173b9fbfc4fa48f7bc78a6a8ac5d9496 - - default default] Successfully bumped revision number for resource 6be40e6c-1f8c-4966-8b58-6c9b2df4c728 (type: ports) to 1 [pid: 9|app: 0|req: 1379/2718] 10.0.0.6 () {34 vars in 668 bytes} [Wed May 13 23:15:51 2026] POST /v2.0/networks => generated 678 bytes in 773 msecs (HTTP/1.1 201) 4 headers in 162 bytes (1 switches on core 0)
2026-05-13 23:15:52.523 8 WARNING neutron.scheduler.dhcp_agent_scheduler [None req-c35d6f12-af48-445f-8e52-7229ee6ae93c fd096e42eaec413e97a7348a138b62d1 173b9fbfc4fa48f7bc78a6a8ac5d9496 - - default default] No more DHCP agents
2026-05-13 23:15:52.524 8 WARNING neutron.api.rpc.agentnotifiers.dhcp_rpc_agent_api [None req-c35d6f12-af48-445f-8e52-7229ee6ae93c fd096e42eaec413e97a7348a138b62d1 173b9fbfc4fa48f7bc78a6a8ac5d9496 - - default default] Unable to schedule network 81243c0d-ac04-40d0-8cb0-44a4d373b9d7: no agents available; will retry on subsequent port and subnet creation events.
2026-05-13 23:15:52.937 8 INFO neutron.db.ovn_revision_numbers_db [None req-c35d6f12-af48-445f-8e52-7229ee6ae93c fd096e42eaec413e97a7348a138b62d1 173b9fbfc4fa48f7bc78a6a8ac5d9496 - - default default] Successfully bumped revision number for resource 6be40e6c-1f8c-4966-8b58-6c9b2df4c728 (type: ports) to 2
2026-05-13 23:15:52.973 8 INFO neutron.db.ovn_revision_numbers_db [None req-c35d6f12-af48-445f-8e52-7229ee6ae93c fd096e42eaec413e97a7348a138b62d1 173b9fbfc4fa48f7bc78a6a8ac5d9496 - - default default] Successfully bumped revision number for resource 829bd415-5fdf-4a4a-aff9-96d267b5797f (type: subnets) to 0 [pid: 8|app: 0|req: 1340/2719] 10.0.0.6 () {34 vars in 667 bytes} [Wed May 13 23:15:52 2026] POST /v2.0/subnets => generated 657 bytes in 630 msecs (HTTP/1.1 201) 4 headers in 162 bytes (1 switches on core 0) [pid: 9|app: 0|req: 1380/2720] 10.0.0.6 () {32 vars in 720 bytes} [Wed May 13 23:15:52 2026] GET /v2.0/subnetpools?name=shared-default-subnetpool-v6 => generated 19 bytes in 199 msecs (HTTP/1.1 200) 4 headers in 156 bytes (1 switches on core 0)
2026-05-13 23:15:53.372 8 WARNING neutron.scheduler.dhcp_agent_scheduler [None req-2e817473-9a10-4bb0-8851-068b1033a06f fd096e42eaec413e97a7348a138b62d1 173b9fbfc4fa48f7bc78a6a8ac5d9496 - - default default] No more DHCP agents
2026-05-13 23:15:53.373 8 WARNING neutron.api.rpc.agentnotifiers.dhcp_rpc_agent_api [None req-2e817473-9a10-4bb0-8851-068b1033a06f fd096e42eaec413e97a7348a138b62d1 173b9fbfc4fa48f7bc78a6a8ac5d9496 - - default default] Unable to schedule network 81243c0d-ac04-40d0-8cb0-44a4d373b9d7: no agents available; will retry on subsequent port and subnet creation events.
2026-05-13 23:15:53.403 8 INFO neutron.db.ovn_revision_numbers_db [None req-2e817473-9a10-4bb0-8851-068b1033a06f fd096e42eaec413e97a7348a138b62d1 173b9fbfc4fa48f7bc78a6a8ac5d9496 - - default default] Successfully bumped revision number for resource e8141081-73dc-421c-a05a-b76683e9eda3 (type: subnets) to 0 [pid: 8|app: 0|req: 1341/2721] 10.0.0.6 () {34 vars in 667 bytes} [Wed May 13 23:15:53 2026] POST /v2.0/subnets => generated 730 bytes in 222 msecs (HTTP/1.1 201) 4 headers in 162 bytes (1 switches on core 0)
2026-05-13 23:15:53.512 9 INFO neutron.db.segments_db [None req-ffe498c3-30f4-4e1f-9e73-d227afc4318d fd096e42eaec413e97a7348a138b62d1 173b9fbfc4fa48f7bc78a6a8ac5d9496 - - default default] Added segment 74c84b73-ab27-4a9b-9883-4cc855abdc7d of type geneve for network ffe40292-d4b1-4efb-9510-22138b087231
2026-05-13 23:15:53.626 9 INFO neutron.db.ovn_revision_numbers_db [None req-ffe498c3-30f4-4e1f-9e73-d227afc4318d fd096e42eaec413e97a7348a138b62d1 173b9fbfc4fa48f7bc78a6a8ac5d9496 - - default default] Successfully bumped revision number for resource ffe40292-d4b1-4efb-9510-22138b087231 (type: networks) to 1
2026-05-13 23:15:53.824 9 WARNING neutron.scheduler.dhcp_agent_scheduler [None req-ffe498c3-30f4-4e1f-9e73-d227afc4318d fd096e42eaec413e97a7348a138b62d1 173b9fbfc4fa48f7bc78a6a8ac5d9496 - - default default] No more DHCP agents
2026-05-13 23:15:53.826 9 WARNING neutron.api.rpc.agentnotifiers.dhcp_rpc_agent_api [None req-ffe498c3-30f4-4e1f-9e73-d227afc4318d fd096e42eaec413e97a7348a138b62d1 173b9fbfc4fa48f7bc78a6a8ac5d9496 - - default default] Unable to schedule network ffe40292-d4b1-4efb-9510-22138b087231: no agents available; will retry on subsequent port and subnet creation events.
2026-05-13 23:15:53.875 8 INFO neutron.plugins.ml2.drivers.ovn.mech_driver.mech_driver [None req-521573c5-e107-419e-b5e1-3ddf290db490 - - - - - -] OVN reports status down for port: fc8d9495-7df5-4dc2-a9f5-6c11d1b7c976
2026-05-13 23:15:53.909 9 INFO neutron.db.ovn_revision_numbers_db [None req-ffe498c3-30f4-4e1f-9e73-d227afc4318d fd096e42eaec413e97a7348a138b62d1 173b9fbfc4fa48f7bc78a6a8ac5d9496 - - default default] Successfully bumped revision number for resource fc8d9495-7df5-4dc2-a9f5-6c11d1b7c976 (type: ports) to 1 [pid: 9|app: 0|req: 1381/2724] 10.0.0.6 () {34 vars in 668 bytes} [Wed May 13 23:15:53 2026] POST /v2.0/networks => generated 675 bytes in 511 msecs (HTTP/1.1 201) 4 headers in 162 bytes (1 switches on core 0)
2026-05-13 23:15:54.114 8 WARNING neutron.scheduler.dhcp_agent_scheduler [None req-3846380d-1a88-45dc-91ec-0e1f59050b23 fd096e42eaec413e97a7348a138b62d1 173b9fbfc4fa48f7bc78a6a8ac5d9496 - - default default] No more DHCP agents
2026-05-13 23:15:54.116 8 WARNING neutron.api.rpc.agentnotifiers.dhcp_rpc_agent_api [None req-3846380d-1a88-45dc-91ec-0e1f59050b23 fd096e42eaec413e97a7348a138b62d1 173b9fbfc4fa48f7bc78a6a8ac5d9496 - - default default] Unable to schedule network ffe40292-d4b1-4efb-9510-22138b087231: no agents available; will retry on subsequent port and subnet creation events.
2026-05-13 23:15:54.491 8 INFO neutron.db.ovn_revision_numbers_db [None req-3846380d-1a88-45dc-91ec-0e1f59050b23 fd096e42eaec413e97a7348a138b62d1 173b9fbfc4fa48f7bc78a6a8ac5d9496 - - default default] Successfully bumped revision number for resource fc8d9495-7df5-4dc2-a9f5-6c11d1b7c976 (type: ports) to 2
2026-05-13 23:15:54.537 8 INFO neutron.db.ovn_revision_numbers_db [None req-3846380d-1a88-45dc-91ec-0e1f59050b23 fd096e42eaec413e97a7348a138b62d1 173b9fbfc4fa48f7bc78a6a8ac5d9496 - - default default] Successfully bumped revision number for resource 6861736e-fd71-4314-a432-8610537761dd (type: subnets) to 0 [pid: 8|app: 0|req: 1344/2725] 10.0.0.6 () {34 vars in 667 bytes} [Wed May 13 23:15:53 2026] POST /v2.0/subnets => generated 656 bytes in 621 msecs (HTTP/1.1 201) 4 headers in 162 bytes (1 switches on core 0)
2026-05-13 23:15:54.766 9 WARNING neutron.scheduler.dhcp_agent_scheduler [None req-dc25bdf4-fa9d-491b-a244-df6fad9fbc1a fd096e42eaec413e97a7348a138b62d1 173b9fbfc4fa48f7bc78a6a8ac5d9496 - - default default] No more DHCP agents
2026-05-13 23:15:54.767 9 WARNING neutron.api.rpc.agentnotifiers.dhcp_rpc_agent_api [None req-dc25bdf4-fa9d-491b-a244-df6fad9fbc1a fd096e42eaec413e97a7348a138b62d1 173b9fbfc4fa48f7bc78a6a8ac5d9496 - - default default] Unable to schedule network ffe40292-d4b1-4efb-9510-22138b087231: no agents available; will retry on subsequent port and subnet creation events.
2026-05-13 23:15:54.801 9 INFO neutron.db.ovn_revision_numbers_db [None req-dc25bdf4-fa9d-491b-a244-df6fad9fbc1a fd096e42eaec413e97a7348a138b62d1 173b9fbfc4fa48f7bc78a6a8ac5d9496 - - default default] Successfully bumped revision number for resource 82d418f0-61de-44b3-a5a9-cce416b4ee20 (type: subnets) to 0 [pid: 9|app: 0|req: 1382/2726] 10.0.0.6 () {34 vars in 667 bytes} [Wed May 13 23:15:54 2026] POST /v2.0/subnets => generated 726 bytes in 253 msecs (HTTP/1.1 201) 4 headers in 162 bytes (1 switches on core 0)
2026-05-13 23:15:54.899 9 INFO neutron.db.segments_db [None req-9b62087f-8f1a-43cb-9703-04b6b0a33d54 fd096e42eaec413e97a7348a138b62d1 173b9fbfc4fa48f7bc78a6a8ac5d9496 - - default default] Added segment 122965bc-1dc8-45f6-af69-dbd7fc88962e of type geneve for network d0348d77-7d12-4bfb-8184-3656b11a67e5
2026-05-13 23:15:55.014 9 INFO neutron.db.ovn_revision_numbers_db [None req-9b62087f-8f1a-43cb-9703-04b6b0a33d54 fd096e42eaec413e97a7348a138b62d1 173b9fbfc4fa48f7bc78a6a8ac5d9496 - - default default] Successfully bumped revision number for resource d0348d77-7d12-4bfb-8184-3656b11a67e5 (type: networks) to 1
2026-05-13 23:15:55.024 8 INFO neutron.db.ovn_revision_numbers_db [None req-52056f64-9850-47d2-8e7c-cd3ebb290454 d3e01c676f0445c4bfbfd53b230cc17c fb0514074b464c0bbe6e3ef77f1ebc3f - - default default] Successfully bumped revision number for resource 1c98ef3e-1776-45f7-8898-a964dae147f0 (type: security_groups) to 1
2026-05-13 23:15:55.036 8 INFO neutron.db.ovn_revision_numbers_db [None req-52056f64-9850-47d2-8e7c-cd3ebb290454 d3e01c676f0445c4bfbfd53b230cc17c fb0514074b464c0bbe6e3ef77f1ebc3f - - default default] Successfully bumped revision number for resource 4a17aef8-6779-4672-a9c9-42ef015fdf17 (type: security_group_rules) to 0
2026-05-13 23:15:55.047 8 INFO neutron.db.ovn_revision_numbers_db [None req-52056f64-9850-47d2-8e7c-cd3ebb290454 d3e01c676f0445c4bfbfd53b230cc17c fb0514074b464c0bbe6e3ef77f1ebc3f - - default default] Successfully bumped revision number for resource 5967fe9d-4bfe-4820-8145-e37cae6bbbe9 (type: security_group_rules) to 0
2026-05-13 23:15:55.059 8 INFO neutron.db.ovn_revision_numbers_db [None req-52056f64-9850-47d2-8e7c-cd3ebb290454 d3e01c676f0445c4bfbfd53b230cc17c fb0514074b464c0bbe6e3ef77f1ebc3f - - default default] Successfully bumped revision number for resource a88de931-9222-4048-97d4-36da471abd74 (type: security_group_rules) to 0
2026-05-13 23:15:55.069 8 INFO neutron.db.ovn_revision_numbers_db [None req-52056f64-9850-47d2-8e7c-cd3ebb290454 d3e01c676f0445c4bfbfd53b230cc17c fb0514074b464c0bbe6e3ef77f1ebc3f - - default default] Successfully bumped revision number for resource d3590b3e-cb5d-4398-8a9a-dee9fd6917a4 (type: security_group_rules) to 0
2026-05-13 23:15:55.144 8 INFO neutron.db.segments_db [None req-52056f64-9850-47d2-8e7c-cd3ebb290454 d3e01c676f0445c4bfbfd53b230cc17c fb0514074b464c0bbe6e3ef77f1ebc3f - - default default] Added segment b177e7e6-38d0-4e9e-9a3e-72320ea4ace0 of type geneve for network d8e9006f-63c9-48c2-aa96-d346c96e3230
2026-05-13 23:15:55.172 9 WARNING neutron.scheduler.dhcp_agent_scheduler [None req-9b62087f-8f1a-43cb-9703-04b6b0a33d54 fd096e42eaec413e97a7348a138b62d1 173b9fbfc4fa48f7bc78a6a8ac5d9496 - - default default] No more DHCP agents
2026-05-13 23:15:55.174 9 WARNING neutron.api.rpc.agentnotifiers.dhcp_rpc_agent_api [None req-9b62087f-8f1a-43cb-9703-04b6b0a33d54 fd096e42eaec413e97a7348a138b62d1 173b9fbfc4fa48f7bc78a6a8ac5d9496 - - default default] Unable to schedule network d0348d77-7d12-4bfb-8184-3656b11a67e5: no agents available; will retry on subsequent port and subnet creation events.
2026-05-13 23:15:55.221 9 INFO neutron.plugins.ml2.drivers.ovn.mech_driver.mech_driver [None req-4431f79a-39e8-4894-9edd-eb0ae332e8a3 - - - - - -] OVN reports status down for port: 4dafcb56-937e-4fd2-8702-8e194d165579
2026-05-13 23:15:55.276 8 INFO neutron.db.ovn_revision_numbers_db [None req-52056f64-9850-47d2-8e7c-cd3ebb290454 d3e01c676f0445c4bfbfd53b230cc17c fb0514074b464c0bbe6e3ef77f1ebc3f - - default default] Successfully bumped revision number for resource d8e9006f-63c9-48c2-aa96-d346c96e3230 (type: networks) to 1
2026-05-13 23:15:55.293 9 INFO neutron.db.ovn_revision_numbers_db [None req-9b62087f-8f1a-43cb-9703-04b6b0a33d54 fd096e42eaec413e97a7348a138b62d1 173b9fbfc4fa48f7bc78a6a8ac5d9496 - - default default] Successfully bumped revision number for resource 4dafcb56-937e-4fd2-8702-8e194d165579 (type: ports) to 1 [pid: 9|app: 0|req: 1383/2727] 10.0.0.6 () {34 vars in 668 bytes} [Wed May 13 23:15:54 2026] POST /v2.0/networks => generated 675 bytes in 506 msecs (HTTP/1.1 201) 4 headers in 162 bytes (1 switches on core 0)
2026-05-13 23:15:55.435 8 WARNING neutron.scheduler.dhcp_agent_scheduler [None req-52056f64-9850-47d2-8e7c-cd3ebb290454 d3e01c676f0445c4bfbfd53b230cc17c fb0514074b464c0bbe6e3ef77f1ebc3f - - default default] No more DHCP agents
2026-05-13 23:15:55.438 8 WARNING neutron.api.rpc.agentnotifiers.dhcp_rpc_agent_api [None req-52056f64-9850-47d2-8e7c-cd3ebb290454 d3e01c676f0445c4bfbfd53b230cc17c fb0514074b464c0bbe6e3ef77f1ebc3f - - default default] Unable to schedule network d8e9006f-63c9-48c2-aa96-d346c96e3230: no agents available; will retry on subsequent port and subnet creation events.
2026-05-13 23:15:55.495 8 INFO neutron.plugins.ml2.drivers.ovn.mech_driver.mech_driver [None req-521573c5-e107-419e-b5e1-3ddf290db490 - - - - - -] OVN reports status down for port: 3fef64d8-a9bd-496e-ad92-a380e938bc42
2026-05-13 23:15:55.551 8 INFO neutron.db.ovn_revision_numbers_db [None req-52056f64-9850-47d2-8e7c-cd3ebb290454 d3e01c676f0445c4bfbfd53b230cc17c fb0514074b464c0bbe6e3ef77f1ebc3f - - default default] Successfully bumped revision number for resource 3fef64d8-a9bd-496e-ad92-a380e938bc42 (type: ports) to 1
2026-05-13 23:15:55.558 9 WARNING neutron.scheduler.dhcp_agent_scheduler [None req-aa5bd858-2ee8-49fd-b82c-4133564c6cbb fd096e42eaec413e97a7348a138b62d1 173b9fbfc4fa48f7bc78a6a8ac5d9496 - - default default] No more DHCP agents
2026-05-13 23:15:55.560 9 WARNING neutron.api.rpc.agentnotifiers.dhcp_rpc_agent_api [None req-aa5bd858-2ee8-49fd-b82c-4133564c6cbb fd096e42eaec413e97a7348a138b62d1 173b9fbfc4fa48f7bc78a6a8ac5d9496 - - default default] Unable to schedule network d0348d77-7d12-4bfb-8184-3656b11a67e5: no agents available; will retry on subsequent port and subnet creation events. [pid: 8|app: 0|req: 1345/2728] 10.0.0.6 () {34 vars in 668 bytes} [Wed May 13 23:15:54 2026] POST /v2.0/networks => generated 669 bytes in 847 msecs (HTTP/1.1 201) 4 headers in 162 bytes (1 switches on core 0) [pid: 8|app: 0|req: 1346/2729] 10.0.0.6 () {34 vars in 751 bytes} [Wed May 13 23:15:55 2026] PUT /v2.0/networks/d8e9006f-63c9-48c2-aa96-d346c96e3230/tags => generated 25 bytes in 56 msecs (HTTP/1.1 200) 4 headers in 156 bytes (1 switches on core 0) [pid: 8|app: 0|req: 1347/2730] 10.0.0.6 () {32 vars in 731 bytes} [Wed May 13 23:15:55 2026] GET /v2.0/networks/d8e9006f-63c9-48c2-aa96-d346c96e3230/tags => generated 25 bytes in 40 msecs (HTTP/1.1 200) 4 headers in 156 bytes (1 switches on core 0) [pid: 8|app: 0|req: 1348/2731] 10.0.0.6 () {34 vars in 762 bytes} [Wed May 13 23:15:55 2026] PUT /v2.0/networks/d8e9006f-63c9-48c2-aa96-d346c96e3230/tags/green => generated 4 bytes in 71 msecs (HTTP/1.1 201) 4 headers in 160 bytes (1 switches on core 0) [pid: 8|app: 0|req: 1349/2732] 10.0.0.6 () {32 vars in 731 bytes} [Wed May 13 23:15:55 2026] GET /v2.0/networks/d8e9006f-63c9-48c2-aa96-d346c96e3230/tags => generated 34 bytes in 41 msecs (HTTP/1.1 200) 4 headers in 156 bytes (1 switches on core 0) [pid: 8|app: 0|req: 1350/2733] 10.0.0.6 () {34 vars in 758 bytes} [Wed May 13 23:15:55 2026] PUT /v2.0/networks/d8e9006f-63c9-48c2-aa96-d346c96e3230/tags/red => generated 4 bytes in 63 msecs (HTTP/1.1 201) 4 headers in 160 bytes (1 switches on core 0) [pid: 8|app: 0|req: 1351/2734] 10.0.0.6 () {32 vars in 731 bytes} [Wed May 13 23:15:55 2026] GET /v2.0/networks/d8e9006f-63c9-48c2-aa96-d346c96e3230/tags => generated 34 bytes in 39 msecs (HTTP/1.1 200) 4 headers in 156 bytes (1 switches on core 0)
2026-05-13 23:15:55.998 9 INFO neutron.db.ovn_revision_numbers_db [None req-aa5bd858-2ee8-49fd-b82c-4133564c6cbb fd096e42eaec413e97a7348a138b62d1 173b9fbfc4fa48f7bc78a6a8ac5d9496 - - default default] Successfully bumped revision number for resource 4dafcb56-937e-4fd2-8702-8e194d165579 (type: ports) to 2 [pid: 8|app: 0|req: 1352/2735] 10.0.0.6 () {34 vars in 780 bytes} [Wed May 13 23:15:55 2026] PUT /v2.0/networks/d8e9006f-63c9-48c2-aa96-d346c96e3230/tags/black.or.white => generated 4 bytes in 82 msecs (HTTP/1.1 201) 4 headers in 160 bytes (1 switches on core 0)
2026-05-13 23:15:56.027 9 INFO neutron.db.ovn_revision_numbers_db [None req-aa5bd858-2ee8-49fd-b82c-4133564c6cbb fd096e42eaec413e97a7348a138b62d1 173b9fbfc4fa48f7bc78a6a8ac5d9496 - - default default] Successfully bumped revision number for resource fe93c591-86e1-4147-b1d0-c926d931e31c (type: subnets) to 0 [pid: 9|app: 0|req: 1384/2736] 10.0.0.6 () {34 vars in 667 bytes} [Wed May 13 23:15:55 2026] POST /v2.0/subnets => generated 656 bytes in 711 msecs (HTTP/1.1 201) 4 headers in 162 bytes (1 switches on core 0) [pid: 8|app: 0|req: 1353/2737] 10.0.0.6 () {32 vars in 731 bytes} [Wed May 13 23:15:56 2026] GET /v2.0/networks/d8e9006f-63c9-48c2-aa96-d346c96e3230/tags => generated 52 bytes in 44 msecs (HTTP/1.1 200) 4 headers in 156 bytes (1 switches on core 0) [pid: 8|app: 0|req: 1354/2738] 10.0.0.6 () {34 vars in 751 bytes} [Wed May 13 23:15:56 2026] PUT /v2.0/networks/d8e9006f-63c9-48c2-aa96-d346c96e3230/tags => generated 37 bytes in 58 msecs (HTTP/1.1 200) 4 headers in 156 bytes (1 switches on core 0) [pid: 8|app: 0|req: 1355/2739] 10.0.0.6 () {32 vars in 731 bytes} [Wed May 13 23:15:56 2026] GET /v2.0/networks/d8e9006f-63c9-48c2-aa96-d346c96e3230/tags => generated 37 bytes in 52 msecs (HTTP/1.1 200) 4 headers in 156 bytes (1 switches on core 0) [pid: 8|app: 0|req: 1356/2740] 10.0.0.6 () {32 vars in 739 bytes} [Wed May 13 23:15:56 2026] GET /v2.0/networks/d8e9006f-63c9-48c2-aa96-d346c96e3230/tags/red => generated 0 bytes in 43 msecs (HTTP/1.1 204) 2 headers in 112 bytes (1 switches on core 0)
2026-05-13 23:15:56.252 9 WARNING neutron.scheduler.dhcp_agent_scheduler [None req-77622b05-44d0-40bf-b377-506f1d17e322 fd096e42eaec413e97a7348a138b62d1 173b9fbfc4fa48f7bc78a6a8ac5d9496 - - default default] No more DHCP agents
2026-05-13 23:15:56.253 9 WARNING neutron.api.rpc.agentnotifiers.dhcp_rpc_agent_api [None req-77622b05-44d0-40bf-b377-506f1d17e322 fd096e42eaec413e97a7348a138b62d1 173b9fbfc4fa48f7bc78a6a8ac5d9496 - - default default] Unable to schedule network d0348d77-7d12-4bfb-8184-3656b11a67e5: no agents available; will retry on subsequent port and subnet creation events.
2026-05-13 23:15:56.276 9 INFO neutron.db.ovn_revision_numbers_db [None req-77622b05-44d0-40bf-b377-506f1d17e322 fd096e42eaec413e97a7348a138b62d1 173b9fbfc4fa48f7bc78a6a8ac5d9496 - - default default] Successfully bumped revision number for resource 2ecd2ac4-292c-4f14-b1be-176af8dd9257 (type: subnets) to 0
2026-05-13 23:15:56.286 8 INFO neutron.api.v2.resource [None req-1bde4c2c-8d80-4f26-92fe-fc9d79eeab86 d3e01c676f0445c4bfbfd53b230cc17c fb0514074b464c0bbe6e3ef77f1ebc3f - - default default] show failed (client error): The resource could not be found. [pid: 8|app: 0|req: 1357/2741] 10.0.0.6 () {32 vars in 743 bytes} [Wed May 13 23:15:56 2026] GET /v2.0/networks/d8e9006f-63c9-48c2-aa96-d346c96e3230/tags/green => generated 99 bytes in 53 msecs (HTTP/1.1 404) 4 headers in 163 bytes (1 switches on core 0) [pid: 9|app: 0|req: 1385/2742] 10.0.0.6 () {34 vars in 667 bytes} [Wed May 13 23:15:56 2026] POST /v2.0/subnets => generated 730 bytes in 242 msecs (HTTP/1.1 201) 4 headers in 162 bytes (1 switches on core 0) [pid: 8|app: 0|req: 1358/2743] 10.0.0.6 () {32 vars in 742 bytes} [Wed May 13 23:15:56 2026] DELETE /v2.0/networks/d8e9006f-63c9-48c2-aa96-d346c96e3230/tags/red => generated 0 bytes in 56 msecs (HTTP/1.1 204) 2 headers in 112 bytes (1 switches on core 0) [pid: 8|app: 0|req: 1359/2744] 10.0.0.6 () {32 vars in 731 bytes} [Wed May 13 23:15:56 2026] GET /v2.0/networks/d8e9006f-63c9-48c2-aa96-d346c96e3230/tags => generated 30 bytes in 49 msecs (HTTP/1.1 200) 4 headers in 156 bytes (1 switches on core 0)
2026-05-13 23:15:56.446 8 INFO neutron.api.v2.resource [None req-272e9dc6-deef-4f81-87fb-5d31975ca331 d3e01c676f0445c4bfbfd53b230cc17c fb0514074b464c0bbe6e3ef77f1ebc3f - - default default] delete failed (client error): The resource could not be found. [pid: 8|app: 0|req: 1360/2745] 10.0.0.6 () {32 vars in 746 bytes} [Wed May 13 23:15:56 2026] DELETE /v2.0/networks/d8e9006f-63c9-48c2-aa96-d346c96e3230/tags/green => generated 99 bytes in 42 msecs (HTTP/1.1 404) 4 headers in 163 bytes (1 switches on core 0) [pid: 8|app: 0|req: 1361/2746] 10.0.0.6 () {32 vars in 734 bytes} [Wed May 13 23:15:56 2026] DELETE /v2.0/networks/d8e9006f-63c9-48c2-aa96-d346c96e3230/tags => generated 0 bytes in 62 msecs (HTTP/1.1 204) 2 headers in 112 bytes (1 switches on core 0) [pid: 8|app: 0|req: 1362/2747] 10.0.0.6 () {32 vars in 731 bytes} [Wed May 13 23:15:56 2026] GET /v2.0/networks/d8e9006f-63c9-48c2-aa96-d346c96e3230/tags => generated 12 bytes in 42 msecs (HTTP/1.1 200) 4 headers in 156 bytes (1 switches on core 0)
2026-05-13 23:15:56.693 9 WARNING neutron.scheduler.dhcp_agent_scheduler [None req-98b661b5-9b44-431b-856e-70b152de2b64 fd096e42eaec413e97a7348a138b62d1 173b9fbfc4fa48f7bc78a6a8ac5d9496 - - default default] No more DHCP agents
2026-05-13 23:15:56.694 9 WARNING neutron.api.rpc.agentnotifiers.dhcp_rpc_agent_api [None req-98b661b5-9b44-431b-856e-70b152de2b64 fd096e42eaec413e97a7348a138b62d1 173b9fbfc4fa48f7bc78a6a8ac5d9496 - - default default] Unable to schedule network f128e1ea-089b-4623-9e49-7f3845a6961b: no agents available; will retry on subsequent port and subnet creation events.
2026-05-13 23:15:56.697 8 INFO neutron_taas.services.taas.taas_plugin [None req-9a11ec3d-e9f6-4026-95ec-2aa651abe921 d3e01c676f0445c4bfbfd53b230cc17c fb0514074b464c0bbe6e3ef77f1ebc3f - - default default] TaaS: Handle Delete Port: 3fef64d8-a9bd-496e-ad92-a380e938bc42
2026-05-13 23:15:56.700 8 INFO neutron_taas.services.taas.tap_mirror_plugin [None req-9a11ec3d-e9f6-4026-95ec-2aa651abe921 d3e01c676f0445c4bfbfd53b230cc17c fb0514074b464c0bbe6e3ef77f1ebc3f - - default default] Tap Mirror: Handle Delete Port: 3fef64d8-a9bd-496e-ad92-a380e938bc42
2026-05-13 23:15:56.805 8 INFO neutron.plugins.ml2.drivers.ovn.mech_driver.mech_driver [None req-521573c5-e107-419e-b5e1-3ddf290db490 - - - - - -] OVN reports status down for port: 55260a21-0a75-4558-9bd0-068fd935dcaf
2026-05-13 23:15:56.808 9 INFO neutron.db.ovn_revision_numbers_db [None req-98b661b5-9b44-431b-856e-70b152de2b64 fd096e42eaec413e97a7348a138b62d1 173b9fbfc4fa48f7bc78a6a8ac5d9496 - - default default] Successfully bumped revision number for resource 55260a21-0a75-4558-9bd0-068fd935dcaf (type: ports) to 1
2026-05-13 23:15:56.943 8 INFO neutron.services.segments.plugin [-] Segment b177e7e6-38d0-4e9e-9a3e-72320ea4ace0 resource provider aggregate not found
2026-05-13 23:15:56.951 8 INFO neutron.services.segments.plugin [-] Segment b177e7e6-38d0-4e9e-9a3e-72320ea4ace0 resource provider aggregate not found
2026-05-13 23:15:56.968 8 INFO neutron.services.segments.plugin [-] Segment b177e7e6-38d0-4e9e-9a3e-72320ea4ace0 resource provider not found; error: Placement Client Error (4xx): {"errors": [{"status": 404, "title": "Not Found", "detail": "The resource could not be found.\n\n No resource provider with uuid b177e7e6-38d0-4e9e-9a3e-72320ea4ace0 found for delete ", "request_id": "req-1e39db48-91c7-46d6-b25d-449653a73854"}]}
2026-05-13 23:15:56.973 8 INFO neutron.services.segments.plugin [-] Segment b177e7e6-38d0-4e9e-9a3e-72320ea4ace0 resource provider not found; error: Placement Client Error (4xx): {"errors": [{"status": 404, "title": "Not Found", "detail": "The resource could not be found.\n\n No resource provider with uuid b177e7e6-38d0-4e9e-9a3e-72320ea4ace0 found for delete ", "request_id": "req-c23f6fac-f997-493e-bc0c-19137848a8d5"}]} [pid: 8|app: 0|req: 1363/2748] 10.0.0.6 () {32 vars in 724 bytes} [Wed May 13 23:15:56 2026] DELETE /v2.0/networks/d8e9006f-63c9-48c2-aa96-d346c96e3230 => generated 0 bytes in 427 msecs (HTTP/1.1 204) 3 headers in 131 bytes (1 switches on core 0)
2026-05-13 23:15:57.397 8 INFO neutron.plugins.ml2.drivers.ovn.mech_driver.mech_driver [None req-521573c5-e107-419e-b5e1-3ddf290db490 - - - - - -] OVN reports status up for port: 55260a21-0a75-4558-9bd0-068fd935dcaf
2026-05-13 23:15:57.418 9 INFO neutron.plugins.ml2.drivers.ovn.mech_driver.ovsdb.ovsdb_monitor [None req-8d59ecc1-f3c4-4eeb-9ccc-37214c05fed9 - - - - - -] Router 30c1d7e8-3027-4501-9f0f-6bb5ee0a0fd0 is bound to host instance
2026-05-13 23:15:57.423 8 INFO neutron.plugins.ml2.plugin [None req-521573c5-e107-419e-b5e1-3ddf290db490 - - - - - -] Attempt 1 to provision port 55260a21-0a75-4558-9bd0-068fd935dcaf
2026-05-13 23:15:57.503 9 INFO neutron.db.ovn_revision_numbers_db [None req-98b661b5-9b44-431b-856e-70b152de2b64 fd096e42eaec413e97a7348a138b62d1 173b9fbfc4fa48f7bc78a6a8ac5d9496 - - default default] Successfully bumped revision number for resource 55260a21-0a75-4558-9bd0-068fd935dcaf (type: router_ports) to 1
2026-05-13 23:15:57.640 9 INFO neutron.db.ovn_revision_numbers_db [None req-98b661b5-9b44-431b-856e-70b152de2b64 fd096e42eaec413e97a7348a138b62d1 173b9fbfc4fa48f7bc78a6a8ac5d9496 - - default default] Successfully bumped revision number for resource 30c1d7e8-3027-4501-9f0f-6bb5ee0a0fd0 (type: routers) to 2
2026-05-13 23:15:57.657 8 WARNING neutron.db.securitygroups_db [None req-5bd91ca8-5bcf-4508-af8b-7ebc5a6a604c 453cc100c4d54207bd18d719c7827abd fa14a2ac2af14a52a3cc17274dfe2494 - - default default] project_id key not found in filters, using tenant_id instead. This support has been deprecated and will be removed in a future release. [pid: 9|app: 0|req: 1386/2749] 10.0.0.6 () {34 vars in 667 bytes} [Wed May 13 23:15:56 2026] POST /v2.0/routers => generated 965 bytes in 1372 msecs (HTTP/1.1 201) 4 headers in 162 bytes (1 switches on core 0)
2026-05-13 23:15:57.771 8 INFO neutron.db.ovn_revision_numbers_db [None req-5bd91ca8-5bcf-4508-af8b-7ebc5a6a604c 453cc100c4d54207bd18d719c7827abd fa14a2ac2af14a52a3cc17274dfe2494 - - default default] Successfully bumped revision number for resource d81c2f91-50a7-43ec-8718-52dbea537fd1 (type: security_groups) to 1
2026-05-13 23:15:57.782 8 INFO neutron.db.ovn_revision_numbers_db [None req-5bd91ca8-5bcf-4508-af8b-7ebc5a6a604c 453cc100c4d54207bd18d719c7827abd fa14a2ac2af14a52a3cc17274dfe2494 - - default default] Successfully bumped revision number for resource 43c755fb-b844-458e-9878-eef0c2e08822 (type: security_group_rules) to 0
2026-05-13 23:15:57.793 8 INFO neutron.db.ovn_revision_numbers_db [None req-5bd91ca8-5bcf-4508-af8b-7ebc5a6a604c 453cc100c4d54207bd18d719c7827abd fa14a2ac2af14a52a3cc17274dfe2494 - - default default] Successfully bumped revision number for resource 51544b8d-e6ae-490b-b3d1-7a393e89f14c (type: security_group_rules) to 0
2026-05-13 23:15:57.805 8 INFO neutron.db.ovn_revision_numbers_db [None req-5bd91ca8-5bcf-4508-af8b-7ebc5a6a604c 453cc100c4d54207bd18d719c7827abd fa14a2ac2af14a52a3cc17274dfe2494 - - default default] Successfully bumped revision number for resource c662e37a-b2e8-4004-aba5-92925d83eff6 (type: security_group_rules) to 0
2026-05-13 23:15:57.816 8 INFO neutron.db.ovn_revision_numbers_db [None req-5bd91ca8-5bcf-4508-af8b-7ebc5a6a604c 453cc100c4d54207bd18d719c7827abd fa14a2ac2af14a52a3cc17274dfe2494 - - default default] Successfully bumped revision number for resource ebcc5df7-9581-4488-bf16-9d72ebca210d (type: security_group_rules) to 0 [pid: 8|app: 0|req: 1364/2750] 10.0.0.6 () {32 vars in 772 bytes} [Wed May 13 23:15:57 2026] GET /v2.0/security-groups?tenant_id=c39a15526f7b4bfa958a3cb7d94aa42e&name=default => generated 2929 bytes in 269 msecs (HTTP/1.1 200) 4 headers in 158 bytes (1 switches on core 0) [pid: 8|app: 0|req: 1365/2751] 10.0.0.6 () {32 vars in 738 bytes} [Wed May 13 23:15:57 2026] DELETE /v2.0/security-groups/d81c2f91-50a7-43ec-8718-52dbea537fd1 => generated 0 bytes in 171 msecs (HTTP/1.1 204) 2 headers in 112 bytes (1 switches on core 0)
2026-05-13 23:15:58.113 8 WARNING neutron.db.securitygroups_db [None req-e9277a22-668a-4d56-8f0e-6de7a0f194f4 453cc100c4d54207bd18d719c7827abd fa14a2ac2af14a52a3cc17274dfe2494 - - default default] project_id key not found in filters, using tenant_id instead. This support has been deprecated and will be removed in a future release. [pid: 8|app: 0|req: 1366/2752] 10.0.0.6 () {32 vars in 772 bytes} [Wed May 13 23:15:58 2026] GET /v2.0/security-groups?tenant_id=fb0514074b464c0bbe6e3ef77f1ebc3f&name=default => generated 2929 bytes in 36 msecs (HTTP/1.1 200) 4 headers in 158 bytes (1 switches on core 0) [pid: 8|app: 0|req: 1367/2753] 10.0.0.6 () {32 vars in 738 bytes} [Wed May 13 23:15:58 2026] DELETE /v2.0/security-groups/1c98ef3e-1776-45f7-8898-a964dae147f0 => generated 0 bytes in 173 msecs (HTTP/1.1 204) 2 headers in 112 bytes (1 switches on core 0)
2026-05-13 23:15:58.593 9 WARNING neutron.scheduler.dhcp_agent_scheduler [None req-0ea29732-644d-49f8-90cf-6847513dc9aa fd096e42eaec413e97a7348a138b62d1 173b9fbfc4fa48f7bc78a6a8ac5d9496 - - default default] No more DHCP agents
2026-05-13 23:15:58.596 9 WARNING neutron.api.rpc.agentnotifiers.dhcp_rpc_agent_api [None req-0ea29732-644d-49f8-90cf-6847513dc9aa fd096e42eaec413e97a7348a138b62d1 173b9fbfc4fa48f7bc78a6a8ac5d9496 - - default default] Unable to schedule network 81243c0d-ac04-40d0-8cb0-44a4d373b9d7: no agents available; will retry on subsequent port and subnet creation events.
2026-05-13 23:15:59.273 9 INFO neutron.db.ovn_revision_numbers_db [None req-0ea29732-644d-49f8-90cf-6847513dc9aa fd096e42eaec413e97a7348a138b62d1 173b9fbfc4fa48f7bc78a6a8ac5d9496 - - default default] Successfully bumped revision number for resource 710da4ea-1a29-4b57-bd3a-b9ec21021fa3 (type: ports) to 1
2026-05-13 23:15:59.346 9 INFO neutron.db.ovn_revision_numbers_db [None req-4a1d2607-11bb-4e4d-a5a8-91973061017e - - - - - -] Successfully bumped revision number for resource 55260a21-0a75-4558-9bd0-068fd935dcaf (type: ports) to 4
2026-05-13 23:15:59.545 8 INFO neutron.plugins.ml2.drivers.ovn.mech_driver.mech_driver [None req-521573c5-e107-419e-b5e1-3ddf290db490 - - - - - -] OVN reports status down for port: 710da4ea-1a29-4b57-bd3a-b9ec21021fa3
2026-05-13 23:15:59.891 9 INFO neutron.db.ovn_revision_numbers_db [None req-4a1d2607-11bb-4e4d-a5a8-91973061017e - - - - - -] Successfully bumped revision number for resource 55260a21-0a75-4558-9bd0-068fd935dcaf (type: ports) to 5
2026-05-13 23:16:00.256 8 INFO neutron.plugins.ml2.drivers.ovn.mech_driver.mech_driver [None req-521573c5-e107-419e-b5e1-3ddf290db490 - - - - - -] OVN reports status up for port: 710da4ea-1a29-4b57-bd3a-b9ec21021fa3
2026-05-13 23:16:00.266 8 INFO neutron.plugins.ml2.plugin [None req-521573c5-e107-419e-b5e1-3ddf290db490 - - - - - -] Attempt 1 to provision port 710da4ea-1a29-4b57-bd3a-b9ec21021fa3
2026-05-13 23:16:00.327 9 WARNING neutron.scheduler.dhcp_agent_scheduler [None req-0ea29732-644d-49f8-90cf-6847513dc9aa fd096e42eaec413e97a7348a138b62d1 173b9fbfc4fa48f7bc78a6a8ac5d9496 - - default default] No more DHCP agents
2026-05-13 23:16:00.328 9 WARNING neutron.api.rpc.agentnotifiers.dhcp_rpc_agent_api [None req-0ea29732-644d-49f8-90cf-6847513dc9aa fd096e42eaec413e97a7348a138b62d1 173b9fbfc4fa48f7bc78a6a8ac5d9496 - - default default] Unable to schedule network 81243c0d-ac04-40d0-8cb0-44a4d373b9d7: no agents available; will retry on subsequent port and subnet creation events.
2026-05-13 23:16:00.584 8 INFO neutron.db.ovn_revision_numbers_db [None req-521573c5-e107-419e-b5e1-3ddf290db490 - - - - - -] Successfully bumped revision number for resource 710da4ea-1a29-4b57-bd3a-b9ec21021fa3 (type: ports) to 2
2026-05-13 23:16:00.664 9 INFO neutron.db.ovn_revision_numbers_db [None req-0ea29732-644d-49f8-90cf-6847513dc9aa fd096e42eaec413e97a7348a138b62d1 173b9fbfc4fa48f7bc78a6a8ac5d9496 - - default default] Successfully bumped revision number for resource 710da4ea-1a29-4b57-bd3a-b9ec21021fa3 (type: router_ports) to 1 [pid: 9|app: 0|req: 1387/2754] 10.0.0.6 () {34 vars in 781 bytes} [Wed May 13 23:15:57 2026] PUT /v2.0/routers/30c1d7e8-3027-4501-9f0f-6bb5ee0a0fd0/add_router_interface => generated 310 bytes in 3000 msecs (HTTP/1.1 200) 4 headers in 157 bytes (1 switches on core 0)
2026-05-13 23:16:00.674 9 INFO neutron.common.ovn.utils [None req-4431f79a-39e8-4894-9edd-eb0ae332e8a3 - - - - - -] HA Chassis Group neutron-81243c0d-ac04-40d0-8cb0-44a4d373b9d7 synchronized; highest priority chassis 05f03401-d6a1-4e2e-b28a-71bf1b1fd2ff
2026-05-13 23:16:01.269 8 WARNING neutron.scheduler.dhcp_agent_scheduler [None req-c4dbb728-03e5-47bd-b6e2-e2aa06c30fb9 fd096e42eaec413e97a7348a138b62d1 173b9fbfc4fa48f7bc78a6a8ac5d9496 - - default default] No more DHCP agents
2026-05-13 23:16:01.270 8 WARNING neutron.api.rpc.agentnotifiers.dhcp_rpc_agent_api [None req-c4dbb728-03e5-47bd-b6e2-e2aa06c30fb9 fd096e42eaec413e97a7348a138b62d1 173b9fbfc4fa48f7bc78a6a8ac5d9496 - - default default] Unable to schedule network ffe40292-d4b1-4efb-9510-22138b087231: no agents available; will retry on subsequent port and subnet creation events.
2026-05-13 23:16:01.399 9 INFO neutron.plugins.ml2.drivers.ovn.mech_driver.mech_driver [None req-4431f79a-39e8-4894-9edd-eb0ae332e8a3 - - - - - -] OVN reports status down for port: 588b2419-b608-4fe5-8371-47a052026a5c
2026-05-13 23:16:01.414 8 INFO neutron.db.ovn_revision_numbers_db [None req-c4dbb728-03e5-47bd-b6e2-e2aa06c30fb9 fd096e42eaec413e97a7348a138b62d1 173b9fbfc4fa48f7bc78a6a8ac5d9496 - - default default] Successfully bumped revision number for resource 588b2419-b608-4fe5-8371-47a052026a5c (type: ports) to 1
2026-05-13 23:16:01.622 9 INFO neutron.db.ovn_revision_numbers_db [None req-2fc196df-18b1-4f9e-a3a0-09ba9a8e80d0 14bf93492b8f470ea7f2d869eb7cd46d 9bc2bad67247450c9ffa3fcb554dcf52 - - default default] Successfully bumped revision number for resource e6bc132d-c706-4cb6-b251-6a472bb14c34 (type: security_groups) to 1
2026-05-13 23:16:01.636 9 INFO neutron.db.ovn_revision_numbers_db [None req-2fc196df-18b1-4f9e-a3a0-09ba9a8e80d0 14bf93492b8f470ea7f2d869eb7cd46d 9bc2bad67247450c9ffa3fcb554dcf52 - - default default] Successfully bumped revision number for resource 08120fcb-65d4-4dcc-abcd-e4abb0d5fdcc (type: security_group_rules) to 0
2026-05-13 23:16:01.661 9 INFO neutron.db.ovn_revision_numbers_db [None req-2fc196df-18b1-4f9e-a3a0-09ba9a8e80d0 14bf93492b8f470ea7f2d869eb7cd46d 9bc2bad67247450c9ffa3fcb554dcf52 - - default default] Successfully bumped revision number for resource 7dc0a08e-01a9-4b09-a35f-61ba7d96d029 (type: security_group_rules) to 0
2026-05-13 23:16:01.672 9 INFO neutron.db.ovn_revision_numbers_db [None req-2fc196df-18b1-4f9e-a3a0-09ba9a8e80d0 14bf93492b8f470ea7f2d869eb7cd46d 9bc2bad67247450c9ffa3fcb554dcf52 - - default default] Successfully bumped revision number for resource b8185a70-e932-4acb-b5f6-69889246f3e3 (type: security_group_rules) to 0
2026-05-13 23:16:01.682 9 INFO neutron.db.ovn_revision_numbers_db [None req-2fc196df-18b1-4f9e-a3a0-09ba9a8e80d0 14bf93492b8f470ea7f2d869eb7cd46d 9bc2bad67247450c9ffa3fcb554dcf52 - - default default] Successfully bumped revision number for resource bb0136d3-ce14-4202-a8a9-697668228884 (type: security_group_rules) to 0
2026-05-13 23:16:01.755 9 INFO neutron.db.segments_db [None req-2fc196df-18b1-4f9e-a3a0-09ba9a8e80d0 14bf93492b8f470ea7f2d869eb7cd46d 9bc2bad67247450c9ffa3fcb554dcf52 - - default default] Added segment 8a15ebfe-3306-43fc-90d0-4f96f31ce9b0 of type geneve for network 29b8fd48-dee6-4255-ab8a-3ef2fa362276
2026-05-13 23:16:01.875 9 INFO neutron.db.ovn_revision_numbers_db [None req-2fc196df-18b1-4f9e-a3a0-09ba9a8e80d0 14bf93492b8f470ea7f2d869eb7cd46d 9bc2bad67247450c9ffa3fcb554dcf52 - - default default] Successfully bumped revision number for resource 29b8fd48-dee6-4255-ab8a-3ef2fa362276 (type: networks) to 1
2026-05-13 23:16:02.043 9 WARNING neutron.scheduler.dhcp_agent_scheduler [None req-2fc196df-18b1-4f9e-a3a0-09ba9a8e80d0 14bf93492b8f470ea7f2d869eb7cd46d 9bc2bad67247450c9ffa3fcb554dcf52 - - default default] No more DHCP agents
2026-05-13 23:16:02.044 9 WARNING neutron.api.rpc.agentnotifiers.dhcp_rpc_agent_api [None req-2fc196df-18b1-4f9e-a3a0-09ba9a8e80d0 14bf93492b8f470ea7f2d869eb7cd46d 9bc2bad67247450c9ffa3fcb554dcf52 - - default default] Unable to schedule network 29b8fd48-dee6-4255-ab8a-3ef2fa362276: no agents available; will retry on subsequent port and subnet creation events.
2026-05-13 23:16:02.141 9 INFO neutron.plugins.ml2.drivers.ovn.mech_driver.mech_driver [None req-4431f79a-39e8-4894-9edd-eb0ae332e8a3 - - - - - -] OVN reports status up for port: 588b2419-b608-4fe5-8371-47a052026a5c
2026-05-13 23:16:02.143 9 INFO neutron.db.ovn_revision_numbers_db [None req-2fc196df-18b1-4f9e-a3a0-09ba9a8e80d0 14bf93492b8f470ea7f2d869eb7cd46d 9bc2bad67247450c9ffa3fcb554dcf52 - - default default] Successfully bumped revision number for resource 00f923fa-8d2f-4a1f-9685-3261a0dcb35f (type: ports) to 1
2026-05-13 23:16:02.158 9 INFO neutron.plugins.ml2.plugin [None req-4431f79a-39e8-4894-9edd-eb0ae332e8a3 - - - - - -] Attempt 1 to provision port 588b2419-b608-4fe5-8371-47a052026a5c [pid: 9|app: 0|req: 1388/2755] 10.0.0.6 () {34 vars in 668 bytes} [Wed May 13 23:16:01 2026] POST /v2.0/networks => generated 669 bytes in 880 msecs (HTTP/1.1 201) 4 headers in 162 bytes (1 switches on core 0)
2026-05-13 23:16:02.241 8 WARNING neutron.scheduler.dhcp_agent_scheduler [None req-c4dbb728-03e5-47bd-b6e2-e2aa06c30fb9 fd096e42eaec413e97a7348a138b62d1 173b9fbfc4fa48f7bc78a6a8ac5d9496 - - default default] No more DHCP agents
2026-05-13 23:16:02.242 8 WARNING neutron.api.rpc.agentnotifiers.dhcp_rpc_agent_api [None req-c4dbb728-03e5-47bd-b6e2-e2aa06c30fb9 fd096e42eaec413e97a7348a138b62d1 173b9fbfc4fa48f7bc78a6a8ac5d9496 - - default default] Unable to schedule network ffe40292-d4b1-4efb-9510-22138b087231: no agents available; will retry on subsequent port and subnet creation events.
2026-05-13 23:16:02.322 9 INFO neutron.db.segments_db [None req-4fe5dffd-dd6e-40fe-bf69-30323a93beb9 14bf93492b8f470ea7f2d869eb7cd46d 9bc2bad67247450c9ffa3fcb554dcf52 - - default default] Added segment 00379c75-ed6c-4e15-9c1c-46d4213c36a2 of type geneve for network 854c5425-c6fb-47c8-9199-ec697b1ce0dc
2026-05-13 23:16:02.497 9 INFO neutron.db.ovn_revision_numbers_db [None req-4fe5dffd-dd6e-40fe-bf69-30323a93beb9 14bf93492b8f470ea7f2d869eb7cd46d 9bc2bad67247450c9ffa3fcb554dcf52 - - default default] Successfully bumped revision number for resource 854c5425-c6fb-47c8-9199-ec697b1ce0dc (type: networks) to 1
2026-05-13 23:16:02.586 8 INFO neutron.db.ovn_revision_numbers_db [None req-c4dbb728-03e5-47bd-b6e2-e2aa06c30fb9 fd096e42eaec413e97a7348a138b62d1 173b9fbfc4fa48f7bc78a6a8ac5d9496 - - default default] Successfully bumped revision number for resource 588b2419-b608-4fe5-8371-47a052026a5c (type: router_ports) to 1 [pid: 8|app: 0|req: 1368/2756] 10.0.0.6 () {34 vars in 781 bytes} [Wed May 13 23:16:00 2026] PUT /v2.0/routers/30c1d7e8-3027-4501-9f0f-6bb5ee0a0fd0/add_router_interface => generated 310 bytes in 1910 msecs (HTTP/1.1 200) 4 headers in 157 bytes (1 switches on core 0)
2026-05-13 23:16:02.872 9 WARNING neutron.scheduler.dhcp_agent_scheduler [None req-4fe5dffd-dd6e-40fe-bf69-30323a93beb9 14bf93492b8f470ea7f2d869eb7cd46d 9bc2bad67247450c9ffa3fcb554dcf52 - - default default] No more DHCP agents
2026-05-13 23:16:02.876 9 WARNING neutron.api.rpc.agentnotifiers.dhcp_rpc_agent_api [None req-4fe5dffd-dd6e-40fe-bf69-30323a93beb9 14bf93492b8f470ea7f2d869eb7cd46d 9bc2bad67247450c9ffa3fcb554dcf52 - - default default] Unable to schedule network 854c5425-c6fb-47c8-9199-ec697b1ce0dc: no agents available; will retry on subsequent port and subnet creation events.
2026-05-13 23:16:03.018 9 INFO neutron.db.ovn_revision_numbers_db [None req-4431f79a-39e8-4894-9edd-eb0ae332e8a3 - - - - - -] Successfully bumped revision number for resource 588b2419-b608-4fe5-8371-47a052026a5c (type: ports) to 2
2026-05-13 23:16:03.048 9 INFO neutron.db.ovn_revision_numbers_db [None req-4fe5dffd-dd6e-40fe-bf69-30323a93beb9 14bf93492b8f470ea7f2d869eb7cd46d 9bc2bad67247450c9ffa3fcb554dcf52 - - default default] Successfully bumped revision number for resource e27998a3-1b10-411d-b6a5-46a72307c817 (type: ports) to 1 [pid: 9|app: 0|req: 1389/2757] 10.0.0.6 () {34 vars in 668 bytes} [Wed May 13 23:16:02 2026] POST /v2.0/networks => generated 670 bytes in 914 msecs (HTTP/1.1 201) 4 headers in 162 bytes (1 switches on core 0)
2026-05-13 23:16:03.183 8 WARNING neutron.scheduler.dhcp_agent_scheduler [None req-0d5edbe0-6320-416d-933b-2b8664079841 fd096e42eaec413e97a7348a138b62d1 173b9fbfc4fa48f7bc78a6a8ac5d9496 - - default default] No more DHCP agents
2026-05-13 23:16:03.184 8 WARNING neutron.api.rpc.agentnotifiers.dhcp_rpc_agent_api [None req-0d5edbe0-6320-416d-933b-2b8664079841 fd096e42eaec413e97a7348a138b62d1 173b9fbfc4fa48f7bc78a6a8ac5d9496 - - default default] Unable to schedule network d0348d77-7d12-4bfb-8184-3656b11a67e5: no agents available; will retry on subsequent port and subnet creation events. [pid: 9|app: 0|req: 1390/2758] 10.0.0.6 () {34 vars in 751 bytes} [Wed May 13 23:16:03 2026] PUT /v2.0/networks/29b8fd48-dee6-4255-ab8a-3ef2fa362276/tags => generated 25 bytes in 87 msecs (HTTP/1.1 200) 4 headers in 156 bytes (1 switches on core 0) [pid: 9|app: 0|req: 1391/2759] 10.0.0.6 () {32 vars in 731 bytes} [Wed May 13 23:16:03 2026] GET /v2.0/networks/29b8fd48-dee6-4255-ab8a-3ef2fa362276/tags => generated 25 bytes in 43 msecs (HTTP/1.1 200) 4 headers in 156 bytes (1 switches on core 0) [pid: 9|app: 0|req: 1392/2760] 10.0.0.6 () {34 vars in 751 bytes} [Wed May 13 23:16:03 2026] PUT /v2.0/networks/854c5425-c6fb-47c8-9199-ec697b1ce0dc/tags => generated 17 bytes in 70 msecs (HTTP/1.1 200) 4 headers in 156 bytes (1 switches on core 0)
2026-05-13 23:16:03.354 8 INFO neutron.db.ovn_revision_numbers_db [None req-0d5edbe0-6320-416d-933b-2b8664079841 fd096e42eaec413e97a7348a138b62d1 173b9fbfc4fa48f7bc78a6a8ac5d9496 - - default default] Successfully bumped revision number for resource 4f838773-0ad7-4f7d-8126-12e94bea7591 (type: ports) to 1 [pid: 9|app: 0|req: 1393/2761] 10.0.0.6 () {32 vars in 731 bytes} [Wed May 13 23:16:03 2026] GET /v2.0/networks/854c5425-c6fb-47c8-9199-ec697b1ce0dc/tags => generated 17 bytes in 44 msecs (HTTP/1.1 200) 4 headers in 156 bytes (1 switches on core 0) [pid: 9|app: 0|req: 1394/2762] 10.0.0.6 () {34 vars in 751 bytes} [Wed May 13 23:16:03 2026] PUT /v2.0/networks/854c5425-c6fb-47c8-9199-ec697b1ce0dc/tags => generated 12 bytes in 55 msecs (HTTP/1.1 200) 4 headers in 156 bytes (1 switches on core 0) [pid: 9|app: 0|req: 1395/2763] 10.0.0.6 () {32 vars in 731 bytes} [Wed May 13 23:16:03 2026] GET /v2.0/networks/854c5425-c6fb-47c8-9199-ec697b1ce0dc/tags => generated 12 bytes in 51 msecs (HTTP/1.1 200) 4 headers in 156 bytes (1 switches on core 0) [pid: 9|app: 0|req: 1396/2764] 10.0.0.6 () {32 vars in 731 bytes} [Wed May 13 23:16:03 2026] GET /v2.0/networks/29b8fd48-dee6-4255-ab8a-3ef2fa362276/tags => generated 25 bytes in 66 msecs (HTTP/1.1 200) 4 headers in 156 bytes (1 switches on core 0)
2026-05-13 23:16:03.734 9 INFO neutron_taas.services.taas.taas_plugin [None req-849601a0-036d-4454-b485-8b580d9992b4 14bf93492b8f470ea7f2d869eb7cd46d 9bc2bad67247450c9ffa3fcb554dcf52 - - default default] TaaS: Handle Delete Port: 00f923fa-8d2f-4a1f-9685-3261a0dcb35f
2026-05-13 23:16:03.736 9 INFO neutron_taas.services.taas.tap_mirror_plugin [None req-849601a0-036d-4454-b485-8b580d9992b4 14bf93492b8f470ea7f2d869eb7cd46d 9bc2bad67247450c9ffa3fcb554dcf52 - - default default] Tap Mirror: Handle Delete Port: 00f923fa-8d2f-4a1f-9685-3261a0dcb35f
2026-05-13 23:16:03.910 9 INFO neutron.services.segments.plugin [-] Segment 8a15ebfe-3306-43fc-90d0-4f96f31ce9b0 resource provider aggregate not found
2026-05-13 23:16:03.916 9 INFO neutron.services.segments.plugin [-] Segment 8a15ebfe-3306-43fc-90d0-4f96f31ce9b0 resource provider aggregate not found
2026-05-13 23:16:03.939 9 INFO neutron.services.segments.plugin [-] Segment 8a15ebfe-3306-43fc-90d0-4f96f31ce9b0 resource provider not found; error: Placement Client Error (4xx): {"errors": [{"status": 404, "title": "Not Found", "detail": "The resource could not be found.\n\n No resource provider with uuid 8a15ebfe-3306-43fc-90d0-4f96f31ce9b0 found for delete ", "request_id": "req-42f40f75-9f21-4b76-bd22-83f2c08dcf50"}]}
2026-05-13 23:16:03.940 9 INFO neutron.services.segments.plugin [-] Segment 8a15ebfe-3306-43fc-90d0-4f96f31ce9b0 resource provider not found; error: Placement Client Error (4xx): {"errors": [{"status": 404, "title": "Not Found", "detail": "The resource could not be found.\n\n No resource provider with uuid 8a15ebfe-3306-43fc-90d0-4f96f31ce9b0 found for delete ", "request_id": "req-05fb6d49-8a6c-4f1d-a893-8651c34d82f6"}]} [pid: 9|app: 0|req: 1397/2765] 10.0.0.6 () {32 vars in 724 bytes} [Wed May 13 23:16:03 2026] DELETE /v2.0/networks/29b8fd48-dee6-4255-ab8a-3ef2fa362276 => generated 0 bytes in 345 msecs (HTTP/1.1 204) 3 headers in 131 bytes (1 switches on core 0)
2026-05-13 23:16:04.086 9 INFO neutron_taas.services.taas.taas_plugin [None req-140f7577-a24f-44a4-8feb-ffc5827f3317 14bf93492b8f470ea7f2d869eb7cd46d 9bc2bad67247450c9ffa3fcb554dcf52 - - default default] TaaS: Handle Delete Port: e27998a3-1b10-411d-b6a5-46a72307c817
