199.19.213.88 - - [02/Apr/2026:06:00:09 +0000] "GET /networking/v2.0/ports?device_id=65e2a9e0-bc4e-4a8f-9c0b-ff063f6a7a01 HTTP/1.1" 200 3729 "-" "python-neutronclient"
199.19.213.88 - - [02/Apr/2026:06:00:09 +0000] "GET /networking/v2.0/security-groups?id=68f26649-08a7-4f29-9324-bec06551b9e9&fields=id&fields=name HTTP/1.1" 200 3010 "-" "python-neutronclient"
172.18.0.2 - - [02/Apr/2026:06:00:09 +0000] "GET /compute/v2.1/servers/65e2a9e0-bc4e-4a8f-9c0b-ff063f6a7a01 HTTP/1.1" 200 4468 "-" "cluster-api-provider-openstack/v0.12.4 gophercloud/v2.7.0"
172.18.0.2 - - [02/Apr/2026:06:00:09 +0000] "GET /networking/v2.0/ports?id=0d602812-6dec-427d-9991-dd9cb16fdf70&name=kube-9at7g-default-worker-xblnc-xjjf5-msfqr-0&network_id=c4ef60f7-9a41-46ab-a261-ae36fdcaecd1 HTTP/1.1" 200 3699 "-" "cluster-api-provider-openstack/v0.12.4 gophercloud/v2.7.0"
172.18.0.2 - - [02/Apr/2026:06:00:09 +0000] "GET /compute/v2.1/ HTTP/1.1" 200 3431 "-" "cluster-api-provider-openstack/v0.12.4 gophercloud/v2.7.0"
199.19.213.88 - - [02/Apr/2026:06:00:09 +0000] "GET /networking/v2.0/ports?tenant_id=5aef3d6c81394429bb227f2cf3ec04ab&device_id=65e2a9e0-bc4e-4a8f-9c0b-ff063f6a7a01 HTTP/1.1" 200 3971 "-" "python-neutronclient"
199.19.213.88 - - [02/Apr/2026:06:00:10 +0000] "GET /networking/v2.0/ports?device_id=f76c2c81-ad77-4503-8995-5ac727d92dee HTTP/1.1" 200 3730 "-" "python-neutronclient"
199.19.213.88 - - [02/Apr/2026:06:00:10 +0000] "GET /networking/v2.0/networks?tenant_id=5aef3d6c81394429bb227f2cf3ec04ab&shared=False HTTP/1.1" 200 3619 "-" "python-neutronclient"
199.19.213.88 - - [02/Apr/2026:06:00:10 +0000] "GET /networking/v2.0/security-groups?id=68f26649-08a7-4f29-9324-bec06551b9e9&fields=id&fields=name HTTP/1.1" 200 3010 "-" "python-neutronclient"
199.19.213.88 - - [02/Apr/2026:06:00:10 +0000] "GET /networking/v2.0/networks?shared=True HTTP/1.1" 200 2891 "-" "python-neutronclient"
172.18.0.2 - - [02/Apr/2026:06:00:09 +0000] "GET /compute/v2.1/servers/f76c2c81-ad77-4503-8995-5ac727d92dee HTTP/1.1" 200 4456 "-" "cluster-api-provider-openstack/v0.12.4 gophercloud/v2.7.0"
199.19.213.88 - - [02/Apr/2026:06:00:11 +0000] "GET /networking/v2.0/ports?tenant_id=5aef3d6c81394429bb227f2cf3ec04ab&device_id=65e2a9e0-bc4e-4a8f-9c0b-ff063f6a7a01 HTTP/1.1" 200 3971 "-" "python-neutronclient"
199.19.213.88 - - [02/Apr/2026:06:00:11 +0000] "GET /networking/v2.0/floatingips?fixed_ip_address=192.168.24.11&port_id=34e684e5-5b6c-4f25-8e0f-30d918915fb9 HTTP/1.1" 200 2895 "-" "python-neutronclient"
199.19.213.88 - - [02/Apr/2026:06:00:11 +0000] "GET /networking/v2.0/subnets?id=80f8b8f0-9e42-4467-8ad2-237c109f3918 HTTP/1.1" 200 3645 "-" "python-neutronclient"
199.19.213.88 - - [02/Apr/2026:06:00:11 +0000] "GET /networking/v2.0/ports?network_id=c4ef60f7-9a41-46ab-a261-ae36fdcaecd1&device_owner=network%3Adhcp HTTP/1.1" 200 2888 "-" "python-neutronclient"
199.19.213.88 - - [02/Apr/2026:06:00:11 +0000] "GET /networking/v2.0/networks/c4ef60f7-9a41-46ab-a261-ae36fdcaecd1?fields=segments HTTP/1.1" 200 2890 "-" "python-neutronclient"
199.19.213.88 - - [02/Apr/2026:06:00:11 +0000] "GET /networking/v2.0/networks/c4ef60f7-9a41-46ab-a261-ae36fdcaecd1?fields=provider%3Aphysical_network&fields=provider%3Anetwork_type HTTP/1.1" 200 2955 "-" "python-neutronclient"
199.19.213.88 - - [02/Apr/2026:06:00:11 +0000] "POST /compute/v2.1/os-server-external-events HTTP/1.1" 200 3253 "-" "python-novaclient"
199.19.213.88 - - [02/Apr/2026:06:00:14 +0000] "GET /identity HTTP/1.1" 300 3230 "-" "openstacksdk/4.10.0 keystoneauth1/5.13.1 python-requests/2.32.5 CPython/3.12.3"
199.19.213.88 - - [02/Apr/2026:06:00:14 +0000] "POST /compute/v2.1/os-server-external-events HTTP/1.1" 200 3253 "-" "python-novaclient"
199.19.213.88 - - [02/Apr/2026:06:00:14 +0000] "POST /identity/v3/auth/tokens HTTP/1.1" 201 8041 "-" "openstacksdk/4.10.0 keystoneauth1/5.13.1 python-requests/2.32.5 CPython/3.12.3"
199.19.213.88 - - [02/Apr/2026:06:00:14 +0000] "GET /identity/v3/auth/tokens HTTP/1.1" 200 8036 "-" "python-keystoneclient"
199.19.213.88 - - [02/Apr/2026:06:00:14 +0000] "POST /identity/v3/auth/tokens HTTP/1.1" 201 7617 "-" "uwsgi keystoneauth1/5.13.1 python-requests/2.32.5 CPython/3.12.3"
199.19.213.88 - - [02/Apr/2026:06:00:14 +0000] "POST /identity/v3/auth/tokens HTTP/1.1" 201 7617 "-" "uwsgi keystoneauth1/5.13.1 python-requests/2.32.5 CPython/3.12.3"
199.19.213.88 - - [02/Apr/2026:06:00:14 +0000] "POST /compute/v2.1/os-server-external-events HTTP/1.1" 200 3253 "-" "python-novaclient"
199.19.213.88 - - [02/Apr/2026:06:00:14 +0000] "POST /identity/v3/auth/tokens HTTP/1.1" 201 7617 "-" "uwsgi keystoneauth1/5.13.1 python-requests/2.32.5 CPython/3.12.3"
199.19.213.88 - - [02/Apr/2026:06:00:14 +0000] "GET /container-infra/v1/clusters/k8s-cluster HTTP/1.1" 200 4890 "-" "python-urllib3/2.6.3"
199.19.213.88 - - [02/Apr/2026:06:00:16 +0000] "POST /compute/v2.1/os-server-external-events HTTP/1.1" 200 3253 "-" "python-novaclient"
199.19.213.88 - - [02/Apr/2026:06:00:19 +0000] "GET /identity/v3/auth/tokens HTTP/1.1" 200 8209 "-" "python-keystoneclient"
172.18.0.2 - - [02/Apr/2026:06:00:19 +0000] "GET /networking/v2.0/ports?id=34e684e5-5b6c-4f25-8e0f-30d918915fb9&name=kube-9at7g-default-worker-xblnc-xjjf5-pn7d4-0&network_id=c4ef60f7-9a41-46ab-a261-ae36fdcaecd1 HTTP/1.1" 200 3700 "-" "cluster-api-provider-openstack/v0.12.4 gophercloud/v2.7.0"
172.18.0.2 - - [02/Apr/2026:06:00:19 +0000] "GET /compute/v2.1/ HTTP/1.1" 200 3431 "-" "cluster-api-provider-openstack/v0.12.4 gophercloud/v2.7.0"
199.19.213.88 - - [02/Apr/2026:06:00:19 +0000] "GET /networking/v2.0/ports?device_id=65e2a9e0-bc4e-4a8f-9c0b-ff063f6a7a01 HTTP/1.1" 200 3731 "-" "python-neutronclient"
199.19.213.88 - - [02/Apr/2026:06:00:19 +0000] "GET /networking/v2.0/security-groups?id=68f26649-08a7-4f29-9324-bec06551b9e9&fields=id&fields=name HTTP/1.1" 200 3010 "-" "python-neutronclient"
172.18.0.2 - - [02/Apr/2026:06:00:19 +0000] "GET /compute/v2.1/servers/65e2a9e0-bc4e-4a8f-9c0b-ff063f6a7a01 HTTP/1.1" 200 4641 "-" "cluster-api-provider-openstack/v0.12.4 gophercloud/v2.7.0"
172.18.0.2 - - [02/Apr/2026:06:00:20 +0000] "GET /compute/v2.1/ HTTP/1.1" 200 3431 "-" "cluster-api-provider-openstack/v0.12.4 gophercloud/v2.7.0"
172.18.0.2 - - [02/Apr/2026:06:00:20 +0000] "GET /networking/v2.0/ports?id=34e684e5-5b6c-4f25-8e0f-30d918915fb9&name=kube-9at7g-default-worker-xblnc-xjjf5-pn7d4-0&network_id=c4ef60f7-9a41-46ab-a261-ae36fdcaecd1 HTTP/1.1" 200 3700 "-" "cluster-api-provider-openstack/v0.12.4 gophercloud/v2.7.0"
172.18.0.2 - - [02/Apr/2026:06:00:20 +0000] "GET /compute/v2.1/ HTTP/1.1" 200 3431 "-" "cluster-api-provider-openstack/v0.12.4 gophercloud/v2.7.0"
172.18.0.2 - - [02/Apr/2026:06:00:20 +0000] "GET /networking/v2.0/ports?id=0d602812-6dec-427d-9991-dd9cb16fdf70&name=kube-9at7g-default-worker-xblnc-xjjf5-msfqr-0&network_id=c4ef60f7-9a41-46ab-a261-ae36fdcaecd1 HTTP/1.1" 200 3701 "-" "cluster-api-provider-openstack/v0.12.4 gophercloud/v2.7.0"
172.18.0.2 - - [02/Apr/2026:06:00:20 +0000] "GET /compute/v2.1/ HTTP/1.1" 200 3431 "-" "cluster-api-provider-openstack/v0.12.4 gophercloud/v2.7.0"
199.19.213.88 - - [02/Apr/2026:06:00:20 +0000] "GET /networking/v2.0/ports?device_id=65e2a9e0-bc4e-4a8f-9c0b-ff063f6a7a01 HTTP/1.1" 200 3731 "-" "python-neutronclient"
199.19.213.88 - - [02/Apr/2026:06:00:20 +0000] "GET /networking/v2.0/security-groups?id=68f26649-08a7-4f29-9324-bec06551b9e9&fields=id&fields=name HTTP/1.1" 200 3010 "-" "python-neutronclient"
199.19.213.88 - - [02/Apr/2026:06:00:20 +0000] "GET /networking/v2.0/ports?device_id=65e2a9e0-bc4e-4a8f-9c0b-ff063f6a7a01 HTTP/1.1" 200 3731 "-" "python-neutronclient"
172.18.0.2 - - [02/Apr/2026:06:00:20 +0000] "GET /compute/v2.1/servers/65e2a9e0-bc4e-4a8f-9c0b-ff063f6a7a01 HTTP/1.1" 200 4641 "-" "cluster-api-provider-openstack/v0.12.4 gophercloud/v2.7.0"
199.19.213.88 - - [02/Apr/2026:06:00:20 +0000] "GET /networking/v2.0/ports?device_id=f76c2c81-ad77-4503-8995-5ac727d92dee HTTP/1.1" 200 3732 "-" "python-neutronclient"
172.18.0.2 - - [02/Apr/2026:06:00:20 +0000] "GET /compute/v2.1/ HTTP/1.1" 200 3431 "-" "cluster-api-provider-openstack/v0.12.4 gophercloud/v2.7.0"
199.19.213.88 - - [02/Apr/2026:06:00:20 +0000] "GET /networking/v2.0/security-groups?id=68f26649-08a7-4f29-9324-bec06551b9e9&fields=id&fields=name HTTP/1.1" 200 3010 "-" "python-neutronclient"
172.18.0.2 - - [02/Apr/2026:06:00:20 +0000] "GET /compute/v2.1/servers/65e2a9e0-bc4e-4a8f-9c0b-ff063f6a7a01 HTTP/1.1" 200 4641 "-" "cluster-api-provider-openstack/v0.12.4 gophercloud/v2.7.0"
199.19.213.88 - - [02/Apr/2026:06:00:20 +0000] "GET /networking/v2.0/security-groups?id=68f26649-08a7-4f29-9324-bec06551b9e9&fields=id&fields=name HTTP/1.1" 200 3010 "-" "python-neutronclient"
172.18.0.2 - - [02/Apr/2026:06:00:20 +0000] "GET /compute/v2.1/servers/f76c2c81-ad77-4503-8995-5ac727d92dee HTTP/1.1" 200 4642 "-" "cluster-api-provider-openstack/v0.12.4 gophercloud/v2.7.0"
199.19.213.88 - - [02/Apr/2026:06:00:20 +0000] "GET /networking/v2.0/ports?device_id=65e2a9e0-bc4e-4a8f-9c0b-ff063f6a7a01 HTTP/1.1" 200 3731 "-" "python-neutronclient"
172.18.0.2 - - [02/Apr/2026:06:00:20 +0000] "GET /compute/v2.1/ HTTP/1.1" 200 3431 "-" "cluster-api-provider-openstack/v0.12.4 gophercloud/v2.7.0"
199.19.213.88 - - [02/Apr/2026:06:00:20 +0000] "GET /networking/v2.0/security-groups?id=68f26649-08a7-4f29-9324-bec06551b9e9&fields=id&fields=name HTTP/1.1" 200 3010 "-" "python-neutronclient"
172.18.0.2 - - [02/Apr/2026:06:00:20 +0000] "GET /networking/v2.0/ports?id=0d602812-6dec-427d-9991-dd9cb16fdf70&name=kube-9at7g-default-worker-xblnc-xjjf5-msfqr-0&network_id=c4ef60f7-9a41-46ab-a261-ae36fdcaecd1 HTTP/1.1" 200 3701 "-" "cluster-api-provider-openstack/v0.12.4 gophercloud/v2.7.0"
172.18.0.2 - - [02/Apr/2026:06:00:20 +0000] "GET /compute/v2.1/ HTTP/1.1" 200 3431 "-" "cluster-api-provider-openstack/v0.12.4 gophercloud/v2.7.0"
172.18.0.2 - - [02/Apr/2026:06:00:20 +0000] "GET /compute/v2.1/servers/65e2a9e0-bc4e-4a8f-9c0b-ff063f6a7a01 HTTP/1.1" 200 4641 "-" "cluster-api-provider-openstack/v0.12.4 gophercloud/v2.7.0"
172.18.0.2 - - [02/Apr/2026:06:00:20 +0000] "GET /compute/v2.1/ HTTP/1.1" 200 3431 "-" "cluster-api-provider-openstack/v0.12.4 gophercloud/v2.7.0"
199.19.213.88 - - [02/Apr/2026:06:00:20 +0000] "GET /networking/v2.0/ports?device_id=f76c2c81-ad77-4503-8995-5ac727d92dee HTTP/1.1" 200 3732 "-" "python-neutronclient"
199.19.213.88 - - [02/Apr/2026:06:00:20 +0000] "GET /networking/v2.0/ports?device_id=f76c2c81-ad77-4503-8995-5ac727d92dee HTTP/1.1" 200 3732 "-" "python-neutronclient"
199.19.213.88 - - [02/Apr/2026:06:00:20 +0000] "GET /networking/v2.0/ports?device_id=65e2a9e0-bc4e-4a8f-9c0b-ff063f6a7a01 HTTP/1.1" 200 3731 "-" "python-neutronclient"
199.19.213.88 - - [02/Apr/2026:06:00:20 +0000] "GET /networking/v2.0/security-groups?id=68f26649-08a7-4f29-9324-bec06551b9e9&fields=id&fields=name HTTP/1.1" 200 3010 "-" "python-neutronclient"
172.18.0.2 - - [02/Apr/2026:06:00:20 +0000] "GET /compute/v2.1/servers/f76c2c81-ad77-4503-8995-5ac727d92dee HTTP/1.1" 200 4642 "-" "cluster-api-provider-openstack/v0.12.4 gophercloud/v2.7.0"
199.19.213.88 - - [02/Apr/2026:06:00:20 +0000] "GET /networking/v2.0/security-groups?id=68f26649-08a7-4f29-9324-bec06551b9e9&fields=id&fields=name HTTP/1.1" 200 3010 "-" "python-neutronclient"
172.18.0.2 - - [02/Apr/2026:06:00:20 +0000] "GET /compute/v2.1/servers/f76c2c81-ad77-4503-8995-5ac727d92dee HTTP/1.1" 200 4642 "-" "cluster-api-provider-openstack/v0.12.4 gophercloud/v2.7.0"
199.19.213.88 - - [02/Apr/2026:06:00:20 +0000] "GET /networking/v2.0/security-groups?id=68f26649-08a7-4f29-9324-bec06551b9e9&fields=id&fields=name HTTP/1.1" 200 3010 "-" "python-neutronclient"
199.19.213.88 - - [02/Apr/2026:06:00:20 +0000] "GET /identity HTTP/1.1" 300 3230 "-" "openstacksdk/4.10.0 keystoneauth1/5.13.1 python-requests/2.32.5 CPython/3.12.3"
172.18.0.2 - - [02/Apr/2026:06:00:20 +0000] "GET /compute/v2.1/ HTTP/1.1" 200 3431 "-" "cluster-api-provider-openstack/v0.12.4 gophercloud/v2.7.0"
172.18.0.2 - - [02/Apr/2026:06:00:20 +0000] "GET /compute/v2.1/servers/65e2a9e0-bc4e-4a8f-9c0b-ff063f6a7a01 HTTP/1.1" 200 4641 "-" "cluster-api-provider-openstack/v0.12.4 gophercloud/v2.7.0"
172.18.0.2 - - [02/Apr/2026:06:00:20 +0000] "GET /networking/v2.0/ports?id=0d602812-6dec-427d-9991-dd9cb16fdf70&name=kube-9at7g-default-worker-xblnc-xjjf5-msfqr-0&network_id=c4ef60f7-9a41-46ab-a261-ae36fdcaecd1 HTTP/1.1" 200 3701 "-" "cluster-api-provider-openstack/v0.12.4 gophercloud/v2.7.0"
199.19.213.88 - - [02/Apr/2026:06:00:20 +0000] "POST /identity/v3/auth/tokens HTTP/1.1" 201 8041 "-" "openstacksdk/4.10.0 keystoneauth1/5.13.1 python-requests/2.32.5 CPython/3.12.3"
172.18.0.2 - - [02/Apr/2026:06:00:20 +0000] "GET /compute/v2.1/ HTTP/1.1" 200 3431 "-" "cluster-api-provider-openstack/v0.12.4 gophercloud/v2.7.0"
172.18.0.2 - - [02/Apr/2026:06:00:20 +0000] "GET /compute/v2.1/ HTTP/1.1" 200 3431 "-" "cluster-api-provider-openstack/v0.12.4 gophercloud/v2.7.0"
199.19.213.88 - - [02/Apr/2026:06:00:21 +0000] "GET /networking/v2.0/ports?device_id=f76c2c81-ad77-4503-8995-5ac727d92dee HTTP/1.1" 200 3732 "-" "python-neutronclient"
199.19.213.88 - - [02/Apr/2026:06:00:21 +0000] "GET /networking/v2.0/ports?device_id=f76c2c81-ad77-4503-8995-5ac727d92dee HTTP/1.1" 200 3732 "-" "python-neutronclient"
199.19.213.88 - - [02/Apr/2026:06:00:21 +0000] "GET /networking/v2.0/ports?device_id=65e2a9e0-bc4e-4a8f-9c0b-ff063f6a7a01 HTTP/1.1" 200 3731 "-" "python-neutronclient"
199.19.213.88 - - [02/Apr/2026:06:00:21 +0000] "GET /networking/v2.0/security-groups?id=68f26649-08a7-4f29-9324-bec06551b9e9&fields=id&fields=name HTTP/1.1" 200 3010 "-" "python-neutronclient"
199.19.213.88 - - [02/Apr/2026:06:00:21 +0000] "GET /networking/v2.0/security-groups?id=68f26649-08a7-4f29-9324-bec06551b9e9&fields=id&fields=name HTTP/1.1" 200 3010 "-" "python-neutronclient"
172.18.0.2 - - [02/Apr/2026:06:00:20 +0000] "GET /compute/v2.1/servers/f76c2c81-ad77-4503-8995-5ac727d92dee HTTP/1.1" 200 4642 "-" "cluster-api-provider-openstack/v0.12.4 gophercloud/v2.7.0"
199.19.213.88 - - [02/Apr/2026:06:00:21 +0000] "GET /networking/v2.0/security-groups?id=68f26649-08a7-4f29-9324-bec06551b9e9&fields=id&fields=name HTTP/1.1" 200 3010 "-" "python-neutronclient"
172.18.0.2 - - [02/Apr/2026:06:00:20 +0000] "GET /compute/v2.1/servers/f76c2c81-ad77-4503-8995-5ac727d92dee HTTP/1.1" 200 4642 "-" "cluster-api-provider-openstack/v0.12.4 gophercloud/v2.7.0"
172.18.0.2 - - [02/Apr/2026:06:00:20 +0000] "GET /compute/v2.1/servers/65e2a9e0-bc4e-4a8f-9c0b-ff063f6a7a01 HTTP/1.1" 200 4641 "-" "cluster-api-provider-openstack/v0.12.4 gophercloud/v2.7.0"
172.18.0.2 - - [02/Apr/2026:06:00:21 +0000] "GET /compute/v2.1/ HTTP/1.1" 200 3431 "-" "cluster-api-provider-openstack/v0.12.4 gophercloud/v2.7.0"
199.19.213.88 - - [02/Apr/2026:06:00:21 +0000] "GET /identity/v3/auth/tokens HTTP/1.1" 200 8036 "-" "python-keystoneclient"
199.19.213.88 - - [02/Apr/2026:06:00:21 +0000] "POST /identity/v3/auth/tokens HTTP/1.1" 201 7617 "-" "uwsgi keystoneauth1/5.13.1 python-requests/2.32.5 CPython/3.12.3"
199.19.213.88 - - [02/Apr/2026:06:00:21 +0000] "POST /identity/v3/auth/tokens HTTP/1.1" 201 7617 "-" "uwsgi keystoneauth1/5.13.1 python-requests/2.32.5 CPython/3.12.3"
199.19.213.88 - - [02/Apr/2026:06:00:21 +0000] "GET /networking/v2.0/ports?device_id=f76c2c81-ad77-4503-8995-5ac727d92dee HTTP/1.1" 200 3732 "-" "python-neutronclient"
199.19.213.88 - - [02/Apr/2026:06:00:21 +0000] "POST /identity/v3/auth/tokens HTTP/1.1" 201 7617 "-" "uwsgi keystoneauth1/5.13.1 python-requests/2.32.5 CPython/3.12.3"
199.19.213.88 - - [02/Apr/2026:06:00:21 +0000] "GET /container-infra/v1/clusters/k8s-cluster HTTP/1.1" 200 4889 "-" "python-urllib3/2.6.3"
199.19.213.88 - - [02/Apr/2026:06:00:21 +0000] "GET /networking/v2.0/security-groups?id=68f26649-08a7-4f29-9324-bec06551b9e9&fields=id&fields=name HTTP/1.1" 200 3010 "-" "python-neutronclient"
172.18.0.2 - - [02/Apr/2026:06:00:21 +0000] "GET /compute/v2.1/servers/f76c2c81-ad77-4503-8995-5ac727d92dee HTTP/1.1" 200 4642 "-" "cluster-api-provider-openstack/v0.12.4 gophercloud/v2.7.0"
199.19.213.88 - - [02/Apr/2026:06:00:27 +0000] "GET /identity HTTP/1.1" 300 3230 "-" "openstacksdk/4.10.0 keystoneauth1/5.13.1 python-requests/2.32.5 CPython/3.12.3"
199.19.213.88 - - [02/Apr/2026:06:00:27 +0000] "POST /identity/v3/auth/tokens HTTP/1.1" 201 8041 "-" "openstacksdk/4.10.0 keystoneauth1/5.13.1 python-requests/2.32.5 CPython/3.12.3"
199.19.213.88 - - [02/Apr/2026:06:00:28 +0000] "GET /identity/v3/auth/tokens HTTP/1.1" 200 8036 "-" "python-keystoneclient"
199.19.213.88 - - [02/Apr/2026:06:00:28 +0000] "POST /identity/v3/auth/tokens HTTP/1.1" 201 7617 "-" "uwsgi keystoneauth1/5.13.1 python-requests/2.32.5 CPython/3.12.3"
199.19.213.88 - - [02/Apr/2026:06:00:28 +0000] "POST /identity/v3/auth/tokens HTTP/1.1" 201 7617 "-" "uwsgi keystoneauth1/5.13.1 python-requests/2.32.5 CPython/3.12.3"
199.19.213.88 - - [02/Apr/2026:06:00:28 +0000] "POST /identity/v3/auth/tokens HTTP/1.1" 201 7617 "-" "uwsgi keystoneauth1/5.13.1 python-requests/2.32.5 CPython/3.12.3"
199.19.213.88 - - [02/Apr/2026:06:00:28 +0000] "GET /container-infra/v1/clusters/k8s-cluster HTTP/1.1" 200 4889 "-" "python-urllib3/2.6.3"
199.19.213.88 - - [02/Apr/2026:06:00:30 +0000] "GET /identity HTTP/1.1" 300 3230 "-" "uwsgi keystoneauth1/5.13.1 python-requests/2.32.5 CPython/3.12.3"
199.19.213.88 - - [02/Apr/2026:06:00:30 +0000] "POST /identity/v3/auth/tokens HTTP/1.1" 201 8088 "-" "uwsgi keystoneauth1/5.13.1 python-requests/2.32.5 CPython/3.12.3"
199.19.213.88 - - [02/Apr/2026:06:00:30 +0000] "POST /identity/v3/auth/tokens HTTP/1.1" 201 8088 "-" "uwsgi keystoneauth1/5.13.1 python-requests/2.32.5 CPython/3.12.3"
199.19.213.88 - - [02/Apr/2026:06:00:30 +0000] "GET /identity/v3/auth/tokens HTTP/1.1" 200 8083 "-" "python-keystoneclient"
199.19.213.88 - - [02/Apr/2026:06:00:30 +0000] "GET /identity/v3/auth/tokens?allow_expired=1 HTTP/1.1" 200 8083 "-" "python-keystoneclient"
199.19.213.88 - - [02/Apr/2026:06:00:30 +0000] "GET /networking/v2.0/ports?device_id=9c9e6986-b209-42b1-8235-17f5950b5522 HTTP/1.1" 200 3953 "-" "python-neutronclient"
199.19.213.88 - - [02/Apr/2026:06:00:30 +0000] "GET /networking/v2.0/security-groups?id=406ce11d-7590-4066-9440-1e2fe2caf43a&fields=id&fields=name HTTP/1.1" 200 3016 "-" "python-neutronclient"
199.19.213.88 - - [02/Apr/2026:06:00:34 +0000] "GET /identity HTTP/1.1" 300 3230 "-" "openstacksdk/4.10.0 keystoneauth1/5.13.1 python-requests/2.32.5 CPython/3.12.3"
199.19.213.88 - - [02/Apr/2026:06:00:34 +0000] "POST /identity/v3/auth/tokens HTTP/1.1" 201 8041 "-" "openstacksdk/4.10.0 keystoneauth1/5.13.1 python-requests/2.32.5 CPython/3.12.3"
199.19.213.88 - - [02/Apr/2026:06:00:34 +0000] "GET /identity/v3/auth/tokens HTTP/1.1" 200 8036 "-" "python-keystoneclient"
199.19.213.88 - - [02/Apr/2026:06:00:34 +0000] "POST /identity/v3/auth/tokens HTTP/1.1" 201 7617 "-" "uwsgi keystoneauth1/5.13.1 python-requests/2.32.5 CPython/3.12.3"
199.19.213.88 - - [02/Apr/2026:06:00:34 +0000] "POST /identity/v3/auth/tokens HTTP/1.1" 201 7617 "-" "uwsgi keystoneauth1/5.13.1 python-requests/2.32.5 CPython/3.12.3"
199.19.213.88 - - [02/Apr/2026:06:00:34 +0000] "POST /identity/v3/auth/tokens HTTP/1.1" 201 7617 "-" "uwsgi keystoneauth1/5.13.1 python-requests/2.32.5 CPython/3.12.3"
199.19.213.88 - - [02/Apr/2026:06:00:34 +0000] "GET /container-infra/v1/clusters/k8s-cluster HTTP/1.1" 200 4889 "-" "python-urllib3/2.6.3"
199.19.213.88 - - [02/Apr/2026:06:00:36 +0000] "GET /identity HTTP/1.1" 300 3230 "-" "uwsgi keystoneauth1/5.13.1 python-requests/2.32.5 CPython/3.12.3"
199.19.213.88 - - [02/Apr/2026:06:00:36 +0000] "POST /identity/v3/auth/tokens HTTP/1.1" 201 8088 "-" "uwsgi keystoneauth1/5.13.1 python-requests/2.32.5 CPython/3.12.3"
199.19.213.88 - - [02/Apr/2026:06:00:36 +0000] "POST /identity/v3/auth/tokens HTTP/1.1" 201 8088 "-" "uwsgi keystoneauth1/5.13.1 python-requests/2.32.5 CPython/3.12.3"
199.19.213.88 - - [02/Apr/2026:06:00:36 +0000] "GET /identity/v3/auth/tokens HTTP/1.1" 200 8083 "-" "python-keystoneclient"
199.19.213.88 - - [02/Apr/2026:06:00:36 +0000] "GET /identity/v3/auth/tokens?allow_expired=1 HTTP/1.1" 200 8083 "-" "python-keystoneclient"
199.19.213.88 - - [02/Apr/2026:06:00:36 +0000] "GET /networking/v2.0/ports?device_id=f76c2c81-ad77-4503-8995-5ac727d92dee HTTP/1.1" 200 3974 "-" "python-neutronclient"
199.19.213.88 - - [02/Apr/2026:06:00:36 +0000] "GET /networking/v2.0/security-groups?id=68f26649-08a7-4f29-9324-bec06551b9e9&fields=id&fields=name HTTP/1.1" 200 3010 "-" "python-neutronclient"
199.19.213.88 - - [02/Apr/2026:06:00:39 +0000] "GET /identity HTTP/1.1" 300 3230 "-" "uwsgi keystoneauth1/5.13.1 python-requests/2.32.5 CPython/3.12.3"
199.19.213.88 - - [02/Apr/2026:06:00:39 +0000] "POST /identity/v3/auth/tokens HTTP/1.1" 201 8088 "-" "uwsgi keystoneauth1/5.13.1 python-requests/2.32.5 CPython/3.12.3"
199.19.213.88 - - [02/Apr/2026:06:00:39 +0000] "POST /identity/v3/auth/tokens HTTP/1.1" 201 8088 "-" "uwsgi keystoneauth1/5.13.1 python-requests/2.32.5 CPython/3.12.3"
199.19.213.88 - - [02/Apr/2026:06:00:39 +0000] "GET /identity/v3/auth/tokens HTTP/1.1" 200 8083 "-" "python-keystoneclient"
199.19.213.88 - - [02/Apr/2026:06:00:39 +0000] "GET /identity/v3/auth/tokens?allow_expired=1 HTTP/1.1" 200 8083 "-" "python-keystoneclient"
199.19.213.88 - - [02/Apr/2026:06:00:39 +0000] "GET /networking/v2.0/ports?device_id=65e2a9e0-bc4e-4a8f-9c0b-ff063f6a7a01 HTTP/1.1" 200 3973 "-" "python-neutronclient"
199.19.213.88 - - [02/Apr/2026:06:00:39 +0000] "GET /networking/v2.0/security-groups?id=68f26649-08a7-4f29-9324-bec06551b9e9&fields=id&fields=name HTTP/1.1" 200 3010 "-" "python-neutronclient"
199.19.213.88 - - [02/Apr/2026:06:00:41 +0000] "GET /identity HTTP/1.1" 300 3230 "-" "openstacksdk/4.10.0 keystoneauth1/5.13.1 python-requests/2.32.5 CPython/3.12.3"
199.19.213.88 - - [02/Apr/2026:06:00:41 +0000] "POST /identity/v3/auth/tokens HTTP/1.1" 201 8041 "-" "openstacksdk/4.10.0 keystoneauth1/5.13.1 python-requests/2.32.5 CPython/3.12.3"
199.19.213.88 - - [02/Apr/2026:06:00:41 +0000] "GET /identity/v3/auth/tokens HTTP/1.1" 200 8036 "-" "python-keystoneclient"
199.19.213.88 - - [02/Apr/2026:06:00:41 +0000] "POST /identity/v3/auth/tokens HTTP/1.1" 201 7617 "-" "uwsgi keystoneauth1/5.13.1 python-requests/2.32.5 CPython/3.12.3"
199.19.213.88 - - [02/Apr/2026:06:00:41 +0000] "POST /identity/v3/auth/tokens HTTP/1.1" 201 7617 "-" "uwsgi keystoneauth1/5.13.1 python-requests/2.32.5 CPython/3.12.3"
172.24.5.64 - - [02/Apr/2026:06:00:41 +0000] "GET /identity/ HTTP/1.1" 300 3199 "-" "openstack-cloud-controller-manager/v1.33.1 gophercloud/v2.5.0"
199.19.213.88 - - [02/Apr/2026:06:00:41 +0000] "POST /identity/v3/auth/tokens HTTP/1.1" 201 7617 "-" "uwsgi keystoneauth1/5.13.1 python-requests/2.32.5 CPython/3.12.3"
199.19.213.88 - - [02/Apr/2026:06:00:41 +0000] "GET /container-infra/v1/clusters/k8s-cluster HTTP/1.1" 200 4889 "-" "python-urllib3/2.6.3"
172.24.5.64 - - [02/Apr/2026:06:00:41 +0000] "POST /identity/v3/auth/tokens HTTP/1.1" 201 8183 "-" "openstack-cloud-controller-manager/v1.33.1 gophercloud/v2.5.0"
199.19.213.88 - - [02/Apr/2026:06:00:41 +0000] "GET /identity/v3/auth/tokens HTTP/1.1" 200 8209 "-" "python-keystoneclient"
172.24.5.64 - - [02/Apr/2026:06:00:41 +0000] "GET /networking/v2.0/extensions HTTP/1.1" 200 18100 "-" "openstack-cloud-controller-manager/v1.33.1 gophercloud/v2.5.0"
199.19.213.88 - - [02/Apr/2026:06:00:42 +0000] "GET /networking/v2.0/ports?device_id=9c9e6986-b209-42b1-8235-17f5950b5522 HTTP/1.1" 200 3711 "-" "python-neutronclient"
199.19.213.88 - - [02/Apr/2026:06:00:42 +0000] "GET /networking/v2.0/security-groups?id=406ce11d-7590-4066-9440-1e2fe2caf43a&fields=id&fields=name HTTP/1.1" 200 3016 "-" "python-neutronclient"
172.24.5.64 - - [02/Apr/2026:06:00:41 +0000] "GET /compute/v2.1/servers/detail?name=%5Ekube-9at7g-qlfzf-vddc6%24 HTTP/1.1" 200 4578 "-" "openstack-cloud-controller-manager/v1.33.1 gophercloud/v2.5.0"
172.24.5.64 - - [02/Apr/2026:06:00:42 +0000] "GET /compute/v2.1/flavors/4 HTTP/1.1" 200 3410 "-" "openstack-cloud-controller-manager/v1.33.1 gophercloud/v2.5.0"
172.24.5.64 - - [02/Apr/2026:06:00:42 +0000] "GET /networking/v2.0/ports?device_id=9c9e6986-b209-42b1-8235-17f5950b5522 HTTP/1.1" 200 3680 "-" "openstack-cloud-controller-manager/v1.33.1 gophercloud/v2.5.0"
172.18.0.2 - - [02/Apr/2026:06:00:42 +0000] "GET /compute/v2.1/ HTTP/1.1" 200 3431 "-" "cluster-api-provider-openstack/v0.12.4 gophercloud/v2.7.0"
199.19.213.88 - - [02/Apr/2026:06:00:42 +0000] "GET /identity/v3/auth/tokens HTTP/1.1" 200 8083 "-" "python-keystoneclient"
199.19.213.88 - - [02/Apr/2026:06:00:42 +0000] "GET /networking/v2.0/ports?device_id=9c9e6986-b209-42b1-8235-17f5950b5522 HTTP/1.1" 200 3711 "-" "python-neutronclient"
199.19.213.88 - - [02/Apr/2026:06:00:43 +0000] "GET /networking/v2.0/security-groups?id=406ce11d-7590-4066-9440-1e2fe2caf43a&fields=id&fields=name HTTP/1.1" 200 3016 "-" "python-neutronclient"
172.18.0.2 - - [02/Apr/2026:06:00:42 +0000] "GET /compute/v2.1/servers/9c9e6986-b209-42b1-8235-17f5950b5522 HTTP/1.1" 200 4627 "-" "cluster-api-provider-openstack/v0.12.4 gophercloud/v2.7.0"
172.18.0.2 - - [02/Apr/2026:06:00:43 +0000] "GET /compute/v2.1/ HTTP/1.1" 200 3431 "-" "cluster-api-provider-openstack/v0.12.4 gophercloud/v2.7.0"
199.19.213.88 - - [02/Apr/2026:06:00:43 +0000] "GET /networking/v2.0/ports?device_id=9c9e6986-b209-42b1-8235-17f5950b5522 HTTP/1.1" 200 3711 "-" "python-neutronclient"
199.19.213.88 - - [02/Apr/2026:06:00:43 +0000] "GET /networking/v2.0/security-groups?id=406ce11d-7590-4066-9440-1e2fe2caf43a&fields=id&fields=name HTTP/1.1" 200 3016 "-" "python-neutronclient"
172.18.0.2 - - [02/Apr/2026:06:00:43 +0000] "GET /compute/v2.1/servers/9c9e6986-b209-42b1-8235-17f5950b5522 HTTP/1.1" 200 4627 "-" "cluster-api-provider-openstack/v0.12.4 gophercloud/v2.7.0"
172.18.0.2 - - [02/Apr/2026:06:00:43 +0000] "GET /compute/v2.1/ HTTP/1.1" 200 3431 "-" "cluster-api-provider-openstack/v0.12.4 gophercloud/v2.7.0"
199.19.213.88 - - [02/Apr/2026:06:00:43 +0000] "GET /networking/v2.0/ports?device_id=9c9e6986-b209-42b1-8235-17f5950b5522 HTTP/1.1" 200 3711 "-" "python-neutronclient"
199.19.213.88 - - [02/Apr/2026:06:00:43 +0000] "GET /networking/v2.0/security-groups?id=406ce11d-7590-4066-9440-1e2fe2caf43a&fields=id&fields=name HTTP/1.1" 200 3016 "-" "python-neutronclient"
172.18.0.2 - - [02/Apr/2026:06:00:43 +0000] "GET /compute/v2.1/servers/9c9e6986-b209-42b1-8235-17f5950b5522 HTTP/1.1" 200 4627 "-" "cluster-api-provider-openstack/v0.12.4 gophercloud/v2.7.0"
199.19.213.88 - - [02/Apr/2026:06:00:47 +0000] "GET /identity HTTP/1.1" 300 3230 "-" "openstacksdk/4.10.0 keystoneauth1/5.13.1 python-requests/2.32.5 CPython/3.12.3"
199.19.213.88 - - [02/Apr/2026:06:00:47 +0000] "POST /identity/v3/auth/tokens HTTP/1.1" 201 8041 "-" "openstacksdk/4.10.0 keystoneauth1/5.13.1 python-requests/2.32.5 CPython/3.12.3"
199.19.213.88 - - [02/Apr/2026:06:00:48 +0000] "GET /identity/v3/auth/tokens HTTP/1.1" 200 8036 "-" "python-keystoneclient"
199.19.213.88 - - [02/Apr/2026:06:00:48 +0000] "POST /identity/v3/auth/tokens HTTP/1.1" 201 7617 "-" "uwsgi keystoneauth1/5.13.1 python-requests/2.32.5 CPython/3.12.3"
199.19.213.88 - - [02/Apr/2026:06:00:48 +0000] "POST /identity/v3/auth/tokens HTTP/1.1" 201 7617 "-" "uwsgi keystoneauth1/5.13.1 python-requests/2.32.5 CPython/3.12.3"
199.19.213.88 - - [02/Apr/2026:06:00:48 +0000] "POST /identity/v3/auth/tokens HTTP/1.1" 201 7617 "-" "uwsgi keystoneauth1/5.13.1 python-requests/2.32.5 CPython/3.12.3"
199.19.213.88 - - [02/Apr/2026:06:00:48 +0000] "GET /container-infra/v1/clusters/k8s-cluster HTTP/1.1" 200 4889 "-" "python-urllib3/2.6.3"
199.19.213.88 - - [02/Apr/2026:06:00:49 +0000] "GET /identity/v3/auth/tokens HTTP/1.1" 200 8083 "-" "python-keystoneclient"
199.19.213.88 - - [02/Apr/2026:06:00:49 +0000] "GET /networking/v2.0/ports?device_id=f76c2c81-ad77-4503-8995-5ac727d92dee HTTP/1.1" 200 3732 "-" "python-neutronclient"
199.19.213.88 - - [02/Apr/2026:06:00:49 +0000] "GET /networking/v2.0/security-groups?id=68f26649-08a7-4f29-9324-bec06551b9e9&fields=id&fields=name HTTP/1.1" 200 3010 "-" "python-neutronclient"
172.24.5.64 - - [02/Apr/2026:06:00:49 +0000] "GET /compute/v2.1/servers/detail?name=%5Ekube-9at7g-default-worker-xblnc-xjjf5-msfqr%24 HTTP/1.1" 200 4593 "-" "openstack-cloud-controller-manager/v1.33.1 gophercloud/v2.5.0"
172.24.5.64 - - [02/Apr/2026:06:00:49 +0000] "GET /compute/v2.1/flavors/4 HTTP/1.1" 200 3410 "-" "openstack-cloud-controller-manager/v1.33.1 gophercloud/v2.5.0"
172.24.5.64 - - [02/Apr/2026:06:00:49 +0000] "GET /networking/v2.0/ports?device_id=f76c2c81-ad77-4503-8995-5ac727d92dee HTTP/1.1" 200 3701 "-" "openstack-cloud-controller-manager/v1.33.1 gophercloud/v2.5.0"
172.18.0.2 - - [02/Apr/2026:06:00:50 +0000] "GET /compute/v2.1/ HTTP/1.1" 200 3431 "-" "cluster-api-provider-openstack/v0.12.4 gophercloud/v2.7.0"
199.19.213.88 - - [02/Apr/2026:06:00:50 +0000] "GET /networking/v2.0/ports?device_id=f76c2c81-ad77-4503-8995-5ac727d92dee HTTP/1.1" 200 3732 "-" "python-neutronclient"
199.19.213.88 - - [02/Apr/2026:06:00:50 +0000] "GET /networking/v2.0/security-groups?id=68f26649-08a7-4f29-9324-bec06551b9e9&fields=id&fields=name HTTP/1.1" 200 3010 "-" "python-neutronclient"
172.18.0.2 - - [02/Apr/2026:06:00:50 +0000] "GET /compute/v2.1/servers/f76c2c81-ad77-4503-8995-5ac727d92dee HTTP/1.1" 200 4642 "-" "cluster-api-provider-openstack/v0.12.4 gophercloud/v2.7.0"
172.18.0.2 - - [02/Apr/2026:06:00:50 +0000] "GET /compute/v2.1/ HTTP/1.1" 200 3431 "-" "cluster-api-provider-openstack/v0.12.4 gophercloud/v2.7.0"
199.19.213.88 - - [02/Apr/2026:06:00:50 +0000] "GET /networking/v2.0/ports?device_id=f76c2c81-ad77-4503-8995-5ac727d92dee HTTP/1.1" 200 3732 "-" "python-neutronclient"
199.19.213.88 - - [02/Apr/2026:06:00:50 +0000] "GET /networking/v2.0/security-groups?id=68f26649-08a7-4f29-9324-bec06551b9e9&fields=id&fields=name HTTP/1.1" 200 3010 "-" "python-neutronclient"
172.18.0.2 - - [02/Apr/2026:06:00:50 +0000] "GET /compute/v2.1/servers/f76c2c81-ad77-4503-8995-5ac727d92dee HTTP/1.1" 200 4642 "-" "cluster-api-provider-openstack/v0.12.4 gophercloud/v2.7.0"
199.19.213.88 - - [02/Apr/2026:06:00:50 +0000] "GET /identity/v3/auth/tokens HTTP/1.1" 200 8083 "-" "python-keystoneclient"
199.19.213.88 - - [02/Apr/2026:06:00:50 +0000] "GET /networking/v2.0/ports?device_id=65e2a9e0-bc4e-4a8f-9c0b-ff063f6a7a01 HTTP/1.1" 200 3731 "-" "python-neutronclient"
199.19.213.88 - - [02/Apr/2026:06:00:50 +0000] "GET /networking/v2.0/security-groups?id=68f26649-08a7-4f29-9324-bec06551b9e9&fields=id&fields=name HTTP/1.1" 200 3010 "-" "python-neutronclient"
172.24.5.64 - - [02/Apr/2026:06:00:50 +0000] "GET /compute/v2.1/servers/detail?name=%5Ekube-9at7g-default-worker-xblnc-xjjf5-pn7d4%24 HTTP/1.1" 200 4592 "-" "openstack-cloud-controller-manager/v1.33.1 gophercloud/v2.5.0"
172.24.5.64 - - [02/Apr/2026:06:00:50 +0000] "GET /compute/v2.1/flavors/4 HTTP/1.1" 200 3410 "-" "openstack-cloud-controller-manager/v1.33.1 gophercloud/v2.5.0"
172.24.5.64 - - [02/Apr/2026:06:00:50 +0000] "GET /networking/v2.0/ports?device_id=65e2a9e0-bc4e-4a8f-9c0b-ff063f6a7a01 HTTP/1.1" 200 3700 "-" "openstack-cloud-controller-manager/v1.33.1 gophercloud/v2.5.0"
172.18.0.2 - - [02/Apr/2026:06:00:51 +0000] "GET /compute/v2.1/ HTTP/1.1" 200 3431 "-" "cluster-api-provider-openstack/v0.12.4 gophercloud/v2.7.0"
199.19.213.88 - - [02/Apr/2026:06:00:51 +0000] "GET /networking/v2.0/ports?device_id=65e2a9e0-bc4e-4a8f-9c0b-ff063f6a7a01 HTTP/1.1" 200 3731 "-" "python-neutronclient"
199.19.213.88 - - [02/Apr/2026:06:00:51 +0000] "GET /networking/v2.0/security-groups?id=68f26649-08a7-4f29-9324-bec06551b9e9&fields=id&fields=name HTTP/1.1" 200 3010 "-" "python-neutronclient"
172.18.0.2 - - [02/Apr/2026:06:00:51 +0000] "GET /compute/v2.1/servers/65e2a9e0-bc4e-4a8f-9c0b-ff063f6a7a01 HTTP/1.1" 200 4641 "-" "cluster-api-provider-openstack/v0.12.4 gophercloud/v2.7.0"
172.18.0.2 - - [02/Apr/2026:06:00:51 +0000] "GET /compute/v2.1/ HTTP/1.1" 200 3431 "-" "cluster-api-provider-openstack/v0.12.4 gophercloud/v2.7.0"
199.19.213.88 - - [02/Apr/2026:06:00:51 +0000] "GET /networking/v2.0/ports?device_id=65e2a9e0-bc4e-4a8f-9c0b-ff063f6a7a01 HTTP/1.1" 200 3731 "-" "python-neutronclient"
199.19.213.88 - - [02/Apr/2026:06:00:51 +0000] "GET /networking/v2.0/security-groups?id=68f26649-08a7-4f29-9324-bec06551b9e9&fields=id&fields=name HTTP/1.1" 200 3010 "-" "python-neutronclient"
172.18.0.2 - - [02/Apr/2026:06:00:51 +0000] "GET /compute/v2.1/servers/65e2a9e0-bc4e-4a8f-9c0b-ff063f6a7a01 HTTP/1.1" 200 4641 "-" "cluster-api-provider-openstack/v0.12.4 gophercloud/v2.7.0"
199.19.213.88 - - [02/Apr/2026:06:00:51 +0000] "GET /networking/v2.0/ports?device_id=f76c2c81-ad77-4503-8995-5ac727d92dee HTTP/1.1" 200 3732 "-" "python-neutronclient"
199.19.213.88 - - [02/Apr/2026:06:00:51 +0000] "GET /networking/v2.0/security-groups?id=68f26649-08a7-4f29-9324-bec06551b9e9&fields=id&fields=name HTTP/1.1" 200 3010 "-" "python-neutronclient"
172.24.5.64 - - [02/Apr/2026:06:00:51 +0000] "GET /compute/v2.1/servers/f76c2c81-ad77-4503-8995-5ac727d92dee HTTP/1.1" 200 4590 "-" "openstack-cloud-controller-manager/v1.33.1 gophercloud/v2.5.0"
199.19.213.88 - - [02/Apr/2026:06:00:52 +0000] "GET /networking/v2.0/ports?device_id=f76c2c81-ad77-4503-8995-5ac727d92dee HTTP/1.1" 200 3732 "-" "python-neutronclient"
199.19.213.88 - - [02/Apr/2026:06:00:52 +0000] "GET /networking/v2.0/security-groups?id=68f26649-08a7-4f29-9324-bec06551b9e9&fields=id&fields=name HTTP/1.1" 200 3010 "-" "python-neutronclient"
172.24.5.64 - - [02/Apr/2026:06:00:52 +0000] "GET /compute/v2.1/servers/f76c2c81-ad77-4503-8995-5ac727d92dee HTTP/1.1" 200 4590 "-" "openstack-cloud-controller-manager/v1.33.1 gophercloud/v2.5.0"
199.19.213.88 - - [02/Apr/2026:06:00:52 +0000] "GET /networking/v2.0/ports?device_id=65e2a9e0-bc4e-4a8f-9c0b-ff063f6a7a01 HTTP/1.1" 200 3731 "-" "python-neutronclient"
199.19.213.88 - - [02/Apr/2026:06:00:52 +0000] "GET /networking/v2.0/security-groups?id=68f26649-08a7-4f29-9324-bec06551b9e9&fields=id&fields=name HTTP/1.1" 200 3010 "-" "python-neutronclient"
172.24.5.64 - - [02/Apr/2026:06:00:52 +0000] "GET /compute/v2.1/servers/65e2a9e0-bc4e-4a8f-9c0b-ff063f6a7a01 HTTP/1.1" 200 4589 "-" "openstack-cloud-controller-manager/v1.33.1 gophercloud/v2.5.0"
199.19.213.88 - - [02/Apr/2026:06:00:52 +0000] "GET /networking/v2.0/ports?device_id=65e2a9e0-bc4e-4a8f-9c0b-ff063f6a7a01 HTTP/1.1" 200 3731 "-" "python-neutronclient"
199.19.213.88 - - [02/Apr/2026:06:00:52 +0000] "GET /networking/v2.0/security-groups?id=68f26649-08a7-4f29-9324-bec06551b9e9&fields=id&fields=name HTTP/1.1" 200 3010 "-" "python-neutronclient"
172.24.5.64 - - [02/Apr/2026:06:00:52 +0000] "GET /compute/v2.1/servers/65e2a9e0-bc4e-4a8f-9c0b-ff063f6a7a01 HTTP/1.1" 200 4589 "-" "openstack-cloud-controller-manager/v1.33.1 gophercloud/v2.5.0"
199.19.213.88 - - [02/Apr/2026:06:00:53 +0000] "GET /placement/resource_providers/a31a4fa0-674b-4429-bba9-6b91188f7966/allocations HTTP/1.1" 200 3302 "-" "nova-compute keystoneauth1/5.13.1 python-requests/2.32.5 CPython/3.12.3"
199.19.213.88 - - [02/Apr/2026:06:00:53 +0000] "GET /placement/resource_providers/a31a4fa0-674b-4429-bba9-6b91188f7966/allocations HTTP/1.1" 200 3302 "-" "nova-compute keystoneauth1/5.13.1 python-requests/2.32.5 CPython/3.12.3"
199.19.213.88 - - [02/Apr/2026:06:00:53 +0000] "GET /placement/allocations/f76c2c81-ad77-4503-8995-5ac727d92dee HTTP/1.1" 200 3275 "-" "nova-compute keystoneauth1/5.13.1 python-requests/2.32.5 CPython/3.12.3"
199.19.213.88 - - [02/Apr/2026:06:00:53 +0000] "GET /placement/allocations/65e2a9e0-bc4e-4a8f-9c0b-ff063f6a7a01 HTTP/1.1" 200 3275 "-" "nova-compute keystoneauth1/5.13.1 python-requests/2.32.5 CPython/3.12.3"
199.19.213.88 - - [02/Apr/2026:06:00:53 +0000] "GET /placement/allocations/9c9e6986-b209-42b1-8235-17f5950b5522 HTTP/1.1" 200 3275 "-" "nova-compute keystoneauth1/5.13.1 python-requests/2.32.5 CPython/3.12.3"
199.19.213.88 - - [02/Apr/2026:06:00:54 +0000] "GET /identity HTTP/1.1" 300 3230 "-" "openstacksdk/4.10.0 keystoneauth1/5.13.1 python-requests/2.32.5 CPython/3.12.3"
199.19.213.88 - - [02/Apr/2026:06:00:54 +0000] "POST /identity/v3/auth/tokens HTTP/1.1" 201 8041 "-" "openstacksdk/4.10.0 keystoneauth1/5.13.1 python-requests/2.32.5 CPython/3.12.3"
199.19.213.88 - - [02/Apr/2026:06:00:54 +0000] "GET /identity/v3/auth/tokens HTTP/1.1" 200 8036 "-" "python-keystoneclient"
199.19.213.88 - - [02/Apr/2026:06:00:54 +0000] "POST /identity/v3/auth/tokens HTTP/1.1" 201 7617 "-" "uwsgi keystoneauth1/5.13.1 python-requests/2.32.5 CPython/3.12.3"
199.19.213.88 - - [02/Apr/2026:06:00:55 +0000] "POST /identity/v3/auth/tokens HTTP/1.1" 201 7617 "-" "uwsgi keystoneauth1/5.13.1 python-requests/2.32.5 CPython/3.12.3"
199.19.213.88 - - [02/Apr/2026:06:00:55 +0000] "POST /identity/v3/auth/tokens HTTP/1.1" 201 7617 "-" "uwsgi keystoneauth1/5.13.1 python-requests/2.32.5 CPython/3.12.3"
199.19.213.88 - - [02/Apr/2026:06:00:54 +0000] "GET /container-infra/v1/clusters/k8s-cluster HTTP/1.1" 200 4889 "-" "python-urllib3/2.6.3"
199.19.213.88 - - [02/Apr/2026:06:00:57 +0000] "GET /networking/v2.0/ports?device_id=f76c2c81-ad77-4503-8995-5ac727d92dee HTTP/1.1" 200 3732 "-" "python-neutronclient"
199.19.213.88 - - [02/Apr/2026:06:00:57 +0000] "GET /networking/v2.0/security-groups?id=68f26649-08a7-4f29-9324-bec06551b9e9&fields=id&fields=name HTTP/1.1" 200 3010 "-" "python-neutronclient"
172.24.5.64 - - [02/Apr/2026:06:00:57 +0000] "GET /compute/v2.1/servers/f76c2c81-ad77-4503-8995-5ac727d92dee HTTP/1.1" 200 4590 "-" "openstack-cloud-controller-manager/v1.33.1 gophercloud/v2.5.0"
199.19.213.88 - - [02/Apr/2026:06:00:58 +0000] "GET /identity/v3/auth/tokens HTTP/1.1" 200 8083 "-" "python-keystoneclient"
199.19.213.88 - - [02/Apr/2026:06:00:58 +0000] "GET /networking/v2.0/ports?device_id=f76c2c81-ad77-4503-8995-5ac727d92dee HTTP/1.1" 200 3732 "-" "python-neutronclient"
199.19.213.88 - - [02/Apr/2026:06:00:58 +0000] "GET /networking/v2.0/security-groups?id=68f26649-08a7-4f29-9324-bec06551b9e9&fields=id&fields=name HTTP/1.1" 200 3010 "-" "python-neutronclient"
172.24.5.64 - - [02/Apr/2026:06:00:57 +0000] "GET /compute/v2.1/servers/f76c2c81-ad77-4503-8995-5ac727d92dee HTTP/1.1" 200 4590 "-" "openstack-cloud-controller-manager/v1.33.1 gophercloud/v2.5.0"
199.19.213.88 - - [02/Apr/2026:06:00:58 +0000] "GET /networking/v2.0/ports?device_id=65e2a9e0-bc4e-4a8f-9c0b-ff063f6a7a01 HTTP/1.1" 200 3731 "-" "python-neutronclient"
199.19.213.88 - - [02/Apr/2026:06:00:58 +0000] "GET /networking/v2.0/security-groups?id=68f26649-08a7-4f29-9324-bec06551b9e9&fields=id&fields=name HTTP/1.1" 200 3010 "-" "python-neutronclient"
172.24.5.64 - - [02/Apr/2026:06:00:58 +0000] "GET /compute/v2.1/servers/65e2a9e0-bc4e-4a8f-9c0b-ff063f6a7a01 HTTP/1.1" 200 4589 "-" "openstack-cloud-controller-manager/v1.33.1 gophercloud/v2.5.0"
199.19.213.88 - - [02/Apr/2026:06:00:58 +0000] "GET /networking/v2.0/ports?device_id=65e2a9e0-bc4e-4a8f-9c0b-ff063f6a7a01 HTTP/1.1" 200 3731 "-" "python-neutronclient"
199.19.213.88 - - [02/Apr/2026:06:00:58 +0000] "GET /networking/v2.0/security-groups?id=68f26649-08a7-4f29-9324-bec06551b9e9&fields=id&fields=name HTTP/1.1" 200 3010 "-" "python-neutronclient"
172.24.5.64 - - [02/Apr/2026:06:00:58 +0000] "GET /compute/v2.1/servers/65e2a9e0-bc4e-4a8f-9c0b-ff063f6a7a01 HTTP/1.1" 200 4589 "-" "openstack-cloud-controller-manager/v1.33.1 gophercloud/v2.5.0"
172.18.0.2 - - [02/Apr/2026:06:00:59 +0000] "GET /compute/v2.1/ HTTP/1.1" 200 3431 "-" "cluster-api-provider-openstack/v0.12.4 gophercloud/v2.7.0"
199.19.213.88 - - [02/Apr/2026:06:00:59 +0000] "GET /networking/v2.0/ports?device_id=f76c2c81-ad77-4503-8995-5ac727d92dee HTTP/1.1" 200 3732 "-" "python-neutronclient"
199.19.213.88 - - [02/Apr/2026:06:00:59 +0000] "GET /networking/v2.0/security-groups?id=68f26649-08a7-4f29-9324-bec06551b9e9&fields=id&fields=name HTTP/1.1" 200 3010 "-" "python-neutronclient"
172.18.0.2 - - [02/Apr/2026:06:00:59 +0000] "GET /compute/v2.1/servers/f76c2c81-ad77-4503-8995-5ac727d92dee HTTP/1.1" 200 4642 "-" "cluster-api-provider-openstack/v0.12.4 gophercloud/v2.7.0"
172.18.0.2 - - [02/Apr/2026:06:01:00 +0000] "GET /compute/v2.1/ HTTP/1.1" 200 3431 "-" "cluster-api-provider-openstack/v0.12.4 gophercloud/v2.7.0"
199.19.213.88 - - [02/Apr/2026:06:01:00 +0000] "GET /networking/v2.0/ports?device_id=f76c2c81-ad77-4503-8995-5ac727d92dee HTTP/1.1" 200 3732 "-" "python-neutronclient"
199.19.213.88 - - [02/Apr/2026:06:01:00 +0000] "GET /networking/v2.0/security-groups?id=68f26649-08a7-4f29-9324-bec06551b9e9&fields=id&fields=name HTTP/1.1" 200 3010 "-" "python-neutronclient"
172.18.0.2 - - [02/Apr/2026:06:01:00 +0000] "GET /compute/v2.1/servers/f76c2c81-ad77-4503-8995-5ac727d92dee HTTP/1.1" 200 4642 "-" "cluster-api-provider-openstack/v0.12.4 gophercloud/v2.7.0"
172.18.0.2 - - [02/Apr/2026:06:01:00 +0000] "GET /compute/v2.1/ HTTP/1.1" 200 3431 "-" "cluster-api-provider-openstack/v0.12.4 gophercloud/v2.7.0"
199.19.213.88 - - [02/Apr/2026:06:01:00 +0000] "GET /networking/v2.0/ports?device_id=f76c2c81-ad77-4503-8995-5ac727d92dee HTTP/1.1" 200 3732 "-" "python-neutronclient"
199.19.213.88 - - [02/Apr/2026:06:01:00 +0000] "GET /networking/v2.0/security-groups?id=68f26649-08a7-4f29-9324-bec06551b9e9&fields=id&fields=name HTTP/1.1" 200 3010 "-" "python-neutronclient"
172.18.0.2 - - [02/Apr/2026:06:01:00 +0000] "GET /compute/v2.1/servers/f76c2c81-ad77-4503-8995-5ac727d92dee HTTP/1.1" 200 4642 "-" "cluster-api-provider-openstack/v0.12.4 gophercloud/v2.7.0"
172.18.0.2 - - [02/Apr/2026:06:01:01 +0000] "GET /compute/v2.1/ HTTP/1.1" 200 3431 "-" "cluster-api-provider-openstack/v0.12.4 gophercloud/v2.7.0"
199.19.213.88 - - [02/Apr/2026:06:01:01 +0000] "GET /networking/v2.0/ports?device_id=65e2a9e0-bc4e-4a8f-9c0b-ff063f6a7a01 HTTP/1.1" 200 3731 "-" "python-neutronclient"
199.19.213.88 - - [02/Apr/2026:06:01:01 +0000] "GET /identity HTTP/1.1" 300 3230 "-" "openstacksdk/4.10.0 keystoneauth1/5.13.1 python-requests/2.32.5 CPython/3.12.3"
199.19.213.88 - - [02/Apr/2026:06:01:01 +0000] "POST /identity/v3/auth/tokens HTTP/1.1" 201 8041 "-" "openstacksdk/4.10.0 keystoneauth1/5.13.1 python-requests/2.32.5 CPython/3.12.3"
199.19.213.88 - - [02/Apr/2026:06:01:01 +0000] "GET /networking/v2.0/security-groups?id=68f26649-08a7-4f29-9324-bec06551b9e9&fields=id&fields=name HTTP/1.1" 200 3010 "-" "python-neutronclient"
172.18.0.2 - - [02/Apr/2026:06:01:01 +0000] "GET /compute/v2.1/servers/65e2a9e0-bc4e-4a8f-9c0b-ff063f6a7a01 HTTP/1.1" 200 4641 "-" "cluster-api-provider-openstack/v0.12.4 gophercloud/v2.7.0"
199.19.213.88 - - [02/Apr/2026:06:01:01 +0000] "GET /identity/v3/auth/tokens HTTP/1.1" 200 8036 "-" "python-keystoneclient"
199.19.213.88 - - [02/Apr/2026:06:01:01 +0000] "POST /identity/v3/auth/tokens HTTP/1.1" 201 7617 "-" "uwsgi keystoneauth1/5.13.1 python-requests/2.32.5 CPython/3.12.3"
199.19.213.88 - - [02/Apr/2026:06:01:01 +0000] "POST /identity/v3/auth/tokens HTTP/1.1" 201 7617 "-" "uwsgi keystoneauth1/5.13.1 python-requests/2.32.5 CPython/3.12.3"
199.19.213.88 - - [02/Apr/2026:06:01:01 +0000] "POST /identity/v3/auth/tokens HTTP/1.1" 201 7617 "-" "uwsgi keystoneauth1/5.13.1 python-requests/2.32.5 CPython/3.12.3"
199.19.213.88 - - [02/Apr/2026:06:01:01 +0000] "GET /container-infra/v1/clusters/k8s-cluster HTTP/1.1" 200 4889 "-" "python-urllib3/2.6.3"
172.24.5.64 - - [02/Apr/2026:06:01:03 +0000] "GET /identity/ HTTP/1.1" 300 3199 "-" "cinder-csi-plugin/v1.32.0 gophercloud/v2.5.0"
172.24.5.64 - - [02/Apr/2026:06:01:03 +0000] "POST /identity/v3/auth/tokens HTTP/1.1" 201 8183 "-" "cinder-csi-plugin/v1.32.0 gophercloud/v2.5.0"
199.19.213.88 - - [02/Apr/2026:06:01:03 +0000] "GET /networking/v2.0/ports?device_id=9c9e6986-b209-42b1-8235-17f5950b5522 HTTP/1.1" 200 3953 "-" "python-neutronclient"
199.19.213.88 - - [02/Apr/2026:06:01:03 +0000] "GET /networking/v2.0/security-groups?id=406ce11d-7590-4066-9440-1e2fe2caf43a&fields=id&fields=name HTTP/1.1" 200 3016 "-" "python-neutronclient"
199.19.213.88 - - [02/Apr/2026:06:01:03 +0000] "GET /networking/v2.0/ports?device_id=65e2a9e0-bc4e-4a8f-9c0b-ff063f6a7a01 HTTP/1.1" 200 3731 "-" "python-neutronclient"
199.19.213.88 - - [02/Apr/2026:06:01:03 +0000] "GET /networking/v2.0/security-groups?id=68f26649-08a7-4f29-9324-bec06551b9e9&fields=id&fields=name HTTP/1.1" 200 3010 "-" "python-neutronclient"
172.24.5.64 - - [02/Apr/2026:06:01:03 +0000] "GET /compute/v2.1/servers/65e2a9e0-bc4e-4a8f-9c0b-ff063f6a7a01 HTTP/1.1" 200 4589 "-" "openstack-cloud-controller-manager/v1.33.1 gophercloud/v2.5.0"
199.19.213.88 - - [02/Apr/2026:06:01:03 +0000] "GET /networking/v2.0/ports?device_id=65e2a9e0-bc4e-4a8f-9c0b-ff063f6a7a01 HTTP/1.1" 200 3731 "-" "python-neutronclient"
199.19.213.88 - - [02/Apr/2026:06:01:04 +0000] "GET /networking/v2.0/security-groups?id=68f26649-08a7-4f29-9324-bec06551b9e9&fields=id&fields=name HTTP/1.1" 200 3010 "-" "python-neutronclient"
172.24.5.64 - - [02/Apr/2026:06:01:03 +0000] "GET /compute/v2.1/servers/65e2a9e0-bc4e-4a8f-9c0b-ff063f6a7a01 HTTP/1.1" 200 4589 "-" "openstack-cloud-controller-manager/v1.33.1 gophercloud/v2.5.0"
199.19.213.88 - - [02/Apr/2026:06:01:04 +0000] "GET /identity/v3/auth/tokens HTTP/1.1" 200 8209 "-" "python-keystoneclient"
172.24.5.64 - - [02/Apr/2026:06:01:04 +0000] "GET /volume/v3/volumes/detail HTTP/1.1" 200 2988 "-" "cinder-csi-plugin/v1.32.0 gophercloud/v2.5.0"
172.18.0.2 - - [02/Apr/2026:06:01:06 +0000] "GET /compute/v2.1/ HTTP/1.1" 200 3431 "-" "cluster-api-provider-openstack/v0.12.4 gophercloud/v2.7.0"
199.19.213.88 - - [02/Apr/2026:06:01:06 +0000] "GET /networking/v2.0/ports?device_id=65e2a9e0-bc4e-4a8f-9c0b-ff063f6a7a01 HTTP/1.1" 200 3731 "-" "python-neutronclient"
199.19.213.88 - - [02/Apr/2026:06:01:06 +0000] "GET /networking/v2.0/security-groups?id=68f26649-08a7-4f29-9324-bec06551b9e9&fields=id&fields=name HTTP/1.1" 200 3010 "-" "python-neutronclient"
172.18.0.2 - - [02/Apr/2026:06:01:06 +0000] "GET /compute/v2.1/servers/65e2a9e0-bc4e-4a8f-9c0b-ff063f6a7a01 HTTP/1.1" 200 4641 "-" "cluster-api-provider-openstack/v0.12.4 gophercloud/v2.7.0"
172.18.0.2 - - [02/Apr/2026:06:01:06 +0000] "GET /compute/v2.1/ HTTP/1.1" 200 3431 "-" "cluster-api-provider-openstack/v0.12.4 gophercloud/v2.7.0"
199.19.213.88 - - [02/Apr/2026:06:01:06 +0000] "GET /networking/v2.0/ports?device_id=65e2a9e0-bc4e-4a8f-9c0b-ff063f6a7a01 HTTP/1.1" 200 3731 "-" "python-neutronclient"
199.19.213.88 - - [02/Apr/2026:06:01:06 +0000] "GET /networking/v2.0/security-groups?id=68f26649-08a7-4f29-9324-bec06551b9e9&fields=id&fields=name HTTP/1.1" 200 3010 "-" "python-neutronclient"
172.18.0.2 - - [02/Apr/2026:06:01:06 +0000] "GET /compute/v2.1/servers/65e2a9e0-bc4e-4a8f-9c0b-ff063f6a7a01 HTTP/1.1" 200 4641 "-" "cluster-api-provider-openstack/v0.12.4 gophercloud/v2.7.0"
199.19.213.88 - - [02/Apr/2026:06:01:07 +0000] "GET /identity HTTP/1.1" 300 3230 "-" "openstacksdk/4.10.0 keystoneauth1/5.13.1 python-requests/2.32.5 CPython/3.12.3"
199.19.213.88 - - [02/Apr/2026:06:01:07 +0000] "POST /identity/v3/auth/tokens HTTP/1.1" 201 8041 "-" "openstacksdk/4.10.0 keystoneauth1/5.13.1 python-requests/2.32.5 CPython/3.12.3"
199.19.213.88 - - [02/Apr/2026:06:01:08 +0000] "GET /identity/v3/auth/tokens HTTP/1.1" 200 8036 "-" "python-keystoneclient"
199.19.213.88 - - [02/Apr/2026:06:01:08 +0000] "POST /identity/v3/auth/tokens HTTP/1.1" 201 7617 "-" "uwsgi keystoneauth1/5.13.1 python-requests/2.32.5 CPython/3.12.3"
199.19.213.88 - - [02/Apr/2026:06:01:08 +0000] "POST /identity/v3/auth/tokens HTTP/1.1" 201 7617 "-" "uwsgi keystoneauth1/5.13.1 python-requests/2.32.5 CPython/3.12.3"
199.19.213.88 - - [02/Apr/2026:06:01:08 +0000] "POST /identity/v3/auth/tokens HTTP/1.1" 201 7617 "-" "uwsgi keystoneauth1/5.13.1 python-requests/2.32.5 CPython/3.12.3"
199.19.213.88 - - [02/Apr/2026:06:01:08 +0000] "GET /container-infra/v1/clusters/k8s-cluster HTTP/1.1" 200 4889 "-" "python-urllib3/2.6.3"
199.19.213.88 - - [02/Apr/2026:06:01:14 +0000] "GET /identity HTTP/1.1" 300 3230 "-" "openstacksdk/4.10.0 keystoneauth1/5.13.1 python-requests/2.32.5 CPython/3.12.3"
199.19.213.88 - - [02/Apr/2026:06:01:14 +0000] "POST /identity/v3/auth/tokens HTTP/1.1" 201 8041 "-" "openstacksdk/4.10.0 keystoneauth1/5.13.1 python-requests/2.32.5 CPython/3.12.3"
199.19.213.88 - - [02/Apr/2026:06:01:14 +0000] "GET /identity/v3/auth/tokens HTTP/1.1" 200 8036 "-" "python-keystoneclient"
199.19.213.88 - - [02/Apr/2026:06:01:15 +0000] "POST /identity/v3/auth/tokens HTTP/1.1" 201 7617 "-" "uwsgi keystoneauth1/5.13.1 python-requests/2.32.5 CPython/3.12.3"
199.19.213.88 - - [02/Apr/2026:06:01:15 +0000] "POST /identity/v3/auth/tokens HTTP/1.1" 201 7617 "-" "uwsgi keystoneauth1/5.13.1 python-requests/2.32.5 CPython/3.12.3"
199.19.213.88 - - [02/Apr/2026:06:01:15 +0000] "POST /identity/v3/auth/tokens HTTP/1.1" 201 7617 "-" "uwsgi keystoneauth1/5.13.1 python-requests/2.32.5 CPython/3.12.3"
199.19.213.88 - - [02/Apr/2026:06:01:14 +0000] "GET /container-infra/v1/clusters/k8s-cluster HTTP/1.1" 200 4665 "-" "python-urllib3/2.6.3"
199.19.213.88 - - [02/Apr/2026:06:01:16 +0000] "GET /identity HTTP/1.1" 300 3230 "-" "openstacksdk/4.10.0 keystoneauth1/5.13.1 python-requests/2.32.5 CPython/3.12.3"
199.19.213.88 - - [02/Apr/2026:06:01:16 +0000] "POST /identity/v3/auth/tokens HTTP/1.1" 201 8041 "-" "openstacksdk/4.10.0 keystoneauth1/5.13.1 python-requests/2.32.5 CPython/3.12.3"
199.19.213.88 - - [02/Apr/2026:06:01:16 +0000] "GET /identity/v3/auth/tokens HTTP/1.1" 200 8036 "-" "python-keystoneclient"
199.19.213.88 - - [02/Apr/2026:06:01:16 +0000] "POST /identity/v3/auth/tokens HTTP/1.1" 201 7617 "-" "uwsgi keystoneauth1/5.13.1 python-requests/2.32.5 CPython/3.12.3"
199.19.213.88 - - [02/Apr/2026:06:01:16 +0000] "POST /identity/v3/auth/tokens HTTP/1.1" 201 7617 "-" "uwsgi keystoneauth1/5.13.1 python-requests/2.32.5 CPython/3.12.3"
199.19.213.88 - - [02/Apr/2026:06:01:16 +0000] "POST /identity/v3/auth/tokens HTTP/1.1" 201 7617 "-" "uwsgi keystoneauth1/5.13.1 python-requests/2.32.5 CPython/3.12.3"
199.19.213.88 - - [02/Apr/2026:06:01:16 +0000] "GET /container-infra/v1/clusters/k8s-cluster HTTP/1.1" 200 4665 "-" "python-urllib3/2.6.3"
