199.19.213.88 - - [02/Apr/2026:05:55:32 +0000] "POST /identity/v3/auth/tokens HTTP/1.1" 201 8041 "-" "openstacksdk/4.10.0 keystoneauth1/5.13.1 python-requests/2.32.5 CPython/3.12.3"
172.18.0.2 - - [02/Apr/2026:05:55:32 +0000] "GET /networking/v2.0/ports?id=913dbf76-55dc-4bd6-8c99-2665d8637aa9&name=kube-9at7g-qlfzf-vddc6-0&network_id=c4ef60f7-9a41-46ab-a261-ae36fdcaecd1 HTTP/1.1" 200 3630 "-" "cluster-api-provider-openstack/v0.12.4 gophercloud/v2.7.0"
172.18.0.2 - - [02/Apr/2026:05:55:32 +0000] "GET /compute/v2.1/ HTTP/1.1" 200 3431 "-" "cluster-api-provider-openstack/v0.12.4 gophercloud/v2.7.0"
199.19.213.88 - - [02/Apr/2026:05:55:32 +0000] "GET /identity HTTP/1.1" 300 3230 "-" "nova-scheduler keystoneauth1/5.13.1 python-requests/2.32.5 CPython/3.12.3"
199.19.213.88 - - [02/Apr/2026:05:55:32 +0000] "GET /identity HTTP/1.1" 300 3230 "-" "nova/33.1.0.dev30 keystonemiddleware.auth_token/12.0.0 keystoneauth1/5.13.1 python-requests/2.32.5 CPython/3.12.3"
199.19.213.88 - - [02/Apr/2026:05:55:32 +0000] "POST /identity/v3/auth/tokens HTTP/1.1" 201 8088 "-" "nova-scheduler keystoneauth1/5.13.1 python-requests/2.32.5 CPython/3.12.3"
199.19.213.88 - - [02/Apr/2026:05:55:32 +0000] "POST /identity/v3/auth/tokens HTTP/1.1" 201 8088 "-" "nova/33.1.0.dev30 keystonemiddleware.auth_token/12.0.0 keystoneauth1/5.13.1 python-requests/2.32.5 CPython/3.12.3"
199.19.213.88 - - [02/Apr/2026:05:55:33 +0000] "GET /identity HTTP/1.1" 300 3230 "-" "uwsgi keystoneauth1/5.13.1 python-requests/2.32.5 CPython/3.12.3"
199.19.213.88 - - [02/Apr/2026:05:55:33 +0000] "GET /identity/v3/auth/tokens HTTP/1.1" 200 8083 "-" "python-keystoneclient"
199.19.213.88 - - [02/Apr/2026:05:55:33 +0000] "GET /networking/v2.0/ports/913dbf76-55dc-4bd6-8c99-2665d8637aa9 HTTP/1.1" 200 3658 "-" "python-neutronclient"
199.19.213.88 - - [02/Apr/2026:05:55:33 +0000] "POST /identity/v3/auth/tokens HTTP/1.1" 201 8088 "-" "uwsgi keystoneauth1/5.13.1 python-requests/2.32.5 CPython/3.12.3"
199.19.213.88 - - [02/Apr/2026:05:55:33 +0000] "GET /identity/v3/auth/tokens HTTP/1.1" 200 8036 "-" "python-keystoneclient"
199.19.213.88 - - [02/Apr/2026:05:55:33 +0000] "POST /identity/v3/auth/tokens HTTP/1.1" 201 7617 "-" "uwsgi keystoneauth1/5.13.1 python-requests/2.32.5 CPython/3.12.3"
199.19.213.88 - - [02/Apr/2026:05:55:33 +0000] "GET /identity HTTP/1.1" 300 3230 "-" "placement/unknown keystonemiddleware.auth_token/12.0.0 keystoneauth1/5.13.1 python-requests/2.32.5 CPython/3.12.3"
199.19.213.88 - - [02/Apr/2026:05:55:33 +0000] "GET /identity/v3/auth/tokens HTTP/1.1" 200 8083 "-" "python-keystoneclient"
199.19.213.88 - - [02/Apr/2026:05:55:33 +0000] "GET /networking/v2.0/ports?device_id=9c9e6986-b209-42b1-8235-17f5950b5522 HTTP/1.1" 200 2888 "-" "python-neutronclient"
199.19.213.88 - - [02/Apr/2026:05:55:33 +0000] "POST /identity/v3/auth/tokens HTTP/1.1" 201 7617 "-" "uwsgi keystoneauth1/5.13.1 python-requests/2.32.5 CPython/3.12.3"
172.18.0.2 - - [02/Apr/2026:05:55:32 +0000] "GET /compute/v2.1/servers/9c9e6986-b209-42b1-8235-17f5950b5522 HTTP/1.1" 200 4294 "-" "cluster-api-provider-openstack/v0.12.4 gophercloud/v2.7.0"
199.19.213.88 - - [02/Apr/2026:05:55:33 +0000] "POST /identity/v3/auth/tokens HTTP/1.1" 201 8093 "-" "placement/unknown keystonemiddleware.auth_token/12.0.0 keystoneauth1/5.13.1 python-requests/2.32.5 CPython/3.12.3"
199.19.213.88 - - [02/Apr/2026:05:55:33 +0000] "POST /identity/v3/auth/tokens HTTP/1.1" 201 7617 "-" "uwsgi keystoneauth1/5.13.1 python-requests/2.32.5 CPython/3.12.3"
199.19.213.88 - - [02/Apr/2026:05:55:33 +0000] "GET /container-infra/v1/clusters/k8s-cluster HTTP/1.1" 200 4725 "-" "python-urllib3/2.6.3"
199.19.213.88 - - [02/Apr/2026:05:55:33 +0000] "GET /identity/v3/auth/tokens HTTP/1.1" 200 8083 "-" "python-keystoneclient"
172.18.0.2 - - [02/Apr/2026:05:55:33 +0000] "GET /networking/v2.0/ports?id=913dbf76-55dc-4bd6-8c99-2665d8637aa9&name=kube-9at7g-qlfzf-vddc6-0&network_id=c4ef60f7-9a41-46ab-a261-ae36fdcaecd1 HTTP/1.1" 200 3630 "-" "cluster-api-provider-openstack/v0.12.4 gophercloud/v2.7.0"
172.18.0.2 - - [02/Apr/2026:05:55:33 +0000] "GET /compute/v2.1/ HTTP/1.1" 200 3431 "-" "cluster-api-provider-openstack/v0.12.4 gophercloud/v2.7.0"
199.19.213.88 - - [02/Apr/2026:05:55:33 +0000] "GET /placement/allocation_candidates?resources=DISK_GB%3A80%2CMEMORY_MB%3A8192%2CVCPU%3A4&root_required=%21COMPUTE_STATUS_DISABLED HTTP/1.1" 200 5547 "-" "nova-scheduler keystoneauth1/5.13.1 python-requests/2.32.5 CPython/3.12.3"
199.19.213.88 - - [02/Apr/2026:05:55:33 +0000] "GET /networking/v2.0/ports?device_id=9c9e6986-b209-42b1-8235-17f5950b5522 HTTP/1.1" 200 2888 "-" "python-neutronclient"
172.18.0.2 - - [02/Apr/2026:05:55:33 +0000] "GET /compute/v2.1/servers/9c9e6986-b209-42b1-8235-17f5950b5522 HTTP/1.1" 200 4294 "-" "cluster-api-provider-openstack/v0.12.4 gophercloud/v2.7.0"
199.19.213.88 - - [02/Apr/2026:05:55:33 +0000] "GET /placement/allocations/9c9e6986-b209-42b1-8235-17f5950b5522 HTTP/1.1" 200 3034 "-" "nova-scheduler keystoneauth1/5.13.1 python-requests/2.32.5 CPython/3.12.3"
199.19.213.88 - - [02/Apr/2026:05:55:33 +0000] "PUT /placement/allocations/9c9e6986-b209-42b1-8235-17f5950b5522 HTTP/1.1" 204 2900 "-" "nova-scheduler keystoneauth1/5.13.1 python-requests/2.32.5 CPython/3.12.3"
199.19.213.88 - - [02/Apr/2026:05:55:35 +0000] "GET /placement/allocations/9c9e6986-b209-42b1-8235-17f5950b5522 HTTP/1.1" 200 3275 "-" "nova-compute keystoneauth1/5.13.1 python-requests/2.32.5 CPython/3.12.3"
199.19.213.88 - - [02/Apr/2026:05:55:36 +0000] "GET /placement/resource_providers/a31a4fa0-674b-4429-bba9-6b91188f7966/allocations HTTP/1.1" 200 3098 "-" "nova-compute keystoneauth1/5.13.1 python-requests/2.32.5 CPython/3.12.3"
199.19.213.88 - - [02/Apr/2026:05:55:36 +0000] "GET /placement/allocations/9c9e6986-b209-42b1-8235-17f5950b5522 HTTP/1.1" 200 3275 "-" "nova-compute keystoneauth1/5.13.1 python-requests/2.32.5 CPython/3.12.3"
199.19.213.88 - - [02/Apr/2026:05:55:37 +0000] "GET /identity HTTP/1.1" 300 3230 "-" "nova-compute keystoneauth1/5.13.1 python-requests/2.32.5 CPython/3.12.3"
199.19.213.88 - - [02/Apr/2026:05:55:37 +0000] "POST /identity/v3/auth/tokens HTTP/1.1" 201 8088 "-" "nova-compute keystoneauth1/5.13.1 python-requests/2.32.5 CPython/3.12.3"
199.19.213.88 - - [02/Apr/2026:05:55:38 +0000] "POST /identity/v3/auth/tokens HTTP/1.1" 201 8088 "-" "nova-compute keystoneauth1/5.13.1 python-requests/2.32.5 CPython/3.12.3"
199.19.213.88 - - [02/Apr/2026:05:55:38 +0000] "GET /identity/v3/auth/tokens HTTP/1.1" 200 8083 "-" "python-keystoneclient"
199.19.213.88 - - [02/Apr/2026:05:55:38 +0000] "GET /identity/v3/auth/tokens?allow_expired=1 HTTP/1.1" 200 8083 "-" "python-keystoneclient"
199.19.213.88 - - [02/Apr/2026:05:55:38 +0000] "GET /networking/v2.0/ports/913dbf76-55dc-4bd6-8c99-2665d8637aa9 HTTP/1.1" 200 3754 "-" "python-neutronclient"
199.19.213.88 - - [02/Apr/2026:05:55:38 +0000] "GET /networking/v2.0/networks?id=c4ef60f7-9a41-46ab-a261-ae36fdcaecd1 HTTP/1.1" 200 3521 "-" "python-neutronclient"
199.19.213.88 - - [02/Apr/2026:05:55:38 +0000] "GET /networking/v2.0/extensions HTTP/1.1" 200 18131 "-" "python-neutronclient"
199.19.213.88 - - [02/Apr/2026:05:55:38 +0000] "PUT /networking/v2.0/ports/913dbf76-55dc-4bd6-8c99-2665d8637aa9 HTTP/1.1" 200 3948 "-" "python-neutronclient"
199.19.213.88 - - [02/Apr/2026:05:55:38 +0000] "GET /identity HTTP/1.1" 300 3230 "-" "uwsgi keystoneauth1/5.13.1 python-requests/2.32.5 CPython/3.12.3"
199.19.213.88 - - [02/Apr/2026:05:55:39 +0000] "POST /identity/v3/auth/tokens HTTP/1.1" 201 8088 "-" "uwsgi keystoneauth1/5.13.1 python-requests/2.32.5 CPython/3.12.3"
199.19.213.88 - - [02/Apr/2026:05:55:39 +0000] "GET /identity HTTP/1.1" 300 3230 "-" "nova/33.1.0.dev30 keystonemiddleware.auth_token/12.0.0 keystoneauth1/5.13.1 python-requests/2.32.5 CPython/3.12.3"
199.19.213.88 - - [02/Apr/2026:05:55:39 +0000] "POST /identity/v3/auth/tokens HTTP/1.1" 201 8088 "-" "nova/33.1.0.dev30 keystonemiddleware.auth_token/12.0.0 keystoneauth1/5.13.1 python-requests/2.32.5 CPython/3.12.3"
199.19.213.88 - - [02/Apr/2026:05:55:39 +0000] "GET /identity/v3/auth/tokens HTTP/1.1" 200 8083 "-" "python-keystoneclient"
199.19.213.88 - - [02/Apr/2026:05:55:39 +0000] "POST /compute/v2.1/os-server-external-events HTTP/1.1" 200 3249 "-" "python-novaclient"
199.19.213.88 - - [02/Apr/2026:05:55:39 +0000] "GET /identity HTTP/1.1" 300 3230 "-" "openstacksdk/4.10.0 keystoneauth1/5.13.1 python-requests/2.32.5 CPython/3.12.3"
199.19.213.88 - - [02/Apr/2026:05:55:39 +0000] "POST /identity/v3/auth/tokens HTTP/1.1" 201 8041 "-" "openstacksdk/4.10.0 keystoneauth1/5.13.1 python-requests/2.32.5 CPython/3.12.3"
199.19.213.88 - - [02/Apr/2026:05:55:39 +0000] "GET /identity/v3/auth/tokens HTTP/1.1" 200 8036 "-" "python-keystoneclient"
199.19.213.88 - - [02/Apr/2026:05:55:39 +0000] "GET /networking/v2.0/ports?tenant_id=5aef3d6c81394429bb227f2cf3ec04ab&device_id=9c9e6986-b209-42b1-8235-17f5950b5522 HTTP/1.1" 200 3951 "-" "python-neutronclient"
199.19.213.88 - - [02/Apr/2026:05:55:39 +0000] "POST /identity/v3/auth/tokens HTTP/1.1" 201 7617 "-" "uwsgi keystoneauth1/5.13.1 python-requests/2.32.5 CPython/3.12.3"
199.19.213.88 - - [02/Apr/2026:05:55:39 +0000] "POST /identity/v3/auth/tokens HTTP/1.1" 201 7617 "-" "uwsgi keystoneauth1/5.13.1 python-requests/2.32.5 CPython/3.12.3"
199.19.213.88 - - [02/Apr/2026:05:55:39 +0000] "GET /networking/v2.0/networks?tenant_id=5aef3d6c81394429bb227f2cf3ec04ab&shared=False HTTP/1.1" 200 3619 "-" "python-neutronclient"
199.19.213.88 - - [02/Apr/2026:05:55:39 +0000] "POST /identity/v3/auth/tokens HTTP/1.1" 201 7617 "-" "uwsgi keystoneauth1/5.13.1 python-requests/2.32.5 CPython/3.12.3"
199.19.213.88 - - [02/Apr/2026:05:55:39 +0000] "GET /container-infra/v1/clusters/k8s-cluster HTTP/1.1" 200 4725 "-" "python-urllib3/2.6.3"
199.19.213.88 - - [02/Apr/2026:05:55:39 +0000] "GET /networking/v2.0/networks?shared=True HTTP/1.1" 200 2891 "-" "python-neutronclient"
199.19.213.88 - - [02/Apr/2026:05:55:40 +0000] "GET /image/v2/images/0607b23b-95e1-4f12-b8a3-2831fa8ee85a HTTP/1.1" 200 3872 "-" "python-glanceclient"
199.19.213.88 - - [02/Apr/2026:05:55:41 +0000] "GET /networking/v2.0/ports?tenant_id=5aef3d6c81394429bb227f2cf3ec04ab&device_id=9c9e6986-b209-42b1-8235-17f5950b5522 HTTP/1.1" 200 3951 "-" "python-neutronclient"
199.19.213.88 - - [02/Apr/2026:05:55:41 +0000] "GET /networking/v2.0/floatingips?fixed_ip_address=192.168.24.144&port_id=913dbf76-55dc-4bd6-8c99-2665d8637aa9 HTTP/1.1" 200 2895 "-" "python-neutronclient"
199.19.213.88 - - [02/Apr/2026:05:55:41 +0000] "GET /networking/v2.0/subnets?id=80f8b8f0-9e42-4467-8ad2-237c109f3918 HTTP/1.1" 200 3645 "-" "python-neutronclient"
199.19.213.88 - - [02/Apr/2026:05:55:41 +0000] "GET /networking/v2.0/ports?network_id=c4ef60f7-9a41-46ab-a261-ae36fdcaecd1&device_owner=network%3Adhcp HTTP/1.1" 200 2888 "-" "python-neutronclient"
199.19.213.88 - - [02/Apr/2026:05:55:41 +0000] "GET /networking/v2.0/networks/c4ef60f7-9a41-46ab-a261-ae36fdcaecd1?fields=segments HTTP/1.1" 200 2890 "-" "python-neutronclient"
199.19.213.88 - - [02/Apr/2026:05:55:41 +0000] "GET /networking/v2.0/networks/c4ef60f7-9a41-46ab-a261-ae36fdcaecd1?fields=provider%3Aphysical_network&fields=provider%3Anetwork_type HTTP/1.1" 200 2955 "-" "python-neutronclient"
172.18.0.2 - - [02/Apr/2026:05:55:42 +0000] "GET /networking/v2.0/ports?id=913dbf76-55dc-4bd6-8c99-2665d8637aa9&name=kube-9at7g-qlfzf-vddc6-0&network_id=c4ef60f7-9a41-46ab-a261-ae36fdcaecd1 HTTP/1.1" 200 3678 "-" "cluster-api-provider-openstack/v0.12.4 gophercloud/v2.7.0"
172.18.0.2 - - [02/Apr/2026:05:55:42 +0000] "GET /compute/v2.1/ HTTP/1.1" 200 3431 "-" "cluster-api-provider-openstack/v0.12.4 gophercloud/v2.7.0"
199.19.213.88 - - [02/Apr/2026:05:55:43 +0000] "GET /identity HTTP/1.1" 300 3230 "-" "nova/33.1.0.dev30 keystonemiddleware.auth_token/12.0.0 keystoneauth1/5.13.1 python-requests/2.32.5 CPython/3.12.3"
199.19.213.88 - - [02/Apr/2026:05:55:43 +0000] "POST /identity/v3/auth/tokens HTTP/1.1" 201 8088 "-" "nova/33.1.0.dev30 keystonemiddleware.auth_token/12.0.0 keystoneauth1/5.13.1 python-requests/2.32.5 CPython/3.12.3"
199.19.213.88 - - [02/Apr/2026:05:55:43 +0000] "GET /identity HTTP/1.1" 300 3230 "-" "uwsgi keystoneauth1/5.13.1 python-requests/2.32.5 CPython/3.12.3"
199.19.213.88 - - [02/Apr/2026:05:55:43 +0000] "POST /identity/v3/auth/tokens HTTP/1.1" 201 8088 "-" "uwsgi keystoneauth1/5.13.1 python-requests/2.32.5 CPython/3.12.3"
199.19.213.88 - - [02/Apr/2026:05:55:43 +0000] "GET /identity/v3/auth/tokens HTTP/1.1" 200 8083 "-" "python-keystoneclient"
199.19.213.88 - - [02/Apr/2026:05:55:43 +0000] "GET /networking/v2.0/ports?device_id=9c9e6986-b209-42b1-8235-17f5950b5522 HTTP/1.1" 200 3709 "-" "python-neutronclient"
199.19.213.88 - - [02/Apr/2026:05:55:43 +0000] "GET /networking/v2.0/security-groups?id=406ce11d-7590-4066-9440-1e2fe2caf43a&fields=id&fields=name HTTP/1.1" 200 3016 "-" "python-neutronclient"
172.18.0.2 - - [02/Apr/2026:05:55:42 +0000] "GET /compute/v2.1/servers/9c9e6986-b209-42b1-8235-17f5950b5522 HTTP/1.1" 200 4441 "-" "cluster-api-provider-openstack/v0.12.4 gophercloud/v2.7.0"
199.19.213.88 - - [02/Apr/2026:05:55:46 +0000] "GET /identity HTTP/1.1" 300 3230 "-" "openstacksdk/4.10.0 keystoneauth1/5.13.1 python-requests/2.32.5 CPython/3.12.3"
199.19.213.88 - - [02/Apr/2026:05:55:46 +0000] "POST /identity/v3/auth/tokens HTTP/1.1" 201 8041 "-" "openstacksdk/4.10.0 keystoneauth1/5.13.1 python-requests/2.32.5 CPython/3.12.3"
199.19.213.88 - - [02/Apr/2026:05:55:46 +0000] "GET /identity/v3/auth/tokens HTTP/1.1" 200 8036 "-" "python-keystoneclient"
199.19.213.88 - - [02/Apr/2026:05:55:46 +0000] "POST /identity/v3/auth/tokens HTTP/1.1" 201 7617 "-" "uwsgi keystoneauth1/5.13.1 python-requests/2.32.5 CPython/3.12.3"
199.19.213.88 - - [02/Apr/2026:05:55:40 +0000] "GET /image/v2/images/0607b23b-95e1-4f12-b8a3-2831fa8ee85a/file HTTP/1.1" 200 907478878 "-" "python-glanceclient"
199.19.213.88 - - [02/Apr/2026:05:55:46 +0000] "POST /identity/v3/auth/tokens HTTP/1.1" 201 7617 "-" "uwsgi keystoneauth1/5.13.1 python-requests/2.32.5 CPython/3.12.3"
199.19.213.88 - - [02/Apr/2026:05:55:46 +0000] "POST /identity/v3/auth/tokens HTTP/1.1" 201 7617 "-" "uwsgi keystoneauth1/5.13.1 python-requests/2.32.5 CPython/3.12.3"
199.19.213.88 - - [02/Apr/2026:05:55:46 +0000] "GET /container-infra/v1/clusters/k8s-cluster HTTP/1.1" 200 4725 "-" "python-urllib3/2.6.3"
199.19.213.88 - - [02/Apr/2026:05:55:47 +0000] "GET /placement/resource_providers/a31a4fa0-674b-4429-bba9-6b91188f7966/allocations HTTP/1.1" 200 3098 "-" "nova-compute keystoneauth1/5.13.1 python-requests/2.32.5 CPython/3.12.3"
199.19.213.88 - - [02/Apr/2026:05:55:47 +0000] "GET /placement/resource_providers/a31a4fa0-674b-4429-bba9-6b91188f7966/allocations HTTP/1.1" 200 3098 "-" "nova-compute keystoneauth1/5.13.1 python-requests/2.32.5 CPython/3.12.3"
199.19.213.88 - - [02/Apr/2026:05:55:47 +0000] "GET /placement/allocations/9c9e6986-b209-42b1-8235-17f5950b5522 HTTP/1.1" 200 3275 "-" "nova-compute keystoneauth1/5.13.1 python-requests/2.32.5 CPython/3.12.3"
199.19.213.88 - - [02/Apr/2026:05:55:50 +0000] "GET /image/v2/images/0607b23b-95e1-4f12-b8a3-2831fa8ee85a HTTP/1.1" 200 3872 "-" "python-glanceclient"
199.19.213.88 - - [02/Apr/2026:05:55:50 +0000] "GET /image/v2/schemas/image HTTP/1.1" 200 8961 "-" "python-glanceclient"
199.19.213.88 - - [02/Apr/2026:05:55:52 +0000] "GET /identity HTTP/1.1" 300 3230 "-" "openstacksdk/4.10.0 keystoneauth1/5.13.1 python-requests/2.32.5 CPython/3.12.3"
199.19.213.88 - - [02/Apr/2026:05:55:52 +0000] "POST /identity/v3/auth/tokens HTTP/1.1" 201 8041 "-" "openstacksdk/4.10.0 keystoneauth1/5.13.1 python-requests/2.32.5 CPython/3.12.3"
199.19.213.88 - - [02/Apr/2026:05:55:53 +0000] "GET /identity/v3/auth/tokens HTTP/1.1" 200 8036 "-" "python-keystoneclient"
199.19.213.88 - - [02/Apr/2026:05:55:53 +0000] "POST /identity/v3/auth/tokens HTTP/1.1" 201 7617 "-" "uwsgi keystoneauth1/5.13.1 python-requests/2.32.5 CPython/3.12.3"
199.19.213.88 - - [02/Apr/2026:05:55:53 +0000] "POST /identity/v3/auth/tokens HTTP/1.1" 201 7617 "-" "uwsgi keystoneauth1/5.13.1 python-requests/2.32.5 CPython/3.12.3"
199.19.213.88 - - [02/Apr/2026:05:55:53 +0000] "POST /identity/v3/auth/tokens HTTP/1.1" 201 7617 "-" "uwsgi keystoneauth1/5.13.1 python-requests/2.32.5 CPython/3.12.3"
199.19.213.88 - - [02/Apr/2026:05:55:53 +0000] "GET /container-infra/v1/clusters/k8s-cluster HTTP/1.1" 200 4725 "-" "python-urllib3/2.6.3"
172.18.0.2 - - [02/Apr/2026:05:55:55 +0000] "GET /networking/v2.0/ports?id=913dbf76-55dc-4bd6-8c99-2665d8637aa9&name=kube-9at7g-qlfzf-vddc6-0&network_id=c4ef60f7-9a41-46ab-a261-ae36fdcaecd1 HTTP/1.1" 200 3678 "-" "cluster-api-provider-openstack/v0.12.4 gophercloud/v2.7.0"
172.18.0.2 - - [02/Apr/2026:05:55:56 +0000] "GET /compute/v2.1/ HTTP/1.1" 200 3431 "-" "cluster-api-provider-openstack/v0.12.4 gophercloud/v2.7.0"
199.19.213.88 - - [02/Apr/2026:05:55:56 +0000] "GET /identity HTTP/1.1" 300 3230 "-" "uwsgi keystoneauth1/5.13.1 python-requests/2.32.5 CPython/3.12.3"
199.19.213.88 - - [02/Apr/2026:05:55:56 +0000] "POST /identity/v3/auth/tokens HTTP/1.1" 201 8088 "-" "uwsgi keystoneauth1/5.13.1 python-requests/2.32.5 CPython/3.12.3"
199.19.213.88 - - [02/Apr/2026:05:55:56 +0000] "GET /identity/v3/auth/tokens HTTP/1.1" 200 8083 "-" "python-keystoneclient"
199.19.213.88 - - [02/Apr/2026:05:55:56 +0000] "GET /networking/v2.0/ports?device_id=9c9e6986-b209-42b1-8235-17f5950b5522 HTTP/1.1" 200 3709 "-" "python-neutronclient"
199.19.213.88 - - [02/Apr/2026:05:55:56 +0000] "GET /networking/v2.0/security-groups?id=406ce11d-7590-4066-9440-1e2fe2caf43a&fields=id&fields=name HTTP/1.1" 200 3016 "-" "python-neutronclient"
172.18.0.2 - - [02/Apr/2026:05:55:56 +0000] "GET /compute/v2.1/servers/9c9e6986-b209-42b1-8235-17f5950b5522 HTTP/1.1" 200 4441 "-" "cluster-api-provider-openstack/v0.12.4 gophercloud/v2.7.0"
199.19.213.88 - - [02/Apr/2026:05:55:59 +0000] "GET /identity HTTP/1.1" 300 3230 "-" "openstacksdk/4.10.0 keystoneauth1/5.13.1 python-requests/2.32.5 CPython/3.12.3"
199.19.213.88 - - [02/Apr/2026:05:55:59 +0000] "POST /identity/v3/auth/tokens HTTP/1.1" 201 8041 "-" "openstacksdk/4.10.0 keystoneauth1/5.13.1 python-requests/2.32.5 CPython/3.12.3"
199.19.213.88 - - [02/Apr/2026:05:55:59 +0000] "GET /identity/v3/auth/tokens HTTP/1.1" 200 8036 "-" "python-keystoneclient"
199.19.213.88 - - [02/Apr/2026:05:55:59 +0000] "POST /identity/v3/auth/tokens HTTP/1.1" 201 7617 "-" "uwsgi keystoneauth1/5.13.1 python-requests/2.32.5 CPython/3.12.3"
199.19.213.88 - - [02/Apr/2026:05:55:59 +0000] "POST /identity/v3/auth/tokens HTTP/1.1" 201 7617 "-" "uwsgi keystoneauth1/5.13.1 python-requests/2.32.5 CPython/3.12.3"
199.19.213.88 - - [02/Apr/2026:05:56:00 +0000] "POST /identity/v3/auth/tokens HTTP/1.1" 201 7617 "-" "uwsgi keystoneauth1/5.13.1 python-requests/2.32.5 CPython/3.12.3"
199.19.213.88 - - [02/Apr/2026:05:55:59 +0000] "GET /container-infra/v1/clusters/k8s-cluster HTTP/1.1" 200 4725 "-" "python-urllib3/2.6.3"
199.19.213.88 - - [02/Apr/2026:05:56:06 +0000] "GET /identity HTTP/1.1" 300 3230 "-" "openstacksdk/4.10.0 keystoneauth1/5.13.1 python-requests/2.32.5 CPython/3.12.3"
199.19.213.88 - - [02/Apr/2026:05:56:06 +0000] "POST /identity/v3/auth/tokens HTTP/1.1" 201 8041 "-" "openstacksdk/4.10.0 keystoneauth1/5.13.1 python-requests/2.32.5 CPython/3.12.3"
199.19.213.88 - - [02/Apr/2026:05:56:06 +0000] "GET /identity/v3/auth/tokens HTTP/1.1" 200 8036 "-" "python-keystoneclient"
199.19.213.88 - - [02/Apr/2026:05:56:06 +0000] "POST /identity/v3/auth/tokens HTTP/1.1" 201 7617 "-" "uwsgi keystoneauth1/5.13.1 python-requests/2.32.5 CPython/3.12.3"
199.19.213.88 - - [02/Apr/2026:05:56:06 +0000] "POST /identity/v3/auth/tokens HTTP/1.1" 201 7617 "-" "uwsgi keystoneauth1/5.13.1 python-requests/2.32.5 CPython/3.12.3"
199.19.213.88 - - [02/Apr/2026:05:56:06 +0000] "POST /identity/v3/auth/tokens HTTP/1.1" 201 7617 "-" "uwsgi keystoneauth1/5.13.1 python-requests/2.32.5 CPython/3.12.3"
199.19.213.88 - - [02/Apr/2026:05:56:06 +0000] "GET /container-infra/v1/clusters/k8s-cluster HTTP/1.1" 200 4725 "-" "python-urllib3/2.6.3"
172.18.0.2 - - [02/Apr/2026:05:56:06 +0000] "GET /networking/v2.0/ports?id=913dbf76-55dc-4bd6-8c99-2665d8637aa9&name=kube-9at7g-qlfzf-vddc6-0&network_id=c4ef60f7-9a41-46ab-a261-ae36fdcaecd1 HTTP/1.1" 200 3678 "-" "cluster-api-provider-openstack/v0.12.4 gophercloud/v2.7.0"
172.18.0.2 - - [02/Apr/2026:05:56:06 +0000] "GET /compute/v2.1/ HTTP/1.1" 200 3431 "-" "cluster-api-provider-openstack/v0.12.4 gophercloud/v2.7.0"
199.19.213.88 - - [02/Apr/2026:05:56:06 +0000] "GET /networking/v2.0/ports?device_id=9c9e6986-b209-42b1-8235-17f5950b5522 HTTP/1.1" 200 3709 "-" "python-neutronclient"
199.19.213.88 - - [02/Apr/2026:05:56:06 +0000] "GET /networking/v2.0/security-groups?id=406ce11d-7590-4066-9440-1e2fe2caf43a&fields=id&fields=name HTTP/1.1" 200 3016 "-" "python-neutronclient"
172.18.0.2 - - [02/Apr/2026:05:56:06 +0000] "GET /compute/v2.1/servers/9c9e6986-b209-42b1-8235-17f5950b5522 HTTP/1.1" 200 4441 "-" "cluster-api-provider-openstack/v0.12.4 gophercloud/v2.7.0"
199.19.213.88 - - [02/Apr/2026:05:56:12 +0000] "GET /identity HTTP/1.1" 300 3230 "-" "openstacksdk/4.10.0 keystoneauth1/5.13.1 python-requests/2.32.5 CPython/3.12.3"
199.19.213.88 - - [02/Apr/2026:05:56:12 +0000] "POST /identity/v3/auth/tokens HTTP/1.1" 201 8041 "-" "openstacksdk/4.10.0 keystoneauth1/5.13.1 python-requests/2.32.5 CPython/3.12.3"
199.19.213.88 - - [02/Apr/2026:05:56:13 +0000] "GET /identity/v3/auth/tokens HTTP/1.1" 200 8036 "-" "python-keystoneclient"
199.19.213.88 - - [02/Apr/2026:05:56:13 +0000] "POST /identity/v3/auth/tokens HTTP/1.1" 201 7617 "-" "uwsgi keystoneauth1/5.13.1 python-requests/2.32.5 CPython/3.12.3"
199.19.213.88 - - [02/Apr/2026:05:56:13 +0000] "POST /identity/v3/auth/tokens HTTP/1.1" 201 7617 "-" "uwsgi keystoneauth1/5.13.1 python-requests/2.32.5 CPython/3.12.3"
199.19.213.88 - - [02/Apr/2026:05:56:13 +0000] "POST /identity/v3/auth/tokens HTTP/1.1" 201 7617 "-" "uwsgi keystoneauth1/5.13.1 python-requests/2.32.5 CPython/3.12.3"
199.19.213.88 - - [02/Apr/2026:05:56:13 +0000] "GET /container-infra/v1/clusters/k8s-cluster HTTP/1.1" 200 4890 "-" "python-urllib3/2.6.3"
172.18.0.2 - - [02/Apr/2026:05:56:14 +0000] "GET /networking/v2.0/networks/f73c59a1-6a67-4755-8c70-857e1611bdb6 HTTP/1.1" 200 3502 "-" "cluster-api-provider-openstack/v0.12.4 gophercloud/v2.7.0"
172.18.0.2 - - [02/Apr/2026:05:56:14 +0000] "GET /networking/v2.0/networks?name=k8s-clusterapi-cluster-magnum-system-kube-9at7g HTTP/1.1" 200 3490 "-" "cluster-api-provider-openstack/v0.12.4 gophercloud/v2.7.0"
172.18.0.2 - - [02/Apr/2026:05:56:14 +0000] "GET /networking/v2.0/subnets?cidr=192.168.24.0%2F24&network_id=c4ef60f7-9a41-46ab-a261-ae36fdcaecd1 HTTP/1.1" 200 3614 "-" "cluster-api-provider-openstack/v0.12.4 gophercloud/v2.7.0"
172.18.0.2 - - [02/Apr/2026:05:56:14 +0000] "GET /networking/v2.0/routers/40d4465a-ae57-4435-9e87-3eb2ee2800ef HTTP/1.1" 200 4059 "-" "cluster-api-provider-openstack/v0.12.4 gophercloud/v2.7.0"
172.18.0.2 - - [02/Apr/2026:05:56:15 +0000] "GET /networking/v2.0/ports?device_id=40d4465a-ae57-4435-9e87-3eb2ee2800ef HTTP/1.1" 200 3569 "-" "cluster-api-provider-openstack/v0.12.4 gophercloud/v2.7.0"
172.18.0.2 - - [02/Apr/2026:05:56:15 +0000] "GET /networking/v2.0/security-groups?name=k8s-cluster-magnum-system-kube-9at7g-secgroup-bastion HTTP/1.1" 200 2868 "-" "cluster-api-provider-openstack/v0.12.4 gophercloud/v2.7.0"
172.18.0.2 - - [02/Apr/2026:05:56:15 +0000] "GET /networking/v2.0/security-groups?name=k8s-cluster-magnum-system-kube-9at7g-secgroup-controlplane HTTP/1.1" 200 7754 "-" "cluster-api-provider-openstack/v0.12.4 gophercloud/v2.7.0"
172.18.0.2 - - [02/Apr/2026:05:56:15 +0000] "GET /networking/v2.0/security-groups?name=k8s-cluster-magnum-system-kube-9at7g-secgroup-worker HTTP/1.1" 200 11151 "-" "cluster-api-provider-openstack/v0.12.4 gophercloud/v2.7.0"
172.18.0.2 - - [02/Apr/2026:05:56:15 +0000] "GET /networking/v2.0/floatingips?floating_ip_address=172.24.5.105 HTTP/1.1" 200 3756 "-" "cluster-api-provider-openstack/v0.12.4 gophercloud/v2.7.0"
172.18.0.2 - - [02/Apr/2026:05:56:15 +0000] "GET /compute/v2.1/ HTTP/1.1" 200 3431 "-" "cluster-api-provider-openstack/v0.12.4 gophercloud/v2.7.0"
172.18.0.2 - - [02/Apr/2026:05:56:15 +0000] "GET /compute/v2.1/os-availability-zone HTTP/1.1" 200 3137 "-" "cluster-api-provider-openstack/v0.12.4 gophercloud/v2.7.0"
172.18.0.2 - - [02/Apr/2026:05:56:17 +0000] "GET /networking/v2.0/ports?id=913dbf76-55dc-4bd6-8c99-2665d8637aa9&name=kube-9at7g-qlfzf-vddc6-0&network_id=c4ef60f7-9a41-46ab-a261-ae36fdcaecd1 HTTP/1.1" 200 3678 "-" "cluster-api-provider-openstack/v0.12.4 gophercloud/v2.7.0"
172.18.0.2 - - [02/Apr/2026:05:56:17 +0000] "GET /compute/v2.1/ HTTP/1.1" 200 3431 "-" "cluster-api-provider-openstack/v0.12.4 gophercloud/v2.7.0"
199.19.213.88 - - [02/Apr/2026:05:56:17 +0000] "GET /networking/v2.0/ports?device_id=9c9e6986-b209-42b1-8235-17f5950b5522 HTTP/1.1" 200 3709 "-" "python-neutronclient"
199.19.213.88 - - [02/Apr/2026:05:56:17 +0000] "GET /networking/v2.0/security-groups?id=406ce11d-7590-4066-9440-1e2fe2caf43a&fields=id&fields=name HTTP/1.1" 200 3016 "-" "python-neutronclient"
172.18.0.2 - - [02/Apr/2026:05:56:17 +0000] "GET /compute/v2.1/servers/9c9e6986-b209-42b1-8235-17f5950b5522 HTTP/1.1" 200 4441 "-" "cluster-api-provider-openstack/v0.12.4 gophercloud/v2.7.0"
199.19.213.88 - - [02/Apr/2026:05:56:19 +0000] "GET /identity HTTP/1.1" 300 3230 "-" "openstacksdk/4.10.0 keystoneauth1/5.13.1 python-requests/2.32.5 CPython/3.12.3"
199.19.213.88 - - [02/Apr/2026:05:56:19 +0000] "POST /identity/v3/auth/tokens HTTP/1.1" 201 8041 "-" "openstacksdk/4.10.0 keystoneauth1/5.13.1 python-requests/2.32.5 CPython/3.12.3"
199.19.213.88 - - [02/Apr/2026:05:56:19 +0000] "GET /identity/v3/auth/tokens HTTP/1.1" 200 8036 "-" "python-keystoneclient"
199.19.213.88 - - [02/Apr/2026:05:56:19 +0000] "POST /identity/v3/auth/tokens HTTP/1.1" 201 7617 "-" "uwsgi keystoneauth1/5.13.1 python-requests/2.32.5 CPython/3.12.3"
199.19.213.88 - - [02/Apr/2026:05:56:19 +0000] "POST /identity/v3/auth/tokens HTTP/1.1" 201 7617 "-" "uwsgi keystoneauth1/5.13.1 python-requests/2.32.5 CPython/3.12.3"
199.19.213.88 - - [02/Apr/2026:05:56:19 +0000] "POST /identity/v3/auth/tokens HTTP/1.1" 201 7617 "-" "uwsgi keystoneauth1/5.13.1 python-requests/2.32.5 CPython/3.12.3"
199.19.213.88 - - [02/Apr/2026:05:56:19 +0000] "GET /container-infra/v1/clusters/k8s-cluster HTTP/1.1" 200 4890 "-" "python-urllib3/2.6.3"
199.19.213.88 - - [02/Apr/2026:05:56:26 +0000] "GET /identity HTTP/1.1" 300 3230 "-" "openstacksdk/4.10.0 keystoneauth1/5.13.1 python-requests/2.32.5 CPython/3.12.3"
199.19.213.88 - - [02/Apr/2026:05:56:26 +0000] "POST /identity/v3/auth/tokens HTTP/1.1" 201 8041 "-" "openstacksdk/4.10.0 keystoneauth1/5.13.1 python-requests/2.32.5 CPython/3.12.3"
199.19.213.88 - - [02/Apr/2026:05:56:26 +0000] "GET /identity/v3/auth/tokens HTTP/1.1" 200 8036 "-" "python-keystoneclient"
199.19.213.88 - - [02/Apr/2026:05:56:26 +0000] "POST /identity/v3/auth/tokens HTTP/1.1" 201 7617 "-" "uwsgi keystoneauth1/5.13.1 python-requests/2.32.5 CPython/3.12.3"
199.19.213.88 - - [02/Apr/2026:05:56:26 +0000] "POST /identity/v3/auth/tokens HTTP/1.1" 201 7617 "-" "uwsgi keystoneauth1/5.13.1 python-requests/2.32.5 CPython/3.12.3"
199.19.213.88 - - [02/Apr/2026:05:56:26 +0000] "POST /identity/v3/auth/tokens HTTP/1.1" 201 7617 "-" "uwsgi keystoneauth1/5.13.1 python-requests/2.32.5 CPython/3.12.3"
199.19.213.88 - - [02/Apr/2026:05:56:26 +0000] "GET /container-infra/v1/clusters/k8s-cluster HTTP/1.1" 200 4890 "-" "python-urllib3/2.6.3"
172.18.0.2 - - [02/Apr/2026:05:56:27 +0000] "GET /networking/v2.0/ports?id=913dbf76-55dc-4bd6-8c99-2665d8637aa9&name=kube-9at7g-qlfzf-vddc6-0&network_id=c4ef60f7-9a41-46ab-a261-ae36fdcaecd1 HTTP/1.1" 200 3678 "-" "cluster-api-provider-openstack/v0.12.4 gophercloud/v2.7.0"
172.18.0.2 - - [02/Apr/2026:05:56:27 +0000] "GET /compute/v2.1/ HTTP/1.1" 200 3431 "-" "cluster-api-provider-openstack/v0.12.4 gophercloud/v2.7.0"
199.19.213.88 - - [02/Apr/2026:05:56:27 +0000] "GET /networking/v2.0/ports?device_id=9c9e6986-b209-42b1-8235-17f5950b5522 HTTP/1.1" 200 3709 "-" "python-neutronclient"
199.19.213.88 - - [02/Apr/2026:05:56:27 +0000] "GET /networking/v2.0/security-groups?id=406ce11d-7590-4066-9440-1e2fe2caf43a&fields=id&fields=name HTTP/1.1" 200 3016 "-" "python-neutronclient"
172.18.0.2 - - [02/Apr/2026:05:56:27 +0000] "GET /compute/v2.1/servers/9c9e6986-b209-42b1-8235-17f5950b5522 HTTP/1.1" 200 4441 "-" "cluster-api-provider-openstack/v0.12.4 gophercloud/v2.7.0"
199.19.213.88 - - [02/Apr/2026:05:56:32 +0000] "GET /identity HTTP/1.1" 300 3230 "-" "openstacksdk/4.10.0 keystoneauth1/5.13.1 python-requests/2.32.5 CPython/3.12.3"
199.19.213.88 - - [02/Apr/2026:05:56:32 +0000] "POST /identity/v3/auth/tokens HTTP/1.1" 201 8041 "-" "openstacksdk/4.10.0 keystoneauth1/5.13.1 python-requests/2.32.5 CPython/3.12.3"
199.19.213.88 - - [02/Apr/2026:05:56:33 +0000] "GET /identity/v3/auth/tokens HTTP/1.1" 200 8036 "-" "python-keystoneclient"
199.19.213.88 - - [02/Apr/2026:05:56:33 +0000] "POST /identity/v3/auth/tokens HTTP/1.1" 201 7617 "-" "uwsgi keystoneauth1/5.13.1 python-requests/2.32.5 CPython/3.12.3"
199.19.213.88 - - [02/Apr/2026:05:56:33 +0000] "POST /identity/v3/auth/tokens HTTP/1.1" 201 7617 "-" "uwsgi keystoneauth1/5.13.1 python-requests/2.32.5 CPython/3.12.3"
199.19.213.88 - - [02/Apr/2026:05:56:33 +0000] "POST /identity/v3/auth/tokens HTTP/1.1" 201 7617 "-" "uwsgi keystoneauth1/5.13.1 python-requests/2.32.5 CPython/3.12.3"
199.19.213.88 - - [02/Apr/2026:05:56:33 +0000] "GET /container-infra/v1/clusters/k8s-cluster HTTP/1.1" 200 4890 "-" "python-urllib3/2.6.3"
172.18.0.2 - - [02/Apr/2026:05:56:37 +0000] "GET /networking/v2.0/ports?id=913dbf76-55dc-4bd6-8c99-2665d8637aa9&name=kube-9at7g-qlfzf-vddc6-0&network_id=c4ef60f7-9a41-46ab-a261-ae36fdcaecd1 HTTP/1.1" 200 3678 "-" "cluster-api-provider-openstack/v0.12.4 gophercloud/v2.7.0"
172.18.0.2 - - [02/Apr/2026:05:56:37 +0000] "GET /compute/v2.1/ HTTP/1.1" 200 3431 "-" "cluster-api-provider-openstack/v0.12.4 gophercloud/v2.7.0"
199.19.213.88 - - [02/Apr/2026:05:56:37 +0000] "GET /networking/v2.0/ports?device_id=9c9e6986-b209-42b1-8235-17f5950b5522 HTTP/1.1" 200 3709 "-" "python-neutronclient"
199.19.213.88 - - [02/Apr/2026:05:56:38 +0000] "GET /networking/v2.0/security-groups?id=406ce11d-7590-4066-9440-1e2fe2caf43a&fields=id&fields=name HTTP/1.1" 200 3016 "-" "python-neutronclient"
172.18.0.2 - - [02/Apr/2026:05:56:37 +0000] "GET /compute/v2.1/servers/9c9e6986-b209-42b1-8235-17f5950b5522 HTTP/1.1" 200 4441 "-" "cluster-api-provider-openstack/v0.12.4 gophercloud/v2.7.0"
199.19.213.88 - - [02/Apr/2026:05:56:39 +0000] "GET /identity HTTP/1.1" 300 3230 "-" "uwsgi keystoneauth1/5.13.1 python-requests/2.32.5 CPython/3.12.3"
199.19.213.88 - - [02/Apr/2026:05:56:39 +0000] "POST /identity/v3/auth/tokens HTTP/1.1" 201 8088 "-" "uwsgi keystoneauth1/5.13.1 python-requests/2.32.5 CPython/3.12.3"
199.19.213.88 - - [02/Apr/2026:05:56:39 +0000] "GET /identity/v3/auth/tokens HTTP/1.1" 200 8083 "-" "python-keystoneclient"
199.19.213.88 - - [02/Apr/2026:05:56:39 +0000] "POST /compute/v2.1/os-server-external-events HTTP/1.1" 200 3253 "-" "python-novaclient"
199.19.213.88 - - [02/Apr/2026:05:56:39 +0000] "GET /identity HTTP/1.1" 300 3230 "-" "openstacksdk/4.10.0 keystoneauth1/5.13.1 python-requests/2.32.5 CPython/3.12.3"
199.19.213.88 - - [02/Apr/2026:05:56:39 +0000] "POST /identity/v3/auth/tokens HTTP/1.1" 201 8041 "-" "openstacksdk/4.10.0 keystoneauth1/5.13.1 python-requests/2.32.5 CPython/3.12.3"
199.19.213.88 - - [02/Apr/2026:05:56:39 +0000] "GET /identity/v3/auth/tokens HTTP/1.1" 200 8036 "-" "python-keystoneclient"
199.19.213.88 - - [02/Apr/2026:05:56:39 +0000] "POST /identity/v3/auth/tokens HTTP/1.1" 201 7617 "-" "uwsgi keystoneauth1/5.13.1 python-requests/2.32.5 CPython/3.12.3"
199.19.213.88 - - [02/Apr/2026:05:56:39 +0000] "POST /identity/v3/auth/tokens HTTP/1.1" 201 7617 "-" "uwsgi keystoneauth1/5.13.1 python-requests/2.32.5 CPython/3.12.3"
199.19.213.88 - - [02/Apr/2026:05:56:39 +0000] "POST /identity/v3/auth/tokens HTTP/1.1" 201 7617 "-" "uwsgi keystoneauth1/5.13.1 python-requests/2.32.5 CPython/3.12.3"
199.19.213.88 - - [02/Apr/2026:05:56:39 +0000] "GET /container-infra/v1/clusters/k8s-cluster HTTP/1.1" 200 4890 "-" "python-urllib3/2.6.3"
199.19.213.88 - - [02/Apr/2026:05:56:41 +0000] "POST /compute/v2.1/os-server-external-events HTTP/1.1" 200 3253 "-" "python-novaclient"
199.19.213.88 - - [02/Apr/2026:05:56:46 +0000] "GET /identity HTTP/1.1" 300 3230 "-" "openstacksdk/4.10.0 keystoneauth1/5.13.1 python-requests/2.32.5 CPython/3.12.3"
199.19.213.88 - - [02/Apr/2026:05:56:46 +0000] "POST /identity/v3/auth/tokens HTTP/1.1" 201 8041 "-" "openstacksdk/4.10.0 keystoneauth1/5.13.1 python-requests/2.32.5 CPython/3.12.3"
199.19.213.88 - - [02/Apr/2026:05:56:46 +0000] "GET /identity/v3/auth/tokens HTTP/1.1" 200 8036 "-" "python-keystoneclient"
199.19.213.88 - - [02/Apr/2026:05:56:46 +0000] "POST /identity/v3/auth/tokens HTTP/1.1" 201 7617 "-" "uwsgi keystoneauth1/5.13.1 python-requests/2.32.5 CPython/3.12.3"
199.19.213.88 - - [02/Apr/2026:05:56:46 +0000] "POST /identity/v3/auth/tokens HTTP/1.1" 201 7617 "-" "uwsgi keystoneauth1/5.13.1 python-requests/2.32.5 CPython/3.12.3"
199.19.213.88 - - [02/Apr/2026:05:56:46 +0000] "POST /identity/v3/auth/tokens HTTP/1.1" 201 7617 "-" "uwsgi keystoneauth1/5.13.1 python-requests/2.32.5 CPython/3.12.3"
199.19.213.88 - - [02/Apr/2026:05:56:46 +0000] "GET /container-infra/v1/clusters/k8s-cluster HTTP/1.1" 200 4890 "-" "python-urllib3/2.6.3"
172.18.0.2 - - [02/Apr/2026:05:56:48 +0000] "GET /networking/v2.0/ports?id=913dbf76-55dc-4bd6-8c99-2665d8637aa9&name=kube-9at7g-qlfzf-vddc6-0&network_id=c4ef60f7-9a41-46ab-a261-ae36fdcaecd1 HTTP/1.1" 200 3680 "-" "cluster-api-provider-openstack/v0.12.4 gophercloud/v2.7.0"
172.18.0.2 - - [02/Apr/2026:05:56:48 +0000] "GET /compute/v2.1/ HTTP/1.1" 200 3431 "-" "cluster-api-provider-openstack/v0.12.4 gophercloud/v2.7.0"
199.19.213.88 - - [02/Apr/2026:05:56:48 +0000] "GET /networking/v2.0/ports?device_id=9c9e6986-b209-42b1-8235-17f5950b5522 HTTP/1.1" 200 3711 "-" "python-neutronclient"
199.19.213.88 - - [02/Apr/2026:05:56:48 +0000] "GET /networking/v2.0/security-groups?id=406ce11d-7590-4066-9440-1e2fe2caf43a&fields=id&fields=name HTTP/1.1" 200 3016 "-" "python-neutronclient"
172.18.0.2 - - [02/Apr/2026:05:56:48 +0000] "GET /compute/v2.1/servers/9c9e6986-b209-42b1-8235-17f5950b5522 HTTP/1.1" 200 4627 "-" "cluster-api-provider-openstack/v0.12.4 gophercloud/v2.7.0"
172.18.0.2 - - [02/Apr/2026:05:56:48 +0000] "GET /compute/v2.1/ HTTP/1.1" 200 3431 "-" "cluster-api-provider-openstack/v0.12.4 gophercloud/v2.7.0"
172.18.0.2 - - [02/Apr/2026:05:56:48 +0000] "GET /networking/v2.0/ports?id=913dbf76-55dc-4bd6-8c99-2665d8637aa9&name=kube-9at7g-qlfzf-vddc6-0&network_id=c4ef60f7-9a41-46ab-a261-ae36fdcaecd1 HTTP/1.1" 200 3680 "-" "cluster-api-provider-openstack/v0.12.4 gophercloud/v2.7.0"
172.18.0.2 - - [02/Apr/2026:05:56:48 +0000] "GET /compute/v2.1/ HTTP/1.1" 200 3431 "-" "cluster-api-provider-openstack/v0.12.4 gophercloud/v2.7.0"
199.19.213.88 - - [02/Apr/2026:05:56:48 +0000] "GET /networking/v2.0/ports?device_id=9c9e6986-b209-42b1-8235-17f5950b5522 HTTP/1.1" 200 3711 "-" "python-neutronclient"
199.19.213.88 - - [02/Apr/2026:05:56:48 +0000] "GET /networking/v2.0/ports?device_id=9c9e6986-b209-42b1-8235-17f5950b5522 HTTP/1.1" 200 3711 "-" "python-neutronclient"
199.19.213.88 - - [02/Apr/2026:05:56:48 +0000] "GET /networking/v2.0/security-groups?id=406ce11d-7590-4066-9440-1e2fe2caf43a&fields=id&fields=name HTTP/1.1" 200 3016 "-" "python-neutronclient"
172.18.0.2 - - [02/Apr/2026:05:56:48 +0000] "GET /compute/v2.1/servers/9c9e6986-b209-42b1-8235-17f5950b5522 HTTP/1.1" 200 4627 "-" "cluster-api-provider-openstack/v0.12.4 gophercloud/v2.7.0"
199.19.213.88 - - [02/Apr/2026:05:56:48 +0000] "GET /networking/v2.0/security-groups?id=406ce11d-7590-4066-9440-1e2fe2caf43a&fields=id&fields=name HTTP/1.1" 200 3016 "-" "python-neutronclient"
172.18.0.2 - - [02/Apr/2026:05:56:48 +0000] "GET /compute/v2.1/servers/9c9e6986-b209-42b1-8235-17f5950b5522 HTTP/1.1" 200 4627 "-" "cluster-api-provider-openstack/v0.12.4 gophercloud/v2.7.0"
172.18.0.2 - - [02/Apr/2026:05:56:48 +0000] "GET /networking/v2.0/ports?id=913dbf76-55dc-4bd6-8c99-2665d8637aa9&name=kube-9at7g-qlfzf-vddc6-0&network_id=c4ef60f7-9a41-46ab-a261-ae36fdcaecd1 HTTP/1.1" 200 3680 "-" "cluster-api-provider-openstack/v0.12.4 gophercloud/v2.7.0"
172.18.0.2 - - [02/Apr/2026:05:56:48 +0000] "GET /compute/v2.1/ HTTP/1.1" 200 3431 "-" "cluster-api-provider-openstack/v0.12.4 gophercloud/v2.7.0"
199.19.213.88 - - [02/Apr/2026:05:56:48 +0000] "GET /networking/v2.0/ports?device_id=9c9e6986-b209-42b1-8235-17f5950b5522 HTTP/1.1" 200 3711 "-" "python-neutronclient"
199.19.213.88 - - [02/Apr/2026:05:56:49 +0000] "GET /networking/v2.0/security-groups?id=406ce11d-7590-4066-9440-1e2fe2caf43a&fields=id&fields=name HTTP/1.1" 200 3016 "-" "python-neutronclient"
172.18.0.2 - - [02/Apr/2026:05:56:48 +0000] "GET /compute/v2.1/servers/9c9e6986-b209-42b1-8235-17f5950b5522 HTTP/1.1" 200 4627 "-" "cluster-api-provider-openstack/v0.12.4 gophercloud/v2.7.0"
199.19.213.88 - - [02/Apr/2026:05:56:49 +0000] "GET /identity HTTP/1.1" 300 3230 "-" "uwsgi keystoneauth1/5.13.1 python-requests/2.32.5 CPython/3.12.3"
199.19.213.88 - - [02/Apr/2026:05:56:49 +0000] "POST /identity/v3/auth/tokens HTTP/1.1" 201 8024 "-" "uwsgi keystoneauth1/5.13.1 python-requests/2.32.5 CPython/3.12.3"
199.19.213.88 - - [02/Apr/2026:05:56:49 +0000] "GET /identity/v3/auth/tokens HTTP/1.1" 200 8019 "-" "python-keystoneclient"
199.19.213.88 - - [02/Apr/2026:05:56:49 +0000] "GET /networking/v2.0/subnets/80f8b8f0-9e42-4467-8ad2-237c109f3918 HTTP/1.1" 200 3642 "-" "uwsgi keystoneauth1/5.13.1 python-requests/2.32.5 CPython/3.12.3"
199.19.213.88 - - [02/Apr/2026:05:56:49 +0000] "GET /networking/v2.0/subnets/80f8b8f0-9e42-4467-8ad2-237c109f3918 HTTP/1.1" 200 3642 "-" "uwsgi keystoneauth1/5.13.1 python-requests/2.32.5 CPython/3.12.3"
199.19.213.88 - - [02/Apr/2026:05:56:49 +0000] "GET /identity/v3/auth/tokens HTTP/1.1" 200 8083 "-" "python-keystoneclient"
199.19.213.88 - - [02/Apr/2026:05:56:49 +0000] "GET /placement/resource_providers/a31a4fa0-674b-4429-bba9-6b91188f7966/allocations HTTP/1.1" 200 3098 "-" "nova-compute keystoneauth1/5.13.1 python-requests/2.32.5 CPython/3.12.3"
199.19.213.88 - - [02/Apr/2026:05:56:49 +0000] "GET /placement/resource_providers?in_tree=a31a4fa0-674b-4429-bba9-6b91188f7966 HTTP/1.1" 200 3816 "-" "nova-compute keystoneauth1/5.13.1 python-requests/2.32.5 CPython/3.12.3"
199.19.213.88 - - [02/Apr/2026:05:56:49 +0000] "GET /networking/v2.0/subnets/80f8b8f0-9e42-4467-8ad2-237c109f3918 HTTP/1.1" 200 3642 "-" "uwsgi keystoneauth1/5.13.1 python-requests/2.32.5 CPython/3.12.3"
199.19.213.88 - - [02/Apr/2026:05:56:49 +0000] "GET /networking/v2.0/subnets/80f8b8f0-9e42-4467-8ad2-237c109f3918 HTTP/1.1" 200 3642 "-" "uwsgi keystoneauth1/5.13.1 python-requests/2.32.5 CPython/3.12.3"
199.19.213.88 - - [02/Apr/2026:05:56:49 +0000] "GET /placement/resource_providers/a31a4fa0-674b-4429-bba9-6b91188f7966/inventories HTTP/1.1" 200 3344 "-" "nova-compute keystoneauth1/5.13.1 python-requests/2.32.5 CPython/3.12.3"
199.19.213.88 - - [02/Apr/2026:05:56:49 +0000] "GET /networking/v2.0/ports/ovn-lb-hm-80f8b8f0-9e42-4467-8ad2-237c109f3918?network_id=c4ef60f7-9a41-46ab-a261-ae36fdcaecd1 HTTP/1.1" 404 3026 "-" "uwsgi keystoneauth1/5.13.1 python-requests/2.32.5 CPython/3.12.3"
199.19.213.88 - - [02/Apr/2026:05:56:49 +0000] "GET /networking/v2.0/ports?name=ovn-lb-hm-80f8b8f0-9e42-4467-8ad2-237c109f3918&network_id=c4ef60f7-9a41-46ab-a261-ae36fdcaecd1 HTTP/1.1" 200 2888 "-" "uwsgi keystoneauth1/5.13.1 python-requests/2.32.5 CPython/3.12.3"
199.19.213.88 - - [02/Apr/2026:05:56:50 +0000] "GET /placement/resource_providers/a31a4fa0-674b-4429-bba9-6b91188f7966/aggregates HTTP/1.1" 200 3068 "-" "nova-compute keystoneauth1/5.13.1 python-requests/2.32.5 CPython/3.12.3"
199.19.213.88 - - [02/Apr/2026:05:56:50 +0000] "GET /placement/resource_providers/a31a4fa0-674b-4429-bba9-6b91188f7966/traits HTTP/1.1" 200 5008 "-" "nova-compute keystoneauth1/5.13.1 python-requests/2.32.5 CPython/3.12.3"
199.19.213.88 - - [02/Apr/2026:05:56:50 +0000] "GET /placement/resource_providers/a31a4fa0-674b-4429-bba9-6b91188f7966/allocations HTTP/1.1" 200 3098 "-" "nova-compute keystoneauth1/5.13.1 python-requests/2.32.5 CPython/3.12.3"
199.19.213.88 - - [02/Apr/2026:05:56:50 +0000] "GET /placement/allocations/9c9e6986-b209-42b1-8235-17f5950b5522 HTTP/1.1" 200 3275 "-" "nova-compute keystoneauth1/5.13.1 python-requests/2.32.5 CPython/3.12.3"
199.19.213.88 - - [02/Apr/2026:05:56:50 +0000] "POST /networking/v2.0/ports HTTP/1.1" 201 3751 "-" "uwsgi keystoneauth1/5.13.1 python-requests/2.32.5 CPython/3.12.3"
199.19.213.88 - - [02/Apr/2026:05:56:50 +0000] "GET /networking/v2.0/subnets/80f8b8f0-9e42-4467-8ad2-237c109f3918 HTTP/1.1" 200 3642 "-" "uwsgi keystoneauth1/5.13.1 python-requests/2.32.5 CPython/3.12.3"
172.18.0.2 - - [02/Apr/2026:05:56:51 +0000] "GET /compute/v2.1/ HTTP/1.1" 200 3431 "-" "cluster-api-provider-openstack/v0.12.4 gophercloud/v2.7.0"
199.19.213.88 - - [02/Apr/2026:05:56:51 +0000] "GET /networking/v2.0/ports?device_id=9c9e6986-b209-42b1-8235-17f5950b5522 HTTP/1.1" 200 3711 "-" "python-neutronclient"
199.19.213.88 - - [02/Apr/2026:05:56:51 +0000] "GET /networking/v2.0/security-groups?id=406ce11d-7590-4066-9440-1e2fe2caf43a&fields=id&fields=name HTTP/1.1" 200 3016 "-" "python-neutronclient"
172.18.0.2 - - [02/Apr/2026:05:56:51 +0000] "GET /compute/v2.1/servers/9c9e6986-b209-42b1-8235-17f5950b5522 HTTP/1.1" 200 4627 "-" "cluster-api-provider-openstack/v0.12.4 gophercloud/v2.7.0"
172.18.0.2 - - [02/Apr/2026:05:56:51 +0000] "GET /compute/v2.1/ HTTP/1.1" 200 3431 "-" "cluster-api-provider-openstack/v0.12.4 gophercloud/v2.7.0"
199.19.213.88 - - [02/Apr/2026:05:56:51 +0000] "GET /networking/v2.0/ports?device_id=9c9e6986-b209-42b1-8235-17f5950b5522 HTTP/1.1" 200 3711 "-" "python-neutronclient"
199.19.213.88 - - [02/Apr/2026:05:56:51 +0000] "GET /networking/v2.0/security-groups?id=406ce11d-7590-4066-9440-1e2fe2caf43a&fields=id&fields=name HTTP/1.1" 200 3016 "-" "python-neutronclient"
172.18.0.2 - - [02/Apr/2026:05:56:51 +0000] "GET /compute/v2.1/servers/9c9e6986-b209-42b1-8235-17f5950b5522 HTTP/1.1" 200 4627 "-" "cluster-api-provider-openstack/v0.12.4 gophercloud/v2.7.0"
199.19.213.88 - - [02/Apr/2026:05:56:52 +0000] "GET /identity HTTP/1.1" 300 3230 "-" "openstacksdk/4.10.0 keystoneauth1/5.13.1 python-requests/2.32.5 CPython/3.12.3"
199.19.213.88 - - [02/Apr/2026:05:56:52 +0000] "POST /identity/v3/auth/tokens HTTP/1.1" 201 8041 "-" "openstacksdk/4.10.0 keystoneauth1/5.13.1 python-requests/2.32.5 CPython/3.12.3"
199.19.213.88 - - [02/Apr/2026:05:56:53 +0000] "GET /identity/v3/auth/tokens HTTP/1.1" 200 8036 "-" "python-keystoneclient"
199.19.213.88 - - [02/Apr/2026:05:56:53 +0000] "POST /identity/v3/auth/tokens HTTP/1.1" 201 7617 "-" "uwsgi keystoneauth1/5.13.1 python-requests/2.32.5 CPython/3.12.3"
199.19.213.88 - - [02/Apr/2026:05:56:53 +0000] "POST /identity/v3/auth/tokens HTTP/1.1" 201 7617 "-" "uwsgi keystoneauth1/5.13.1 python-requests/2.32.5 CPython/3.12.3"
199.19.213.88 - - [02/Apr/2026:05:56:53 +0000] "POST /identity/v3/auth/tokens HTTP/1.1" 201 7617 "-" "uwsgi keystoneauth1/5.13.1 python-requests/2.32.5 CPython/3.12.3"
199.19.213.88 - - [02/Apr/2026:05:56:53 +0000] "GET /container-infra/v1/clusters/k8s-cluster HTTP/1.1" 200 4890 "-" "python-urllib3/2.6.3"
199.19.213.88 - - [02/Apr/2026:05:56:59 +0000] "GET /identity HTTP/1.1" 300 3230 "-" "openstacksdk/4.10.0 keystoneauth1/5.13.1 python-requests/2.32.5 CPython/3.12.3"
199.19.213.88 - - [02/Apr/2026:05:56:59 +0000] "POST /identity/v3/auth/tokens HTTP/1.1" 201 8041 "-" "openstacksdk/4.10.0 keystoneauth1/5.13.1 python-requests/2.32.5 CPython/3.12.3"
199.19.213.88 - - [02/Apr/2026:05:56:59 +0000] "GET /identity HTTP/1.1" 300 3230 "-" "uwsgi keystoneauth1/5.13.1 python-requests/2.32.5 CPython/3.12.3"
199.19.213.88 - - [02/Apr/2026:05:56:59 +0000] "POST /identity/v3/auth/tokens HTTP/1.1" 201 8088 "-" "uwsgi keystoneauth1/5.13.1 python-requests/2.32.5 CPython/3.12.3"
199.19.213.88 - - [02/Apr/2026:05:56:59 +0000] "POST /identity/v3/auth/tokens HTTP/1.1" 201 8088 "-" "uwsgi keystoneauth1/5.13.1 python-requests/2.32.5 CPython/3.12.3"
199.19.213.88 - - [02/Apr/2026:05:56:59 +0000] "GET /identity/v3/auth/tokens HTTP/1.1" 200 8083 "-" "python-keystoneclient"
199.19.213.88 - - [02/Apr/2026:05:56:59 +0000] "GET /identity/v3/auth/tokens?allow_expired=1 HTTP/1.1" 200 8083 "-" "python-keystoneclient"
199.19.213.88 - - [02/Apr/2026:05:56:59 +0000] "GET /identity/v3/auth/tokens HTTP/1.1" 200 8036 "-" "python-keystoneclient"
199.19.213.88 - - [02/Apr/2026:05:56:59 +0000] "GET /networking/v2.0/ports?device_id=9c9e6986-b209-42b1-8235-17f5950b5522 HTTP/1.1" 200 3953 "-" "python-neutronclient"
199.19.213.88 - - [02/Apr/2026:05:56:59 +0000] "POST /identity/v3/auth/tokens HTTP/1.1" 201 7617 "-" "uwsgi keystoneauth1/5.13.1 python-requests/2.32.5 CPython/3.12.3"
199.19.213.88 - - [02/Apr/2026:05:56:59 +0000] "GET /networking/v2.0/security-groups?id=406ce11d-7590-4066-9440-1e2fe2caf43a&fields=id&fields=name HTTP/1.1" 200 3016 "-" "python-neutronclient"
199.19.213.88 - - [02/Apr/2026:05:56:59 +0000] "POST /identity/v3/auth/tokens HTTP/1.1" 201 7617 "-" "uwsgi keystoneauth1/5.13.1 python-requests/2.32.5 CPython/3.12.3"
199.19.213.88 - - [02/Apr/2026:05:56:59 +0000] "POST /identity/v3/auth/tokens HTTP/1.1" 201 7617 "-" "uwsgi keystoneauth1/5.13.1 python-requests/2.32.5 CPython/3.12.3"
199.19.213.88 - - [02/Apr/2026:05:56:59 +0000] "GET /container-infra/v1/clusters/k8s-cluster HTTP/1.1" 200 4890 "-" "python-urllib3/2.6.3"
199.19.213.88 - - [02/Apr/2026:05:57:06 +0000] "GET /identity HTTP/1.1" 300 3230 "-" "openstacksdk/4.10.0 keystoneauth1/5.13.1 python-requests/2.32.5 CPython/3.12.3"
199.19.213.88 - - [02/Apr/2026:05:57:06 +0000] "POST /identity/v3/auth/tokens HTTP/1.1" 201 8041 "-" "openstacksdk/4.10.0 keystoneauth1/5.13.1 python-requests/2.32.5 CPython/3.12.3"
199.19.213.88 - - [02/Apr/2026:05:57:06 +0000] "GET /identity/v3/auth/tokens HTTP/1.1" 200 8036 "-" "python-keystoneclient"
199.19.213.88 - - [02/Apr/2026:05:57:06 +0000] "POST /identity/v3/auth/tokens HTTP/1.1" 201 7617 "-" "uwsgi keystoneauth1/5.13.1 python-requests/2.32.5 CPython/3.12.3"
199.19.213.88 - - [02/Apr/2026:05:57:06 +0000] "POST /identity/v3/auth/tokens HTTP/1.1" 201 7617 "-" "uwsgi keystoneauth1/5.13.1 python-requests/2.32.5 CPython/3.12.3"
199.19.213.88 - - [02/Apr/2026:05:57:06 +0000] "POST /identity/v3/auth/tokens HTTP/1.1" 201 7617 "-" "uwsgi keystoneauth1/5.13.1 python-requests/2.32.5 CPython/3.12.3"
199.19.213.88 - - [02/Apr/2026:05:57:06 +0000] "GET /container-infra/v1/clusters/k8s-cluster HTTP/1.1" 200 4890 "-" "python-urllib3/2.6.3"
199.19.213.88 - - [02/Apr/2026:05:57:12 +0000] "GET /identity HTTP/1.1" 300 3230 "-" "openstacksdk/4.10.0 keystoneauth1/5.13.1 python-requests/2.32.5 CPython/3.12.3"
199.19.213.88 - - [02/Apr/2026:05:57:12 +0000] "POST /identity/v3/auth/tokens HTTP/1.1" 201 8041 "-" "openstacksdk/4.10.0 keystoneauth1/5.13.1 python-requests/2.32.5 CPython/3.12.3"
199.19.213.88 - - [02/Apr/2026:05:57:13 +0000] "GET /identity/v3/auth/tokens HTTP/1.1" 200 8036 "-" "python-keystoneclient"
199.19.213.88 - - [02/Apr/2026:05:57:13 +0000] "POST /identity/v3/auth/tokens HTTP/1.1" 201 7617 "-" "uwsgi keystoneauth1/5.13.1 python-requests/2.32.5 CPython/3.12.3"
199.19.213.88 - - [02/Apr/2026:05:57:13 +0000] "POST /identity/v3/auth/tokens HTTP/1.1" 201 7617 "-" "uwsgi keystoneauth1/5.13.1 python-requests/2.32.5 CPython/3.12.3"
199.19.213.88 - - [02/Apr/2026:05:57:13 +0000] "POST /identity/v3/auth/tokens HTTP/1.1" 201 7617 "-" "uwsgi keystoneauth1/5.13.1 python-requests/2.32.5 CPython/3.12.3"
199.19.213.88 - - [02/Apr/2026:05:57:13 +0000] "GET /container-infra/v1/clusters/k8s-cluster HTTP/1.1" 200 4890 "-" "python-urllib3/2.6.3"
199.19.213.88 - - [02/Apr/2026:05:57:19 +0000] "GET /identity HTTP/1.1" 300 3230 "-" "openstacksdk/4.10.0 keystoneauth1/5.13.1 python-requests/2.32.5 CPython/3.12.3"
199.19.213.88 - - [02/Apr/2026:05:57:19 +0000] "POST /identity/v3/auth/tokens HTTP/1.1" 201 8041 "-" "openstacksdk/4.10.0 keystoneauth1/5.13.1 python-requests/2.32.5 CPython/3.12.3"
199.19.213.88 - - [02/Apr/2026:05:57:19 +0000] "GET /identity/v3/auth/tokens HTTP/1.1" 200 8036 "-" "python-keystoneclient"
199.19.213.88 - - [02/Apr/2026:05:57:19 +0000] "POST /identity/v3/auth/tokens HTTP/1.1" 201 7617 "-" "uwsgi keystoneauth1/5.13.1 python-requests/2.32.5 CPython/3.12.3"
199.19.213.88 - - [02/Apr/2026:05:57:19 +0000] "POST /identity/v3/auth/tokens HTTP/1.1" 201 7617 "-" "uwsgi keystoneauth1/5.13.1 python-requests/2.32.5 CPython/3.12.3"
199.19.213.88 - - [02/Apr/2026:05:57:19 +0000] "POST /identity/v3/auth/tokens HTTP/1.1" 201 7617 "-" "uwsgi keystoneauth1/5.13.1 python-requests/2.32.5 CPython/3.12.3"
199.19.213.88 - - [02/Apr/2026:05:57:19 +0000] "GET /container-infra/v1/clusters/k8s-cluster HTTP/1.1" 200 4890 "-" "python-urllib3/2.6.3"
199.19.213.88 - - [02/Apr/2026:05:57:26 +0000] "GET /identity HTTP/1.1" 300 3230 "-" "openstacksdk/4.10.0 keystoneauth1/5.13.1 python-requests/2.32.5 CPython/3.12.3"
199.19.213.88 - - [02/Apr/2026:05:57:26 +0000] "POST /identity/v3/auth/tokens HTTP/1.1" 201 8041 "-" "openstacksdk/4.10.0 keystoneauth1/5.13.1 python-requests/2.32.5 CPython/3.12.3"
199.19.213.88 - - [02/Apr/2026:05:57:26 +0000] "GET /identity/v3/auth/tokens HTTP/1.1" 200 8036 "-" "python-keystoneclient"
199.19.213.88 - - [02/Apr/2026:05:57:26 +0000] "POST /identity/v3/auth/tokens HTTP/1.1" 201 7617 "-" "uwsgi keystoneauth1/5.13.1 python-requests/2.32.5 CPython/3.12.3"
199.19.213.88 - - [02/Apr/2026:05:57:26 +0000] "POST /identity/v3/auth/tokens HTTP/1.1" 201 7617 "-" "uwsgi keystoneauth1/5.13.1 python-requests/2.32.5 CPython/3.12.3"
