2026-04-17 03:09:38.611 8 INFO neutron.services.segments.plugin [-] Segment e2a4b8d9-3ccb-47c7-b5a9-e74f16321284 resource provider not found; error: Placement Client Error (4xx): {"errors": [{"status": 404, "title": "Not Found", "detail": "The resource could not be found.\n\n No resource provider with uuid e2a4b8d9-3ccb-47c7-b5a9-e74f16321284 found for delete ", "request_id": "req-1581350a-ab30-43d4-af93-9f8f90179786"}]} [pid: 7|app: 0|req: 469/1093] 10.0.0.204 () {34 vars in 663 bytes} [Fri Apr 17 03:09:37 2026] POST /v2.0/ports => generated 1506 bytes in 929 msecs (HTTP/1.1 201) 4 headers in 163 bytes (1 switches on core 0) /var/lib/openstack/lib/python3.12/site-packages/pycadf/identifier.py:70: UserWarning: Invalid uuid: neutron. To ensure interoperability, identifiers should be a valid uuid. warnings.warn(('Invalid uuid: %s. To ensure interoperability, '
2026-04-17 03:09:38.699 8 INFO neutron.db.ovn_revision_numbers_db [None req-53ea2217-1620-45cf-bf7e-3caeebbe3fea dab55ac24d2d47edba2ec78f170fc239 841896cde139436ebefd00a87f5d0e83 - - default default] Successfully bumped revision number for resource 965acf6d-fd37-47dc-a734-19e99e40177c (type: security_groups) to 1
2026-04-17 03:09:38.714 8 INFO neutron.db.ovn_revision_numbers_db [None req-53ea2217-1620-45cf-bf7e-3caeebbe3fea dab55ac24d2d47edba2ec78f170fc239 841896cde139436ebefd00a87f5d0e83 - - default default] Successfully bumped revision number for resource 16295a12-c1c4-46b5-a9a6-fe13c0014a39 (type: security_group_rules) to 0
2026-04-17 03:09:38.730 8 INFO neutron.db.ovn_revision_numbers_db [None req-53ea2217-1620-45cf-bf7e-3caeebbe3fea dab55ac24d2d47edba2ec78f170fc239 841896cde139436ebefd00a87f5d0e83 - - default default] Successfully bumped revision number for resource 1bd4dcc3-6946-4cbc-8dc5-6d6abacf0615 (type: security_group_rules) to 0
2026-04-17 03:09:38.740 8 INFO neutron.db.ovn_revision_numbers_db [None req-53ea2217-1620-45cf-bf7e-3caeebbe3fea dab55ac24d2d47edba2ec78f170fc239 841896cde139436ebefd00a87f5d0e83 - - default default] Successfully bumped revision number for resource 2c0c992c-4e10-4b01-b32f-602f6b5f1332 (type: security_group_rules) to 0
2026-04-17 03:09:38.757 8 INFO neutron.db.ovn_revision_numbers_db [None req-53ea2217-1620-45cf-bf7e-3caeebbe3fea dab55ac24d2d47edba2ec78f170fc239 841896cde139436ebefd00a87f5d0e83 - - default default] Successfully bumped revision number for resource d1efd008-f987-44ea-8bdf-e6a71b54b3fa (type: security_group_rules) to 0
2026-04-17 03:09:38.775 7 INFO neutron.db.segments_db [None req-7d96469b-1d6f-46e7-a27c-700c0e8c9485 bd4a09aa63934be496e99e0685986fc6 406a69a848e248beab255aa32560d642 - - default default] Added segment 27d21586-46df-483c-b6e1-6d7c87d2a5cf of type geneve for network 5e0dcb7b-8f83-422c-8142-91f2546bf802 [pid: 8|app: 0|req: 625/1094] 10.0.0.204 () {32 vars in 772 bytes} [Fri Apr 17 03:09:38 2026] GET /v2.0/security-groups?tenant_id=e1c6c41286c24c2ab9a1cef67e38f051&name=default => generated 2925 bytes in 379 msecs (HTTP/1.1 200) 4 headers in 158 bytes (1 switches on core 0) [pid: 8|app: 0|req: 626/1095] 10.0.0.204 () {32 vars in 641 bytes} [Fri Apr 17 03:09:38 2026] GET /v2.0/ports => generated 3018 bytes in 103 msecs (HTTP/1.1 200) 4 headers in 158 bytes (1 switches on core 0)
2026-04-17 03:09:38.935 7 INFO neutron.db.ovn_revision_numbers_db [None req-7d96469b-1d6f-46e7-a27c-700c0e8c9485 bd4a09aa63934be496e99e0685986fc6 406a69a848e248beab255aa32560d642 - - default default] Successfully bumped revision number for resource 5e0dcb7b-8f83-422c-8142-91f2546bf802 (type: networks) to 1
2026-04-17 03:09:39.107 7 WARNING neutron.scheduler.dhcp_agent_scheduler [None req-7d96469b-1d6f-46e7-a27c-700c0e8c9485 bd4a09aa63934be496e99e0685986fc6 406a69a848e248beab255aa32560d642 - - default default] No more DHCP agents
2026-04-17 03:09:39.109 7 WARNING neutron.api.rpc.agentnotifiers.dhcp_rpc_agent_api [None req-7d96469b-1d6f-46e7-a27c-700c0e8c9485 bd4a09aa63934be496e99e0685986fc6 406a69a848e248beab255aa32560d642 - - default default] Unable to schedule network 5e0dcb7b-8f83-422c-8142-91f2546bf802: no agents available; will retry on subsequent port and subnet creation events. [pid: 8|app: 0|req: 627/1096] 10.0.0.204 () {32 vars in 738 bytes} [Fri Apr 17 03:09:38 2026] DELETE /v2.0/security-groups/965acf6d-fd37-47dc-a734-19e99e40177c => generated 0 bytes in 239 msecs (HTTP/1.1 204) 2 headers in 112 bytes (1 switches on core 0) [pid: 8|app: 0|req: 628/1097] 10.0.0.72 () {34 vars in 987 bytes} [Fri Apr 17 03:09:39 2026] GET /v2.0/ports?device_id=137701c0-9ea2-421c-b50d-0ee04f26ab0b => generated 12 bytes in 23 msecs (HTTP/1.1 200) 4 headers in 156 bytes (1 switches on core 0)
2026-04-17 03:09:39.167 7 INFO neutron.plugins.ml2.drivers.ovn.mech_driver.mech_driver [None req-9cc42a7b-9db2-46ba-bd21-3d15c67c0743 - - - - - -] OVN reports status down for port: bbbd3bdd-08f5-4bd5-8fff-40e533919e5b
2026-04-17 03:09:39.238 7 INFO neutron.db.ovn_revision_numbers_db [None req-7d96469b-1d6f-46e7-a27c-700c0e8c9485 bd4a09aa63934be496e99e0685986fc6 406a69a848e248beab255aa32560d642 - - default default] Successfully bumped revision number for resource bbbd3bdd-08f5-4bd5-8fff-40e533919e5b (type: ports) to 1 [pid: 7|app: 0|req: 470/1098] 10.0.0.204 () {34 vars in 668 bytes} [Fri Apr 17 03:09:38 2026] POST /v2.0/networks => generated 747 bytes in 611 msecs (HTTP/1.1 201) 4 headers in 162 bytes (1 switches on core 0)
2026-04-17 03:09:39.290 8 INFO neutron_taas.services.taas.taas_plugin [None req-7e4bb5bd-16dd-47c8-8d8d-a60a03246ca6 bf5c32f4512b4f54817fe300790c5207 505c469d241342bd947326c404347e8e - - default default] TaaS: Handle Delete Port: c181d69b-d81d-485c-b844-cfd59b83a15a
2026-04-17 03:09:39.294 8 INFO neutron_taas.services.taas.tap_mirror_plugin [None req-7e4bb5bd-16dd-47c8-8d8d-a60a03246ca6 bf5c32f4512b4f54817fe300790c5207 505c469d241342bd947326c404347e8e - - default default] Tap Mirror: Handle Delete Port: c181d69b-d81d-485c-b844-cfd59b83a15a [pid: 8|app: 0|req: 629/1099] 10.0.0.204 () {32 vars in 718 bytes} [Fri Apr 17 03:09:39 2026] DELETE /v2.0/ports/c181d69b-d81d-485c-b844-cfd59b83a15a => generated 0 bytes in 255 msecs (HTTP/1.1 204) 3 headers in 131 bytes (1 switches on core 0)
2026-04-17 03:09:39.440 7 WARNING neutron.scheduler.dhcp_agent_scheduler [None req-4887686d-1faf-410e-93bb-79f0734154f2 bd4a09aa63934be496e99e0685986fc6 406a69a848e248beab255aa32560d642 - - default default] No more DHCP agents
2026-04-17 03:09:39.441 7 WARNING neutron.api.rpc.agentnotifiers.dhcp_rpc_agent_api [None req-4887686d-1faf-410e-93bb-79f0734154f2 bd4a09aa63934be496e99e0685986fc6 406a69a848e248beab255aa32560d642 - - default default] Unable to schedule network 5e0dcb7b-8f83-422c-8142-91f2546bf802: no agents available; will retry on subsequent port and subnet creation events.
2026-04-17 03:09:39.532 8 INFO neutron_taas.services.taas.taas_plugin [None req-3c16da56-ad36-483b-86cc-55586170891f bf5c32f4512b4f54817fe300790c5207 505c469d241342bd947326c404347e8e - - default default] TaaS: Handle Delete Port: b2edded5-3cda-42ad-ae96-e8b462e8841e
2026-04-17 03:09:39.535 8 INFO neutron_taas.services.taas.tap_mirror_plugin [None req-3c16da56-ad36-483b-86cc-55586170891f bf5c32f4512b4f54817fe300790c5207 505c469d241342bd947326c404347e8e - - default default] Tap Mirror: Handle Delete Port: b2edded5-3cda-42ad-ae96-e8b462e8841e [pid: 8|app: 0|req: 630/1100] 10.0.0.204 () {32 vars in 718 bytes} [Fri Apr 17 03:09:39 2026] DELETE /v2.0/ports/b2edded5-3cda-42ad-ae96-e8b462e8841e => generated 0 bytes in 231 msecs (HTTP/1.1 204) 3 headers in 131 bytes (1 switches on core 0) [pid: 8|app: 0|req: 631/1101] 10.0.0.204 () {32 vars in 641 bytes} [Fri Apr 17 03:09:39 2026] GET /v2.0/ports => generated 1523 bytes in 53 msecs (HTTP/1.1 200) 4 headers in 158 bytes (1 switches on core 0)
2026-04-17 03:09:39.805 8 INFO neutron.db.segments_db [None req-597579d8-ccce-491a-be7f-c428950490a2 bf5c32f4512b4f54817fe300790c5207 505c469d241342bd947326c404347e8e - - default default] Added segment 9c90c1e3-5e28-4187-bed9-1db53866d458 of type geneve for network c9af28bf-b268-4342-b24b-4482627189b8
2026-04-17 03:09:39.920 7 INFO neutron.db.ovn_revision_numbers_db [None req-dcf498d8-d4fd-4fa0-a9f3-c88fa1fb6eea - - - - - -] Successfully bumped revision number for resource bbbd3bdd-08f5-4bd5-8fff-40e533919e5b (type: ports) to 2
2026-04-17 03:09:39.926 8 INFO neutron.db.ovn_revision_numbers_db [None req-597579d8-ccce-491a-be7f-c428950490a2 bf5c32f4512b4f54817fe300790c5207 505c469d241342bd947326c404347e8e - - default default] Successfully bumped revision number for resource c9af28bf-b268-4342-b24b-4482627189b8 (type: networks) to 1
2026-04-17 03:09:39.954 7 INFO neutron.db.ovn_revision_numbers_db [None req-dcf498d8-d4fd-4fa0-a9f3-c88fa1fb6eea - - - - - -] Successfully bumped revision number for resource e35ca8ca-e1e2-4200-ad2d-1f0e6358955b (type: subnets) to 0 [pid: 7|app: 0|req: 471/1102] 10.0.0.204 () {34 vars in 667 bytes} [Fri Apr 17 03:09:39 2026] POST /v2.0/subnets => generated 647 bytes in 682 msecs (HTTP/1.1 201) 4 headers in 162 bytes (1 switches on core 0)
2026-04-17 03:09:40.088 8 WARNING neutron.scheduler.dhcp_agent_scheduler [None req-597579d8-ccce-491a-be7f-c428950490a2 bf5c32f4512b4f54817fe300790c5207 505c469d241342bd947326c404347e8e - - default default] No more DHCP agents
2026-04-17 03:09:40.090 8 WARNING neutron.api.rpc.agentnotifiers.dhcp_rpc_agent_api [None req-597579d8-ccce-491a-be7f-c428950490a2 bf5c32f4512b4f54817fe300790c5207 505c469d241342bd947326c404347e8e - - default default] Unable to schedule network c9af28bf-b268-4342-b24b-4482627189b8: no agents available; will retry on subsequent port and subnet creation events.
2026-04-17 03:09:40.139 8 INFO neutron.plugins.ml2.drivers.ovn.mech_driver.mech_driver [None req-70f6a8b6-9d92-4778-b8ee-ee687d345886 - - - - - -] OVN reports status down for port: 3223bd61-41e2-4bd4-a82f-9d07db97ae03
2026-04-17 03:09:40.194 8 INFO neutron.db.ovn_revision_numbers_db [None req-597579d8-ccce-491a-be7f-c428950490a2 bf5c32f4512b4f54817fe300790c5207 505c469d241342bd947326c404347e8e - - default default] Successfully bumped revision number for resource 3223bd61-41e2-4bd4-a82f-9d07db97ae03 (type: ports) to 1 [pid: 7|app: 0|req: 472/1103] 10.0.0.204 () {34 vars in 679 bytes} [Fri Apr 17 03:09:39 2026] POST /v2.0/rbac-policies => generated 324 bytes in 247 msecs (HTTP/1.1 201) 4 headers in 162 bytes (1 switches on core 0) [pid: 8|app: 0|req: 632/1104] 10.0.0.204 () {34 vars in 668 bytes} [Fri Apr 17 03:09:39 2026] POST /v2.0/networks => generated 672 bytes in 519 msecs (HTTP/1.1 201) 4 headers in 162 bytes (1 switches on core 0)
2026-04-17 03:09:40.318 8 INFO neutron.db.segments_db [None req-6095ceef-c04f-4a6a-9d19-9150bf87909e bf5c32f4512b4f54817fe300790c5207 505c469d241342bd947326c404347e8e - - default default] Added segment 43dc7269-8869-45a4-970f-dd35dc2d5721 of type geneve for network be590996-2cd7-4f9f-8953-fb27bbcb6387 [pid: 7|app: 0|req: 473/1105] 10.0.0.204 () {32 vars in 738 bytes} [Fri Apr 17 03:09:40 2026] DELETE /v2.0/security-groups/286eb93d-c253-496d-b73d-1edeb0f0c186 => generated 0 bytes in 149 msecs (HTTP/1.1 204) 2 headers in 112 bytes (1 switches on core 0)
2026-04-17 03:09:40.407 7 INFO neutron.api.v2.resource [None req-04838660-e456-489b-b282-74e80ba1b472 b7eea544eb15406881cc9753939a8626 13b15c1b734c4867bf1f60e78ed4fa72 - - default default] show failed (client error): The resource could not be found. [pid: 7|app: 0|req: 474/1106] 10.0.0.204 () {32 vars in 735 bytes} [Fri Apr 17 03:09:40 2026] GET /v2.0/security-groups/286eb93d-c253-496d-b73d-1edeb0f0c186 => generated 146 bytes in 14 msecs (HTTP/1.1 404) 4 headers in 164 bytes (1 switches on core 0)
2026-04-17 03:09:40.441 8 INFO neutron.db.ovn_revision_numbers_db [None req-6095ceef-c04f-4a6a-9d19-9150bf87909e bf5c32f4512b4f54817fe300790c5207 505c469d241342bd947326c404347e8e - - default default] Successfully bumped revision number for resource be590996-2cd7-4f9f-8953-fb27bbcb6387 (type: networks) to 1
2026-04-17 03:09:40.535 7 INFO neutron_taas.services.taas.taas_plugin [None req-e219b8e3-81aa-4f9a-8cf4-17fec15a8820 b7eea544eb15406881cc9753939a8626 13b15c1b734c4867bf1f60e78ed4fa72 - - default default] TaaS: Handle Delete Port: caf19646-0b69-4624-948c-01ddece2464b
2026-04-17 03:09:40.537 7 INFO neutron_taas.services.taas.tap_mirror_plugin [None req-e219b8e3-81aa-4f9a-8cf4-17fec15a8820 b7eea544eb15406881cc9753939a8626 13b15c1b734c4867bf1f60e78ed4fa72 - - default default] Tap Mirror: Handle Delete Port: caf19646-0b69-4624-948c-01ddece2464b
2026-04-17 03:09:40.630 8 WARNING neutron.scheduler.dhcp_agent_scheduler [None req-6095ceef-c04f-4a6a-9d19-9150bf87909e bf5c32f4512b4f54817fe300790c5207 505c469d241342bd947326c404347e8e - - default default] No more DHCP agents
2026-04-17 03:09:40.631 8 WARNING neutron.api.rpc.agentnotifiers.dhcp_rpc_agent_api [None req-6095ceef-c04f-4a6a-9d19-9150bf87909e bf5c32f4512b4f54817fe300790c5207 505c469d241342bd947326c404347e8e - - default default] Unable to schedule network be590996-2cd7-4f9f-8953-fb27bbcb6387: no agents available; will retry on subsequent port and subnet creation events. [pid: 7|app: 0|req: 475/1107] 10.0.0.204 () {32 vars in 730 bytes} [Fri Apr 17 03:09:40 2026] DELETE /v2.0/floatingips/3f7e5a46-5945-4115-a24c-a3ac0b700a48 => generated 0 bytes in 247 msecs (HTTP/1.1 204) 2 headers in 112 bytes (1 switches on core 0)
2026-04-17 03:09:40.699 7 INFO neutron.plugins.ml2.drivers.ovn.mech_driver.mech_driver [None req-9cc42a7b-9db2-46ba-bd21-3d15c67c0743 - - - - - -] OVN reports status down for port: e4248a27-a72a-497d-9d13-f2adcb5c2d35
2026-04-17 03:09:40.715 8 INFO neutron.db.ovn_revision_numbers_db [None req-6095ceef-c04f-4a6a-9d19-9150bf87909e bf5c32f4512b4f54817fe300790c5207 505c469d241342bd947326c404347e8e - - default default] Successfully bumped revision number for resource e4248a27-a72a-497d-9d13-f2adcb5c2d35 (type: ports) to 1 [pid: 8|app: 0|req: 633/1108] 10.0.0.204 () {34 vars in 668 bytes} [Fri Apr 17 03:09:40 2026] POST /v2.0/networks => generated 673 bytes in 499 msecs (HTTP/1.1 201) 4 headers in 162 bytes (1 switches on core 0) [pid: 7|app: 0|req: 476/1109] 10.0.0.204 () {32 vars in 721 bytes} [Fri Apr 17 03:09:40 2026] GET /v2.0/networks/5e0dcb7b-8f83-422c-8142-91f2546bf802 => generated 692 bytes in 194 msecs (HTTP/1.1 200) 4 headers in 157 bytes (1 switches on core 0)
2026-04-17 03:09:40.992 8 INFO neutron_taas.services.taas.taas_plugin [None req-be3dded7-8432-4b5d-bafd-e26277cf770f dab55ac24d2d47edba2ec78f170fc239 841896cde139436ebefd00a87f5d0e83 - - default default] TaaS: Handle Delete Port: 54173fc9-1d9e-4818-8fe7-092b7ea95aab
2026-04-17 03:09:40.995 8 INFO neutron_taas.services.taas.tap_mirror_plugin [None req-be3dded7-8432-4b5d-bafd-e26277cf770f dab55ac24d2d47edba2ec78f170fc239 841896cde139436ebefd00a87f5d0e83 - - default default] Tap Mirror: Handle Delete Port: 54173fc9-1d9e-4818-8fe7-092b7ea95aab
2026-04-17 03:09:41.512 7 WARNING neutron.scheduler.dhcp_agent_scheduler [None req-b2f5b6f9-ba71-4d77-81c6-fe66fadc9634 bf5c32f4512b4f54817fe300790c5207 505c469d241342bd947326c404347e8e - - default default] No more DHCP agents
2026-04-17 03:09:41.513 7 WARNING neutron.api.rpc.agentnotifiers.dhcp_rpc_agent_api [None req-b2f5b6f9-ba71-4d77-81c6-fe66fadc9634 bf5c32f4512b4f54817fe300790c5207 505c469d241342bd947326c404347e8e - - default default] Unable to schedule network c9af28bf-b268-4342-b24b-4482627189b8: no agents available; will retry on subsequent port and subnet creation events.
2026-04-17 03:09:41.542 7 INFO neutron.db.ovn_revision_numbers_db [None req-b2f5b6f9-ba71-4d77-81c6-fe66fadc9634 bf5c32f4512b4f54817fe300790c5207 505c469d241342bd947326c404347e8e - - default default] Successfully bumped revision number for resource 60bdd150-35cc-4b76-b1e1-31c345524c5e (type: subnets) to 0
2026-04-17 03:09:41.584 7 WARNING neutron.scheduler.dhcp_agent_scheduler [None req-b2f5b6f9-ba71-4d77-81c6-fe66fadc9634 bf5c32f4512b4f54817fe300790c5207 505c469d241342bd947326c404347e8e - - default default] No more DHCP agents
2026-04-17 03:09:41.586 7 WARNING neutron.api.rpc.agentnotifiers.dhcp_rpc_agent_api [None req-b2f5b6f9-ba71-4d77-81c6-fe66fadc9634 bf5c32f4512b4f54817fe300790c5207 505c469d241342bd947326c404347e8e - - default default] Unable to schedule network be590996-2cd7-4f9f-8953-fb27bbcb6387: no agents available; will retry on subsequent port and subnet creation events. [pid: 8|app: 0|req: 634/1110] 10.0.0.204 () {34 vars in 787 bytes} [Fri Apr 17 03:09:40 2026] PUT /v2.0/routers/9d126a6d-e031-4a31-9848-8427d3b76a85/remove_router_interface => generated 309 bytes in 870 msecs (HTTP/1.1 200) 4 headers in 157 bytes (1 switches on core 0)
2026-04-17 03:09:41.641 7 INFO neutron.db.ovn_revision_numbers_db [None req-b2f5b6f9-ba71-4d77-81c6-fe66fadc9634 bf5c32f4512b4f54817fe300790c5207 505c469d241342bd947326c404347e8e - - default default] Successfully bumped revision number for resource b76fe57f-ab33-4d7d-9439-106afc28899f (type: subnets) to 0 [pid: 7|app: 0|req: 477/1111] 10.0.0.204 () {34 vars in 667 bytes} [Fri Apr 17 03:09:41 2026] POST /v2.0/subnets => generated 1324 bytes in 473 msecs (HTTP/1.1 201) 4 headers in 163 bytes (1 switches on core 0) /var/lib/openstack/lib/python3.12/site-packages/pycadf/identifier.py:70: UserWarning: Invalid uuid: neutron. To ensure interoperability, identifiers should be a valid uuid. warnings.warn(('Invalid uuid: %s. To ensure interoperability, '
2026-04-17 03:09:41.828 8 INFO neutron.pecan_wsgi.hooks.translation [None req-316f2727-0d08-414d-b8e2-34ac239f8434 f400bee633e04907881a802751370562 3bb464bad4434a4e9bab40292e750538 - - default default] GET failed (client error): The resource could not be found. [pid: 8|app: 0|req: 635/1112] 10.0.0.204 () {32 vars in 721 bytes} [Fri Apr 17 03:09:41 2026] GET /v2.0/networks/5e0dcb7b-8f83-422c-8142-91f2546bf802 => generated 138 bytes in 220 msecs (HTTP/1.1 404) 4 headers in 164 bytes (1 switches on core 0) [pid: 8|app: 0|req: 636/1113] 10.0.0.204 () {32 vars in 645 bytes} [Fri Apr 17 03:09:41 2026] GET /v2.0/subnets => generated 1960 bytes in 29 msecs (HTTP/1.1 200) 4 headers in 158 bytes (1 switches on core 0)
2026-04-17 03:09:41.978 7 INFO neutron_taas.services.taas.taas_plugin [None req-4fe8817f-a472-4a9e-9951-6bf827366f4b dab55ac24d2d47edba2ec78f170fc239 841896cde139436ebefd00a87f5d0e83 - - default default] TaaS: Handle Delete Port: 68947f2a-f985-4f3a-9f94-fffa55e9bc09
2026-04-17 03:09:41.981 7 INFO neutron_taas.services.taas.tap_mirror_plugin [None req-4fe8817f-a472-4a9e-9951-6bf827366f4b dab55ac24d2d47edba2ec78f170fc239 841896cde139436ebefd00a87f5d0e83 - - default default] Tap Mirror: Handle Delete Port: 68947f2a-f985-4f3a-9f94-fffa55e9bc09
2026-04-17 03:09:42.088 8 INFO neutron.db.ovn_revision_numbers_db [None req-d2c23ddb-f1a6-40e7-b25f-67e32337ea90 1e5f70d4f64e4a1f917bf11118aa98af 142992fc9dbb42e8b5f16a9d6391d8de - - default default] Successfully bumped revision number for resource c1a6429b-868f-43ae-9d14-263dc55faa40 (type: security_groups) to 1
2026-04-17 03:09:42.106 8 INFO neutron.db.ovn_revision_numbers_db [None req-d2c23ddb-f1a6-40e7-b25f-67e32337ea90 1e5f70d4f64e4a1f917bf11118aa98af 142992fc9dbb42e8b5f16a9d6391d8de - - default default] Successfully bumped revision number for resource 2e411e49-1d94-438b-8bde-d55ff835eaab (type: security_group_rules) to 0
2026-04-17 03:09:42.124 8 INFO neutron.db.ovn_revision_numbers_db [None req-d2c23ddb-f1a6-40e7-b25f-67e32337ea90 1e5f70d4f64e4a1f917bf11118aa98af 142992fc9dbb42e8b5f16a9d6391d8de - - default default] Successfully bumped revision number for resource 5baa0e32-6cde-4b72-84ca-cd4503d5c07b (type: security_group_rules) to 0
2026-04-17 03:09:42.135 8 INFO neutron.db.ovn_revision_numbers_db [None req-d2c23ddb-f1a6-40e7-b25f-67e32337ea90 1e5f70d4f64e4a1f917bf11118aa98af 142992fc9dbb42e8b5f16a9d6391d8de - - default default] Successfully bumped revision number for resource 6d98cdc7-6ca3-4622-8d90-5ae78187bec3 (type: security_group_rules) to 0
2026-04-17 03:09:42.150 8 INFO neutron.db.ovn_revision_numbers_db [None req-d2c23ddb-f1a6-40e7-b25f-67e32337ea90 1e5f70d4f64e4a1f917bf11118aa98af 142992fc9dbb42e8b5f16a9d6391d8de - - default default] Successfully bumped revision number for resource c69171d9-ef0a-4c59-af93-e922a4eceec9 (type: security_group_rules) to 0
2026-04-17 03:09:42.242 8 INFO neutron.db.segments_db [None req-d2c23ddb-f1a6-40e7-b25f-67e32337ea90 1e5f70d4f64e4a1f917bf11118aa98af 142992fc9dbb42e8b5f16a9d6391d8de - - default default] Added segment d8de7cf6-5a52-4301-879b-3a7ae6208c48 of type geneve for network 0d6257fb-e25e-4a3d-afb9-5228bc3c0585
2026-04-17 03:09:42.344 8 INFO neutron.db.ovn_revision_numbers_db [None req-d2c23ddb-f1a6-40e7-b25f-67e32337ea90 1e5f70d4f64e4a1f917bf11118aa98af 142992fc9dbb42e8b5f16a9d6391d8de - - default default] Successfully bumped revision number for resource 0d6257fb-e25e-4a3d-afb9-5228bc3c0585 (type: networks) to 1 [pid: 7|app: 0|req: 478/1114] 10.0.0.204 () {32 vars in 722 bytes} [Fri Apr 17 03:09:41 2026] DELETE /v2.0/routers/9d126a6d-e031-4a31-9848-8427d3b76a85 => generated 0 bytes in 744 msecs (HTTP/1.1 204) 2 headers in 112 bytes (1 switches on core 0)
2026-04-17 03:09:42.528 8 WARNING neutron.scheduler.dhcp_agent_scheduler [None req-d2c23ddb-f1a6-40e7-b25f-67e32337ea90 1e5f70d4f64e4a1f917bf11118aa98af 142992fc9dbb42e8b5f16a9d6391d8de - - default default] No more DHCP agents
2026-04-17 03:09:42.529 8 WARNING neutron.api.rpc.agentnotifiers.dhcp_rpc_agent_api [None req-d2c23ddb-f1a6-40e7-b25f-67e32337ea90 1e5f70d4f64e4a1f917bf11118aa98af 142992fc9dbb42e8b5f16a9d6391d8de - - default default] Unable to schedule network 0d6257fb-e25e-4a3d-afb9-5228bc3c0585: no agents available; will retry on subsequent port and subnet creation events.
2026-04-17 03:09:42.544 7 INFO neutron_taas.services.taas.taas_plugin [None req-6174bf48-bdf2-4a61-8186-a014264194a9 bd4a09aa63934be496e99e0685986fc6 406a69a848e248beab255aa32560d642 - - default default] TaaS: Handle Delete Port: bbbd3bdd-08f5-4bd5-8fff-40e533919e5b
2026-04-17 03:09:42.546 7 INFO neutron_taas.services.taas.tap_mirror_plugin [None req-6174bf48-bdf2-4a61-8186-a014264194a9 bd4a09aa63934be496e99e0685986fc6 406a69a848e248beab255aa32560d642 - - default default] Tap Mirror: Handle Delete Port: bbbd3bdd-08f5-4bd5-8fff-40e533919e5b
2026-04-17 03:09:42.614 8 INFO neutron.db.ovn_revision_numbers_db [None req-d2c23ddb-f1a6-40e7-b25f-67e32337ea90 1e5f70d4f64e4a1f917bf11118aa98af 142992fc9dbb42e8b5f16a9d6391d8de - - default default] Successfully bumped revision number for resource d435b35c-f3e5-47de-a927-418b6b91560e (type: ports) to 1
2026-04-17 03:09:42.615 7 INFO neutron.plugins.ml2.drivers.ovn.mech_driver.mech_driver [None req-9cc42a7b-9db2-46ba-bd21-3d15c67c0743 - - - - - -] OVN reports status down for port: d435b35c-f3e5-47de-a927-418b6b91560e [pid: 8|app: 0|req: 637/1115] 10.0.0.204 () {34 vars in 669 bytes} [Fri Apr 17 03:09:41 2026] POST /v2.0/networks => generated 651 bytes in 778 msecs (HTTP/1.1 201) 4 headers in 162 bytes (1 switches on core 0) [pid: 8|app: 0|req: 638/1116] 10.0.0.204 () {32 vars in 722 bytes} [Fri Apr 17 03:09:42 2026] DELETE /v2.0/subnets/60bdd150-35cc-4b76-b1e1-31c345524c5e => generated 0 bytes in 152 msecs (HTTP/1.1 204) 3 headers in 131 bytes (1 switches on core 0)
2026-04-17 03:09:42.928 7 INFO neutron.services.segments.plugin [-] Segment 27d21586-46df-483c-b6e1-6d7c87d2a5cf resource provider aggregate not found
2026-04-17 03:09:42.934 7 INFO neutron.services.segments.plugin [-] Segment 27d21586-46df-483c-b6e1-6d7c87d2a5cf resource provider aggregate not found
2026-04-17 03:09:42.951 7 INFO neutron.services.segments.plugin [-] Segment 27d21586-46df-483c-b6e1-6d7c87d2a5cf resource provider not found; error: Placement Client Error (4xx): {"errors": [{"status": 404, "title": "Not Found", "detail": "The resource could not be found.\n\n No resource provider with uuid 27d21586-46df-483c-b6e1-6d7c87d2a5cf found for delete ", "request_id": "req-c8c720a3-b864-4cef-909e-4c42e9eb7ee9"}]}
2026-04-17 03:09:42.955 7 INFO neutron.services.segments.plugin [-] Segment 27d21586-46df-483c-b6e1-6d7c87d2a5cf resource provider not found; error: Placement Client Error (4xx): {"errors": [{"status": 404, "title": "Not Found", "detail": "The resource could not be found.\n\n No resource provider with uuid 27d21586-46df-483c-b6e1-6d7c87d2a5cf found for delete ", "request_id": "req-53822a3d-5605-4d11-b41e-30c860bb71bf"}]} [pid: 7|app: 0|req: 479/1117] 10.0.0.204 () {32 vars in 724 bytes} [Fri Apr 17 03:09:42 2026] DELETE /v2.0/networks/5e0dcb7b-8f83-422c-8142-91f2546bf802 => generated 0 bytes in 569 msecs (HTTP/1.1 204) 3 headers in 131 bytes (1 switches on core 0) [pid: 8|app: 0|req: 639/1118] 10.0.0.204 () {32 vars in 722 bytes} [Fri Apr 17 03:09:42 2026] DELETE /v2.0/subnets/22b6a5b3-8756-4648-aa4b-c659cc3359e7 => generated 0 bytes in 204 msecs (HTTP/1.1 204) 3 headers in 131 bytes (1 switches on core 0) [pid: 8|app: 0|req: 640/1119] 10.0.0.204 () {32 vars in 722 bytes} [Fri Apr 17 03:09:42 2026] DELETE /v2.0/subnets/b76fe57f-ab33-4d7d-9439-106afc28899f => generated 0 bytes in 144 msecs (HTTP/1.1 204) 3 headers in 131 bytes (1 switches on core 0)
2026-04-17 03:09:43.150 8 INFO neutron.pecan_wsgi.hooks.translation [None req-ebced9d6-3a5e-49e1-9a9e-2b4cfc91b7ea bd4a09aa63934be496e99e0685986fc6 406a69a848e248beab255aa32560d642 - - default default] DELETE failed (client error): The resource could not be found. [pid: 8|app: 0|req: 641/1120] 10.0.0.204 () {32 vars in 722 bytes} [Fri Apr 17 03:09:43 2026] DELETE /v2.0/subnets/2472bfde-7dc7-4229-bd0e-837f5c83cba3 => generated 136 bytes in 12 msecs (HTTP/1.1 404) 4 headers in 164 bytes (1 switches on core 0)
2026-04-17 03:09:43.250 8 INFO neutron_taas.services.taas.taas_plugin [None req-02099d2a-7c8c-497c-91bf-3200a758b7ae dab55ac24d2d47edba2ec78f170fc239 841896cde139436ebefd00a87f5d0e83 - - default default] TaaS: Handle Delete Port: dd74e983-bcea-471d-95e1-0fe42403d65b
2026-04-17 03:09:43.253 8 INFO neutron_taas.services.taas.tap_mirror_plugin [None req-02099d2a-7c8c-497c-91bf-3200a758b7ae dab55ac24d2d47edba2ec78f170fc239 841896cde139436ebefd00a87f5d0e83 - - default default] Tap Mirror: Handle Delete Port: dd74e983-bcea-471d-95e1-0fe42403d65b
2026-04-17 03:09:43.338 7 WARNING neutron.scheduler.dhcp_agent_scheduler [None req-617ab864-2346-4bcd-9729-10ab5a6e4039 1e5f70d4f64e4a1f917bf11118aa98af 142992fc9dbb42e8b5f16a9d6391d8de - - default default] No more DHCP agents
2026-04-17 03:09:43.340 7 WARNING neutron.api.rpc.agentnotifiers.dhcp_rpc_agent_api [None req-617ab864-2346-4bcd-9729-10ab5a6e4039 1e5f70d4f64e4a1f917bf11118aa98af 142992fc9dbb42e8b5f16a9d6391d8de - - default default] Unable to schedule network 6a860aad-4aa0-4103-90f6-6a1a5b2f1a07: no agents available; will retry on subsequent port and subnet creation events.
2026-04-17 03:09:43.465 8 INFO neutron.services.segments.plugin [-] Segment a573e64b-5911-4398-946d-cac5e994560f resource provider aggregate not found
2026-04-17 03:09:43.474 8 INFO neutron.plugins.ml2.drivers.ovn.mech_driver.mech_driver [None req-70f6a8b6-9d92-4778-b8ee-ee687d345886 - - - - - -] OVN reports status down for port: 2641719c-9811-45b0-9dd5-1bead9145f3e
2026-04-17 03:09:43.479 8 INFO neutron.services.segments.plugin [-] Segment a573e64b-5911-4398-946d-cac5e994560f resource provider aggregate not found
2026-04-17 03:09:43.480 7 INFO neutron.db.ovn_revision_numbers_db [None req-617ab864-2346-4bcd-9729-10ab5a6e4039 1e5f70d4f64e4a1f917bf11118aa98af 142992fc9dbb42e8b5f16a9d6391d8de - - default default] Successfully bumped revision number for resource 2641719c-9811-45b0-9dd5-1bead9145f3e (type: ports) to 1
2026-04-17 03:09:43.498 8 INFO neutron.services.segments.plugin [-] Segment a573e64b-5911-4398-946d-cac5e994560f resource provider not found; error: Placement Client Error (4xx): {"errors": [{"status": 404, "title": "Not Found", "detail": "The resource could not be found.\n\n No resource provider with uuid a573e64b-5911-4398-946d-cac5e994560f found for delete ", "request_id": "req-d56709ac-4208-4baa-8998-e00a14c7a9c4"}]}
2026-04-17 03:09:43.498 8 INFO neutron.services.segments.plugin [-] Segment a573e64b-5911-4398-946d-cac5e994560f resource provider not found; error: Placement Client Error (4xx): {"errors": [{"status": 404, "title": "Not Found", "detail": "The resource could not be found.\n\n No resource provider with uuid a573e64b-5911-4398-946d-cac5e994560f found for delete ", "request_id": "req-75a225a9-9f7b-449a-a67f-0a814f5b64d2"}]} [pid: 8|app: 0|req: 642/1121] 10.0.0.204 () {32 vars in 724 bytes} [Fri Apr 17 03:09:43 2026] DELETE /v2.0/networks/d14efdbe-6986-4a9c-9765-65958ae00b50 => generated 0 bytes in 416 msecs (HTTP/1.1 204) 3 headers in 131 bytes (1 switches on core 0) [pid: 8|app: 0|req: 643/1122] 10.0.0.204 () {32 vars in 645 bytes} [Fri Apr 17 03:09:43 2026] GET /v2.0/subnets => generated 649 bytes in 51 msecs (HTTP/1.1 200) 4 headers in 157 bytes (1 switches on core 0)
2026-04-17 03:09:43.629 8 INFO neutron.pecan_wsgi.hooks.translation [None req-91c584d2-a17d-44b1-83df-07377b4c79d1 bd4a09aa63934be496e99e0685986fc6 406a69a848e248beab255aa32560d642 - - default default] DELETE failed (client error): The resource could not be found. [pid: 8|app: 0|req: 644/1123] 10.0.0.204 () {32 vars in 722 bytes} [Fri Apr 17 03:09:43 2026] DELETE /v2.0/subnets/eac12089-d02f-45db-9d45-bd66fe80f571 => generated 136 bytes in 10 msecs (HTTP/1.1 404) 4 headers in 164 bytes (1 switches on core 0)
2026-04-17 03:09:43.762 8 INFO neutron_taas.services.taas.taas_plugin [None req-a83e8b23-3bed-4254-8fff-88d10f845382 bf5c32f4512b4f54817fe300790c5207 505c469d241342bd947326c404347e8e - - default default] TaaS: Handle Delete Port: e4248a27-a72a-497d-9d13-f2adcb5c2d35
2026-04-17 03:09:43.764 8 INFO neutron_taas.services.taas.tap_mirror_plugin [None req-a83e8b23-3bed-4254-8fff-88d10f845382 bf5c32f4512b4f54817fe300790c5207 505c469d241342bd947326c404347e8e - - default default] Tap Mirror: Handle Delete Port: e4248a27-a72a-497d-9d13-f2adcb5c2d35 [pid: 8|app: 0|req: 645/1124] 10.0.0.204 () {32 vars in 724 bytes} [Fri Apr 17 03:09:43 2026] DELETE /v2.0/networks/be590996-2cd7-4f9f-8953-fb27bbcb6387 => generated 0 bytes in 331 msecs (HTTP/1.1 204) 3 headers in 131 bytes (1 switches on core 0)
2026-04-17 03:09:43.976 8 INFO neutron.pecan_wsgi.hooks.translation [None req-e5600566-c910-4fbc-9296-518e20c47751 bd4a09aa63934be496e99e0685986fc6 406a69a848e248beab255aa32560d642 - - default default] DELETE failed (client error): The resource could not be found. [pid: 8|app: 0|req: 646/1125] 10.0.0.204 () {32 vars in 722 bytes} [Fri Apr 17 03:09:43 2026] DELETE /v2.0/subnets/e35ca8ca-e1e2-4200-ad2d-1f0e6358955b => generated 136 bytes in 15 msecs (HTTP/1.1 404) 4 headers in 164 bytes (1 switches on core 0) [pid: 8|app: 0|req: 647/1126] 10.0.0.204 () {32 vars in 772 bytes} [Fri Apr 17 03:09:43 2026] GET /v2.0/security-groups?tenant_id=13b15c1b734c4867bf1f60e78ed4fa72&name=default => generated 2925 bytes in 31 msecs (HTTP/1.1 200) 4 headers in 158 bytes (1 switches on core 0)
2026-04-17 03:09:44.103 7 INFO neutron.plugins.ml2.drivers.ovn.mech_driver.ovsdb.commands [None req-a343362c-3a3f-4739-aadb-19c2f602938c - - - - - -] Schedule LRP lrp-2641719c-9811-45b0-9dd5-1bead9145f3e on gateway 69d4984a-c7b7-4efd-804a-5216ae6ffe81 with priority 1
2026-04-17 03:09:44.162 7 INFO neutron.db.ovn_revision_numbers_db [None req-617ab864-2346-4bcd-9729-10ab5a6e4039 1e5f70d4f64e4a1f917bf11118aa98af 142992fc9dbb42e8b5f16a9d6391d8de - - default default] Successfully bumped revision number for resource 2641719c-9811-45b0-9dd5-1bead9145f3e (type: router_ports) to 1
2026-04-17 03:09:44.179 8 INFO neutron.plugins.ml2.drivers.ovn.mech_driver.ovsdb.ovsdb_monitor [-] Router 390c3286-4b3c-4084-9e61-d04c571a91db is bound to host instance
2026-04-17 03:09:44.232 8 INFO neutron.plugins.ml2.drivers.ovn.mech_driver.mech_driver [None req-70f6a8b6-9d92-4778-b8ee-ee687d345886 - - - - - -] OVN reports status up for port: 2641719c-9811-45b0-9dd5-1bead9145f3e
2026-04-17 03:09:44.238 7 INFO neutron.db.ovn_revision_numbers_db [None req-617ab864-2346-4bcd-9729-10ab5a6e4039 1e5f70d4f64e4a1f917bf11118aa98af 142992fc9dbb42e8b5f16a9d6391d8de - - default default] Successfully bumped revision number for resource 390c3286-4b3c-4084-9e61-d04c571a91db (type: routers) to 2 [pid: 7|app: 0|req: 480/1127] 10.0.0.204 () {34 vars in 667 bytes} [Fri Apr 17 03:09:42 2026] POST /v2.0/routers => generated 955 bytes in 1287 msecs (HTTP/1.1 201) 4 headers in 162 bytes (1 switches on core 0)
2026-04-17 03:09:44.260 8 INFO neutron_taas.services.taas.taas_plugin [None req-4d4a3b78-da2b-475a-a1b5-d74473ae5959 bf5c32f4512b4f54817fe300790c5207 505c469d241342bd947326c404347e8e - - default default] TaaS: Handle Delete Port: 3223bd61-41e2-4bd4-a82f-9d07db97ae03
2026-04-17 03:09:44.268 8 INFO neutron_taas.services.taas.tap_mirror_plugin [None req-4d4a3b78-da2b-475a-a1b5-d74473ae5959 bf5c32f4512b4f54817fe300790c5207 505c469d241342bd947326c404347e8e - - default default] Tap Mirror: Handle Delete Port: 3223bd61-41e2-4bd4-a82f-9d07db97ae03
2026-04-17 03:09:44.280 8 INFO neutron.plugins.ml2.plugin [None req-70f6a8b6-9d92-4778-b8ee-ee687d345886 - - - - - -] Attempt 1 to provision port 2641719c-9811-45b0-9dd5-1bead9145f3e [pid: 7|app: 0|req: 481/1128] 10.0.0.204 () {32 vars in 738 bytes} [Fri Apr 17 03:09:44 2026] DELETE /v2.0/security-groups/2902c731-d2f7-4d9d-b357-f6eab091d3d3 => generated 0 bytes in 231 msecs (HTTP/1.1 204) 2 headers in 112 bytes (1 switches on core 0) [pid: 7|app: 0|req: 482/1129] 10.0.0.204 () {32 vars in 774 bytes} [Fri Apr 17 03:09:44 2026] GET /v2.0/subnets?project_id=142992fc9dbb42e8b5f16a9d6391d8de&cidr=10.100.0.0%2F28 => generated 14 bytes in 232 msecs (HTTP/1.1 200) 4 headers in 156 bytes (1 switches on core 0) [pid: 8|app: 0|req: 648/1130] 10.0.0.204 () {32 vars in 724 bytes} [Fri Apr 17 03:09:44 2026] DELETE /v2.0/networks/c9af28bf-b268-4342-b24b-4482627189b8 => generated 0 bytes in 803 msecs (HTTP/1.1 204) 3 headers in 131 bytes (1 switches on core 0) [pid: 7|app: 0|req: 483/1131] 10.0.0.194 () {28 vars in 581 bytes} [Fri Apr 17 03:09:44 2026] GET /v2.0/routers => generated 976 bytes in 180 msecs (HTTP/1.1 200) 4 headers in 157 bytes (1 switches on core 0) [pid: 8|app: 0|req: 649/1132] 10.0.0.204 () {32 vars in 692 bytes} [Fri Apr 17 03:09:44 2026] GET /v2.0/networks?router%3Aexternal=True => generated 791 bytes in 116 msecs (HTTP/1.1 200) 4 headers in 157 bytes (1 switches on core 0)
2026-04-17 03:09:45.049 7 INFO neutron.db.ovn_revision_numbers_db [None req-3f0ba5ed-2a9e-4e18-b04c-d6e08904ef6f dab55ac24d2d47edba2ec78f170fc239 841896cde139436ebefd00a87f5d0e83 - - default default] Successfully bumped revision number for resource 0370a67d-9266-4981-80a3-4485b257f894 (type: security_groups) to 1
2026-04-17 03:09:45.058 7 INFO neutron.db.ovn_revision_numbers_db [None req-3f0ba5ed-2a9e-4e18-b04c-d6e08904ef6f dab55ac24d2d47edba2ec78f170fc239 841896cde139436ebefd00a87f5d0e83 - - default default] Successfully bumped revision number for resource 349fbecf-d282-4994-8291-1d4541583ecd (type: security_group_rules) to 0
2026-04-17 03:09:45.067 7 INFO neutron.db.ovn_revision_numbers_db [None req-3f0ba5ed-2a9e-4e18-b04c-d6e08904ef6f dab55ac24d2d47edba2ec78f170fc239 841896cde139436ebefd00a87f5d0e83 - - default default] Successfully bumped revision number for resource 8e80bfc6-5e06-44f3-b911-fd9e16c5121c (type: security_group_rules) to 0
2026-04-17 03:09:45.077 7 INFO neutron.db.ovn_revision_numbers_db [None req-3f0ba5ed-2a9e-4e18-b04c-d6e08904ef6f dab55ac24d2d47edba2ec78f170fc239 841896cde139436ebefd00a87f5d0e83 - - default default] Successfully bumped revision number for resource 990ba7ea-d430-40de-9cd4-a2ed8b658236 (type: security_group_rules) to 0
2026-04-17 03:09:45.087 7 INFO neutron.db.ovn_revision_numbers_db [None req-3f0ba5ed-2a9e-4e18-b04c-d6e08904ef6f dab55ac24d2d47edba2ec78f170fc239 841896cde139436ebefd00a87f5d0e83 - - default default] Successfully bumped revision number for resource ab530b58-306e-4e83-918d-81b4569626d3 (type: security_group_rules) to 0 [pid: 7|app: 0|req: 484/1133] 10.0.0.204 () {32 vars in 772 bytes} [Fri Apr 17 03:09:44 2026] GET /v2.0/security-groups?tenant_id=7dcbcec529c947f9a1bd0efbec333aed&name=default => generated 2925 bytes in 213 msecs (HTTP/1.1 200) 4 headers in 158 bytes (1 switches on core 0) [pid: 7|app: 0|req: 485/1134] 10.0.0.194 () {28 vars in 622 bytes} [Fri Apr 17 03:09:45 2026] GET /v2.0/agents?binary=ovn-controller => generated 416 bytes in 9 msecs (HTTP/1.1 200) 4 headers in 157 bytes (1 switches on core 0) [pid: 7|app: 0|req: 486/1135] 10.0.0.204 () {32 vars in 782 bytes} [Fri Apr 17 03:09:45 2026] GET /v2.0/subnets?network_id=6a860aad-4aa0-4103-90f6-6a1a5b2f1a07&cidr=10.100.0.0%2F28 => generated 14 bytes in 18 msecs (HTTP/1.1 200) 4 headers in 156 bytes (1 switches on core 0)
2026-04-17 03:09:45.188 8 INFO neutron_taas.services.taas.taas_plugin [None req-d0197ddb-f49f-4d56-9202-eb510d43dd49 bf5c32f4512b4f54817fe300790c5207 505c469d241342bd947326c404347e8e - - default default] TaaS: Handle Delete Port: 31f3fd2a-705f-497a-a228-ab9e26ce7f9c
2026-04-17 03:09:45.194 8 INFO neutron_taas.services.taas.tap_mirror_plugin [None req-d0197ddb-f49f-4d56-9202-eb510d43dd49 bf5c32f4512b4f54817fe300790c5207 505c469d241342bd947326c404347e8e - - default default] Tap Mirror: Handle Delete Port: 31f3fd2a-705f-497a-a228-ab9e26ce7f9c [pid: 7|app: 0|req: 487/1136] 10.0.0.204 () {32 vars in 738 bytes} [Fri Apr 17 03:09:45 2026] DELETE /v2.0/security-groups/0370a67d-9266-4981-80a3-4485b257f894 => generated 0 bytes in 208 msecs (HTTP/1.1 204) 2 headers in 112 bytes (1 switches on core 0) [pid: 7|app: 0|req: 488/1137] 10.0.0.194 () {28 vars in 617 bytes} [Fri Apr 17 03:09:45 2026] GET /v2.0/network-ip-availabilities => generated 1950 bytes in 22 msecs (HTTP/1.1 200) 4 headers in 158 bytes (1 switches on core 0)
2026-04-17 03:09:45.524 8 INFO neutron.services.segments.plugin [-] Segment 43dc7269-8869-45a4-970f-dd35dc2d5721 resource provider aggregate not found
2026-04-17 03:09:45.532 8 INFO neutron.services.segments.plugin [-] Segment 43dc7269-8869-45a4-970f-dd35dc2d5721 resource provider aggregate not found
2026-04-17 03:09:45.556 8 INFO neutron.services.segments.plugin [-] Segment 43dc7269-8869-45a4-970f-dd35dc2d5721 resource provider not found; error: Placement Client Error (4xx): {"errors": [{"status": 404, "title": "Not Found", "detail": "The resource could not be found.\n\n No resource provider with uuid 43dc7269-8869-45a4-970f-dd35dc2d5721 found for delete ", "request_id": "req-309ffea5-0ec9-465d-96fb-cfc4a3cb8789"}]}
2026-04-17 03:09:45.568 8 INFO neutron.services.segments.plugin [-] Segment 43dc7269-8869-45a4-970f-dd35dc2d5721 resource provider not found; error: Placement Client Error (4xx): {"errors": [{"status": 404, "title": "Not Found", "detail": "The resource could not be found.\n\n No resource provider with uuid 43dc7269-8869-45a4-970f-dd35dc2d5721 found for delete ", "request_id": "req-0fba82da-8662-4649-9cb7-8cc1e25376ff"}]}
2026-04-17 03:09:45.576 7 WARNING neutron.scheduler.dhcp_agent_scheduler [None req-8bf18c74-7cb6-45cf-b197-d845c8610941 1e5f70d4f64e4a1f917bf11118aa98af 142992fc9dbb42e8b5f16a9d6391d8de - - default default] No more DHCP agents
2026-04-17 03:09:45.577 7 WARNING neutron.api.rpc.agentnotifiers.dhcp_rpc_agent_api [None req-8bf18c74-7cb6-45cf-b197-d845c8610941 1e5f70d4f64e4a1f917bf11118aa98af 142992fc9dbb42e8b5f16a9d6391d8de - - default default] Unable to schedule network 0d6257fb-e25e-4a3d-afb9-5228bc3c0585: no agents available; will retry on subsequent port and subnet creation events.
2026-04-17 03:09:45.583 8 INFO neutron.services.segments.plugin [-] Segment 9c90c1e3-5e28-4187-bed9-1db53866d458 resource provider aggregate not found
2026-04-17 03:09:45.593 8 INFO neutron.services.segments.plugin [-] Segment 9c90c1e3-5e28-4187-bed9-1db53866d458 resource provider aggregate not found
2026-04-17 03:09:45.610 8 INFO neutron.services.segments.plugin [-] Segment 9c90c1e3-5e28-4187-bed9-1db53866d458 resource provider not found; error: Placement Client Error (4xx): {"errors": [{"status": 404, "title": "Not Found", "detail": "The resource could not be found.\n\n No resource provider with uuid 9c90c1e3-5e28-4187-bed9-1db53866d458 found for delete ", "request_id": "req-51fa7c9b-2a3b-4407-ac22-c95299adc4a8"}]} [pid: 8|app: 0|req: 650/1138] 10.0.0.204 () {32 vars in 724 bytes} [Fri Apr 17 03:09:44 2026] DELETE /v2.0/networks/e5a9dc33-ea55-4a77-9084-e58472746783 => generated 0 bytes in 690 msecs (HTTP/1.1 204) 3 headers in 131 bytes (1 switches on core 0)
2026-04-17 03:09:45.624 8 INFO neutron.services.segments.plugin [-] Segment 9c90c1e3-5e28-4187-bed9-1db53866d458 resource provider not found; error: Placement Client Error (4xx): {"errors": [{"status": 404, "title": "Not Found", "detail": "The resource could not be found.\n\n No resource provider with uuid 9c90c1e3-5e28-4187-bed9-1db53866d458 found for delete ", "request_id": "req-9e19918c-8cb1-420e-94e9-38f107c3f2b9"}]}
2026-04-17 03:09:45.637 8 INFO neutron.services.segments.plugin [-] Segment 27ac8f30-01bf-4feb-a4ed-62f470913d16 resource provider aggregate not found
2026-04-17 03:09:45.653 8 INFO neutron.services.segments.plugin [-] Segment 27ac8f30-01bf-4feb-a4ed-62f470913d16 resource provider aggregate not found
2026-04-17 03:09:45.669 8 INFO neutron.services.segments.plugin [-] Segment 27ac8f30-01bf-4feb-a4ed-62f470913d16 resource provider not found; error: Placement Client Error (4xx): {"errors": [{"status": 404, "title": "Not Found", "detail": "The resource could not be found.\n\n No resource provider with uuid 27ac8f30-01bf-4feb-a4ed-62f470913d16 found for delete ", "request_id": "req-9ff9b732-8b10-4691-a098-22234e334bb2"}]}
2026-04-17 03:09:45.682 8 INFO neutron.services.segments.plugin [-] Segment 27ac8f30-01bf-4feb-a4ed-62f470913d16 resource provider not found; error: Placement Client Error (4xx): {"errors": [{"status": 404, "title": "Not Found", "detail": "The resource could not be found.\n\n No resource provider with uuid 27ac8f30-01bf-4feb-a4ed-62f470913d16 found for delete ", "request_id": "req-71175b2f-1a14-4073-ba6a-10040a41358c"}]} [pid: 8|app: 0|req: 651/1139] 10.0.0.194 () {28 vars in 577 bytes} [Fri Apr 17 03:09:45 2026] GET /v2.0/ports => generated 8044 bytes in 166 msecs (HTTP/1.1 200) 4 headers in 158 bytes (1 switches on core 0)
2026-04-17 03:09:45.900 8 INFO neutron.db.ovn_revision_numbers_db [None req-74675c75-2d40-459d-a5a9-0f84a45c63ed - - - - - -] Successfully bumped revision number for resource 2641719c-9811-45b0-9dd5-1bead9145f3e (type: ports) to 4
2026-04-17 03:09:46.026 8 INFO neutron.db.ovn_revision_numbers_db [None req-2882a391-acde-4427-b75a-e5e3756c121f dab55ac24d2d47edba2ec78f170fc239 841896cde139436ebefd00a87f5d0e83 - - default default] Successfully bumped revision number for resource a2b36522-7bf3-458a-b8bd-d5f244717df5 (type: security_groups) to 1
2026-04-17 03:09:46.027 7 INFO neutron.db.ovn_revision_numbers_db [None req-82658fe7-8089-496d-8f4e-7c4217f5fa73 - - - - - -] Successfully bumped revision number for resource d435b35c-f3e5-47de-a927-418b6b91560e (type: ports) to 2
2026-04-17 03:09:46.050 8 INFO neutron.db.ovn_revision_numbers_db [None req-2882a391-acde-4427-b75a-e5e3756c121f dab55ac24d2d47edba2ec78f170fc239 841896cde139436ebefd00a87f5d0e83 - - default default] Successfully bumped revision number for resource 0e9ea313-3375-4766-96bc-df0ba9ba6d49 (type: security_group_rules) to 0
2026-04-17 03:09:46.063 7 INFO neutron.db.ovn_revision_numbers_db [None req-82658fe7-8089-496d-8f4e-7c4217f5fa73 - - - - - -] Successfully bumped revision number for resource 7a212835-3133-4f5e-b9f5-a7bab0082c20 (type: subnets) to 0
2026-04-17 03:09:46.072 8 INFO neutron.db.ovn_revision_numbers_db [None req-2882a391-acde-4427-b75a-e5e3756c121f dab55ac24d2d47edba2ec78f170fc239 841896cde139436ebefd00a87f5d0e83 - - default default] Successfully bumped revision number for resource 178b5193-372c-4279-8308-cdd3d46db01f (type: security_group_rules) to 0 [pid: 7|app: 0|req: 489/1140] 10.0.0.204 () {34 vars in 667 bytes} [Fri Apr 17 03:09:45 2026] POST /v2.0/subnets => generated 657 bytes in 705 msecs (HTTP/1.1 201) 4 headers in 162 bytes (1 switches on core 0)
2026-04-17 03:09:46.089 8 INFO neutron.db.ovn_revision_numbers_db [None req-2882a391-acde-4427-b75a-e5e3756c121f dab55ac24d2d47edba2ec78f170fc239 841896cde139436ebefd00a87f5d0e83 - - default default] Successfully bumped revision number for resource d9f34e66-4503-4577-b6e0-847142535a14 (type: security_group_rules) to 0
2026-04-17 03:09:46.111 8 INFO neutron.db.ovn_revision_numbers_db [None req-2882a391-acde-4427-b75a-e5e3756c121f dab55ac24d2d47edba2ec78f170fc239 841896cde139436ebefd00a87f5d0e83 - - default default] Successfully bumped revision number for resource ddfab50b-83c1-43ae-b3c7-8ff7cb788458 (type: security_group_rules) to 0 [pid: 8|app: 0|req: 652/1141] 10.0.0.204 () {32 vars in 772 bytes} [Fri Apr 17 03:09:45 2026] GET /v2.0/security-groups?tenant_id=3bb464bad4434a4e9bab40292e750538&name=default => generated 2925 bytes in 382 msecs (HTTP/1.1 200) 4 headers in 158 bytes (1 switches on core 0)
2026-04-17 03:09:46.200 7 INFO neutron_taas.services.taas.taas_plugin [None req-8398dd6c-6ceb-481f-bbd4-ea50621429ff bf5c32f4512b4f54817fe300790c5207 505c469d241342bd947326c404347e8e - - default default] TaaS: Handle Delete Port: 26b9775a-a45d-49fb-a3d1-b3f3995f3472
2026-04-17 03:09:46.203 7 INFO neutron_taas.services.taas.tap_mirror_plugin [None req-8398dd6c-6ceb-481f-bbd4-ea50621429ff bf5c32f4512b4f54817fe300790c5207 505c469d241342bd947326c404347e8e - - default default] Tap Mirror: Handle Delete Port: 26b9775a-a45d-49fb-a3d1-b3f3995f3472 [pid: 8|app: 0|req: 653/1142] 10.0.0.194 () {28 vars in 581 bytes} [Fri Apr 17 03:09:46 2026] GET /v2.0/subnets => generated 1973 bytes in 60 msecs (HTTP/1.1 200) 4 headers in 158 bytes (1 switches on core 0)
2026-04-17 03:09:46.370 7 INFO neutron.services.segments.plugin [-] Segment b6034c23-80e6-41a6-b191-95e6a06f26ba resource provider aggregate not found
2026-04-17 03:09:46.375 7 INFO neutron.services.segments.plugin [-] Segment b6034c23-80e6-41a6-b191-95e6a06f26ba resource provider aggregate not found
2026-04-17 03:09:46.390 7 INFO neutron.services.segments.plugin [-] Segment b6034c23-80e6-41a6-b191-95e6a06f26ba resource provider not found; error: Placement Client Error (4xx): {"errors": [{"status": 404, "title": "Not Found", "detail": "The resource could not be found.\n\n No resource provider with uuid b6034c23-80e6-41a6-b191-95e6a06f26ba found for delete ", "request_id": "req-44854cfb-05ed-4e8e-9937-b4577bbaa638"}]}
2026-04-17 03:09:46.392 7 INFO neutron.services.segments.plugin [-] Segment b6034c23-80e6-41a6-b191-95e6a06f26ba resource provider not found; error: Placement Client Error (4xx): {"errors": [{"status": 404, "title": "Not Found", "detail": "The resource could not be found.\n\n No resource provider with uuid b6034c23-80e6-41a6-b191-95e6a06f26ba found for delete ", "request_id": "req-4dc931d1-3e6d-43cf-b410-fff4e5e96989"}]} [pid: 7|app: 0|req: 490/1143] 10.0.0.204 () {32 vars in 724 bytes} [Fri Apr 17 03:09:46 2026] DELETE /v2.0/networks/4f63b8f0-e945-4803-ab2b-3e09bc09a21c => generated 0 bytes in 337 msecs (HTTP/1.1 204) 3 headers in 131 bytes (1 switches on core 0)
2026-04-17 03:09:46.484 8 INFO neutron.db.ovn_revision_numbers_db [None req-74675c75-2d40-459d-a5a9-0f84a45c63ed - - - - - -] Successfully bumped revision number for resource 2641719c-9811-45b0-9dd5-1bead9145f3e (type: ports) to 5 [pid: 7|app: 0|req: 491/1144] 10.0.0.204 () {32 vars in 738 bytes} [Fri Apr 17 03:09:46 2026] DELETE /v2.0/security-groups/a2b36522-7bf3-458a-b8bd-d5f244717df5 => generated 0 bytes in 215 msecs (HTTP/1.1 204) 2 headers in 112 bytes (1 switches on core 0)
2026-04-17 03:09:46.891 7 INFO neutron.db.ovn_revision_numbers_db [None req-7e6bcc7b-9e0c-4a8b-9ff7-b1079ddbb570 dab55ac24d2d47edba2ec78f170fc239 841896cde139436ebefd00a87f5d0e83 - - default default] Successfully bumped revision number for resource f9d78347-51cc-4b9c-819e-7723e3428681 (type: security_groups) to 1
2026-04-17 03:09:46.901 7 INFO neutron.db.ovn_revision_numbers_db [None req-7e6bcc7b-9e0c-4a8b-9ff7-b1079ddbb570 dab55ac24d2d47edba2ec78f170fc239 841896cde139436ebefd00a87f5d0e83 - - default default] Successfully bumped revision number for resource 302d9b09-4115-4a4b-8e23-251d37fee4d5 (type: security_group_rules) to 0
2026-04-17 03:09:46.913 7 INFO neutron.db.ovn_revision_numbers_db [None req-7e6bcc7b-9e0c-4a8b-9ff7-b1079ddbb570 dab55ac24d2d47edba2ec78f170fc239 841896cde139436ebefd00a87f5d0e83 - - default default] Successfully bumped revision number for resource 4f279786-85ad-4b3c-8a07-0001f7f66c4f (type: security_group_rules) to 0
2026-04-17 03:09:46.920 8 WARNING neutron.scheduler.dhcp_agent_scheduler [None req-f4439c17-a1d7-4ec3-b0f0-ad536bcb0126 1e5f70d4f64e4a1f917bf11118aa98af 142992fc9dbb42e8b5f16a9d6391d8de - - default default] No more DHCP agents
2026-04-17 03:09:46.921 8 WARNING neutron.api.rpc.agentnotifiers.dhcp_rpc_agent_api [None req-f4439c17-a1d7-4ec3-b0f0-ad536bcb0126 1e5f70d4f64e4a1f917bf11118aa98af 142992fc9dbb42e8b5f16a9d6391d8de - - default default] Unable to schedule network 0d6257fb-e25e-4a3d-afb9-5228bc3c0585: no agents available; will retry on subsequent port and subnet creation events.
2026-04-17 03:09:46.925 7 INFO neutron.db.ovn_revision_numbers_db [None req-7e6bcc7b-9e0c-4a8b-9ff7-b1079ddbb570 dab55ac24d2d47edba2ec78f170fc239 841896cde139436ebefd00a87f5d0e83 - - default default] Successfully bumped revision number for resource a8f9fb9c-222f-4009-acd0-193b8946a7f5 (type: security_group_rules) to 0
2026-04-17 03:09:46.936 7 INFO neutron.db.ovn_revision_numbers_db [None req-7e6bcc7b-9e0c-4a8b-9ff7-b1079ddbb570 dab55ac24d2d47edba2ec78f170fc239 841896cde139436ebefd00a87f5d0e83 - - default default] Successfully bumped revision number for resource ba3e9142-9765-4a92-b3bb-806b63a0d89f (type: security_group_rules) to 0
