2026-04-17 03:10:15.808 8 INFO neutron.services.segments.plugin [-] Segment 5c5daac5-50a2-41c1-b4dd-d7576321884a resource provider not found; error: Placement Client Error (4xx): {"errors": [{"status": 404, "title": "Not Found", "detail": "The resource could not be found.\n\n No resource provider with uuid 5c5daac5-50a2-41c1-b4dd-d7576321884a found for delete ", "request_id": "req-5efabd4c-22db-415a-8561-ec873892b67c"}]} [pid: 7|app: 0|req: 604/1378] 199.19.213.170 () {34 vars in 1010 bytes} [Fri Apr 17 03:10:15 2026] GET /v2.0/networks/0d6257fb-e25e-4a3d-afb9-5228bc3c0585?fields=segments => generated 14 bytes in 38 msecs (HTTP/1.1 200) 4 headers in 156 bytes (1 switches on core 0) [pid: 7|app: 0|req: 605/1379] 199.19.213.170 () {34 vars in 1110 bytes} [Fri Apr 17 03:10:15 2026] GET /v2.0/networks/0d6257fb-e25e-4a3d-afb9-5228bc3c0585?fields=provider%3Aphysical_network&fields=provider%3Anetwork_type => generated 79 bytes in 54 msecs (HTTP/1.1 200) 4 headers in 156 bytes (1 switches on core 0)
2026-04-17 03:10:15.919 8 INFO neutron.db.ovn_revision_numbers_db [None req-545c15c1-80b0-492b-827b-3adcbd0f55a3 - - - - - -] Successfully bumped revision number for resource 7b067562-b0da-49f7-b5d3-bb978872b9a9 (type: ports) to 2
2026-04-17 03:10:15.949 8 INFO neutron.db.ovn_revision_numbers_db [None req-545c15c1-80b0-492b-827b-3adcbd0f55a3 - - - - - -] Successfully bumped revision number for resource db7393a3-fd4d-4d43-be67-46b8a79fcee7 (type: subnets) to 0 [pid: 8|app: 0|req: 775/1380] 10.0.0.204 () {34 vars in 667 bytes} [Fri Apr 17 03:10:15 2026] POST /v2.0/subnets => generated 626 bytes in 799 msecs (HTTP/1.1 201) 4 headers in 162 bytes (1 switches on core 0)
2026-04-17 03:10:16.123 7 INFO neutron.db.ovn_revision_numbers_db [None req-93190942-240c-487b-a854-4f228cd5a46b 0760535f81d34d4c8594c13624cf9f38 f0a62d9146c34983b86fb1722fe2ac98 - - default default] Successfully bumped revision number for resource 6bc36ace-db49-4b07-85dd-519fd9226e91 (type: routers) to 1 [pid: 7|app: 0|req: 606/1381] 10.0.0.204 () {34 vars in 667 bytes} [Fri Apr 17 03:10:15 2026] POST /v2.0/routers => generated 602 bytes in 169 msecs (HTTP/1.1 201) 4 headers in 162 bytes (1 switches on core 0)
2026-04-17 03:10:16.450 8 WARNING neutron.scheduler.dhcp_agent_scheduler [None req-62b35abe-04cc-46d4-afc7-c7abf20037bd 0760535f81d34d4c8594c13624cf9f38 f0a62d9146c34983b86fb1722fe2ac98 - - default default] No more DHCP agents
2026-04-17 03:10:16.451 8 WARNING neutron.api.rpc.agentnotifiers.dhcp_rpc_agent_api [None req-62b35abe-04cc-46d4-afc7-c7abf20037bd 0760535f81d34d4c8594c13624cf9f38 f0a62d9146c34983b86fb1722fe2ac98 - - default default] Unable to schedule network 5645d3bd-c646-422b-aee5-d30851fe4d02: no agents available; will retry on subsequent port and subnet creation events.
2026-04-17 03:10:16.555 8 WARNING neutron.plugins.ml2.drivers.ovn.mech_driver.ovsdb.ovn_client [None req-b3ff2d27-6279-450f-a2b2-989e10bf09a2 - - - - - -] No port found with ID c6753319-1aa6-44e0-aeb7-c34bd133ec37: RuntimeError: No port found with ID c6753319-1aa6-44e0-aeb7-c34bd133ec37
2026-04-17 03:10:16.565 7 INFO neutron.db.ovn_revision_numbers_db [None req-8de32d5c-ec59-4615-aff3-bf1ab091ed03 dab55ac24d2d47edba2ec78f170fc239 841896cde139436ebefd00a87f5d0e83 - - default default] Successfully bumped revision number for resource 6f3ce097-5204-4f2f-9ef5-cb23c4911350 (type: security_groups) to 1
2026-04-17 03:10:16.609 7 INFO neutron.db.ovn_revision_numbers_db [None req-8de32d5c-ec59-4615-aff3-bf1ab091ed03 dab55ac24d2d47edba2ec78f170fc239 841896cde139436ebefd00a87f5d0e83 - - default default] Successfully bumped revision number for resource 5aa22e42-cc35-472d-9e3a-d9bf919261aa (type: security_group_rules) to 0
2026-04-17 03:10:16.625 7 INFO neutron.db.ovn_revision_numbers_db [None req-8de32d5c-ec59-4615-aff3-bf1ab091ed03 dab55ac24d2d47edba2ec78f170fc239 841896cde139436ebefd00a87f5d0e83 - - default default] Successfully bumped revision number for resource 61de1ea6-ae1a-4c18-952f-93a2972bdd28 (type: security_group_rules) to 0
2026-04-17 03:10:16.637 7 INFO neutron.db.ovn_revision_numbers_db [None req-8de32d5c-ec59-4615-aff3-bf1ab091ed03 dab55ac24d2d47edba2ec78f170fc239 841896cde139436ebefd00a87f5d0e83 - - default default] Successfully bumped revision number for resource bb12f2a1-e583-4d31-a0a1-32a40b92edec (type: security_group_rules) to 0
2026-04-17 03:10:16.647 8 INFO neutron.plugins.ml2.drivers.ovn.mech_driver.mech_driver [None req-b3ff2d27-6279-450f-a2b2-989e10bf09a2 - - - - - -] OVN reports status down for port: 7b067562-b0da-49f7-b5d3-bb978872b9a9
2026-04-17 03:10:16.651 7 INFO neutron.db.ovn_revision_numbers_db [None req-8de32d5c-ec59-4615-aff3-bf1ab091ed03 dab55ac24d2d47edba2ec78f170fc239 841896cde139436ebefd00a87f5d0e83 - - default default] Successfully bumped revision number for resource dfde526d-a624-4c65-a586-d06fa86fa9e4 (type: security_group_rules) to 0 [pid: 7|app: 0|req: 607/1382] 10.0.0.204 () {32 vars in 772 bytes} [Fri Apr 17 03:10:16 2026] GET /v2.0/security-groups?tenant_id=896e0e35cb1f48eab487568a62fa95b3&name=default => generated 2925 bytes in 437 msecs (HTTP/1.1 200) 4 headers in 158 bytes (1 switches on core 0)
2026-04-17 03:10:16.692 8 INFO neutron.db.ovn_revision_numbers_db [None req-62b35abe-04cc-46d4-afc7-c7abf20037bd 0760535f81d34d4c8594c13624cf9f38 f0a62d9146c34983b86fb1722fe2ac98 - - default default] Successfully bumped revision number for resource 0f6f255b-25cf-4c9a-b171-7494e7ab77e5 (type: ports) to 1 [pid: 7|app: 0|req: 608/1383] 10.0.0.72 () {34 vars in 987 bytes} [Fri Apr 17 03:10:16 2026] GET /v2.0/ports?device_id=8f9ca8bd-01dd-4555-8c04-93e0328176f2 => generated 971 bytes in 65 msecs (HTTP/1.1 200) 4 headers in 157 bytes (1 switches on core 0)
2026-04-17 03:10:16.778 8 INFO neutron.plugins.ml2.drivers.ovn.mech_driver.mech_driver [None req-b3ff2d27-6279-450f-a2b2-989e10bf09a2 - - - - - -] OVN reports status down for port: bcae1d9c-eecf-4648-ab32-cb7a74fce4bc [pid: 7|app: 0|req: 609/1384] 10.0.0.204 () {32 vars in 738 bytes} [Fri Apr 17 03:10:16 2026] DELETE /v2.0/security-groups/6f3ce097-5204-4f2f-9ef5-cb23c4911350 => generated 0 bytes in 233 msecs (HTTP/1.1 204) 2 headers in 112 bytes (1 switches on core 0) [pid: 7|app: 0|req: 610/1385] 10.0.0.72 () {34 vars in 1037 bytes} [Fri Apr 17 03:10:16 2026] GET /v2.0/security-groups?id=6620591b-1cf4-47ed-9e82-3711cea3598e&fields=id&fields=name => generated 113 bytes in 37 msecs (HTTP/1.1 200) 4 headers in 157 bytes (1 switches on core 0)
2026-04-17 03:10:17.066 8 INFO neutron.notifiers.nova [-] Nova event matching ['req-a565eac9-71df-4fa8-89a6-5759d0b12de8'] response: {'server_uuid': '8f9ca8bd-01dd-4555-8c04-93e0328176f2', 'name': 'network-vif-unplugged', 'status': 'completed', 'tag': 'bcae1d9c-eecf-4648-ab32-cb7a74fce4bc', 'code': 200}
2026-04-17 03:10:17.083 7 INFO neutron.services.segments.plugin [-] Segment cdb8465c-2726-401e-885e-3a940cc3e4f5 resource provider aggregate not found
2026-04-17 03:10:17.088 7 INFO neutron.services.segments.plugin [-] Segment cdb8465c-2726-401e-885e-3a940cc3e4f5 resource provider aggregate not found
2026-04-17 03:10:17.107 7 INFO neutron.services.segments.plugin [-] Segment cdb8465c-2726-401e-885e-3a940cc3e4f5 resource provider not found; error: Placement Client Error (4xx): {"errors": [{"status": 404, "title": "Not Found", "detail": "The resource could not be found.\n\n No resource provider with uuid cdb8465c-2726-401e-885e-3a940cc3e4f5 found for delete ", "request_id": "req-951ec8f5-8ab0-40ea-9b43-eb0147b35a45"}]}
2026-04-17 03:10:17.107 7 INFO neutron.services.segments.plugin [-] Segment cdb8465c-2726-401e-885e-3a940cc3e4f5 resource provider not found; error: Placement Client Error (4xx): {"errors": [{"status": 404, "title": "Not Found", "detail": "The resource could not be found.\n\n No resource provider with uuid cdb8465c-2726-401e-885e-3a940cc3e4f5 found for delete ", "request_id": "req-05b71a99-ca2f-4949-b811-2c2ebb51b065"}]}
2026-04-17 03:10:17.223 7 INFO neutron.db.ovn_revision_numbers_db [None req-ba1cd326-ae25-4edf-9816-794759097b15 dab55ac24d2d47edba2ec78f170fc239 841896cde139436ebefd00a87f5d0e83 - - default default] Successfully bumped revision number for resource 6708b872-d54c-4633-8481-3d7d7a86d061 (type: security_groups) to 1
2026-04-17 03:10:17.235 7 INFO neutron.db.ovn_revision_numbers_db [None req-ba1cd326-ae25-4edf-9816-794759097b15 dab55ac24d2d47edba2ec78f170fc239 841896cde139436ebefd00a87f5d0e83 - - default default] Successfully bumped revision number for resource 02e91192-f9a1-4753-b6ea-814f5e5e20a7 (type: security_group_rules) to 0
2026-04-17 03:10:17.247 7 INFO neutron.db.ovn_revision_numbers_db [None req-ba1cd326-ae25-4edf-9816-794759097b15 dab55ac24d2d47edba2ec78f170fc239 841896cde139436ebefd00a87f5d0e83 - - default default] Successfully bumped revision number for resource 18b5d3fa-2933-4357-b7c5-c682b31d8e53 (type: security_group_rules) to 0
2026-04-17 03:10:17.259 7 INFO neutron.db.ovn_revision_numbers_db [None req-ba1cd326-ae25-4edf-9816-794759097b15 dab55ac24d2d47edba2ec78f170fc239 841896cde139436ebefd00a87f5d0e83 - - default default] Successfully bumped revision number for resource 3cf89da7-b0ee-4e58-84e1-b58aa3de8ddd (type: security_group_rules) to 0
2026-04-17 03:10:17.274 7 INFO neutron.db.ovn_revision_numbers_db [None req-ba1cd326-ae25-4edf-9816-794759097b15 dab55ac24d2d47edba2ec78f170fc239 841896cde139436ebefd00a87f5d0e83 - - default default] Successfully bumped revision number for resource f0640a26-b281-41b8-b470-3ef9d9e557fc (type: security_group_rules) to 0 [pid: 7|app: 0|req: 611/1386] 10.0.0.204 () {32 vars in 772 bytes} [Fri Apr 17 03:10:17 2026] GET /v2.0/security-groups?tenant_id=aa6d828bc48f4da0b8be572452f9056b&name=default => generated 2925 bytes in 240 msecs (HTTP/1.1 200) 4 headers in 158 bytes (1 switches on core 0) [pid: 7|app: 0|req: 612/1387] 199.19.213.170 () {34 vars in 992 bytes} [Fri Apr 17 03:10:17 2026] GET /v2.0/ports?device_id=8f9ca8bd-01dd-4555-8c04-93e0328176f2 => generated 969 bytes in 39 msecs (HTTP/1.1 200) 4 headers in 157 bytes (1 switches on core 0)
2026-04-17 03:10:17.372 8 INFO neutron.db.ovn_revision_numbers_db [None req-b3ff2d27-6279-450f-a2b2-989e10bf09a2 - - - - - -] Successfully bumped revision number for resource bcae1d9c-eecf-4648-ab32-cb7a74fce4bc (type: ports) to 6
2026-04-17 03:10:17.475 8 INFO neutron.plugins.ml2.drivers.ovn.mech_driver.mech_driver [None req-f866d1d9-c603-4574-bdca-33948fd8329d - - - - - -] OVN reports status down for port: 0f6f255b-25cf-4c9a-b171-7494e7ab77e5 [pid: 7|app: 0|req: 613/1388] 10.0.0.204 () {32 vars in 738 bytes} [Fri Apr 17 03:10:17 2026] DELETE /v2.0/security-groups/6708b872-d54c-4633-8481-3d7d7a86d061 => generated 0 bytes in 203 msecs (HTTP/1.1 204) 2 headers in 112 bytes (1 switches on core 0)
2026-04-17 03:10:17.643 8 INFO neutron.plugins.ml2.drivers.ovn.mech_driver.mech_driver [None req-f866d1d9-c603-4574-bdca-33948fd8329d - - - - - -] OVN reports status up for port: 0f6f255b-25cf-4c9a-b171-7494e7ab77e5
2026-04-17 03:10:17.664 8 INFO neutron.plugins.ml2.plugin [None req-f866d1d9-c603-4574-bdca-33948fd8329d - - - - - -] Attempt 1 to provision port 0f6f255b-25cf-4c9a-b171-7494e7ab77e5
2026-04-17 03:10:17.728 7 INFO neutron_taas.services.taas.taas_plugin [req-47d26c8d-493e-4d6b-ae3a-a1a86c2d608a req-155528f2-a777-402a-9a5c-9af38939e7de 7c252c2b4e324d6483d1674144f62d68 59d28aff3aaf44e59dd0bf4349cbf837 - - default default] TaaS: Handle Delete Port: bcae1d9c-eecf-4648-ab32-cb7a74fce4bc
2026-04-17 03:10:17.731 7 INFO neutron_taas.services.taas.tap_mirror_plugin [req-47d26c8d-493e-4d6b-ae3a-a1a86c2d608a req-155528f2-a777-402a-9a5c-9af38939e7de 7c252c2b4e324d6483d1674144f62d68 59d28aff3aaf44e59dd0bf4349cbf837 - - default default] Tap Mirror: Handle Delete Port: bcae1d9c-eecf-4648-ab32-cb7a74fce4bc
2026-04-17 03:10:17.772 8 WARNING neutron.scheduler.dhcp_agent_scheduler [None req-62b35abe-04cc-46d4-afc7-c7abf20037bd 0760535f81d34d4c8594c13624cf9f38 f0a62d9146c34983b86fb1722fe2ac98 - - default default] No more DHCP agents
2026-04-17 03:10:17.776 8 WARNING neutron.api.rpc.agentnotifiers.dhcp_rpc_agent_api [None req-62b35abe-04cc-46d4-afc7-c7abf20037bd 0760535f81d34d4c8594c13624cf9f38 f0a62d9146c34983b86fb1722fe2ac98 - - default default] Unable to schedule network 5645d3bd-c646-422b-aee5-d30851fe4d02: no agents available; will retry on subsequent port and subnet creation events.
2026-04-17 03:10:17.904 7 INFO neutron.db.l3_db [req-47d26c8d-493e-4d6b-ae3a-a1a86c2d608a req-155528f2-a777-402a-9a5c-9af38939e7de 7c252c2b4e324d6483d1674144f62d68 59d28aff3aaf44e59dd0bf4349cbf837 - - default default] Floating IP dd88d3d5-9c87-460f-8277-03e1e221bc45 disassociated. External IP: 10.96.250.212, port: bcae1d9c-eecf-4648-ab32-cb7a74fce4bc. [pid: 7|app: 0|req: 614/1389] 199.19.213.170 () {36 vars in 995 bytes} [Fri Apr 17 03:10:17 2026] DELETE /v2.0/ports/bcae1d9c-eecf-4648-ab32-cb7a74fce4bc => generated 0 bytes in 456 msecs (HTTP/1.1 204) 3 headers in 131 bytes (1 switches on core 0) [pid: 7|app: 0|req: 615/1390] 10.0.0.204 () {32 vars in 772 bytes} [Fri Apr 17 03:10:18 2026] GET /v2.0/security-groups?tenant_id=e61ff9739ad14dcc852a5dc1daff87e4&name=default => generated 2925 bytes in 38 msecs (HTTP/1.1 200) 4 headers in 158 bytes (1 switches on core 0)
2026-04-17 03:10:18.070 7 INFO neutron.notifiers.nova [-] Nova event matching ['req-e5b07248-e865-462f-8152-e791a3aaaf82'] response: {'server_uuid': '8f9ca8bd-01dd-4555-8c04-93e0328176f2', 'name': 'network-vif-deleted', 'tag': 'bcae1d9c-eecf-4648-ab32-cb7a74fce4bc', 'status': 'completed', 'code': 200}
2026-04-17 03:10:18.221 8 INFO neutron.db.ovn_revision_numbers_db [None req-62b35abe-04cc-46d4-afc7-c7abf20037bd 0760535f81d34d4c8594c13624cf9f38 f0a62d9146c34983b86fb1722fe2ac98 - - default default] Successfully bumped revision number for resource 0f6f255b-25cf-4c9a-b171-7494e7ab77e5 (type: router_ports) to 1 [pid: 8|app: 0|req: 776/1391] 10.0.0.204 () {34 vars in 781 bytes} [Fri Apr 17 03:10:16 2026] PUT /v2.0/routers/6bc36ace-db49-4b07-85dd-519fd9226e91/add_router_interface => generated 309 bytes in 2095 msecs (HTTP/1.1 200) 4 headers in 157 bytes (1 switches on core 0) /var/lib/openstack/lib/python3.12/site-packages/pycadf/identifier.py:70: UserWarning: Invalid uuid: neutron. To ensure interoperability, identifiers should be a valid uuid. warnings.warn(('Invalid uuid: %s. To ensure interoperability, ' [pid: 7|app: 0|req: 616/1392] 10.0.0.204 () {32 vars in 738 bytes} [Fri Apr 17 03:10:18 2026] DELETE /v2.0/security-groups/aad89dd1-7e25-4a75-aceb-9bd4ce47a833 => generated 0 bytes in 218 msecs (HTTP/1.1 204) 2 headers in 112 bytes (1 switches on core 0) [pid: 8|app: 0|req: 777/1395] 10.0.0.72 () {34 vars in 987 bytes} [Fri Apr 17 03:10:18 2026] GET /v2.0/ports?device_id=8f9ca8bd-01dd-4555-8c04-93e0328176f2 => generated 12 bytes in 65 msecs (HTTP/1.1 200) 4 headers in 156 bytes (1 switches on core 0) [pid: 7|app: 0|req: 619/1396] 10.0.0.204 () {32 vars in 715 bytes} [Fri Apr 17 03:10:18 2026] GET /v2.0/ports/0f6f255b-25cf-4c9a-b171-7494e7ab77e5 => generated 943 bytes in 81 msecs (HTTP/1.1 200) 4 headers in 157 bytes (1 switches on core 0) [pid: 8|app: 0|req: 778/1397] 10.0.0.204 () {32 vars in 715 bytes} [Fri Apr 17 03:10:18 2026] GET /v2.0/ports/0f6f255b-25cf-4c9a-b171-7494e7ab77e5 => generated 943 bytes in 66 msecs (HTTP/1.1 200) 4 headers in 157 bytes (1 switches on core 0)
2026-04-17 03:10:18.457 8 INFO neutron.db.ovn_revision_numbers_db [None req-f866d1d9-c603-4574-bdca-33948fd8329d - - - - - -] Successfully bumped revision number for resource 0f6f255b-25cf-4c9a-b171-7494e7ab77e5 (type: ports) to 2
2026-04-17 03:10:18.741 7 INFO neutron_taas.services.taas.taas_plugin [None req-4acab535-4f11-4d54-aa48-5d51482dce0f 0760535f81d34d4c8594c13624cf9f38 f0a62d9146c34983b86fb1722fe2ac98 - - default default] TaaS: Handle Delete Port: 0f6f255b-25cf-4c9a-b171-7494e7ab77e5
2026-04-17 03:10:18.745 7 INFO neutron_taas.services.taas.tap_mirror_plugin [None req-4acab535-4f11-4d54-aa48-5d51482dce0f 0760535f81d34d4c8594c13624cf9f38 f0a62d9146c34983b86fb1722fe2ac98 - - default default] Tap Mirror: Handle Delete Port: 0f6f255b-25cf-4c9a-b171-7494e7ab77e5
2026-04-17 03:10:19.106 8 INFO neutron.notifiers.nova [-] Nova event matching ['req-2e8474c8-d677-4651-9fb6-c2375f700a01'] response: {'server_uuid': '8f9ca8bd-01dd-4555-8c04-93e0328176f2', 'name': 'network-vif-unplugged', 'status': 'completed', 'tag': 'bcae1d9c-eecf-4648-ab32-cb7a74fce4bc', 'code': 200} [pid: 7|app: 0|req: 620/1398] 10.0.0.204 () {34 vars in 787 bytes} [Fri Apr 17 03:10:18 2026] PUT /v2.0/routers/6bc36ace-db49-4b07-85dd-519fd9226e91/remove_router_interface => generated 309 bytes in 655 msecs (HTTP/1.1 200) 4 headers in 157 bytes (1 switches on core 0) [pid: 8|app: 0|req: 779/1399] 10.0.0.204 () {32 vars in 734 bytes} [Fri Apr 17 03:10:19 2026] GET /v2.0/ports?device_id=6bc36ace-db49-4b07-85dd-519fd9226e91 => generated 12 bytes in 21 msecs (HTTP/1.1 200) 4 headers in 156 bytes (1 switches on core 0) /var/lib/openstack/lib/python3.12/site-packages/pycadf/identifier.py:70: UserWarning: Invalid uuid: neutron. To ensure interoperability, identifiers should be a valid uuid. warnings.warn(('Invalid uuid: %s. To ensure interoperability, ' [pid: 7|app: 0|req: 621/1400] 10.0.0.204 () {32 vars in 722 bytes} [Fri Apr 17 03:10:19 2026] DELETE /v2.0/routers/6bc36ace-db49-4b07-85dd-519fd9226e91 => generated 0 bytes in 181 msecs (HTTP/1.1 204) 2 headers in 112 bytes (1 switches on core 0) [pid: 7|app: 0|req: 622/1401] 10.0.0.72 () {34 vars in 987 bytes} [Fri Apr 17 03:10:19 2026] GET /v2.0/ports?device_id=8f9ca8bd-01dd-4555-8c04-93e0328176f2 => generated 12 bytes in 16 msecs (HTTP/1.1 200) 4 headers in 156 bytes (1 switches on core 0) [pid: 8|app: 0|req: 780/1402] 10.0.0.204 () {32 vars in 722 bytes} [Fri Apr 17 03:10:19 2026] DELETE /v2.0/subnets/db7393a3-fd4d-4d43-be67-46b8a79fcee7 => generated 0 bytes in 215 msecs (HTTP/1.1 204) 3 headers in 131 bytes (1 switches on core 0)
2026-04-17 03:10:19.659 7 INFO neutron_taas.services.taas.taas_plugin [None req-f990fca6-6427-4cdc-acd6-e83ae16fefb7 0760535f81d34d4c8594c13624cf9f38 f0a62d9146c34983b86fb1722fe2ac98 - - default default] TaaS: Handle Delete Port: 7b067562-b0da-49f7-b5d3-bb978872b9a9
2026-04-17 03:10:19.662 7 INFO neutron_taas.services.taas.tap_mirror_plugin [None req-f990fca6-6427-4cdc-acd6-e83ae16fefb7 0760535f81d34d4c8594c13624cf9f38 f0a62d9146c34983b86fb1722fe2ac98 - - default default] Tap Mirror: Handle Delete Port: 7b067562-b0da-49f7-b5d3-bb978872b9a9
2026-04-17 03:10:19.847 7 INFO neutron.services.segments.plugin [-] Segment 7b21e456-0dd6-46cb-820f-309253dd99b4 resource provider aggregate not found
2026-04-17 03:10:19.852 7 INFO neutron.services.segments.plugin [-] Segment 7b21e456-0dd6-46cb-820f-309253dd99b4 resource provider aggregate not found
2026-04-17 03:10:19.868 7 INFO neutron.services.segments.plugin [-] Segment 7b21e456-0dd6-46cb-820f-309253dd99b4 resource provider not found; error: Placement Client Error (4xx): {"errors": [{"status": 404, "title": "Not Found", "detail": "The resource could not be found.\n\n No resource provider with uuid 7b21e456-0dd6-46cb-820f-309253dd99b4 found for delete ", "request_id": "req-499cf4e5-ae07-49e2-964a-4d7978bd443f"}]}
2026-04-17 03:10:19.870 7 INFO neutron.services.segments.plugin [-] Segment 7b21e456-0dd6-46cb-820f-309253dd99b4 resource provider not found; error: Placement Client Error (4xx): {"errors": [{"status": 404, "title": "Not Found", "detail": "The resource could not be found.\n\n No resource provider with uuid 7b21e456-0dd6-46cb-820f-309253dd99b4 found for delete ", "request_id": "req-7ca45f84-8737-4e30-b79e-121e9e0d88c5"}]} [pid: 7|app: 0|req: 623/1403] 10.0.0.204 () {32 vars in 724 bytes} [Fri Apr 17 03:10:19 2026] DELETE /v2.0/networks/5645d3bd-c646-422b-aee5-d30851fe4d02 => generated 0 bytes in 360 msecs (HTTP/1.1 204) 3 headers in 131 bytes (1 switches on core 0) [pid: 7|app: 0|req: 624/1404] 10.0.0.72 () {34 vars in 987 bytes} [Fri Apr 17 03:10:20 2026] GET /v2.0/ports?device_id=8f9ca8bd-01dd-4555-8c04-93e0328176f2 => generated 12 bytes in 18 msecs (HTTP/1.1 200) 4 headers in 156 bytes (1 switches on core 0)
2026-04-17 03:10:20.803 8 WARNING neutron.scheduler.dhcp_agent_scheduler [None req-7b7d59d3-1d0b-4536-a09b-db10925e68c9 0760535f81d34d4c8594c13624cf9f38 f0a62d9146c34983b86fb1722fe2ac98 - - default default] No more DHCP agents
2026-04-17 03:10:20.804 8 WARNING neutron.api.rpc.agentnotifiers.dhcp_rpc_agent_api [None req-7b7d59d3-1d0b-4536-a09b-db10925e68c9 0760535f81d34d4c8594c13624cf9f38 f0a62d9146c34983b86fb1722fe2ac98 - - default default] Unable to schedule network 6a860aad-4aa0-4103-90f6-6a1a5b2f1a07: no agents available; will retry on subsequent port and subnet creation events.
2026-04-17 03:10:20.942 7 INFO neutron.plugins.ml2.drivers.ovn.mech_driver.mech_driver [None req-39e6010b-3df1-437e-9df1-cedef7a7b41b - - - - - -] OVN reports status down for port: a1888ed0-0a5a-4cad-9f4b-684a9dd6c4c4
2026-04-17 03:10:20.952 8 INFO neutron.db.ovn_revision_numbers_db [None req-7b7d59d3-1d0b-4536-a09b-db10925e68c9 0760535f81d34d4c8594c13624cf9f38 f0a62d9146c34983b86fb1722fe2ac98 - - default default] Successfully bumped revision number for resource a1888ed0-0a5a-4cad-9f4b-684a9dd6c4c4 (type: ports) to 1
2026-04-17 03:10:21.565 8 INFO neutron.plugins.ml2.drivers.ovn.mech_driver.ovsdb.commands [None req-31a66950-afdd-4178-8a17-50b4b20a5264 - - - - - -] Schedule LRP lrp-a1888ed0-0a5a-4cad-9f4b-684a9dd6c4c4 on gateway 69d4984a-c7b7-4efd-804a-5216ae6ffe81 with priority 1
2026-04-17 03:10:21.628 8 INFO neutron.db.ovn_revision_numbers_db [None req-7b7d59d3-1d0b-4536-a09b-db10925e68c9 0760535f81d34d4c8594c13624cf9f38 f0a62d9146c34983b86fb1722fe2ac98 - - default default] Successfully bumped revision number for resource a1888ed0-0a5a-4cad-9f4b-684a9dd6c4c4 (type: router_ports) to 1
2026-04-17 03:10:21.648 7 INFO neutron.plugins.ml2.drivers.ovn.mech_driver.mech_driver [None req-39e6010b-3df1-437e-9df1-cedef7a7b41b - - - - - -] OVN reports status up for port: a1888ed0-0a5a-4cad-9f4b-684a9dd6c4c4
2026-04-17 03:10:21.673 7 INFO neutron.plugins.ml2.plugin [None req-39e6010b-3df1-437e-9df1-cedef7a7b41b - - - - - -] Attempt 1 to provision port a1888ed0-0a5a-4cad-9f4b-684a9dd6c4c4
2026-04-17 03:10:21.708 8 INFO neutron.db.ovn_revision_numbers_db [None req-7b7d59d3-1d0b-4536-a09b-db10925e68c9 0760535f81d34d4c8594c13624cf9f38 f0a62d9146c34983b86fb1722fe2ac98 - - default default] Successfully bumped revision number for resource 3378b274-a0d6-4dc1-97ae-c5ed41718b65 (type: routers) to 2 [pid: 8|app: 0|req: 781/1405] 10.0.0.204 () {34 vars in 667 bytes} [Fri Apr 17 03:10:19 2026] POST /v2.0/routers => generated 948 bytes in 1818 msecs (HTTP/1.1 201) 4 headers in 162 bytes (1 switches on core 0) [pid: 7|app: 0|req: 625/1406] 10.0.0.204 () {32 vars in 738 bytes} [Fri Apr 17 03:10:21 2026] DELETE /v2.0/security-groups/6620591b-1cf4-47ed-9e82-3711cea3598e => generated 0 bytes in 237 msecs (HTTP/1.1 204) 2 headers in 112 bytes (1 switches on core 0) [pid: 8|app: 0|req: 782/1407] 10.0.0.204 () {32 vars in 719 bytes} [Fri Apr 17 03:10:21 2026] GET /v2.0/routers/3378b274-a0d6-4dc1-97ae-c5ed41718b65 => generated 954 bytes in 89 msecs (HTTP/1.1 200) 4 headers in 157 bytes (1 switches on core 0)
2026-04-17 03:10:21.826 7 INFO neutron.api.v2.resource [None req-512eb5c9-6a57-4783-9f39-d852d7d49152 7c252c2b4e324d6483d1674144f62d68 59d28aff3aaf44e59dd0bf4349cbf837 - - default default] show failed (client error): The resource could not be found. [pid: 7|app: 0|req: 626/1408] 10.0.0.204 () {32 vars in 735 bytes} [Fri Apr 17 03:10:21 2026] GET /v2.0/security-groups/6620591b-1cf4-47ed-9e82-3711cea3598e => generated 146 bytes in 10 msecs (HTTP/1.1 404) 4 headers in 164 bytes (1 switches on core 0) [pid: 8|app: 0|req: 783/1409] 10.0.0.204 () {32 vars in 645 bytes} [Fri Apr 17 03:10:21 2026] GET /v2.0/routers => generated 957 bytes in 67 msecs (HTTP/1.1 200) 4 headers in 157 bytes (1 switches on core 0)
2026-04-17 03:10:21.946 7 INFO neutron_taas.services.taas.taas_plugin [None req-923e145a-cb81-4111-a36b-f24f95b2833d 7c252c2b4e324d6483d1674144f62d68 59d28aff3aaf44e59dd0bf4349cbf837 - - default default] TaaS: Handle Delete Port: 2fddf63f-2d10-448f-a7a6-859db203257b
2026-04-17 03:10:21.948 7 INFO neutron_taas.services.taas.tap_mirror_plugin [None req-923e145a-cb81-4111-a36b-f24f95b2833d 7c252c2b4e324d6483d1674144f62d68 59d28aff3aaf44e59dd0bf4349cbf837 - - default default] Tap Mirror: Handle Delete Port: 2fddf63f-2d10-448f-a7a6-859db203257b [pid: 7|app: 0|req: 627/1410] 10.0.0.204 () {32 vars in 730 bytes} [Fri Apr 17 03:10:21 2026] DELETE /v2.0/floatingips/dd88d3d5-9c87-460f-8277-03e1e221bc45 => generated 0 bytes in 258 msecs (HTTP/1.1 204) 2 headers in 112 bytes (1 switches on core 0)
2026-04-17 03:10:22.371 7 INFO neutron_taas.services.taas.taas_plugin [None req-6e890f65-26e7-4535-be9d-44eadc08ceb2 dab55ac24d2d47edba2ec78f170fc239 841896cde139436ebefd00a87f5d0e83 - - default default] TaaS: Handle Delete Port: 4e895c37-6f5f-45cd-9061-c0aaa5aa1d62
2026-04-17 03:10:22.374 7 INFO neutron_taas.services.taas.tap_mirror_plugin [None req-6e890f65-26e7-4535-be9d-44eadc08ceb2 dab55ac24d2d47edba2ec78f170fc239 841896cde139436ebefd00a87f5d0e83 - - default default] Tap Mirror: Handle Delete Port: 4e895c37-6f5f-45cd-9061-c0aaa5aa1d62
2026-04-17 03:10:22.375 8 INFO neutron.db.ovn_revision_numbers_db [None req-7c690e93-f020-40b1-abe7-dc11c5a729f8 0760535f81d34d4c8594c13624cf9f38 f0a62d9146c34983b86fb1722fe2ac98 - - default default] Successfully bumped revision number for resource 3378b274-a0d6-4dc1-97ae-c5ed41718b65 (type: routers) to 3 [pid: 8|app: 0|req: 784/1411] 10.0.0.204 () {34 vars in 739 bytes} [Fri Apr 17 03:10:21 2026] PUT /v2.0/routers/3378b274-a0d6-4dc1-97ae-c5ed41718b65 => generated 961 bytes in 486 msecs (HTTP/1.1 200) 4 headers in 157 bytes (1 switches on core 0) [pid: 8|app: 0|req: 785/1412] 10.0.0.200 () {34 vars in 988 bytes} [Fri Apr 17 03:10:22 2026] GET /v2.0/ports?device_id=0916d8ca-009a-4071-8a4d-4018adcbad61 => generated 1213 bytes in 25 msecs (HTTP/1.1 200) 4 headers in 158 bytes (1 switches on core 0)
2026-04-17 03:10:22.718 8 INFO neutron.db.ovn_revision_numbers_db [None req-bb5036c2-c66d-4635-8e96-417ba8c99e34 b9b6a18be2a74201987f06bf114c7af4 21a501389c884208a6f6a2b057bb8928 - - default default] Successfully bumped revision number for resource ffd952ff-b88a-49e8-b4ac-228317c40190 (type: security_groups) to 1
2026-04-17 03:10:22.732 8 INFO neutron.db.ovn_revision_numbers_db [None req-bb5036c2-c66d-4635-8e96-417ba8c99e34 b9b6a18be2a74201987f06bf114c7af4 21a501389c884208a6f6a2b057bb8928 - - default default] Successfully bumped revision number for resource 1df2a747-d44c-4095-b941-de3eacba4e05 (type: security_group_rules) to 0
2026-04-17 03:10:22.746 8 INFO neutron.db.ovn_revision_numbers_db [None req-bb5036c2-c66d-4635-8e96-417ba8c99e34 b9b6a18be2a74201987f06bf114c7af4 21a501389c884208a6f6a2b057bb8928 - - default default] Successfully bumped revision number for resource 297865a9-3dd0-45b9-9ffc-21a05a0e3f19 (type: security_group_rules) to 0
2026-04-17 03:10:22.760 8 INFO neutron.db.ovn_revision_numbers_db [None req-bb5036c2-c66d-4635-8e96-417ba8c99e34 b9b6a18be2a74201987f06bf114c7af4 21a501389c884208a6f6a2b057bb8928 - - default default] Successfully bumped revision number for resource 71d8322b-3836-4e41-8d35-2ae7cd1a8ea2 (type: security_group_rules) to 0
2026-04-17 03:10:22.774 8 INFO neutron.db.ovn_revision_numbers_db [None req-bb5036c2-c66d-4635-8e96-417ba8c99e34 b9b6a18be2a74201987f06bf114c7af4 21a501389c884208a6f6a2b057bb8928 - - default default] Successfully bumped revision number for resource fb720429-a15d-4e56-ad52-cdd45161c5a9 (type: security_group_rules) to 0
2026-04-17 03:10:22.847 8 INFO neutron.db.segments_db [None req-bb5036c2-c66d-4635-8e96-417ba8c99e34 b9b6a18be2a74201987f06bf114c7af4 21a501389c884208a6f6a2b057bb8928 - - default default] Added segment 440fa5af-d068-4bdc-9d95-863682f06917 of type geneve for network e3427297-c4be-4934-ab62-480d45557806
2026-04-17 03:10:22.950 8 INFO neutron.db.ovn_revision_numbers_db [None req-bb5036c2-c66d-4635-8e96-417ba8c99e34 b9b6a18be2a74201987f06bf114c7af4 21a501389c884208a6f6a2b057bb8928 - - default default] Successfully bumped revision number for resource e3427297-c4be-4934-ab62-480d45557806 (type: networks) to 1 [pid: 7|app: 0|req: 628/1413] 10.0.0.204 () {34 vars in 787 bytes} [Fri Apr 17 03:10:22 2026] PUT /v2.0/routers/72ebff26-ef80-4699-b11b-7e9061d9a1d0/remove_router_interface => generated 309 bytes in 900 msecs (HTTP/1.1 200) 4 headers in 157 bytes (1 switches on core 0) /var/lib/openstack/lib/python3.12/site-packages/pycadf/identifier.py:70: UserWarning: Invalid uuid: neutron. To ensure interoperability, identifiers should be a valid uuid. warnings.warn(('Invalid uuid: %s. To ensure interoperability, ' [pid: 7|app: 0|req: 629/1414] 10.0.0.204 () {32 vars in 719 bytes} [Fri Apr 17 03:10:22 2026] GET /v2.0/routers/3378b274-a0d6-4dc1-97ae-c5ed41718b65 => generated 961 bytes in 68 msecs (HTTP/1.1 200) 4 headers in 157 bytes (1 switches on core 0) [pid: 7|app: 0|req: 630/1415] 10.0.0.200 () {34 vars in 1038 bytes} [Fri Apr 17 03:10:23 2026] GET /v2.0/security-groups?id=f1cb532d-6471-4612-8c5c-871dd0c0af0b&fields=id&fields=name => generated 114 bytes in 31 msecs (HTTP/1.1 200) 4 headers in 157 bytes (1 switches on core 0)
2026-04-17 03:10:23.150 8 WARNING neutron.scheduler.dhcp_agent_scheduler [None req-bb5036c2-c66d-4635-8e96-417ba8c99e34 b9b6a18be2a74201987f06bf114c7af4 21a501389c884208a6f6a2b057bb8928 - - default default] No more DHCP agents
2026-04-17 03:10:23.151 8 WARNING neutron.api.rpc.agentnotifiers.dhcp_rpc_agent_api [None req-bb5036c2-c66d-4635-8e96-417ba8c99e34 b9b6a18be2a74201987f06bf114c7af4 21a501389c884208a6f6a2b057bb8928 - - default default] Unable to schedule network e3427297-c4be-4934-ab62-480d45557806: no agents available; will retry on subsequent port and subnet creation events.
2026-04-17 03:10:23.255 8 INFO neutron.db.ovn_revision_numbers_db [None req-bb5036c2-c66d-4635-8e96-417ba8c99e34 b9b6a18be2a74201987f06bf114c7af4 21a501389c884208a6f6a2b057bb8928 - - default default] Successfully bumped revision number for resource 719b7ce9-ea2d-417f-8b68-76d8f5a98d34 (type: ports) to 1 [pid: 8|app: 0|req: 786/1416] 10.0.0.204 () {34 vars in 668 bytes} [Fri Apr 17 03:10:22 2026] POST /v2.0/networks => generated 651 bytes in 869 msecs (HTTP/1.1 201) 4 headers in 162 bytes (1 switches on core 0) [pid: 8|app: 0|req: 787/1417] 10.0.0.204 () {32 vars in 734 bytes} [Fri Apr 17 03:10:23 2026] GET /v2.0/ports?device_id=3378b274-a0d6-4dc1-97ae-c5ed41718b65 => generated 12 bytes in 17 msecs (HTTP/1.1 200) 4 headers in 156 bytes (1 switches on core 0)
2026-04-17 03:10:23.433 7 INFO neutron_taas.services.taas.taas_plugin [None req-5a5c20bb-4b99-4a72-bbc4-cc41a50fb996 dab55ac24d2d47edba2ec78f170fc239 841896cde139436ebefd00a87f5d0e83 - - default default] TaaS: Handle Delete Port: 165bd37d-ec94-4d0a-aa0c-da3ea69c20fd
2026-04-17 03:10:23.436 7 INFO neutron_taas.services.taas.tap_mirror_plugin [None req-5a5c20bb-4b99-4a72-bbc4-cc41a50fb996 dab55ac24d2d47edba2ec78f170fc239 841896cde139436ebefd00a87f5d0e83 - - default default] Tap Mirror: Handle Delete Port: 165bd37d-ec94-4d0a-aa0c-da3ea69c20fd
2026-04-17 03:10:23.513 8 WARNING neutron.scheduler.dhcp_agent_scheduler [None req-5b4b7aac-8b48-40d0-b880-d064a3571681 b9b6a18be2a74201987f06bf114c7af4 21a501389c884208a6f6a2b057bb8928 - - default default] No more DHCP agents
2026-04-17 03:10:23.515 8 WARNING neutron.api.rpc.agentnotifiers.dhcp_rpc_agent_api [None req-5b4b7aac-8b48-40d0-b880-d064a3571681 b9b6a18be2a74201987f06bf114c7af4 21a501389c884208a6f6a2b057bb8928 - - default default] Unable to schedule network e3427297-c4be-4934-ab62-480d45557806: no agents available; will retry on subsequent port and subnet creation events.
2026-04-17 03:10:23.602 8 INFO neutron.db.ovn_revision_numbers_db [None req-5b4b7aac-8b48-40d0-b880-d064a3571681 b9b6a18be2a74201987f06bf114c7af4 21a501389c884208a6f6a2b057bb8928 - - default default] Successfully bumped revision number for resource 343aaa97-0459-43e5-9b35-9496e3dc4a30 (type: ports) to 1 [pid: 8|app: 0|req: 788/1418] 10.0.0.204 () {34 vars in 662 bytes} [Fri Apr 17 03:10:23 2026] POST /v2.0/ports => generated 743 bytes in 362 msecs (HTTP/1.1 201) 4 headers in 162 bytes (1 switches on core 0) /var/lib/openstack/lib/python3.12/site-packages/pycadf/identifier.py:70: UserWarning: Invalid uuid: neutron. To ensure interoperability, identifiers should be a valid uuid. warnings.warn(('Invalid uuid: %s. To ensure interoperability, '
2026-04-17 03:10:23.826 8 WARNING neutron.plugins.ml2.drivers.ovn.mech_driver.ovsdb.ovn_client [None req-93800889-75f5-4ea6-bd41-c08ced7ab28b - - - - - -] No port found with ID 0f6f255b-25cf-4c9a-b171-7494e7ab77e5: RuntimeError: No port found with ID 0f6f255b-25cf-4c9a-b171-7494e7ab77e5 [pid: 7|app: 0|req: 631/1419] 10.0.0.204 () {32 vars in 722 bytes} [Fri Apr 17 03:10:23 2026] DELETE /v2.0/routers/72ebff26-ef80-4699-b11b-7e9061d9a1d0 => generated 0 bytes in 760 msecs (HTTP/1.1 204) 2 headers in 112 bytes (1 switches on core 0)
2026-04-17 03:10:23.949 8 INFO neutron.plugins.ml2.drivers.ovn.mech_driver.mech_driver [None req-93800889-75f5-4ea6-bd41-c08ced7ab28b - - - - - -] OVN reports status down for port: 719b7ce9-ea2d-417f-8b68-76d8f5a98d34 [pid: 7|app: 0|req: 632/1420] 10.0.0.204 () {34 vars in 664 bytes} [Fri Apr 17 03:10:23 2026] POST /v2.0/trunks => generated 409 bytes in 231 msecs (HTTP/1.1 201) 4 headers in 162 bytes (1 switches on core 0)
2026-04-17 03:10:24.118 8 INFO neutron_taas.services.taas.taas_plugin [None req-cdcda742-ba8d-45a0-9212-17a888f7b94f 0760535f81d34d4c8594c13624cf9f38 f0a62d9146c34983b86fb1722fe2ac98 - - default default] TaaS: Handle Delete Port: a1888ed0-0a5a-4cad-9f4b-684a9dd6c4c4
2026-04-17 03:10:24.121 8 INFO neutron_taas.services.taas.tap_mirror_plugin [None req-cdcda742-ba8d-45a0-9212-17a888f7b94f 0760535f81d34d4c8594c13624cf9f38 f0a62d9146c34983b86fb1722fe2ac98 - - default default] Tap Mirror: Handle Delete Port: a1888ed0-0a5a-4cad-9f4b-684a9dd6c4c4 [pid: 7|app: 0|req: 633/1421] 10.0.0.204 () {32 vars in 722 bytes} [Fri Apr 17 03:10:24 2026] DELETE /v2.0/subnets/c6849744-fd99-47db-b1f4-19613cafe45e => generated 0 bytes in 155 msecs (HTTP/1.1 204) 3 headers in 131 bytes (1 switches on core 0)
2026-04-17 03:10:24.350 7 INFO neutron.db.segments_db [None req-9cf6322e-a4ba-4b80-bd9f-1c8db16b61ec b9b6a18be2a74201987f06bf114c7af4 21a501389c884208a6f6a2b057bb8928 - - default default] Added segment 1750fa73-8e32-4fb7-b966-2f9a0d33b88e of type geneve for network a4dcd4bf-cd1f-4df2-ad52-629ae61d8c60
2026-04-17 03:10:24.476 7 INFO neutron.db.ovn_revision_numbers_db [None req-9cf6322e-a4ba-4b80-bd9f-1c8db16b61ec b9b6a18be2a74201987f06bf114c7af4 21a501389c884208a6f6a2b057bb8928 - - default default] Successfully bumped revision number for resource a4dcd4bf-cd1f-4df2-ad52-629ae61d8c60 (type: networks) to 1 [pid: 8|app: 0|req: 789/1422] 10.0.0.204 () {32 vars in 722 bytes} [Fri Apr 17 03:10:23 2026] DELETE /v2.0/routers/3378b274-a0d6-4dc1-97ae-c5ed41718b65 => generated 0 bytes in 916 msecs (HTTP/1.1 204) 2 headers in 112 bytes (1 switches on core 0) /var/lib/openstack/lib/python3.12/site-packages/pycadf/identifier.py:70: UserWarning: Invalid uuid: neutron. To ensure interoperability, identifiers should be a valid uuid. warnings.warn(('Invalid uuid: %s. To ensure interoperability, '
2026-04-17 03:10:24.654 7 WARNING neutron.scheduler.dhcp_agent_scheduler [None req-9cf6322e-a4ba-4b80-bd9f-1c8db16b61ec b9b6a18be2a74201987f06bf114c7af4 21a501389c884208a6f6a2b057bb8928 - - default default] No more DHCP agents
2026-04-17 03:10:24.655 7 WARNING neutron.api.rpc.agentnotifiers.dhcp_rpc_agent_api [None req-9cf6322e-a4ba-4b80-bd9f-1c8db16b61ec b9b6a18be2a74201987f06bf114c7af4 21a501389c884208a6f6a2b057bb8928 - - default default] Unable to schedule network a4dcd4bf-cd1f-4df2-ad52-629ae61d8c60: no agents available; will retry on subsequent port and subnet creation events.
2026-04-17 03:10:24.695 8 INFO neutron_taas.services.taas.taas_plugin [None req-3578101e-9db1-4a77-8257-4e5802b9aa26 dab55ac24d2d47edba2ec78f170fc239 841896cde139436ebefd00a87f5d0e83 - - default default] TaaS: Handle Delete Port: b7430a3a-9e08-4a46-a960-102a49c5f437
2026-04-17 03:10:24.700 8 INFO neutron_taas.services.taas.tap_mirror_plugin [None req-3578101e-9db1-4a77-8257-4e5802b9aa26 dab55ac24d2d47edba2ec78f170fc239 841896cde139436ebefd00a87f5d0e83 - - default default] Tap Mirror: Handle Delete Port: b7430a3a-9e08-4a46-a960-102a49c5f437
2026-04-17 03:10:24.719 8 INFO neutron.plugins.ml2.drivers.ovn.mech_driver.mech_driver [None req-93800889-75f5-4ea6-bd41-c08ced7ab28b - - - - - -] OVN reports status down for port: 39261d47-af3d-423b-ad00-35353a2aa5bd
2026-04-17 03:10:24.733 7 INFO neutron.db.ovn_revision_numbers_db [None req-9cf6322e-a4ba-4b80-bd9f-1c8db16b61ec b9b6a18be2a74201987f06bf114c7af4 21a501389c884208a6f6a2b057bb8928 - - default default] Successfully bumped revision number for resource 39261d47-af3d-423b-ad00-35353a2aa5bd (type: ports) to 1 [pid: 7|app: 0|req: 634/1423] 10.0.0.204 () {34 vars in 668 bytes} [Fri Apr 17 03:10:24 2026] POST /v2.0/networks => generated 650 bytes in 514 msecs (HTTP/1.1 201) 4 headers in 162 bytes (1 switches on core 0) [pid: 7|app: 0|req: 635/1424] 10.0.0.204 () {32 vars in 734 bytes} [Fri Apr 17 03:10:24 2026] GET /v2.0/ports?device_id=3378b274-a0d6-4dc1-97ae-c5ed41718b65 => generated 12 bytes in 17 msecs (HTTP/1.1 200) 4 headers in 156 bytes (1 switches on core 0)
2026-04-17 03:10:24.921 8 INFO neutron.services.segments.plugin [-] Segment 93c82092-8fe4-41f0-812e-08107fe80c3a resource provider aggregate not found
2026-04-17 03:10:24.925 8 INFO neutron.services.segments.plugin [-] Segment 93c82092-8fe4-41f0-812e-08107fe80c3a resource provider aggregate not found
2026-04-17 03:10:24.940 8 INFO neutron.services.segments.plugin [-] Segment 93c82092-8fe4-41f0-812e-08107fe80c3a resource provider not found; error: Placement Client Error (4xx): {"errors": [{"status": 404, "title": "Not Found", "detail": "The resource could not be found.\n\n No resource provider with uuid 93c82092-8fe4-41f0-812e-08107fe80c3a found for delete ", "request_id": "req-429602a4-b5ca-40db-a136-f1e2a9ccb4d9"}]}
2026-04-17 03:10:24.944 8 INFO neutron.services.segments.plugin [-] Segment 93c82092-8fe4-41f0-812e-08107fe80c3a resource provider not found; error: Placement Client Error (4xx): {"errors": [{"status": 404, "title": "Not Found", "detail": "The resource could not be found.\n\n No resource provider with uuid 93c82092-8fe4-41f0-812e-08107fe80c3a found for delete ", "request_id": "req-497127ce-2d26-4633-ba69-3b8931dafee3"}]} [pid: 8|app: 0|req: 790/1425] 10.0.0.204 () {32 vars in 724 bytes} [Fri Apr 17 03:10:24 2026] DELETE /v2.0/networks/0f0b9f30-836e-4a81-88b2-ac8e8e9c20ee => generated 0 bytes in 407 msecs (HTTP/1.1 204) 3 headers in 131 bytes (1 switches on core 0)
2026-04-17 03:10:24.999 8 INFO neutron.api.v2.resource [None req-eaca5050-5366-4446-b91e-486a9e948bfe 0760535f81d34d4c8594c13624cf9f38 f0a62d9146c34983b86fb1722fe2ac98 - - default default] delete failed (client error): The resource could not be found. [pid: 8|app: 0|req: 791/1426] 10.0.0.204 () {32 vars in 722 bytes} [Fri Apr 17 03:10:24 2026] DELETE /v2.0/routers/3378b274-a0d6-4dc1-97ae-c5ed41718b65 => generated 135 bytes in 18 msecs (HTTP/1.1 404) 4 headers in 164 bytes (1 switches on core 0) [pid: 8|app: 0|req: 792/1427] 10.0.0.204 () {32 vars in 734 bytes} [Fri Apr 17 03:10:25 2026] GET /v2.0/ports?device_id=6bc36ace-db49-4b07-85dd-519fd9226e91 => generated 12 bytes in 17 msecs (HTTP/1.1 200) 4 headers in 156 bytes (1 switches on core 0)
2026-04-17 03:10:25.046 8 INFO neutron.api.v2.resource [None req-720cb8e9-d967-4427-b1b2-14518de4d8ad 0760535f81d34d4c8594c13624cf9f38 f0a62d9146c34983b86fb1722fe2ac98 - - default default] delete failed (client error): The resource could not be found. [pid: 8|app: 0|req: 793/1428] 10.0.0.204 () {32 vars in 722 bytes} [Fri Apr 17 03:10:25 2026] DELETE /v2.0/routers/6bc36ace-db49-4b07-85dd-519fd9226e91 => generated 135 bytes in 19 msecs (HTTP/1.1 404) 4 headers in 164 bytes (1 switches on core 0)
2026-04-17 03:10:25.061 8 INFO neutron.pecan_wsgi.hooks.translation [None req-4c512e62-1297-4c53-a80a-35caecfe6380 0760535f81d34d4c8594c13624cf9f38 f0a62d9146c34983b86fb1722fe2ac98 - - default default] DELETE failed (client error): The resource could not be found. [pid: 8|app: 0|req: 794/1429] 10.0.0.204 () {32 vars in 722 bytes} [Fri Apr 17 03:10:25 2026] DELETE /v2.0/subnets/db7393a3-fd4d-4d43-be67-46b8a79fcee7 => generated 136 bytes in 13 msecs (HTTP/1.1 404) 4 headers in 164 bytes (1 switches on core 0) [pid: 8|app: 0|req: 795/1430] 10.0.0.204 () {32 vars in 734 bytes} [Fri Apr 17 03:10:25 2026] GET /v2.0/ports?device_id=74dcd5ac-22c4-4240-9f47-0f6ec881cb0d => generated 12 bytes in 19 msecs (HTTP/1.1 200) 4 headers in 156 bytes (1 switches on core 0)
2026-04-17 03:10:25.107 8 INFO neutron.api.v2.resource [None req-8cf4cb64-04fc-4c1f-9cad-9fbcfdbca0ec 0760535f81d34d4c8594c13624cf9f38 f0a62d9146c34983b86fb1722fe2ac98 - - default default] delete failed (client error): The resource could not be found. [pid: 8|app: 0|req: 796/1431] 10.0.0.204 () {32 vars in 722 bytes} [Fri Apr 17 03:10:25 2026] DELETE /v2.0/routers/74dcd5ac-22c4-4240-9f47-0f6ec881cb0d => generated 135 bytes in 18 msecs (HTTP/1.1 404) 4 headers in 164 bytes (1 switches on core 0)
2026-04-17 03:10:25.125 8 INFO neutron.pecan_wsgi.hooks.translation [None req-63b1427a-3959-4ee8-94cc-bf943486b2f8 0760535f81d34d4c8594c13624cf9f38 f0a62d9146c34983b86fb1722fe2ac98 - - default default] DELETE failed (client error): The resource could not be found. [pid: 8|app: 0|req: 797/1432] 10.0.0.204 () {32 vars in 722 bytes} [Fri Apr 17 03:10:25 2026] DELETE /v2.0/subnets/10eb9d13-9370-494d-9ffe-22c21045fa86 => generated 136 bytes in 16 msecs (HTTP/1.1 404) 4 headers in 164 bytes (1 switches on core 0) [pid: 8|app: 0|req: 798/1433] 10.0.0.204 () {32 vars in 772 bytes} [Fri Apr 17 03:10:25 2026] GET /v2.0/security-groups?tenant_id=59d28aff3aaf44e59dd0bf4349cbf837&name=default => generated 2925 bytes in 24 msecs (HTTP/1.1 200) 4 headers in 158 bytes (1 switches on core 0) [pid: 8|app: 0|req: 799/1434] 10.0.0.204 () {32 vars in 734 bytes} [Fri Apr 17 03:10:25 2026] GET /v2.0/ports?device_id=b2ccb5aa-ba20-445f-9397-ba040b53c143 => generated 12 bytes in 16 msecs (HTTP/1.1 200) 4 headers in 156 bytes (1 switches on core 0) [pid: 8|app: 0|req: 800/1435] 10.0.0.204 () {32 vars in 738 bytes} [Fri Apr 17 03:10:25 2026] DELETE /v2.0/security-groups/f9d78347-51cc-4b9c-819e-7723e3428681 => generated 0 bytes in 230 msecs (HTTP/1.1 204) 2 headers in 112 bytes (1 switches on core 0)
2026-04-17 03:10:25.416 8 INFO neutron.api.v2.resource [None req-1102f838-eed8-40bd-8b82-ac05e291c5c6 0760535f81d34d4c8594c13624cf9f38 f0a62d9146c34983b86fb1722fe2ac98 - - default default] delete failed (client error): The resource could not be found. [pid: 8|app: 0|req: 801/1436] 10.0.0.204 () {32 vars in 722 bytes} [Fri Apr 17 03:10:25 2026] DELETE /v2.0/routers/b2ccb5aa-ba20-445f-9397-ba040b53c143 => generated 135 bytes in 15 msecs (HTTP/1.1 404) 4 headers in 164 bytes (1 switches on core 0)
2026-04-17 03:10:25.429 8 INFO neutron.pecan_wsgi.hooks.translation [None req-09169bfe-cb37-4163-8055-225823f66175 0760535f81d34d4c8594c13624cf9f38 f0a62d9146c34983b86fb1722fe2ac98 - - default default] DELETE failed (client error): The resource could not be found. [pid: 8|app: 0|req: 802/1437] 10.0.0.204 () {32 vars in 722 bytes} [Fri Apr 17 03:10:25 2026] DELETE /v2.0/subnets/1611099e-318e-4f01-8f80-323bf66c8914 => generated 136 bytes in 12 msecs (HTTP/1.1 404) 4 headers in 164 bytes (1 switches on core 0)
2026-04-17 03:10:25.446 8 INFO neutron.pecan_wsgi.hooks.translation [None req-98598b69-90ca-4f23-8e52-a7bf6cc6c7b2 0760535f81d34d4c8594c13624cf9f38 f0a62d9146c34983b86fb1722fe2ac98 - - default default] DELETE failed (client error): The resource could not be found. [pid: 8|app: 0|req: 803/1438] 10.0.0.204 () {32 vars in 722 bytes} [Fri Apr 17 03:10:25 2026] DELETE /v2.0/subnets/57d68e88-0c52-4a48-a6c5-6ff70d4bc529 => generated 136 bytes in 13 msecs (HTTP/1.1 404) 4 headers in 164 bytes (1 switches on core 0)
2026-04-17 03:10:25.456 7 WARNING neutron.scheduler.dhcp_agent_scheduler [None req-b6452f2c-be4f-49cf-87e6-85b56ac008ea b9b6a18be2a74201987f06bf114c7af4 21a501389c884208a6f6a2b057bb8928 - - default default] No more DHCP agents
2026-04-17 03:10:25.457 7 WARNING neutron.api.rpc.agentnotifiers.dhcp_rpc_agent_api [None req-b6452f2c-be4f-49cf-87e6-85b56ac008ea b9b6a18be2a74201987f06bf114c7af4 21a501389c884208a6f6a2b057bb8928 - - default default] Unable to schedule network a4dcd4bf-cd1f-4df2-ad52-629ae61d8c60: no agents available; will retry on subsequent port and subnet creation events.
2026-04-17 03:10:25.525 8 INFO neutron.plugins.ml2.drivers.ovn.mech_driver.mech_driver [None req-93800889-75f5-4ea6-bd41-c08ced7ab28b - - - - - -] OVN reports status down for port: a4812c4f-5304-46cf-a637-859ebd8f6b7e
2026-04-17 03:10:25.548 7 INFO neutron.db.ovn_revision_numbers_db [None req-b6452f2c-be4f-49cf-87e6-85b56ac008ea b9b6a18be2a74201987f06bf114c7af4 21a501389c884208a6f6a2b057bb8928 - - default default] Successfully bumped revision number for resource a4812c4f-5304-46cf-a637-859ebd8f6b7e (type: ports) to 1 [pid: 7|app: 0|req: 636/1439] 10.0.0.204 () {34 vars in 662 bytes} [Fri Apr 17 03:10:24 2026] POST /v2.0/ports => generated 743 bytes in 827 msecs (HTTP/1.1 201) 4 headers in 162 bytes (1 switches on core 0) [pid: 8|app: 0|req: 804/1440] 10.0.0.204 () {34 vars in 664 bytes} [Fri Apr 17 03:10:25 2026] POST /v2.0/trunks => generated 409 bytes in 223 msecs (HTTP/1.1 201) 4 headers in 162 bytes (1 switches on core 0) /var/lib/openstack/lib/python3.12/site-packages/pycadf/identifier.py:70: UserWarning: Invalid uuid: neutron. To ensure interoperability, identifiers should be a valid uuid. warnings.warn(('Invalid uuid: %s. To ensure interoperability, '
2026-04-17 03:10:25.929 7 INFO neutron.db.segments_db [None req-608f150a-f449-44b0-b74f-2eb60e5f14d4 b9b6a18be2a74201987f06bf114c7af4 21a501389c884208a6f6a2b057bb8928 - - default default] Added segment e556de46-ea8e-4fa8-aabb-08511a7a9593 of type geneve for network 1f346865-6f9d-4af0-8438-1f324d38e0a3 [pid: 8|app: 0|req: 805/1441] 10.0.0.204 () {32 vars in 824 bytes} [Fri Apr 17 03:10:25 2026] GET /v2.0/ports?project_id=142992fc9dbb42e8b5f16a9d6391d8de&network_id=0d6257fb-e25e-4a3d-afb9-5228bc3c0585 => generated 3319 bytes in 74 msecs (HTTP/1.1 200) 4 headers in 158 bytes (1 switches on core 0)
2026-04-17 03:10:26.028 7 INFO neutron.db.ovn_revision_numbers_db [None req-608f150a-f449-44b0-b74f-2eb60e5f14d4 b9b6a18be2a74201987f06bf114c7af4 21a501389c884208a6f6a2b057bb8928 - - default default] Successfully bumped revision number for resource 1f346865-6f9d-4af0-8438-1f324d38e0a3 (type: networks) to 1 [pid: 8|app: 0|req: 806/1442] 10.0.0.204 () {32 vars in 772 bytes} [Fri Apr 17 03:10:25 2026] GET /v2.0/security-groups?tenant_id=f0a62d9146c34983b86fb1722fe2ac98&name=default => generated 2925 bytes in 126 msecs (HTTP/1.1 200) 4 headers in 158 bytes (1 switches on core 0)
2026-04-17 03:10:26.190 7 WARNING neutron.scheduler.dhcp_agent_scheduler [None req-608f150a-f449-44b0-b74f-2eb60e5f14d4 b9b6a18be2a74201987f06bf114c7af4 21a501389c884208a6f6a2b057bb8928 - - default default] No more DHCP agents
2026-04-17 03:10:26.193 7 WARNING neutron.api.rpc.agentnotifiers.dhcp_rpc_agent_api [None req-608f150a-f449-44b0-b74f-2eb60e5f14d4 b9b6a18be2a74201987f06bf114c7af4 21a501389c884208a6f6a2b057bb8928 - - default default] Unable to schedule network 1f346865-6f9d-4af0-8438-1f324d38e0a3: no agents available; will retry on subsequent port and subnet creation events.
2026-04-17 03:10:26.254 8 INFO neutron.plugins.ml2.drivers.ovn.mech_driver.mech_driver [None req-93800889-75f5-4ea6-bd41-c08ced7ab28b - - - - - -] OVN reports status down for port: b933342d-c07c-47e0-a280-eab241a9c087
2026-04-17 03:10:26.279 7 INFO neutron.db.ovn_revision_numbers_db [None req-608f150a-f449-44b0-b74f-2eb60e5f14d4 b9b6a18be2a74201987f06bf114c7af4 21a501389c884208a6f6a2b057bb8928 - - default default] Successfully bumped revision number for resource b933342d-c07c-47e0-a280-eab241a9c087 (type: ports) to 1 [pid: 7|app: 0|req: 637/1443] 10.0.0.204 () {34 vars in 668 bytes} [Fri Apr 17 03:10:25 2026] POST /v2.0/networks => generated 651 bytes in 470 msecs (HTTP/1.1 201) 4 headers in 162 bytes (1 switches on core 0) [pid: 8|app: 0|req: 807/1444] 10.0.0.204 () {32 vars in 738 bytes} [Fri Apr 17 03:10:26 2026] DELETE /v2.0/security-groups/80eb1e88-ac82-48b9-9cdb-34b44cf9d23a => generated 0 bytes in 265 msecs (HTTP/1.1 204) 2 headers in 112 bytes (1 switches on core 0) [pid: 7|app: 0|req: 638/1445] 10.0.0.204 () {32 vars in 740 bytes} [Fri Apr 17 03:10:26 2026] GET /v2.0/subnets?network_id=6a860aad-4aa0-4103-90f6-6a1a5b2f1a07 => generated 667 bytes in 33 msecs (HTTP/1.1 200) 4 headers in 157 bytes (1 switches on core 0)
2026-04-17 03:10:26.552 8 WARNING neutron.scheduler.dhcp_agent_scheduler [None req-4b566f79-90d7-4dc6-b069-327e2ed1304a b9b6a18be2a74201987f06bf114c7af4 21a501389c884208a6f6a2b057bb8928 - - default default] No more DHCP agents
2026-04-17 03:10:26.553 8 WARNING neutron.api.rpc.agentnotifiers.dhcp_rpc_agent_api [None req-4b566f79-90d7-4dc6-b069-327e2ed1304a b9b6a18be2a74201987f06bf114c7af4 21a501389c884208a6f6a2b057bb8928 - - default default] Unable to schedule network 1f346865-6f9d-4af0-8438-1f324d38e0a3: no agents available; will retry on subsequent port and subnet creation events.
2026-04-17 03:10:26.616 8 INFO neutron.plugins.ml2.drivers.ovn.mech_driver.mech_driver [None req-93800889-75f5-4ea6-bd41-c08ced7ab28b - - - - - -] OVN reports status down for port: e1163293-9702-44af-b54b-35ba66c119c2
