2026-04-17 03:08:46.738 7 INFO neutron.db.ovn_revision_numbers_db [None req-07f8e485-208f-4ee5-b098-94758231e928 e3868c9dc91e4be08b43e1ba5b404989 cc31a834f7fe40dbaff3664b400b8034 - - default default] Successfully bumped revision number for resource f259eba5-5f70-4f97-99b3-7a7cfe9222b5 (type: security_group_rules) to 0
2026-04-17 03:08:46.816 7 INFO neutron.db.segments_db [None req-07f8e485-208f-4ee5-b098-94758231e928 e3868c9dc91e4be08b43e1ba5b404989 cc31a834f7fe40dbaff3664b400b8034 - - default default] Added segment 48003d53-7ebd-4d15-8f3e-e702cecfa415 of type geneve for network ec552546-122d-4bfc-91bb-ba243f156e72
2026-04-17 03:08:46.912 7 INFO neutron.db.ovn_revision_numbers_db [None req-07f8e485-208f-4ee5-b098-94758231e928 e3868c9dc91e4be08b43e1ba5b404989 cc31a834f7fe40dbaff3664b400b8034 - - default default] Successfully bumped revision number for resource ec552546-122d-4bfc-91bb-ba243f156e72 (type: networks) to 1
2026-04-17 03:08:47.101 7 WARNING neutron.scheduler.dhcp_agent_scheduler [None req-07f8e485-208f-4ee5-b098-94758231e928 e3868c9dc91e4be08b43e1ba5b404989 cc31a834f7fe40dbaff3664b400b8034 - - default default] No more DHCP agents
2026-04-17 03:08:47.102 7 WARNING neutron.api.rpc.agentnotifiers.dhcp_rpc_agent_api [None req-07f8e485-208f-4ee5-b098-94758231e928 e3868c9dc91e4be08b43e1ba5b404989 cc31a834f7fe40dbaff3664b400b8034 - - default default] Unable to schedule network ec552546-122d-4bfc-91bb-ba243f156e72: no agents available; will retry on subsequent port and subnet creation events.
2026-04-17 03:08:47.197 7 INFO neutron.db.ovn_revision_numbers_db [None req-07f8e485-208f-4ee5-b098-94758231e928 e3868c9dc91e4be08b43e1ba5b404989 cc31a834f7fe40dbaff3664b400b8034 - - default default] Successfully bumped revision number for resource a5c37836-eedb-4569-be2d-ad2a78e19dcc (type: ports) to 1 [pid: 7|app: 0|req: 280/730] 10.0.0.204 () {34 vars in 668 bytes} [Fri Apr 17 03:08:46 2026] POST /v2.0/networks => generated 666 bytes in 713 msecs (HTTP/1.1 201) 4 headers in 162 bytes (1 switches on core 0)
2026-04-17 03:08:47.224 8 INFO neutron.db.ovn_revision_numbers_db [req-3b42d532-4216-40ac-b612-6552808e0115 req-81b32a75-1774-4417-92fa-962d443c94ad acd7ca933afd4712814cefbdfee2398d 4f5d6164101a4d1f8c019c418e1dc772 - - default default] Successfully bumped revision number for resource 73617845-5e73-4b3d-99a6-0403f40db16b (type: ports) to 7 [pid: 8|app: 0|req: 451/731] 199.19.213.170 () {38 vars in 1026 bytes} [Fri Apr 17 03:08:46 2026] PUT /v2.0/ports/73617845-5e73-4b3d-99a6-0403f40db16b => generated 968 bytes in 573 msecs (HTTP/1.1 200) 4 headers in 157 bytes (1 switches on core 0)
2026-04-17 03:08:47.297 8 INFO neutron.notifiers.nova [-] Nova event matching ['req-29231f94-b533-4d91-96e7-de37530dd672'] response: {'name': 'network-changed', 'server_uuid': '36b331ec-6982-4548-837a-8043e46529d2', 'tag': '73617845-5e73-4b3d-99a6-0403f40db16b', 'status': 'completed', 'code': 200} /var/lib/openstack/lib/python3.12/site-packages/pycadf/identifier.py:70: UserWarning: Invalid uuid: neutron. To ensure interoperability, identifiers should be a valid uuid. warnings.warn(('Invalid uuid: %s. To ensure interoperability, '
2026-04-17 03:08:47.425 7 WARNING neutron.scheduler.dhcp_agent_scheduler [None req-b237dbb4-9fd3-45ee-b797-4f8b664948ca e3868c9dc91e4be08b43e1ba5b404989 cc31a834f7fe40dbaff3664b400b8034 - - default default] No more DHCP agents
2026-04-17 03:08:47.426 7 WARNING neutron.api.rpc.agentnotifiers.dhcp_rpc_agent_api [None req-b237dbb4-9fd3-45ee-b797-4f8b664948ca e3868c9dc91e4be08b43e1ba5b404989 cc31a834f7fe40dbaff3664b400b8034 - - default default] Unable to schedule network ec552546-122d-4bfc-91bb-ba243f156e72: no agents available; will retry on subsequent port and subnet creation events. [pid: 8|app: 0|req: 452/732] 10.0.0.72 () {34 vars in 979 bytes} [Fri Apr 17 03:08:47 2026] GET /v2.0/networks?id=bae03a38-73a4-4bc2-8d50-6d569fdf1b99 => generated 716 bytes in 54 msecs (HTTP/1.1 200) 4 headers in 157 bytes (1 switches on core 0) [pid: 8|app: 0|req: 453/733] 10.0.0.72 () {34 vars in 962 bytes} [Fri Apr 17 03:08:47 2026] GET /v2.0/quotas/376eec68c3f84ba8b154ebd983eda120 => generated 292 bytes in 11 msecs (HTTP/1.1 200) 4 headers in 157 bytes (1 switches on core 0)
2026-04-17 03:08:47.503 7 INFO neutron.db.ovn_revision_numbers_db [None req-b237dbb4-9fd3-45ee-b797-4f8b664948ca e3868c9dc91e4be08b43e1ba5b404989 cc31a834f7fe40dbaff3664b400b8034 - - default default] Successfully bumped revision number for resource db42719c-7fa7-4fa1-90ce-64a706656c2f (type: ports) to 1 [pid: 8|app: 0|req: 454/734] 10.0.0.72 () {34 vars in 999 bytes} [Fri Apr 17 03:08:47 2026] GET /v2.0/ports?tenant_id=376eec68c3f84ba8b154ebd983eda120&fields=id => generated 103 bytes in 109 msecs (HTTP/1.1 200) 4 headers in 157 bytes (1 switches on core 0) [pid: 7|app: 0|req: 281/735] 10.0.0.204 () {34 vars in 663 bytes} [Fri Apr 17 03:08:47 2026] POST /v2.0/ports => generated 779 bytes in 345 msecs (HTTP/1.1 201) 4 headers in 162 bytes (1 switches on core 0)
2026-04-17 03:08:47.693 8 INFO neutron.db.segments_db [None req-1d800b1a-5d4d-4c5f-a693-dac94b9f34d0 e3868c9dc91e4be08b43e1ba5b404989 cc31a834f7fe40dbaff3664b400b8034 - - default default] Added segment d4f86eac-4077-4e5f-80dd-58c38394474d of type geneve for network 1328228e-78ce-44c5-b9a3-effda9d4a51f /var/lib/openstack/lib/python3.12/site-packages/pycadf/identifier.py:70: UserWarning: Invalid uuid: neutron. To ensure interoperability, identifiers should be a valid uuid. warnings.warn(('Invalid uuid: %s. To ensure interoperability, '
2026-04-17 03:08:47.795 8 INFO neutron.db.ovn_revision_numbers_db [None req-1d800b1a-5d4d-4c5f-a693-dac94b9f34d0 e3868c9dc91e4be08b43e1ba5b404989 cc31a834f7fe40dbaff3664b400b8034 - - default default] Successfully bumped revision number for resource 1328228e-78ce-44c5-b9a3-effda9d4a51f (type: networks) to 1 [pid: 7|app: 0|req: 282/736] 199.19.213.170 () {34 vars in 1078 bytes} [Fri Apr 17 03:08:47 2026] GET /v2.0/ports?tenant_id=4f5d6164101a4d1f8c019c418e1dc772&device_id=36b331ec-6982-4548-837a-8043e46529d2 => generated 1209 bytes in 42 msecs (HTTP/1.1 200) 4 headers in 158 bytes (1 switches on core 0) [pid: 7|app: 0|req: 283/737] 199.19.213.170 () {34 vars in 984 bytes} [Fri Apr 17 03:08:47 2026] GET /v2.0/networks?id=ccb74db7-70aa-4522-8040-5edf0484e30b => generated 819 bytes in 65 msecs (HTTP/1.1 200) 4 headers in 157 bytes (1 switches on core 0) [pid: 7|app: 0|req: 284/738] 199.19.213.170 () {34 vars in 1056 bytes} [Fri Apr 17 03:08:47 2026] GET /v2.0/floatingips?fixed_ip_address=10.100.0.4&port_id=73617845-5e73-4b3d-99a6-0403f40db16b => generated 860 bytes in 49 msecs (HTTP/1.1 200) 4 headers in 157 bytes (1 switches on core 0)
2026-04-17 03:08:47.972 8 WARNING neutron.scheduler.dhcp_agent_scheduler [None req-1d800b1a-5d4d-4c5f-a693-dac94b9f34d0 e3868c9dc91e4be08b43e1ba5b404989 cc31a834f7fe40dbaff3664b400b8034 - - default default] No more DHCP agents [pid: 7|app: 0|req: 285/739] 199.19.213.170 () {34 vars in 982 bytes} [Fri Apr 17 03:08:47 2026] GET /v2.0/subnets?id=7b73320e-aa57-42b9-a92b-546f80d33706 => generated 701 bytes in 31 msecs (HTTP/1.1 200) 4 headers in 157 bytes (1 switches on core 0)
2026-04-17 03:08:47.973 8 WARNING neutron.api.rpc.agentnotifiers.dhcp_rpc_agent_api [None req-1d800b1a-5d4d-4c5f-a693-dac94b9f34d0 e3868c9dc91e4be08b43e1ba5b404989 cc31a834f7fe40dbaff3664b400b8034 - - default default] Unable to schedule network 1328228e-78ce-44c5-b9a3-effda9d4a51f: no agents available; will retry on subsequent port and subnet creation events.
2026-04-17 03:08:48.016 8 INFO neutron.plugins.ml2.drivers.ovn.mech_driver.mech_driver [None req-a448a0a3-8cba-4b45-95c6-bf3b9315783c - - - - - -] OVN reports status down for port: 5a832b26-6f68-42c2-a120-4ab0177098d4 [pid: 7|app: 0|req: 286/740] 10.0.0.72 () {34 vars in 904 bytes} [Fri Apr 17 03:08:47 2026] GET /v2.0/extensions => generated 20541 bytes in 55 msecs (HTTP/1.1 200) 4 headers in 159 bytes (1 switches on core 0) [pid: 7|app: 0|req: 287/741] 199.19.213.170 () {34 vars in 1050 bytes} [Fri Apr 17 03:08:48 2026] GET /v2.0/ports?network_id=ccb74db7-70aa-4522-8040-5edf0484e30b&device_owner=network%3Adhcp => generated 12 bytes in 20 msecs (HTTP/1.1 200) 4 headers in 156 bytes (1 switches on core 0)
2026-04-17 03:08:48.075 8 INFO neutron.db.ovn_revision_numbers_db [None req-1d800b1a-5d4d-4c5f-a693-dac94b9f34d0 e3868c9dc91e4be08b43e1ba5b404989 cc31a834f7fe40dbaff3664b400b8034 - - default default] Successfully bumped revision number for resource 5a832b26-6f68-42c2-a120-4ab0177098d4 (type: ports) to 1 [pid: 7|app: 0|req: 288/742] 10.0.0.72 () {34 vars in 1005 bytes} [Fri Apr 17 03:08:48 2026] GET /v2.0/networks/bae03a38-73a4-4bc2-8d50-6d569fdf1b99?fields=segments => generated 14 bytes in 42 msecs (HTTP/1.1 200) 4 headers in 156 bytes (1 switches on core 0) [pid: 8|app: 0|req: 455/743] 10.0.0.204 () {34 vars in 668 bytes} [Fri Apr 17 03:08:47 2026] POST /v2.0/networks => generated 653 bytes in 529 msecs (HTTP/1.1 201) 4 headers in 162 bytes (1 switches on core 0) [pid: 8|app: 0|req: 456/744] 10.0.0.72 () {34 vars in 1105 bytes} [Fri Apr 17 03:08:48 2026] GET /v2.0/networks/bae03a38-73a4-4bc2-8d50-6d569fdf1b99?fields=provider%3Aphysical_network&fields=provider%3Anetwork_type => generated 79 bytes in 59 msecs (HTTP/1.1 200) 4 headers in 156 bytes (1 switches on core 0) [pid: 7|app: 0|req: 289/745] 199.19.213.170 () {34 vars in 1010 bytes} [Fri Apr 17 03:08:48 2026] GET /v2.0/networks/ccb74db7-70aa-4522-8040-5edf0484e30b?fields=segments => generated 14 bytes in 69 msecs (HTTP/1.1 200) 4 headers in 156 bytes (1 switches on core 0) [pid: 7|app: 0|req: 292/748] 199.19.213.170 () {34 vars in 1110 bytes} [Fri Apr 17 03:08:48 2026] GET /v2.0/networks/ccb74db7-70aa-4522-8040-5edf0484e30b?fields=provider%3Aphysical_network&fields=provider%3Anetwork_type => generated 79 bytes in 35 msecs (HTTP/1.1 200) 4 headers in 156 bytes (1 switches on core 0) [pid: 7|app: 0|req: 293/749] 10.0.0.72 () {34 vars in 987 bytes} [Fri Apr 17 03:08:48 2026] GET /v2.0/ports?device_id=4eea72b0-c077-4de5-a3ee-0b6a26e6893a => generated 12 bytes in 20 msecs (HTTP/1.1 200) 4 headers in 156 bytes (1 switches on core 0)
2026-04-17 03:08:48.380 8 WARNING neutron.scheduler.dhcp_agent_scheduler [None req-02ca1f6f-8fe5-4750-ba8a-bf32763826a4 e3868c9dc91e4be08b43e1ba5b404989 cc31a834f7fe40dbaff3664b400b8034 - - default default] No more DHCP agents
2026-04-17 03:08:48.390 8 WARNING neutron.api.rpc.agentnotifiers.dhcp_rpc_agent_api [None req-02ca1f6f-8fe5-4750-ba8a-bf32763826a4 e3868c9dc91e4be08b43e1ba5b404989 cc31a834f7fe40dbaff3664b400b8034 - - default default] Unable to schedule network 1328228e-78ce-44c5-b9a3-effda9d4a51f: no agents available; will retry on subsequent port and subnet creation events.
2026-04-17 03:08:48.428 8 INFO neutron.db.ovn_revision_numbers_db [None req-02ca1f6f-8fe5-4750-ba8a-bf32763826a4 e3868c9dc91e4be08b43e1ba5b404989 cc31a834f7fe40dbaff3664b400b8034 - - default default] Successfully bumped revision number for resource e21afbad-ab76-4041-8017-5eaa47a6d1b3 (type: subnets) to 0 [pid: 8|app: 0|req: 457/750] 10.0.0.204 () {34 vars in 667 bytes} [Fri Apr 17 03:08:48 2026] POST /v2.0/subnets => generated 646 bytes in 284 msecs (HTTP/1.1 201) 4 headers in 162 bytes (1 switches on core 0)
2026-04-17 03:08:48.768 7 WARNING neutron.scheduler.dhcp_agent_scheduler [None req-e3aff3f5-d479-467e-a816-07aa7555a262 e3868c9dc91e4be08b43e1ba5b404989 cc31a834f7fe40dbaff3664b400b8034 - - default default] No more DHCP agents
2026-04-17 03:08:48.769 7 WARNING neutron.api.rpc.agentnotifiers.dhcp_rpc_agent_api [None req-e3aff3f5-d479-467e-a816-07aa7555a262 e3868c9dc91e4be08b43e1ba5b404989 cc31a834f7fe40dbaff3664b400b8034 - - default default] Unable to schedule network 1328228e-78ce-44c5-b9a3-effda9d4a51f: no agents available; will retry on subsequent port and subnet creation events.
2026-04-17 03:08:48.776 8 INFO neutron.db.ovn_revision_numbers_db [None req-b72ca9b0-408f-4626-8262-2dc5201b1e8f f72a32b215624f4985b17b599e8fe058 08a1fb9ca73f477c9648f7d89ef18890 - - default default] Successfully bumped revision number for resource 9b83fc99-219f-4244-9c70-73f2f1cbbf5d (type: security_groups) to 1
2026-04-17 03:08:48.791 8 INFO neutron.db.ovn_revision_numbers_db [None req-b72ca9b0-408f-4626-8262-2dc5201b1e8f f72a32b215624f4985b17b599e8fe058 08a1fb9ca73f477c9648f7d89ef18890 - - default default] Successfully bumped revision number for resource 2749bcbd-9398-43ae-88de-19e34bf17552 (type: security_group_rules) to 0
2026-04-17 03:08:48.805 8 INFO neutron.db.ovn_revision_numbers_db [None req-b72ca9b0-408f-4626-8262-2dc5201b1e8f f72a32b215624f4985b17b599e8fe058 08a1fb9ca73f477c9648f7d89ef18890 - - default default] Successfully bumped revision number for resource 3240394e-f2a3-4c0b-9e3a-beb07a4254cf (type: security_group_rules) to 0
2026-04-17 03:08:48.818 8 INFO neutron.db.ovn_revision_numbers_db [None req-b72ca9b0-408f-4626-8262-2dc5201b1e8f f72a32b215624f4985b17b599e8fe058 08a1fb9ca73f477c9648f7d89ef18890 - - default default] Successfully bumped revision number for resource 71364cc5-68a5-4559-ae52-2fe62f4f7175 (type: security_group_rules) to 0
2026-04-17 03:08:48.843 8 INFO neutron.db.ovn_revision_numbers_db [None req-b72ca9b0-408f-4626-8262-2dc5201b1e8f f72a32b215624f4985b17b599e8fe058 08a1fb9ca73f477c9648f7d89ef18890 - - default default] Successfully bumped revision number for resource be5e7084-1ef1-4f0c-9c8d-6257e90aa8ea (type: security_group_rules) to 0
2026-04-17 03:08:48.872 7 INFO neutron.db.ovn_revision_numbers_db [None req-e3aff3f5-d479-467e-a816-07aa7555a262 e3868c9dc91e4be08b43e1ba5b404989 cc31a834f7fe40dbaff3664b400b8034 - - default default] Successfully bumped revision number for resource cfbc252e-829e-4480-b8bf-fd5863712339 (type: ports) to 1
2026-04-17 03:08:48.925 8 INFO neutron.db.segments_db [None req-b72ca9b0-408f-4626-8262-2dc5201b1e8f f72a32b215624f4985b17b599e8fe058 08a1fb9ca73f477c9648f7d89ef18890 - - default default] Added segment c2877c3b-a21f-4646-b41f-def640af691f of type geneve for network 6d208007-dc21-454f-8e78-bb9ac8bdea61 [pid: 7|app: 0|req: 294/751] 10.0.0.204 () {34 vars in 663 bytes} [Fri Apr 17 03:08:48 2026] POST /v2.0/ports => generated 965 bytes in 480 msecs (HTTP/1.1 201) 4 headers in 162 bytes (1 switches on core 0) /var/lib/openstack/lib/python3.12/site-packages/pycadf/identifier.py:70: UserWarning: Invalid uuid: neutron. To ensure interoperability, identifiers should be a valid uuid. warnings.warn(('Invalid uuid: %s. To ensure interoperability, ' [pid: 7|app: 0|req: 295/752] 10.0.0.72 () {34 vars in 987 bytes} [Fri Apr 17 03:08:48 2026] GET /v2.0/ports?device_id=36b331ec-6982-4548-837a-8043e46529d2 => generated 971 bytes in 34 msecs (HTTP/1.1 200) 4 headers in 157 bytes (1 switches on core 0)
2026-04-17 03:08:49.039 8 INFO neutron.db.ovn_revision_numbers_db [None req-b72ca9b0-408f-4626-8262-2dc5201b1e8f f72a32b215624f4985b17b599e8fe058 08a1fb9ca73f477c9648f7d89ef18890 - - default default] Successfully bumped revision number for resource 6d208007-dc21-454f-8e78-bb9ac8bdea61 (type: networks) to 1
2026-04-17 03:08:49.085 7 INFO neutron_taas.services.taas.taas_plugin [None req-2c9ebb31-2bad-474f-8f37-8249e108bb47 e3868c9dc91e4be08b43e1ba5b404989 cc31a834f7fe40dbaff3664b400b8034 - - default default] TaaS: Handle Delete Port: cfbc252e-829e-4480-b8bf-fd5863712339
2026-04-17 03:08:49.088 7 INFO neutron_taas.services.taas.tap_mirror_plugin [None req-2c9ebb31-2bad-474f-8f37-8249e108bb47 e3868c9dc91e4be08b43e1ba5b404989 cc31a834f7fe40dbaff3664b400b8034 - - default default] Tap Mirror: Handle Delete Port: cfbc252e-829e-4480-b8bf-fd5863712339 [pid: 7|app: 0|req: 296/753] 10.0.0.204 () {32 vars in 718 bytes} [Fri Apr 17 03:08:48 2026] DELETE /v2.0/ports/cfbc252e-829e-4480-b8bf-fd5863712339 => generated 0 bytes in 241 msecs (HTTP/1.1 204) 3 headers in 131 bytes (1 switches on core 0) [pid: 7|app: 0|req: 297/754] 10.0.0.72 () {34 vars in 1037 bytes} [Fri Apr 17 03:08:49 2026] GET /v2.0/security-groups?id=b03482d9-0448-4585-bf16-7fb65d748886&fields=id&fields=name => generated 113 bytes in 28 msecs (HTTP/1.1 200) 4 headers in 157 bytes (1 switches on core 0)
2026-04-17 03:08:49.240 8 WARNING neutron.scheduler.dhcp_agent_scheduler [None req-b72ca9b0-408f-4626-8262-2dc5201b1e8f f72a32b215624f4985b17b599e8fe058 08a1fb9ca73f477c9648f7d89ef18890 - - default default] No more DHCP agents
2026-04-17 03:08:49.241 8 WARNING neutron.api.rpc.agentnotifiers.dhcp_rpc_agent_api [None req-b72ca9b0-408f-4626-8262-2dc5201b1e8f f72a32b215624f4985b17b599e8fe058 08a1fb9ca73f477c9648f7d89ef18890 - - default default] Unable to schedule network 6d208007-dc21-454f-8e78-bb9ac8bdea61: no agents available; will retry on subsequent port and subnet creation events.
2026-04-17 03:08:49.289 8 INFO neutron.plugins.ml2.drivers.ovn.mech_driver.mech_driver [None req-a448a0a3-8cba-4b45-95c6-bf3b9315783c - - - - - -] OVN reports status down for port: 740fcaa9-8b11-42d5-aba7-b90fce02904e [pid: 7|app: 0|req: 298/755] 199.19.213.170 () {34 vars in 1078 bytes} [Fri Apr 17 03:08:49 2026] GET /v2.0/ports?tenant_id=4f5d6164101a4d1f8c019c418e1dc772&device_id=36b331ec-6982-4548-837a-8043e46529d2 => generated 1209 bytes in 56 msecs (HTTP/1.1 200) 4 headers in 158 bytes (1 switches on core 0)
2026-04-17 03:08:49.314 7 INFO neutron.pecan_wsgi.hooks.translation [None req-d48fcc05-fe1a-4c61-b289-67434120d8eb e3868c9dc91e4be08b43e1ba5b404989 cc31a834f7fe40dbaff3664b400b8034 - - default default] DELETE failed (client error): The resource could not be found. [pid: 7|app: 0|req: 299/756] 10.0.0.204 () {32 vars in 718 bytes} [Fri Apr 17 03:08:49 2026] DELETE /v2.0/ports/cfbc252e-829e-4480-b8bf-fd5863712339 => generated 132 bytes in 21 msecs (HTTP/1.1 404) 4 headers in 164 bytes (1 switches on core 0)
2026-04-17 03:08:49.347 8 INFO neutron.db.ovn_revision_numbers_db [None req-b72ca9b0-408f-4626-8262-2dc5201b1e8f f72a32b215624f4985b17b599e8fe058 08a1fb9ca73f477c9648f7d89ef18890 - - default default] Successfully bumped revision number for resource 740fcaa9-8b11-42d5-aba7-b90fce02904e (type: ports) to 1 [pid: 7|app: 0|req: 300/757] 199.19.213.170 () {34 vars in 984 bytes} [Fri Apr 17 03:08:49 2026] GET /v2.0/networks?id=ccb74db7-70aa-4522-8040-5edf0484e30b => generated 819 bytes in 40 msecs (HTTP/1.1 200) 4 headers in 157 bytes (1 switches on core 0)
2026-04-17 03:08:49.381 7 INFO neutron.pecan_wsgi.hooks.translation [None req-7474cd8a-dc42-49db-b2da-746f26ee2295 e3868c9dc91e4be08b43e1ba5b404989 cc31a834f7fe40dbaff3664b400b8034 - - default default] GET failed (client error): The resource could not be found. [pid: 7|app: 0|req: 301/758] 10.0.0.204 () {32 vars in 715 bytes} [Fri Apr 17 03:08:49 2026] GET /v2.0/ports/cfbc252e-829e-4480-b8bf-fd5863712339 => generated 132 bytes in 26 msecs (HTTP/1.1 404) 4 headers in 164 bytes (1 switches on core 0) [pid: 8|app: 0|req: 458/759] 10.0.0.204 () {34 vars in 668 bytes} [Fri Apr 17 03:08:48 2026] POST /v2.0/networks => generated 652 bytes in 901 msecs (HTTP/1.1 201) 4 headers in 162 bytes (1 switches on core 0) [pid: 7|app: 0|req: 302/760] 199.19.213.170 () {34 vars in 1056 bytes} [Fri Apr 17 03:08:49 2026] GET /v2.0/floatingips?fixed_ip_address=10.100.0.4&port_id=73617845-5e73-4b3d-99a6-0403f40db16b => generated 860 bytes in 24 msecs (HTTP/1.1 200) 4 headers in 157 bytes (1 switches on core 0)
2026-04-17 03:08:49.482 7 INFO neutron.db.segments_db [None req-561471a0-1667-44ed-bae7-ece52a1f99d9 f72a32b215624f4985b17b599e8fe058 08a1fb9ca73f477c9648f7d89ef18890 - - default default] Added segment 54c4b271-8a4c-406a-82e4-bdf881836d67 of type geneve for network 3ed039af-1da0-482f-bea9-506c7b949034 [pid: 8|app: 0|req: 459/761] 10.0.0.204 () {32 vars in 722 bytes} [Fri Apr 17 03:08:49 2026] DELETE /v2.0/subnets/e21afbad-ab76-4041-8017-5eaa47a6d1b3 => generated 0 bytes in 146 msecs (HTTP/1.1 204) 3 headers in 131 bytes (1 switches on core 0) [pid: 8|app: 0|req: 460/762] 199.19.213.170 () {34 vars in 982 bytes} [Fri Apr 17 03:08:49 2026] GET /v2.0/subnets?id=7b73320e-aa57-42b9-a92b-546f80d33706 => generated 701 bytes in 22 msecs (HTTP/1.1 200) 4 headers in 157 bytes (1 switches on core 0)
2026-04-17 03:08:49.575 7 INFO neutron.db.ovn_revision_numbers_db [None req-561471a0-1667-44ed-bae7-ece52a1f99d9 f72a32b215624f4985b17b599e8fe058 08a1fb9ca73f477c9648f7d89ef18890 - - default default] Successfully bumped revision number for resource 3ed039af-1da0-482f-bea9-506c7b949034 (type: networks) to 1 [pid: 8|app: 0|req: 461/763] 10.0.0.72 () {34 vars in 987 bytes} [Fri Apr 17 03:08:49 2026] GET /v2.0/ports?device_id=4eea72b0-c077-4de5-a3ee-0b6a26e6893a => generated 12 bytes in 18 msecs (HTTP/1.1 200) 4 headers in 156 bytes (1 switches on core 0)
2026-04-17 03:08:49.632 8 INFO neutron.plugins.ml2.drivers.ovn.mech_driver.mech_driver [None req-a448a0a3-8cba-4b45-95c6-bf3b9315783c - - - - - -] OVN reports status down for port: 73617845-5e73-4b3d-99a6-0403f40db16b
2026-04-17 03:08:49.770 7 WARNING neutron.scheduler.dhcp_agent_scheduler [None req-561471a0-1667-44ed-bae7-ece52a1f99d9 f72a32b215624f4985b17b599e8fe058 08a1fb9ca73f477c9648f7d89ef18890 - - default default] No more DHCP agents
2026-04-17 03:08:49.772 7 WARNING neutron.api.rpc.agentnotifiers.dhcp_rpc_agent_api [None req-561471a0-1667-44ed-bae7-ece52a1f99d9 f72a32b215624f4985b17b599e8fe058 08a1fb9ca73f477c9648f7d89ef18890 - - default default] Unable to schedule network 3ed039af-1da0-482f-bea9-506c7b949034: no agents available; will retry on subsequent port and subnet creation events.
2026-04-17 03:08:49.795 8 INFO neutron_taas.services.taas.taas_plugin [None req-51685f9d-434e-41c7-9101-42ebfd3d4556 e3868c9dc91e4be08b43e1ba5b404989 cc31a834f7fe40dbaff3664b400b8034 - - default default] TaaS: Handle Delete Port: 5a832b26-6f68-42c2-a120-4ab0177098d4
2026-04-17 03:08:49.802 8 INFO neutron_taas.services.taas.tap_mirror_plugin [None req-51685f9d-434e-41c7-9101-42ebfd3d4556 e3868c9dc91e4be08b43e1ba5b404989 cc31a834f7fe40dbaff3664b400b8034 - - default default] Tap Mirror: Handle Delete Port: 5a832b26-6f68-42c2-a120-4ab0177098d4
2026-04-17 03:08:49.855 7 INFO neutron.db.ovn_revision_numbers_db [None req-561471a0-1667-44ed-bae7-ece52a1f99d9 f72a32b215624f4985b17b599e8fe058 08a1fb9ca73f477c9648f7d89ef18890 - - default default] Successfully bumped revision number for resource d37e7456-7375-487a-bd1b-25aa44760b57 (type: ports) to 1 [pid: 7|app: 0|req: 303/764] 10.0.0.204 () {34 vars in 668 bytes} [Fri Apr 17 03:08:49 2026] POST /v2.0/networks => generated 652 bytes in 469 msecs (HTTP/1.1 201) 4 headers in 162 bytes (1 switches on core 0)
2026-04-17 03:08:49.891 8 INFO neutron.notifiers.nova [-] Nova event matching ['req-2b5f980c-5e2e-45ae-89ad-0e7582fc6e6f'] response: {'server_uuid': '36b331ec-6982-4548-837a-8043e46529d2', 'name': 'network-vif-unplugged', 'status': 'completed', 'tag': '73617845-5e73-4b3d-99a6-0403f40db16b', 'code': 200} [pid: 7|app: 0|req: 304/765] 199.19.213.170 () {34 vars in 1050 bytes} [Fri Apr 17 03:08:49 2026] GET /v2.0/ports?network_id=ccb74db7-70aa-4522-8040-5edf0484e30b&device_owner=network%3Adhcp => generated 12 bytes in 20 msecs (HTTP/1.1 200) 4 headers in 156 bytes (1 switches on core 0)
2026-04-17 03:08:50.093 7 WARNING neutron.scheduler.dhcp_agent_scheduler [None req-1e936cb3-7255-4780-b699-31e2800ca80a f72a32b215624f4985b17b599e8fe058 08a1fb9ca73f477c9648f7d89ef18890 - - default default] No more DHCP agents
2026-04-17 03:08:50.094 7 WARNING neutron.api.rpc.agentnotifiers.dhcp_rpc_agent_api [None req-1e936cb3-7255-4780-b699-31e2800ca80a f72a32b215624f4985b17b599e8fe058 08a1fb9ca73f477c9648f7d89ef18890 - - default default] Unable to schedule network 6d208007-dc21-454f-8e78-bb9ac8bdea61: no agents available; will retry on subsequent port and subnet creation events.
2026-04-17 03:08:50.116 8 INFO neutron.db.ovn_revision_numbers_db [None req-a448a0a3-8cba-4b45-95c6-bf3b9315783c - - - - - -] Successfully bumped revision number for resource 73617845-5e73-4b3d-99a6-0403f40db16b (type: ports) to 8
2026-04-17 03:08:50.124 7 INFO neutron.db.ovn_revision_numbers_db [None req-1e936cb3-7255-4780-b699-31e2800ca80a f72a32b215624f4985b17b599e8fe058 08a1fb9ca73f477c9648f7d89ef18890 - - default default] Successfully bumped revision number for resource 4cfd26cb-c457-4eff-93f9-bbcac4a226e4 (type: subnets) to 0
2026-04-17 03:08:50.128 8 INFO neutron.services.segments.plugin [-] Segment d4f86eac-4077-4e5f-80dd-58c38394474d resource provider aggregate not found
2026-04-17 03:08:50.136 8 INFO neutron.services.segments.plugin [-] Segment d4f86eac-4077-4e5f-80dd-58c38394474d resource provider aggregate not found [pid: 7|app: 0|req: 305/766] 10.0.0.204 () {34 vars in 667 bytes} [Fri Apr 17 03:08:49 2026] POST /v2.0/subnets => generated 646 bytes in 247 msecs (HTTP/1.1 201) 4 headers in 162 bytes (1 switches on core 0)
2026-04-17 03:08:50.153 8 INFO neutron.services.segments.plugin [-] Segment d4f86eac-4077-4e5f-80dd-58c38394474d resource provider not found; error: Placement Client Error (4xx): {"errors": [{"status": 404, "title": "Not Found", "detail": "The resource could not be found.\n\n No resource provider with uuid d4f86eac-4077-4e5f-80dd-58c38394474d found for delete ", "request_id": "req-78d77c66-3ace-4991-82c8-1ca14ba45635"}]}
2026-04-17 03:08:50.154 8 INFO neutron.services.segments.plugin [-] Segment d4f86eac-4077-4e5f-80dd-58c38394474d resource provider not found; error: Placement Client Error (4xx): {"errors": [{"status": 404, "title": "Not Found", "detail": "The resource could not be found.\n\n No resource provider with uuid d4f86eac-4077-4e5f-80dd-58c38394474d found for delete ", "request_id": "req-acd61028-8112-46d7-ad7b-b090679f8ed8"}]} [pid: 7|app: 0|req: 306/767] 199.19.213.170 () {34 vars in 1010 bytes} [Fri Apr 17 03:08:50 2026] GET /v2.0/networks/ccb74db7-70aa-4522-8040-5edf0484e30b?fields=segments => generated 14 bytes in 50 msecs (HTTP/1.1 200) 4 headers in 156 bytes (1 switches on core 0) [pid: 8|app: 0|req: 462/768] 10.0.0.204 () {32 vars in 724 bytes} [Fri Apr 17 03:08:49 2026] DELETE /v2.0/networks/1328228e-78ce-44c5-b9a3-effda9d4a51f => generated 0 bytes in 646 msecs (HTTP/1.1 204) 3 headers in 131 bytes (1 switches on core 0) /var/lib/openstack/lib/python3.12/site-packages/pycadf/identifier.py:70: UserWarning: Invalid uuid: neutron. To ensure interoperability, identifiers should be a valid uuid. warnings.warn(('Invalid uuid: %s. To ensure interoperability, ' [pid: 8|app: 0|req: 463/769] 199.19.213.170 () {34 vars in 1110 bytes} [Fri Apr 17 03:08:50 2026] GET /v2.0/networks/ccb74db7-70aa-4522-8040-5edf0484e30b?fields=provider%3Aphysical_network&fields=provider%3Anetwork_type => generated 79 bytes in 40 msecs (HTTP/1.1 200) 4 headers in 156 bytes (1 switches on core 0)
2026-04-17 03:08:50.355 8 INFO neutron.db.segments_db [None req-54a236fb-4bcd-4bd3-a9d3-a87b0fcacf64 e3868c9dc91e4be08b43e1ba5b404989 cc31a834f7fe40dbaff3664b400b8034 - - default default] Added segment 9dcd8762-ab06-46c6-ba6e-4d88f05d6d15 of type geneve for network a3d6e0d7-79e7-443f-b6c6-02e461547cb8
2026-04-17 03:08:50.394 7 WARNING neutron.scheduler.dhcp_agent_scheduler [None req-d8c47a89-a9c7-4b82-900a-36fc0857771f f72a32b215624f4985b17b599e8fe058 08a1fb9ca73f477c9648f7d89ef18890 - - default default] No more DHCP agents
2026-04-17 03:08:50.398 7 WARNING neutron.api.rpc.agentnotifiers.dhcp_rpc_agent_api [None req-d8c47a89-a9c7-4b82-900a-36fc0857771f f72a32b215624f4985b17b599e8fe058 08a1fb9ca73f477c9648f7d89ef18890 - - default default] Unable to schedule network 3ed039af-1da0-482f-bea9-506c7b949034: no agents available; will retry on subsequent port and subnet creation events.
2026-04-17 03:08:50.419 7 INFO neutron.db.ovn_revision_numbers_db [None req-d8c47a89-a9c7-4b82-900a-36fc0857771f f72a32b215624f4985b17b599e8fe058 08a1fb9ca73f477c9648f7d89ef18890 - - default default] Successfully bumped revision number for resource 45d463e9-e025-4860-89a2-73e7498d8387 (type: subnets) to 0 [pid: 7|app: 0|req: 307/770] 10.0.0.204 () {34 vars in 667 bytes} [Fri Apr 17 03:08:50 2026] POST /v2.0/subnets => generated 655 bytes in 238 msecs (HTTP/1.1 201) 4 headers in 162 bytes (1 switches on core 0)
2026-04-17 03:08:50.472 8 INFO neutron.db.ovn_revision_numbers_db [None req-54a236fb-4bcd-4bd3-a9d3-a87b0fcacf64 e3868c9dc91e4be08b43e1ba5b404989 cc31a834f7fe40dbaff3664b400b8034 - - default default] Successfully bumped revision number for resource a3d6e0d7-79e7-443f-b6c6-02e461547cb8 (type: networks) to 1 [pid: 7|app: 0|req: 308/771] 10.0.0.72 () {34 vars in 987 bytes} [Fri Apr 17 03:08:50 2026] GET /v2.0/ports?device_id=36b331ec-6982-4548-837a-8043e46529d2 => generated 969 bytes in 41 msecs (HTTP/1.1 200) 4 headers in 157 bytes (1 switches on core 0)
2026-04-17 03:08:50.577 7 INFO neutron.db.ovn_revision_numbers_db [None req-e1f377bd-2118-4d3f-a27b-6ec512344331 f72a32b215624f4985b17b599e8fe058 08a1fb9ca73f477c9648f7d89ef18890 - - default default] Successfully bumped revision number for resource 75b9b301-37f1-441b-927d-bbf0588013eb (type: routers) to 1 [pid: 7|app: 0|req: 309/772] 10.0.0.204 () {34 vars in 667 bytes} [Fri Apr 17 03:08:50 2026] POST /v2.0/routers => generated 606 bytes in 117 msecs (HTTP/1.1 201) 4 headers in 162 bytes (1 switches on core 0) [pid: 7|app: 0|req: 310/773] 10.0.0.72 () {34 vars in 1037 bytes} [Fri Apr 17 03:08:50 2026] GET /v2.0/security-groups?id=b03482d9-0448-4585-bf16-7fb65d748886&fields=id&fields=name => generated 113 bytes in 24 msecs (HTTP/1.1 200) 4 headers in 157 bytes (1 switches on core 0)
2026-04-17 03:08:50.638 8 WARNING neutron.scheduler.dhcp_agent_scheduler [None req-54a236fb-4bcd-4bd3-a9d3-a87b0fcacf64 e3868c9dc91e4be08b43e1ba5b404989 cc31a834f7fe40dbaff3664b400b8034 - - default default] No more DHCP agents
2026-04-17 03:08:50.640 8 WARNING neutron.api.rpc.agentnotifiers.dhcp_rpc_agent_api [None req-54a236fb-4bcd-4bd3-a9d3-a87b0fcacf64 e3868c9dc91e4be08b43e1ba5b404989 cc31a834f7fe40dbaff3664b400b8034 - - default default] Unable to schedule network a3d6e0d7-79e7-443f-b6c6-02e461547cb8: no agents available; will retry on subsequent port and subnet creation events.
2026-04-17 03:08:50.711 8 INFO neutron.db.ovn_revision_numbers_db [None req-54a236fb-4bcd-4bd3-a9d3-a87b0fcacf64 e3868c9dc91e4be08b43e1ba5b404989 cc31a834f7fe40dbaff3664b400b8034 - - default default] Successfully bumped revision number for resource 5bb985a9-ca0a-4186-9370-9c498d9f3a79 (type: ports) to 1 [pid: 8|app: 0|req: 464/774] 10.0.0.204 () {34 vars in 668 bytes} [Fri Apr 17 03:08:50 2026] POST /v2.0/networks => generated 655 bytes in 464 msecs (HTTP/1.1 201) 4 headers in 162 bytes (1 switches on core 0) [pid: 8|app: 0|req: 465/775] 10.0.0.72 () {34 vars in 987 bytes} [Fri Apr 17 03:08:50 2026] GET /v2.0/ports?device_id=4eea72b0-c077-4de5-a3ee-0b6a26e6893a => generated 12 bytes in 19 msecs (HTTP/1.1 200) 4 headers in 156 bytes (1 switches on core 0)
2026-04-17 03:08:50.905 7 WARNING neutron.plugins.ml2.drivers.ovn.mech_driver.ovsdb.ovn_client [None req-d607a8f6-a26c-458d-bf8c-f7b294ddd78a - - - - - -] No hosting information found for port d69da7cc-ad6f-4115-938b-286011878a27: RuntimeError: No hosting information found for port d69da7cc-ad6f-4115-938b-286011878a27
2026-04-17 03:08:50.917 8 WARNING neutron.scheduler.dhcp_agent_scheduler [None req-588ecce7-bba9-4be1-b137-a56187279680 e3868c9dc91e4be08b43e1ba5b404989 cc31a834f7fe40dbaff3664b400b8034 - - default default] No more DHCP agents
2026-04-17 03:08:50.919 8 WARNING neutron.api.rpc.agentnotifiers.dhcp_rpc_agent_api [None req-588ecce7-bba9-4be1-b137-a56187279680 e3868c9dc91e4be08b43e1ba5b404989 cc31a834f7fe40dbaff3664b400b8034 - - default default] Unable to schedule network a3d6e0d7-79e7-443f-b6c6-02e461547cb8: no agents available; will retry on subsequent port and subnet creation events.
2026-04-17 03:08:50.949 8 INFO neutron.db.ovn_revision_numbers_db [None req-588ecce7-bba9-4be1-b137-a56187279680 e3868c9dc91e4be08b43e1ba5b404989 cc31a834f7fe40dbaff3664b400b8034 - - default default] Successfully bumped revision number for resource 688a9733-d727-44c6-9b7d-d280321209da (type: subnets) to 0 [pid: 8|app: 0|req: 466/776] 10.0.0.204 () {34 vars in 667 bytes} [Fri Apr 17 03:08:50 2026] POST /v2.0/subnets => generated 646 bytes in 217 msecs (HTTP/1.1 201) 4 headers in 162 bytes (1 switches on core 0) [pid: 8|app: 0|req: 467/777] 199.19.213.170 () {34 vars in 992 bytes} [Fri Apr 17 03:08:50 2026] GET /v2.0/ports?device_id=36b331ec-6982-4548-837a-8043e46529d2 => generated 969 bytes in 81 msecs (HTTP/1.1 200) 4 headers in 157 bytes (1 switches on core 0)
2026-04-17 03:08:51.136 7 INFO neutron.db.ovn_revision_numbers_db [None req-d607a8f6-a26c-458d-bf8c-f7b294ddd78a - - - - - -] Successfully bumped revision number for resource d69da7cc-ad6f-4115-938b-286011878a27 (type: router_ports) to 2
2026-04-17 03:08:51.138 7 INFO neutron.plugins.ml2.drivers.ovn.mech_driver.mech_driver [None req-d607a8f6-a26c-458d-bf8c-f7b294ddd78a - - - - - -] OVN reports status down for port: a5c37836-eedb-4569-be2d-ad2a78e19dcc
2026-04-17 03:08:51.172 7 WARNING neutron.scheduler.dhcp_agent_scheduler [None req-54df0245-e0e0-4d61-8f22-ae144caec624 f72a32b215624f4985b17b599e8fe058 08a1fb9ca73f477c9648f7d89ef18890 - - default default] No more DHCP agents
2026-04-17 03:08:51.175 7 WARNING neutron.api.rpc.agentnotifiers.dhcp_rpc_agent_api [None req-54df0245-e0e0-4d61-8f22-ae144caec624 f72a32b215624f4985b17b599e8fe058 08a1fb9ca73f477c9648f7d89ef18890 - - default default] Unable to schedule network 6d208007-dc21-454f-8e78-bb9ac8bdea61: no agents available; will retry on subsequent port and subnet creation events.
2026-04-17 03:08:51.236 7 INFO neutron.plugins.ml2.drivers.ovn.mech_driver.mech_driver [None req-d607a8f6-a26c-458d-bf8c-f7b294ddd78a - - - - - -] OVN reports status down for port: db42719c-7fa7-4fa1-90ce-64a706656c2f
2026-04-17 03:08:51.325 7 INFO neutron.db.ovn_revision_numbers_db [None req-54df0245-e0e0-4d61-8f22-ae144caec624 f72a32b215624f4985b17b599e8fe058 08a1fb9ca73f477c9648f7d89ef18890 - - default default] Successfully bumped revision number for resource ea37e222-17d0-4238-a568-cb579f2323df (type: ports) to 1
2026-04-17 03:08:51.327 8 WARNING neutron.scheduler.dhcp_agent_scheduler [None req-2cfb88c6-aa25-4f72-9852-d2bc178edc9f e3868c9dc91e4be08b43e1ba5b404989 cc31a834f7fe40dbaff3664b400b8034 - - default default] No more DHCP agents
2026-04-17 03:08:51.328 8 WARNING neutron.api.rpc.agentnotifiers.dhcp_rpc_agent_api [None req-2cfb88c6-aa25-4f72-9852-d2bc178edc9f e3868c9dc91e4be08b43e1ba5b404989 cc31a834f7fe40dbaff3664b400b8034 - - default default] Unable to schedule network a3d6e0d7-79e7-443f-b6c6-02e461547cb8: no agents available; will retry on subsequent port and subnet creation events.
2026-04-17 03:08:51.360 7 INFO neutron.plugins.ml2.drivers.ovn.mech_driver.mech_driver [None req-d607a8f6-a26c-458d-bf8c-f7b294ddd78a - - - - - -] OVN reports status down for port: cfbc252e-829e-4480-b8bf-fd5863712339
2026-04-17 03:08:51.370 7 INFO neutron.plugins.ml2.drivers.ovn.mech_driver.mech_driver [None req-d607a8f6-a26c-458d-bf8c-f7b294ddd78a - - - - - -] OVN reports status down for port: d37e7456-7375-487a-bd1b-25aa44760b57
2026-04-17 03:08:51.399 8 INFO neutron.plugins.ml2.drivers.ovn.mech_driver.mech_driver [None req-ff21d8fe-8291-4be8-9184-2ab50626b870 - - - - - -] OVN reports status down for port: 3f879444-99dd-4dfe-84eb-227e7844d336
2026-04-17 03:08:51.464 8 INFO neutron.db.ovn_revision_numbers_db [None req-2cfb88c6-aa25-4f72-9852-d2bc178edc9f e3868c9dc91e4be08b43e1ba5b404989 cc31a834f7fe40dbaff3664b400b8034 - - default default] Successfully bumped revision number for resource 3f879444-99dd-4dfe-84eb-227e7844d336 (type: ports) to 1
2026-04-17 03:08:51.495 7 INFO neutron.plugins.ml2.drivers.ovn.mech_driver.mech_driver [None req-d607a8f6-a26c-458d-bf8c-f7b294ddd78a - - - - - -] OVN reports status down for port: 5bb985a9-ca0a-4186-9370-9c498d9f3a79 [pid: 8|app: 0|req: 468/778] 10.0.0.204 () {34 vars in 663 bytes} [Fri Apr 17 03:08:51 2026] POST /v2.0/ports => generated 927 bytes in 451 msecs (HTTP/1.1 201) 4 headers in 162 bytes (1 switches on core 0)
2026-04-17 03:08:51.609 7 INFO neutron.plugins.ml2.drivers.ovn.mech_driver.mech_driver [None req-d607a8f6-a26c-458d-bf8c-f7b294ddd78a - - - - - -] OVN reports status down for port: ea37e222-17d0-4238-a568-cb579f2323df
2026-04-17 03:08:51.636 8 INFO neutron_taas.services.taas.taas_plugin [req-8ef9dc96-39e2-4067-83cb-e4a68f811a70 req-d5e37c21-904f-40f3-91bc-3c0cc8c27dd4 acd7ca933afd4712814cefbdfee2398d 4f5d6164101a4d1f8c019c418e1dc772 - - default default] TaaS: Handle Delete Port: 73617845-5e73-4b3d-99a6-0403f40db16b
2026-04-17 03:08:51.639 8 INFO neutron_taas.services.taas.tap_mirror_plugin [req-8ef9dc96-39e2-4067-83cb-e4a68f811a70 req-d5e37c21-904f-40f3-91bc-3c0cc8c27dd4 acd7ca933afd4712814cefbdfee2398d 4f5d6164101a4d1f8c019c418e1dc772 - - default default] Tap Mirror: Handle Delete Port: 73617845-5e73-4b3d-99a6-0403f40db16b
2026-04-17 03:08:51.849 8 INFO neutron.db.l3_db [req-8ef9dc96-39e2-4067-83cb-e4a68f811a70 req-d5e37c21-904f-40f3-91bc-3c0cc8c27dd4 acd7ca933afd4712814cefbdfee2398d 4f5d6164101a4d1f8c019c418e1dc772 - - default default] Floating IP 23fe4d6c-b90c-48d8-96ef-2dab4ec38cfe disassociated. External IP: 10.96.250.214, port: 73617845-5e73-4b3d-99a6-0403f40db16b. [pid: 8|app: 0|req: 469/779] 199.19.213.170 () {36 vars in 995 bytes} [Fri Apr 17 03:08:51 2026] DELETE /v2.0/ports/73617845-5e73-4b3d-99a6-0403f40db16b => generated 0 bytes in 488 msecs (HTTP/1.1 204) 3 headers in 131 bytes (1 switches on core 0) /var/lib/openstack/lib/python3.12/site-packages/pycadf/identifier.py:70: UserWarning: Invalid uuid: neutron. To ensure interoperability, identifiers should be a valid uuid. warnings.warn(('Invalid uuid: %s. To ensure interoperability, '
2026-04-17 03:08:52.011 7 INFO neutron.plugins.ml2.drivers.ovn.mech_driver.mech_driver [None req-d607a8f6-a26c-458d-bf8c-f7b294ddd78a - - - - - -] OVN reports status up for port: ea37e222-17d0-4238-a568-cb579f2323df
2026-04-17 03:08:52.038 7 INFO neutron.plugins.ml2.plugin [None req-d607a8f6-a26c-458d-bf8c-f7b294ddd78a - - - - - -] Attempt 1 to provision port ea37e222-17d0-4238-a568-cb579f2323df
2026-04-17 03:08:52.126 8 INFO neutron_taas.services.taas.taas_plugin [None req-0848da22-dfa6-4412-958a-06a611af0db8 e3868c9dc91e4be08b43e1ba5b404989 cc31a834f7fe40dbaff3664b400b8034 - - default default] TaaS: Handle Delete Port: 3f879444-99dd-4dfe-84eb-227e7844d336
2026-04-17 03:08:52.129 8 INFO neutron_taas.services.taas.tap_mirror_plugin [None req-0848da22-dfa6-4412-958a-06a611af0db8 e3868c9dc91e4be08b43e1ba5b404989 cc31a834f7fe40dbaff3664b400b8034 - - default default] Tap Mirror: Handle Delete Port: 3f879444-99dd-4dfe-84eb-227e7844d336
2026-04-17 03:08:52.158 7 WARNING neutron.scheduler.dhcp_agent_scheduler [None req-54df0245-e0e0-4d61-8f22-ae144caec624 f72a32b215624f4985b17b599e8fe058 08a1fb9ca73f477c9648f7d89ef18890 - - default default] No more DHCP agents
2026-04-17 03:08:52.167 7 WARNING neutron.api.rpc.agentnotifiers.dhcp_rpc_agent_api [None req-54df0245-e0e0-4d61-8f22-ae144caec624 f72a32b215624f4985b17b599e8fe058 08a1fb9ca73f477c9648f7d89ef18890 - - default default] Unable to schedule network 6d208007-dc21-454f-8e78-bb9ac8bdea61: no agents available; will retry on subsequent port and subnet creation events. [pid: 8|app: 0|req: 470/780] 10.0.0.204 () {32 vars in 718 bytes} [Fri Apr 17 03:08:51 2026] DELETE /v2.0/ports/3f879444-99dd-4dfe-84eb-227e7844d336 => generated 0 bytes in 256 msecs (HTTP/1.1 204) 3 headers in 131 bytes (1 switches on core 0) [pid: 8|app: 0|req: 471/781] 10.0.0.72 () {34 vars in 987 bytes} [Fri Apr 17 03:08:52 2026] GET /v2.0/ports?device_id=36b331ec-6982-4548-837a-8043e46529d2 => generated 12 bytes in 16 msecs (HTTP/1.1 200) 4 headers in 156 bytes (1 switches on core 0) [pid: 8|app: 0|req: 472/782] 10.0.0.72 () {34 vars in 987 bytes} [Fri Apr 17 03:08:52 2026] GET /v2.0/ports?device_id=4eea72b0-c077-4de5-a3ee-0b6a26e6893a => generated 12 bytes in 16 msecs (HTTP/1.1 200) 4 headers in 156 bytes (1 switches on core 0)
2026-04-17 03:08:52.307 8 INFO neutron.pecan_wsgi.hooks.translation [None req-089dc086-b0ac-4ece-9f9a-8e0eb5b33223 e3868c9dc91e4be08b43e1ba5b404989 cc31a834f7fe40dbaff3664b400b8034 - - default default] GET failed (client error): The resource could not be found. [pid: 8|app: 0|req: 473/783] 10.0.0.204 () {32 vars in 715 bytes} [Fri Apr 17 03:08:52 2026] GET /v2.0/ports/3f879444-99dd-4dfe-84eb-227e7844d336 => generated 132 bytes in 27 msecs (HTTP/1.1 404) 4 headers in 164 bytes (1 switches on core 0)
2026-04-17 03:08:52.312 8 INFO neutron.notifiers.nova [-] Nova event matching ['req-1f30b953-b8c9-49d0-8f18-5706228c2d21'] response: {'server_uuid': '36b331ec-6982-4548-837a-8043e46529d2', 'name': 'network-vif-unplugged', 'status': 'completed', 'tag': '73617845-5e73-4b3d-99a6-0403f40db16b', 'code': 200} [pid: 8|app: 0|req: 474/784] 10.0.0.204 () {32 vars in 722 bytes} [Fri Apr 17 03:08:52 2026] DELETE /v2.0/subnets/688a9733-d727-44c6-9b7d-d280321209da => generated 0 bytes in 135 msecs (HTTP/1.1 204) 3 headers in 131 bytes (1 switches on core 0)
2026-04-17 03:08:52.531 7 INFO neutron.db.ovn_revision_numbers_db [None req-54df0245-e0e0-4d61-8f22-ae144caec624 f72a32b215624f4985b17b599e8fe058 08a1fb9ca73f477c9648f7d89ef18890 - - default default] Successfully bumped revision number for resource ea37e222-17d0-4238-a568-cb579f2323df (type: router_ports) to 1 [pid: 7|app: 0|req: 311/785] 10.0.0.204 () {34 vars in 781 bytes} [Fri Apr 17 03:08:50 2026] PUT /v2.0/routers/75b9b301-37f1-441b-927d-bbf0588013eb/add_router_interface => generated 309 bytes in 1923 msecs (HTTP/1.1 200) 4 headers in 157 bytes (1 switches on core 0)
2026-04-17 03:08:52.560 8 INFO neutron_taas.services.taas.taas_plugin [None req-fe71b762-769f-4476-a045-a5ced501f1d2 e3868c9dc91e4be08b43e1ba5b404989 cc31a834f7fe40dbaff3664b400b8034 - - default default] TaaS: Handle Delete Port: 5bb985a9-ca0a-4186-9370-9c498d9f3a79
2026-04-17 03:08:52.563 8 INFO neutron_taas.services.taas.tap_mirror_plugin [None req-fe71b762-769f-4476-a045-a5ced501f1d2 e3868c9dc91e4be08b43e1ba5b404989 cc31a834f7fe40dbaff3664b400b8034 - - default default] Tap Mirror: Handle Delete Port: 5bb985a9-ca0a-4186-9370-9c498d9f3a79 [pid: 7|app: 0|req: 312/786] 10.0.0.204 () {32 vars in 715 bytes} [Fri Apr 17 03:08:52 2026] GET /v2.0/ports/ea37e222-17d0-4238-a568-cb579f2323df => generated 947 bytes in 64 msecs (HTTP/1.1 200) 4 headers in 157 bytes (1 switches on core 0) [pid: 7|app: 0|req: 313/787] 199.19.213.170 () {34 vars in 984 bytes} [Fri Apr 17 03:08:52 2026] GET /v2.0/networks?id=bae03a38-73a4-4bc2-8d50-6d569fdf1b99 => generated 716 bytes in 103 msecs (HTTP/1.1 200) 4 headers in 157 bytes (1 switches on core 0)
2026-04-17 03:08:52.747 8 INFO neutron.services.segments.plugin [-] Segment 9dcd8762-ab06-46c6-ba6e-4d88f05d6d15 resource provider aggregate not found
2026-04-17 03:08:52.748 7 INFO neutron.db.ovn_revision_numbers_db [None req-d607a8f6-a26c-458d-bf8c-f7b294ddd78a - - - - - -] Successfully bumped revision number for resource ea37e222-17d0-4238-a568-cb579f2323df (type: ports) to 2
2026-04-17 03:08:52.757 8 INFO neutron.services.segments.plugin [-] Segment 9dcd8762-ab06-46c6-ba6e-4d88f05d6d15 resource provider aggregate not found
2026-04-17 03:08:52.768 8 INFO neutron.services.segments.plugin [-] Segment 9dcd8762-ab06-46c6-ba6e-4d88f05d6d15 resource provider not found; error: Placement Client Error (4xx): {"errors": [{"status": 404, "title": "Not Found", "detail": "The resource could not be found.\n\n No resource provider with uuid 9dcd8762-ab06-46c6-ba6e-4d88f05d6d15 found for delete ", "request_id": "req-10ee04bb-64a0-453f-9f5b-33718be21cbd"}]}
2026-04-17 03:08:52.784 8 INFO neutron.services.segments.plugin [-] Segment 9dcd8762-ab06-46c6-ba6e-4d88f05d6d15 resource provider not found; error: Placement Client Error (4xx): {"errors": [{"status": 404, "title": "Not Found", "detail": "The resource could not be found.\n\n No resource provider with uuid 9dcd8762-ab06-46c6-ba6e-4d88f05d6d15 found for delete ", "request_id": "req-fec218c2-781f-481c-8b17-cf23ea36609e"}]} [pid: 8|app: 0|req: 475/788] 10.0.0.204 () {32 vars in 724 bytes} [Fri Apr 17 03:08:52 2026] DELETE /v2.0/networks/a3d6e0d7-79e7-443f-b6c6-02e461547cb8 => generated 0 bytes in 347 msecs (HTTP/1.1 204) 3 headers in 131 bytes (1 switches on core 0)
2026-04-17 03:08:53.087 8 WARNING neutron.scheduler.dhcp_agent_scheduler [req-1ce8f42a-03db-443b-ac02-3e985f26e269 req-b1ddecd0-7335-4ed5-8455-acb87e2ab3bb f99ee19e1e114fd48cf9b2f787cb0b6c 376eec68c3f84ba8b154ebd983eda120 - - default default] No more DHCP agents
2026-04-17 03:08:53.088 8 WARNING neutron.api.rpc.agentnotifiers.dhcp_rpc_agent_api [req-1ce8f42a-03db-443b-ac02-3e985f26e269 req-b1ddecd0-7335-4ed5-8455-acb87e2ab3bb f99ee19e1e114fd48cf9b2f787cb0b6c 376eec68c3f84ba8b154ebd983eda120 - - default default] Unable to schedule network bae03a38-73a4-4bc2-8d50-6d569fdf1b99: no agents available; will retry on subsequent port and subnet creation events.
2026-04-17 03:08:53.184 8 INFO neutron.plugins.ml2.drivers.ovn.mech_driver.mech_driver [None req-ff21d8fe-8291-4be8-9184-2ab50626b870 - - - - - -] OVN reports status down for port: fb2bd43e-18fc-4a21-bb39-95cdfd80319b
2026-04-17 03:08:53.195 7 WARNING neutron.scheduler.dhcp_agent_scheduler [None req-32d83dc8-0a9d-4213-9914-c5cb38c7f164 f72a32b215624f4985b17b599e8fe058 08a1fb9ca73f477c9648f7d89ef18890 - - default default] No more DHCP agents
2026-04-17 03:08:53.197 7 WARNING neutron.api.rpc.agentnotifiers.dhcp_rpc_agent_api [None req-32d83dc8-0a9d-4213-9914-c5cb38c7f164 f72a32b215624f4985b17b599e8fe058 08a1fb9ca73f477c9648f7d89ef18890 - - default default] Unable to schedule network 3ed039af-1da0-482f-bea9-506c7b949034: no agents available; will retry on subsequent port and subnet creation events.
2026-04-17 03:08:53.242 8 INFO neutron.db.ovn_revision_numbers_db [req-1ce8f42a-03db-443b-ac02-3e985f26e269 req-b1ddecd0-7335-4ed5-8455-acb87e2ab3bb f99ee19e1e114fd48cf9b2f787cb0b6c 376eec68c3f84ba8b154ebd983eda120 - - default default] Successfully bumped revision number for resource fb2bd43e-18fc-4a21-bb39-95cdfd80319b (type: ports) to 1
2026-04-17 03:08:53.303 7 INFO neutron.db.ovn_revision_numbers_db [None req-32d83dc8-0a9d-4213-9914-c5cb38c7f164 f72a32b215624f4985b17b599e8fe058 08a1fb9ca73f477c9648f7d89ef18890 - - default default] Successfully bumped revision number for resource 0438e532-c92f-4214-8af9-8e4574e758d7 (type: ports) to 1 [pid: 8|app: 0|req: 476/789] 199.19.213.170 () {38 vars in 953 bytes} [Fri Apr 17 03:08:52 2026] POST /v2.0/ports => generated 958 bytes in 545 msecs (HTTP/1.1 201) 4 headers in 162 bytes (1 switches on core 0) /var/lib/openstack/lib/python3.12/site-packages/pycadf/identifier.py:70: UserWarning: Invalid uuid: neutron. To ensure interoperability, identifiers should be a valid uuid. warnings.warn(('Invalid uuid: %s. To ensure interoperability, '
2026-04-17 03:08:53.535 8 WARNING neutron.scheduler.dhcp_agent_scheduler [None req-86626910-4443-42bf-8c74-a3a1b8034737 e3868c9dc91e4be08b43e1ba5b404989 cc31a834f7fe40dbaff3664b400b8034 - - default default] No more DHCP agents
2026-04-17 03:08:53.536 8 WARNING neutron.api.rpc.agentnotifiers.dhcp_rpc_agent_api [None req-86626910-4443-42bf-8c74-a3a1b8034737 e3868c9dc91e4be08b43e1ba5b404989 cc31a834f7fe40dbaff3664b400b8034 - - default default] Unable to schedule network ec552546-122d-4bfc-91bb-ba243f156e72: no agents available; will retry on subsequent port and subnet creation events.
2026-04-17 03:08:53.575 8 INFO neutron.plugins.ml2.drivers.ovn.mech_driver.mech_driver [None req-ff21d8fe-8291-4be8-9184-2ab50626b870 - - - - - -] OVN reports status down for port: 428b6e38-4384-4f66-9867-582ad50be951
2026-04-17 03:08:53.617 8 INFO neutron.db.ovn_revision_numbers_db [None req-86626910-4443-42bf-8c74-a3a1b8034737 e3868c9dc91e4be08b43e1ba5b404989 cc31a834f7fe40dbaff3664b400b8034 - - default default] Successfully bumped revision number for resource 428b6e38-4384-4f66-9867-582ad50be951 (type: ports) to 1 [pid: 8|app: 0|req: 477/790] 10.0.0.204 () {34 vars in 663 bytes} [Fri Apr 17 03:08:53 2026] POST /v2.0/ports => generated 778 bytes in 319 msecs (HTTP/1.1 201) 4 headers in 162 bytes (1 switches on core 0) /var/lib/openstack/lib/python3.12/site-packages/pycadf/identifier.py:70: UserWarning: Invalid uuid: neutron. To ensure interoperability, identifiers should be a valid uuid. warnings.warn(('Invalid uuid: %s. To ensure interoperability, ' [pid: 8|app: 0|req: 478/791] 10.0.0.72 () {34 vars in 987 bytes} [Fri Apr 17 03:08:53 2026] GET /v2.0/ports?device_id=36b331ec-6982-4548-837a-8043e46529d2 => generated 12 bytes in 13 msecs (HTTP/1.1 200) 4 headers in 156 bytes (1 switches on core 0)
2026-04-17 03:08:53.958 7 WARNING neutron.scheduler.dhcp_agent_scheduler [None req-32d83dc8-0a9d-4213-9914-c5cb38c7f164 f72a32b215624f4985b17b599e8fe058 08a1fb9ca73f477c9648f7d89ef18890 - - default default] No more DHCP agents
2026-04-17 03:08:53.962 7 WARNING neutron.api.rpc.agentnotifiers.dhcp_rpc_agent_api [None req-32d83dc8-0a9d-4213-9914-c5cb38c7f164 f72a32b215624f4985b17b599e8fe058 08a1fb9ca73f477c9648f7d89ef18890 - - default default] Unable to schedule network 3ed039af-1da0-482f-bea9-506c7b949034: no agents available; will retry on subsequent port and subnet creation events.
2026-04-17 03:08:54.027 8 INFO neutron.db.ovn_revision_numbers_db [req-1ce8f42a-03db-443b-ac02-3e985f26e269 req-94e18d49-f5ef-4dec-8e84-c7060f361fe7 b9abd98179e74f8da6eda21d519da513 ea7fcab5b4c6456d9787bdfa6b68cc6a - - de90131efa34404896dccb3174ceb2b0 de90131efa34404896dccb3174ceb2b0] Successfully bumped revision number for resource fb2bd43e-18fc-4a21-bb39-95cdfd80319b (type: ports) to 2
