2026-04-17 03:09:47.005 7 INFO neutron.db.segments_db [None req-7e6bcc7b-9e0c-4a8b-9ff7-b1079ddbb570 dab55ac24d2d47edba2ec78f170fc239 841896cde139436ebefd00a87f5d0e83 - - default default] Added segment 93c82092-8fe4-41f0-812e-08107fe80c3a of type geneve for network 0f0b9f30-836e-4a81-88b2-ac8e8e9c20ee
2026-04-17 03:09:47.061 8 INFO neutron.db.ovn_revision_numbers_db [None req-f4439c17-a1d7-4ec3-b0f0-ad536bcb0126 1e5f70d4f64e4a1f917bf11118aa98af 142992fc9dbb42e8b5f16a9d6391d8de - - default default] Successfully bumped revision number for resource 20b1447b-24ad-4966-beac-29a37d5a0e70 (type: ports) to 1
2026-04-17 03:09:47.140 7 INFO neutron.db.ovn_revision_numbers_db [None req-7e6bcc7b-9e0c-4a8b-9ff7-b1079ddbb570 dab55ac24d2d47edba2ec78f170fc239 841896cde139436ebefd00a87f5d0e83 - - default default] Successfully bumped revision number for resource 0f0b9f30-836e-4a81-88b2-ac8e8e9c20ee (type: networks) to 1
2026-04-17 03:09:47.295 7 WARNING neutron.scheduler.dhcp_agent_scheduler [None req-7e6bcc7b-9e0c-4a8b-9ff7-b1079ddbb570 dab55ac24d2d47edba2ec78f170fc239 841896cde139436ebefd00a87f5d0e83 - - default default] No more DHCP agents
2026-04-17 03:09:47.296 7 WARNING neutron.api.rpc.agentnotifiers.dhcp_rpc_agent_api [None req-7e6bcc7b-9e0c-4a8b-9ff7-b1079ddbb570 dab55ac24d2d47edba2ec78f170fc239 841896cde139436ebefd00a87f5d0e83 - - default default] Unable to schedule network 0f0b9f30-836e-4a81-88b2-ac8e8e9c20ee: no agents available; will retry on subsequent port and subnet creation events.
2026-04-17 03:09:47.337 7 INFO neutron.plugins.ml2.drivers.ovn.mech_driver.mech_driver [None req-9cc42a7b-9db2-46ba-bd21-3d15c67c0743 - - - - - -] OVN reports status down for port: b7430a3a-9e08-4a46-a960-102a49c5f437
2026-04-17 03:09:47.361 8 INFO neutron.plugins.ml2.drivers.ovn.mech_driver.mech_driver [None req-70f6a8b6-9d92-4778-b8ee-ee687d345886 - - - - - -] OVN reports status down for port: 20b1447b-24ad-4966-beac-29a37d5a0e70
2026-04-17 03:09:47.375 7 INFO neutron.db.ovn_revision_numbers_db [None req-7e6bcc7b-9e0c-4a8b-9ff7-b1079ddbb570 dab55ac24d2d47edba2ec78f170fc239 841896cde139436ebefd00a87f5d0e83 - - default default] Successfully bumped revision number for resource b7430a3a-9e08-4a46-a960-102a49c5f437 (type: ports) to 1 [pid: 7|app: 0|req: 492/1145] 10.0.0.204 () {34 vars in 669 bytes} [Fri Apr 17 03:09:46 2026] POST /v2.0/networks => generated 766 bytes in 772 msecs (HTTP/1.1 201) 4 headers in 162 bytes (1 switches on core 0) [pid: 7|app: 0|req: 493/1146] 10.0.0.194 () {28 vars in 589 bytes} [Fri Apr 17 03:09:47 2026] GET /v2.0/subnetpools => generated 19 bytes in 21 msecs (HTTP/1.1 200) 4 headers in 156 bytes (1 switches on core 0) [pid: 7|app: 0|req: 494/1147] 10.0.0.204 () {32 vars in 772 bytes} [Fri Apr 17 03:09:47 2026] GET /v2.0/security-groups?tenant_id=406a69a848e248beab255aa32560d642&name=default => generated 2925 bytes in 46 msecs (HTTP/1.1 200) 4 headers in 158 bytes (1 switches on core 0) [pid: 7|app: 0|req: 495/1148] 10.0.0.204 () {32 vars in 772 bytes} [Fri Apr 17 03:09:47 2026] GET /v2.0/security-groups?tenant_id=505c469d241342bd947326c404347e8e&name=default => generated 2925 bytes in 111 msecs (HTTP/1.1 200) 4 headers in 158 bytes (1 switches on core 0)
2026-04-17 03:09:47.716 7 WARNING neutron.scheduler.dhcp_agent_scheduler [None req-b9502d0a-246d-47e9-b531-b096942af164 dab55ac24d2d47edba2ec78f170fc239 841896cde139436ebefd00a87f5d0e83 - - default default] No more DHCP agents
2026-04-17 03:09:47.717 7 WARNING neutron.api.rpc.agentnotifiers.dhcp_rpc_agent_api [None req-b9502d0a-246d-47e9-b531-b096942af164 dab55ac24d2d47edba2ec78f170fc239 841896cde139436ebefd00a87f5d0e83 - - default default] Unable to schedule network 0f0b9f30-836e-4a81-88b2-ac8e8e9c20ee: no agents available; will retry on subsequent port and subnet creation events.
2026-04-17 03:09:47.783 8 INFO neutron.plugins.ml2.drivers.ovn.mech_driver.mech_driver [None req-70f6a8b6-9d92-4778-b8ee-ee687d345886 - - - - - -] OVN reports status up for port: 20b1447b-24ad-4966-beac-29a37d5a0e70
2026-04-17 03:09:47.806 8 INFO neutron.plugins.ml2.plugin [None req-70f6a8b6-9d92-4778-b8ee-ee687d345886 - - - - - -] Attempt 1 to provision port 20b1447b-24ad-4966-beac-29a37d5a0e70
2026-04-17 03:09:47.893 8 WARNING neutron.scheduler.dhcp_agent_scheduler [None req-f4439c17-a1d7-4ec3-b0f0-ad536bcb0126 1e5f70d4f64e4a1f917bf11118aa98af 142992fc9dbb42e8b5f16a9d6391d8de - - default default] No more DHCP agents
2026-04-17 03:09:47.894 8 WARNING neutron.api.rpc.agentnotifiers.dhcp_rpc_agent_api [None req-f4439c17-a1d7-4ec3-b0f0-ad536bcb0126 1e5f70d4f64e4a1f917bf11118aa98af 142992fc9dbb42e8b5f16a9d6391d8de - - default default] Unable to schedule network 0d6257fb-e25e-4a3d-afb9-5228bc3c0585: no agents available; will retry on subsequent port and subnet creation events.
2026-04-17 03:09:48.090 7 INFO neutron.db.ovn_revision_numbers_db [None req-dd7d7f54-afe7-46ff-8032-5ab4a0275338 - - - - - -] Successfully bumped revision number for resource b7430a3a-9e08-4a46-a960-102a49c5f437 (type: ports) to 2
2026-04-17 03:09:48.120 7 INFO neutron.db.ovn_revision_numbers_db [None req-dd7d7f54-afe7-46ff-8032-5ab4a0275338 - - - - - -] Successfully bumped revision number for resource c6849744-fd99-47db-b1f4-19613cafe45e (type: subnets) to 0 [pid: 7|app: 0|req: 496/1149] 10.0.0.204 () {34 vars in 667 bytes} [Fri Apr 17 03:09:47 2026] POST /v2.0/subnets => generated 691 bytes in 545 msecs (HTTP/1.1 201) 4 headers in 162 bytes (1 switches on core 0) [pid: 7|app: 0|req: 497/1150] 10.0.0.194 () {28 vars in 597 bytes} [Fri Apr 17 03:09:48 2026] GET /v2.0/security-groups => generated 29017 bytes in 34 msecs (HTTP/1.1 200) 4 headers in 159 bytes (1 switches on core 0) [pid: 7|app: 0|req: 498/1151] 10.0.0.204 () {32 vars in 738 bytes} [Fri Apr 17 03:09:48 2026] DELETE /v2.0/security-groups/10d89e6e-91b0-4346-a03a-b331e05d018b => generated 0 bytes in 217 msecs (HTTP/1.1 204) 2 headers in 112 bytes (1 switches on core 0) [pid: 7|app: 0|req: 499/1152] 10.0.0.204 () {32 vars in 738 bytes} [Fri Apr 17 03:09:48 2026] DELETE /v2.0/security-groups/d2e925f6-abd7-4d75-9dde-0427c78033c1 => generated 0 bytes in 215 msecs (HTTP/1.1 204) 2 headers in 112 bytes (1 switches on core 0)
2026-04-17 03:09:48.814 8 INFO neutron.db.ovn_revision_numbers_db [None req-70f6a8b6-9d92-4778-b8ee-ee687d345886 - - - - - -] Successfully bumped revision number for resource 20b1447b-24ad-4966-beac-29a37d5a0e70 (type: ports) to 2
2026-04-17 03:09:49.017 7 WARNING neutron.scheduler.dhcp_agent_scheduler [None req-43470b25-5004-4721-a1d8-e0f0d57e28a1 dab55ac24d2d47edba2ec78f170fc239 841896cde139436ebefd00a87f5d0e83 - - default default] No more DHCP agents
2026-04-17 03:09:49.019 7 WARNING neutron.api.rpc.agentnotifiers.dhcp_rpc_agent_api [None req-43470b25-5004-4721-a1d8-e0f0d57e28a1 dab55ac24d2d47edba2ec78f170fc239 841896cde139436ebefd00a87f5d0e83 - - default default] Unable to schedule network 6a860aad-4aa0-4103-90f6-6a1a5b2f1a07: no agents available; will retry on subsequent port and subnet creation events.
2026-04-17 03:09:49.035 8 INFO neutron.db.ovn_revision_numbers_db [None req-f4439c17-a1d7-4ec3-b0f0-ad536bcb0126 1e5f70d4f64e4a1f917bf11118aa98af 142992fc9dbb42e8b5f16a9d6391d8de - - default default] Successfully bumped revision number for resource 20b1447b-24ad-4966-beac-29a37d5a0e70 (type: router_ports) to 1 [pid: 8|app: 0|req: 654/1153] 10.0.0.204 () {34 vars in 781 bytes} [Fri Apr 17 03:09:46 2026] PUT /v2.0/routers/390c3286-4b3c-4084-9e61-d04c571a91db/add_router_interface => generated 309 bytes in 2809 msecs (HTTP/1.1 200) 4 headers in 157 bytes (1 switches on core 0) [pid: 8|app: 0|req: 657/1156] 10.0.0.194 () {28 vars in 581 bytes} [Fri Apr 17 03:09:49 2026] GET /v2.0/subnets => generated 2654 bytes in 44 msecs (HTTP/1.1 200) 4 headers in 158 bytes (1 switches on core 0)
2026-04-17 03:09:49.109 7 INFO neutron.plugins.ml2.drivers.ovn.mech_driver.mech_driver [None req-9cc42a7b-9db2-46ba-bd21-3d15c67c0743 - - - - - -] OVN reports status down for port: 165bd37d-ec94-4d0a-aa0c-da3ea69c20fd [pid: 8|app: 0|req: 658/1157] 10.0.0.204 () {32 vars in 647 bytes} [Fri Apr 17 03:09:49 2026] GET /v2.0/networks => generated 3870 bytes in 74 msecs (HTTP/1.1 200) 4 headers in 158 bytes (1 switches on core 0)
2026-04-17 03:09:49.173 7 INFO neutron.db.ovn_revision_numbers_db [None req-43470b25-5004-4721-a1d8-e0f0d57e28a1 dab55ac24d2d47edba2ec78f170fc239 841896cde139436ebefd00a87f5d0e83 - - default default] Successfully bumped revision number for resource 165bd37d-ec94-4d0a-aa0c-da3ea69c20fd (type: ports) to 1 [pid: 8|app: 0|req: 659/1158] 10.0.0.194 () {28 vars in 579 bytes} [Fri Apr 17 03:09:49 2026] GET /v2.0/agents => generated 1214 bytes in 13 msecs (HTTP/1.1 200) 4 headers in 158 bytes (1 switches on core 0) [pid: 8|app: 0|req: 660/1159] 10.0.0.204 () {32 vars in 645 bytes} [Fri Apr 17 03:09:49 2026] GET /v2.0/subnets => generated 2654 bytes in 40 msecs (HTTP/1.1 200) 4 headers in 158 bytes (1 switches on core 0) [pid: 8|app: 0|req: 661/1160] 10.0.0.194 () {28 vars in 589 bytes} [Fri Apr 17 03:09:49 2026] GET /v2.0/floatingips => generated 19 bytes in 31 msecs (HTTP/1.1 200) 4 headers in 156 bytes (1 switches on core 0) [pid: 8|app: 0|req: 662/1161] 10.0.0.204 () {32 vars in 645 bytes} [Fri Apr 17 03:09:49 2026] GET /v2.0/routers => generated 1590 bytes in 72 msecs (HTTP/1.1 200) 4 headers in 158 bytes (1 switches on core 0) [pid: 8|app: 0|req: 663/1162] 10.0.0.194 () {28 vars in 583 bytes} [Fri Apr 17 03:09:49 2026] GET /v2.0/networks => generated 3870 bytes in 74 msecs (HTTP/1.1 200) 4 headers in 158 bytes (1 switches on core 0)
2026-04-17 03:09:49.545 8 INFO neutron.db.ovn_revision_numbers_db [None req-b36065a4-ed2d-44bd-8aee-5c3b80818480 1e5f70d4f64e4a1f917bf11118aa98af 142992fc9dbb42e8b5f16a9d6391d8de - - default default] Successfully bumped revision number for resource f1cb532d-6471-4612-8c5c-871dd0c0af0b (type: security_groups) to 1
2026-04-17 03:09:49.558 8 INFO neutron.db.ovn_revision_numbers_db [None req-b36065a4-ed2d-44bd-8aee-5c3b80818480 1e5f70d4f64e4a1f917bf11118aa98af 142992fc9dbb42e8b5f16a9d6391d8de - - default default] Successfully bumped revision number for resource c151a919-d916-4851-a592-9ba1e755e199 (type: security_group_rules) to 0
2026-04-17 03:09:49.568 8 INFO neutron.db.ovn_revision_numbers_db [None req-b36065a4-ed2d-44bd-8aee-5c3b80818480 1e5f70d4f64e4a1f917bf11118aa98af 142992fc9dbb42e8b5f16a9d6391d8de - - default default] Successfully bumped revision number for resource e957e4d7-acec-4251-805e-7076b42f01ab (type: security_group_rules) to 0 [pid: 8|app: 0|req: 664/1163] 10.0.0.204 () {34 vars in 683 bytes} [Fri Apr 17 03:09:49 2026] POST /v2.0/security-groups => generated 1675 bytes in 192 msecs (HTTP/1.1 201) 4 headers in 163 bytes (1 switches on core 0)
2026-04-17 03:09:49.739 8 INFO neutron.db.ovn_revision_numbers_db [None req-05e6774b-6f29-4cb2-8243-62f434f1489a 1e5f70d4f64e4a1f917bf11118aa98af 142992fc9dbb42e8b5f16a9d6391d8de - - default default] Successfully bumped revision number for resource f5e14b64-9fac-45b0-b2a2-ebe763ba4e13 (type: security_group_rules) to 0 [pid: 8|app: 0|req: 665/1164] 10.0.0.204 () {34 vars in 693 bytes} [Fri Apr 17 03:09:49 2026] POST /v2.0/security-group-rules => generated 597 bytes in 156 msecs (HTTP/1.1 201) 4 headers in 162 bytes (1 switches on core 0)
2026-04-17 03:09:49.782 7 INFO neutron.plugins.ml2.drivers.ovn.mech_driver.ovsdb.commands [None req-a343362c-3a3f-4739-aadb-19c2f602938c - - - - - -] Schedule LRP lrp-165bd37d-ec94-4d0a-aa0c-da3ea69c20fd on gateway 69d4984a-c7b7-4efd-804a-5216ae6ffe81 with priority 1
2026-04-17 03:09:49.818 7 INFO neutron.plugins.ml2.drivers.ovn.mech_driver.mech_driver [None req-9cc42a7b-9db2-46ba-bd21-3d15c67c0743 - - - - - -] OVN reports status up for port: 165bd37d-ec94-4d0a-aa0c-da3ea69c20fd
2026-04-17 03:09:49.844 7 INFO neutron.plugins.ml2.plugin [None req-9cc42a7b-9db2-46ba-bd21-3d15c67c0743 - - - - - -] Attempt 1 to provision port 165bd37d-ec94-4d0a-aa0c-da3ea69c20fd
2026-04-17 03:09:49.846 8 INFO neutron.plugins.ml2.drivers.ovn.mech_driver.ovsdb.ovsdb_monitor [None req-74675c75-2d40-459d-a5a9-0f84a45c63ed - - - - - -] Router 72ebff26-ef80-4699-b11b-7e9061d9a1d0 is bound to host instance
2026-04-17 03:09:49.882 7 INFO neutron.db.ovn_revision_numbers_db [None req-43470b25-5004-4721-a1d8-e0f0d57e28a1 dab55ac24d2d47edba2ec78f170fc239 841896cde139436ebefd00a87f5d0e83 - - default default] Successfully bumped revision number for resource 165bd37d-ec94-4d0a-aa0c-da3ea69c20fd (type: router_ports) to 1
2026-04-17 03:09:49.986 7 INFO neutron.db.ovn_revision_numbers_db [None req-43470b25-5004-4721-a1d8-e0f0d57e28a1 dab55ac24d2d47edba2ec78f170fc239 841896cde139436ebefd00a87f5d0e83 - - default default] Successfully bumped revision number for resource 72ebff26-ef80-4699-b11b-7e9061d9a1d0 (type: routers) to 2 [pid: 7|app: 0|req: 500/1165] 10.0.0.204 () {34 vars in 667 bytes} [Fri Apr 17 03:09:48 2026] POST /v2.0/routers => generated 969 bytes in 1404 msecs (HTTP/1.1 201) 4 headers in 162 bytes (1 switches on core 0)
2026-04-17 03:09:50.008 8 INFO neutron.db.ovn_revision_numbers_db [None req-bbb41e44-80c1-4b63-85af-8dd2b525d434 1e5f70d4f64e4a1f917bf11118aa98af 142992fc9dbb42e8b5f16a9d6391d8de - - default default] Successfully bumped revision number for resource 00ddb164-6703-4167-9b0a-363679b03da0 (type: security_group_rules) to 0 [pid: 8|app: 0|req: 666/1166] 10.0.0.204 () {34 vars in 693 bytes} [Fri Apr 17 03:09:49 2026] POST /v2.0/security-group-rules => generated 596 bytes in 297 msecs (HTTP/1.1 201) 4 headers in 162 bytes (1 switches on core 0)
2026-04-17 03:09:50.271 8 INFO neutron.db.ovn_revision_numbers_db [None req-029c5c89-3a9c-47a9-bfba-2d3720b00532 1e5f70d4f64e4a1f917bf11118aa98af 142992fc9dbb42e8b5f16a9d6391d8de - - default default] Successfully bumped revision number for resource f373d6ff-2cc0-4556-954b-03086ea5ae28 (type: security_group_rules) to 0 [pid: 8|app: 0|req: 667/1167] 10.0.0.204 () {34 vars in 693 bytes} [Fri Apr 17 03:09:50 2026] POST /v2.0/security-group-rules => generated 602 bytes in 257 msecs (HTTP/1.1 201) 4 headers in 162 bytes (1 switches on core 0)
2026-04-17 03:09:50.479 7 WARNING neutron.scheduler.dhcp_agent_scheduler [None req-393b70e3-f60e-41d9-9f88-79cdf86b4d51 dab55ac24d2d47edba2ec78f170fc239 841896cde139436ebefd00a87f5d0e83 - - default default] No more DHCP agents
2026-04-17 03:09:50.480 7 WARNING neutron.api.rpc.agentnotifiers.dhcp_rpc_agent_api [None req-393b70e3-f60e-41d9-9f88-79cdf86b4d51 dab55ac24d2d47edba2ec78f170fc239 841896cde139436ebefd00a87f5d0e83 - - default default] Unable to schedule network 0f0b9f30-836e-4a81-88b2-ac8e8e9c20ee: no agents available; will retry on subsequent port and subnet creation events.
2026-04-17 03:09:50.607 7 INFO neutron.db.ovn_revision_numbers_db [None req-393b70e3-f60e-41d9-9f88-79cdf86b4d51 dab55ac24d2d47edba2ec78f170fc239 841896cde139436ebefd00a87f5d0e83 - - default default] Successfully bumped revision number for resource 4e895c37-6f5f-45cd-9061-c0aaa5aa1d62 (type: ports) to 1
2026-04-17 03:09:50.735 8 INFO neutron.db.ovn_revision_numbers_db [None req-f767a524-3896-448a-900a-2bf6ef90056f 0760535f81d34d4c8594c13624cf9f38 f0a62d9146c34983b86fb1722fe2ac98 - - default default] Successfully bumped revision number for resource 80eb1e88-ac82-48b9-9cdb-34b44cf9d23a (type: security_groups) to 1
2026-04-17 03:09:50.752 8 INFO neutron.db.ovn_revision_numbers_db [None req-f767a524-3896-448a-900a-2bf6ef90056f 0760535f81d34d4c8594c13624cf9f38 f0a62d9146c34983b86fb1722fe2ac98 - - default default] Successfully bumped revision number for resource 006e932d-019f-4192-90ca-5c8a0ffffd6b (type: security_group_rules) to 0
2026-04-17 03:09:50.772 8 INFO neutron.db.ovn_revision_numbers_db [None req-f767a524-3896-448a-900a-2bf6ef90056f 0760535f81d34d4c8594c13624cf9f38 f0a62d9146c34983b86fb1722fe2ac98 - - default default] Successfully bumped revision number for resource 4594d63b-f43a-4642-aa31-a64eb834f0d1 (type: security_group_rules) to 0
2026-04-17 03:09:50.792 8 INFO neutron.db.ovn_revision_numbers_db [None req-f767a524-3896-448a-900a-2bf6ef90056f 0760535f81d34d4c8594c13624cf9f38 f0a62d9146c34983b86fb1722fe2ac98 - - default default] Successfully bumped revision number for resource c0f390b7-c458-4493-bcdf-2d9e4b1ec1ad (type: security_group_rules) to 0
2026-04-17 03:09:50.814 8 INFO neutron.db.ovn_revision_numbers_db [None req-f767a524-3896-448a-900a-2bf6ef90056f 0760535f81d34d4c8594c13624cf9f38 f0a62d9146c34983b86fb1722fe2ac98 - - default default] Successfully bumped revision number for resource f7ae951e-624f-466b-ab18-019d4931ddb0 (type: security_group_rules) to 0
2026-04-17 03:09:50.935 8 INFO neutron.db.segments_db [None req-f767a524-3896-448a-900a-2bf6ef90056f 0760535f81d34d4c8594c13624cf9f38 f0a62d9146c34983b86fb1722fe2ac98 - - default default] Added segment 13fd12c2-a8d1-4c17-bfa2-392494081f35 of type geneve for network 0edddeb9-44fe-4f52-bc5b-0a526504e120
2026-04-17 03:09:51.076 8 INFO neutron.db.ovn_revision_numbers_db [None req-9478feb9-eb1e-46a9-b5c4-23735a839f7f - - - - - -] Successfully bumped revision number for resource 165bd37d-ec94-4d0a-aa0c-da3ea69c20fd (type: ports) to 4
2026-04-17 03:09:51.105 8 INFO neutron.db.ovn_revision_numbers_db [None req-f767a524-3896-448a-900a-2bf6ef90056f 0760535f81d34d4c8594c13624cf9f38 f0a62d9146c34983b86fb1722fe2ac98 - - default default] Successfully bumped revision number for resource 0edddeb9-44fe-4f52-bc5b-0a526504e120 (type: networks) to 1
2026-04-17 03:09:51.293 7 WARNING neutron.scheduler.dhcp_agent_scheduler [None req-393b70e3-f60e-41d9-9f88-79cdf86b4d51 dab55ac24d2d47edba2ec78f170fc239 841896cde139436ebefd00a87f5d0e83 - - default default] No more DHCP agents
2026-04-17 03:09:51.294 7 WARNING neutron.api.rpc.agentnotifiers.dhcp_rpc_agent_api [None req-393b70e3-f60e-41d9-9f88-79cdf86b4d51 dab55ac24d2d47edba2ec78f170fc239 841896cde139436ebefd00a87f5d0e83 - - default default] Unable to schedule network 0f0b9f30-836e-4a81-88b2-ac8e8e9c20ee: no agents available; will retry on subsequent port and subnet creation events.
2026-04-17 03:09:51.454 8 WARNING neutron.scheduler.dhcp_agent_scheduler [None req-f767a524-3896-448a-900a-2bf6ef90056f 0760535f81d34d4c8594c13624cf9f38 f0a62d9146c34983b86fb1722fe2ac98 - - default default] No more DHCP agents
2026-04-17 03:09:51.458 8 WARNING neutron.api.rpc.agentnotifiers.dhcp_rpc_agent_api [None req-f767a524-3896-448a-900a-2bf6ef90056f 0760535f81d34d4c8594c13624cf9f38 f0a62d9146c34983b86fb1722fe2ac98 - - default default] Unable to schedule network 0edddeb9-44fe-4f52-bc5b-0a526504e120: no agents available; will retry on subsequent port and subnet creation events.
2026-04-17 03:09:51.589 8 INFO neutron.db.ovn_revision_numbers_db [None req-f767a524-3896-448a-900a-2bf6ef90056f 0760535f81d34d4c8594c13624cf9f38 f0a62d9146c34983b86fb1722fe2ac98 - - default default] Successfully bumped revision number for resource 065d93a0-5d2c-471d-9530-809976b5b171 (type: ports) to 1 [pid: 8|app: 0|req: 668/1168] 10.0.0.204 () {34 vars in 668 bytes} [Fri Apr 17 03:09:50 2026] POST /v2.0/networks => generated 649 bytes in 1313 msecs (HTTP/1.1 201) 4 headers in 162 bytes (1 switches on core 0)
2026-04-17 03:09:51.672 8 INFO neutron.db.ovn_revision_numbers_db [None req-9478feb9-eb1e-46a9-b5c4-23735a839f7f - - - - - -] Successfully bumped revision number for resource 165bd37d-ec94-4d0a-aa0c-da3ea69c20fd (type: ports) to 5
2026-04-17 03:09:51.741 7 INFO neutron.db.ovn_revision_numbers_db [None req-393b70e3-f60e-41d9-9f88-79cdf86b4d51 dab55ac24d2d47edba2ec78f170fc239 841896cde139436ebefd00a87f5d0e83 - - default default] Successfully bumped revision number for resource 4e895c37-6f5f-45cd-9061-c0aaa5aa1d62 (type: router_ports) to 1 [pid: 7|app: 0|req: 501/1169] 10.0.0.204 () {34 vars in 781 bytes} [Fri Apr 17 03:09:50 2026] PUT /v2.0/routers/72ebff26-ef80-4699-b11b-7e9061d9a1d0/add_router_interface => generated 309 bytes in 1737 msecs (HTTP/1.1 200) 4 headers in 157 bytes (1 switches on core 0)
2026-04-17 03:09:51.840 7 INFO neutron.db.segments_db [None req-1234c2b1-095f-4bc7-a626-160e49f1737a 0760535f81d34d4c8594c13624cf9f38 f0a62d9146c34983b86fb1722fe2ac98 - - default default] Added segment 790c9c2d-cede-4d71-8237-62a28a6b93a9 of type geneve for network 0a3d88f1-4e5f-4935-81da-5005d1f3883d
2026-04-17 03:09:51.974 8 INFO neutron.db.ovn_revision_numbers_db [None req-db74148d-b6fe-4a0b-9d65-ff7f4a6ddadd 1e5f70d4f64e4a1f917bf11118aa98af 142992fc9dbb42e8b5f16a9d6391d8de - - default default] Successfully bumped revision number for resource 142b668a-1198-42f4-93f0-0a043a30ae9c (type: security_group_rules) to 0
2026-04-17 03:09:51.984 7 INFO neutron.db.ovn_revision_numbers_db [None req-1234c2b1-095f-4bc7-a626-160e49f1737a 0760535f81d34d4c8594c13624cf9f38 f0a62d9146c34983b86fb1722fe2ac98 - - default default] Successfully bumped revision number for resource 0a3d88f1-4e5f-4935-81da-5005d1f3883d (type: networks) to 1 [pid: 8|app: 0|req: 669/1170] 10.0.0.204 () {34 vars in 693 bytes} [Fri Apr 17 03:09:51 2026] POST /v2.0/security-group-rules => generated 601 bytes in 361 msecs (HTTP/1.1 201) 4 headers in 162 bytes (1 switches on core 0)
2026-04-17 03:09:52.039 8 INFO neutron.db.securitygroups_db [None req-fef62269-949f-46d9-977c-af78b22d5a5f 1e5f70d4f64e4a1f917bf11118aa98af 142992fc9dbb42e8b5f16a9d6391d8de - - default default] Project 142992fc9dbb42e8b5f16a9d6391d8de added a security group rule with legacy IPv6 ICMP protocol name icmp, ipv6-icmp should be used instead. It was automatically converted.
2026-04-17 03:09:52.145 7 WARNING neutron.scheduler.dhcp_agent_scheduler [None req-1234c2b1-095f-4bc7-a626-160e49f1737a 0760535f81d34d4c8594c13624cf9f38 f0a62d9146c34983b86fb1722fe2ac98 - - default default] No more DHCP agents
2026-04-17 03:09:52.149 8 INFO neutron.db.ovn_revision_numbers_db [None req-fef62269-949f-46d9-977c-af78b22d5a5f 1e5f70d4f64e4a1f917bf11118aa98af 142992fc9dbb42e8b5f16a9d6391d8de - - default default] Successfully bumped revision number for resource ac4141c5-7099-44d5-ae1f-1a8e581850bb (type: security_group_rules) to 0
2026-04-17 03:09:52.151 7 WARNING neutron.api.rpc.agentnotifiers.dhcp_rpc_agent_api [None req-1234c2b1-095f-4bc7-a626-160e49f1737a 0760535f81d34d4c8594c13624cf9f38 f0a62d9146c34983b86fb1722fe2ac98 - - default default] Unable to schedule network 0a3d88f1-4e5f-4935-81da-5005d1f3883d: no agents available; will retry on subsequent port and subnet creation events. [pid: 8|app: 0|req: 670/1171] 10.0.0.204 () {34 vars in 693 bytes} [Fri Apr 17 03:09:52 2026] POST /v2.0/security-group-rules => generated 607 bytes in 176 msecs (HTTP/1.1 201) 4 headers in 162 bytes (1 switches on core 0)
2026-04-17 03:09:52.234 7 INFO neutron.db.ovn_revision_numbers_db [None req-1234c2b1-095f-4bc7-a626-160e49f1737a 0760535f81d34d4c8594c13624cf9f38 f0a62d9146c34983b86fb1722fe2ac98 - - default default] Successfully bumped revision number for resource e81404d8-2cc5-4871-ac49-44dab589ad69 (type: ports) to 1
2026-04-17 03:09:52.244 8 INFO neutron.db.securitygroups_db [None req-9b9e4bd7-707a-4f53-8fea-7d82a0e7b7d4 1e5f70d4f64e4a1f917bf11118aa98af 142992fc9dbb42e8b5f16a9d6391d8de - - default default] Project 142992fc9dbb42e8b5f16a9d6391d8de added a security group rule with legacy IPv6 ICMP protocol name icmp, ipv6-icmp should be used instead. It was automatically converted. [pid: 7|app: 0|req: 502/1172] 10.0.0.204 () {34 vars in 668 bytes} [Fri Apr 17 03:09:51 2026] POST /v2.0/networks => generated 648 bytes in 513 msecs (HTTP/1.1 201) 4 headers in 162 bytes (1 switches on core 0)
2026-04-17 03:09:52.319 7 INFO neutron.plugins.ml2.drivers.ovn.mech_driver.mech_driver [None req-9cc42a7b-9db2-46ba-bd21-3d15c67c0743 - - - - - -] OVN reports status down for port: e81404d8-2cc5-4871-ac49-44dab589ad69
2026-04-17 03:09:52.360 8 INFO neutron.db.ovn_revision_numbers_db [None req-9b9e4bd7-707a-4f53-8fea-7d82a0e7b7d4 1e5f70d4f64e4a1f917bf11118aa98af 142992fc9dbb42e8b5f16a9d6391d8de - - default default] Successfully bumped revision number for resource 8a2f8d0b-5cea-4f0c-ad32-045394c14667 (type: security_group_rules) to 0 [pid: 8|app: 0|req: 671/1173] 10.0.0.204 () {34 vars in 693 bytes} [Fri Apr 17 03:09:52 2026] POST /v2.0/security-group-rules => generated 606 bytes in 204 msecs (HTTP/1.1 201) 4 headers in 162 bytes (1 switches on core 0)
2026-04-17 03:09:52.517 8 INFO neutron.db.ovn_revision_numbers_db [None req-cdf8e393-d5e2-403d-9106-5f59006868a6 7c252c2b4e324d6483d1674144f62d68 59d28aff3aaf44e59dd0bf4349cbf837 - - default default] Successfully bumped revision number for resource 6620591b-1cf4-47ed-9e82-3711cea3598e (type: security_groups) to 1
2026-04-17 03:09:52.525 7 WARNING neutron.scheduler.dhcp_agent_scheduler [None req-48e74db5-41e6-415e-9636-7bc406b7e605 0760535f81d34d4c8594c13624cf9f38 f0a62d9146c34983b86fb1722fe2ac98 - - default default] No more DHCP agents
2026-04-17 03:09:52.527 7 WARNING neutron.api.rpc.agentnotifiers.dhcp_rpc_agent_api [None req-48e74db5-41e6-415e-9636-7bc406b7e605 0760535f81d34d4c8594c13624cf9f38 f0a62d9146c34983b86fb1722fe2ac98 - - default default] Unable to schedule network 0edddeb9-44fe-4f52-bc5b-0a526504e120: no agents available; will retry on subsequent port and subnet creation events.
2026-04-17 03:09:52.528 8 INFO neutron.db.ovn_revision_numbers_db [None req-cdf8e393-d5e2-403d-9106-5f59006868a6 7c252c2b4e324d6483d1674144f62d68 59d28aff3aaf44e59dd0bf4349cbf837 - - default default] Successfully bumped revision number for resource 1210b536-99d9-4f32-a505-29eabc9ce499 (type: security_group_rules) to 0
2026-04-17 03:09:52.539 8 INFO neutron.db.ovn_revision_numbers_db [None req-cdf8e393-d5e2-403d-9106-5f59006868a6 7c252c2b4e324d6483d1674144f62d68 59d28aff3aaf44e59dd0bf4349cbf837 - - default default] Successfully bumped revision number for resource 6f5abc1e-3199-4109-b67d-58b6cfd9291b (type: security_group_rules) to 0 [pid: 8|app: 0|req: 672/1174] 10.0.0.204 () {34 vars in 683 bytes} [Fri Apr 17 03:09:52 2026] POST /v2.0/security-groups => generated 1659 bytes in 181 msecs (HTTP/1.1 201) 4 headers in 163 bytes (1 switches on core 0)
2026-04-17 03:09:52.782 8 INFO neutron.db.ovn_revision_numbers_db [None req-87c88e6a-9f13-4b1f-a25f-af0e42b44b82 183bd37cedec497e9115899fc4569320 6b6eb5e8c5ef4d29b3151c67a3c15c05 - - default default] Successfully bumped revision number for resource 71eb766b-0e91-405f-b556-aa6fcec8a410 (type: security_groups) to 1
2026-04-17 03:09:52.794 8 INFO neutron.db.ovn_revision_numbers_db [None req-87c88e6a-9f13-4b1f-a25f-af0e42b44b82 183bd37cedec497e9115899fc4569320 6b6eb5e8c5ef4d29b3151c67a3c15c05 - - default default] Successfully bumped revision number for resource 0a771cbe-d7f3-4f8a-bc81-39723bad3ae0 (type: security_group_rules) to 0
2026-04-17 03:09:52.805 8 INFO neutron.db.ovn_revision_numbers_db [None req-87c88e6a-9f13-4b1f-a25f-af0e42b44b82 183bd37cedec497e9115899fc4569320 6b6eb5e8c5ef4d29b3151c67a3c15c05 - - default default] Successfully bumped revision number for resource 9e8e3f51-fbe9-4fad-b00d-4fbab66e2d9f (type: security_group_rules) to 0
2026-04-17 03:09:52.817 8 INFO neutron.db.ovn_revision_numbers_db [None req-87c88e6a-9f13-4b1f-a25f-af0e42b44b82 183bd37cedec497e9115899fc4569320 6b6eb5e8c5ef4d29b3151c67a3c15c05 - - default default] Successfully bumped revision number for resource de1a25be-67c4-497b-b779-3e1a462852b7 (type: security_group_rules) to 0
2026-04-17 03:09:52.828 8 INFO neutron.db.ovn_revision_numbers_db [None req-87c88e6a-9f13-4b1f-a25f-af0e42b44b82 183bd37cedec497e9115899fc4569320 6b6eb5e8c5ef4d29b3151c67a3c15c05 - - default default] Successfully bumped revision number for resource f442056a-cb9f-4b7a-bab6-abcff1291e2c (type: security_group_rules) to 0
2026-04-17 03:09:52.887 7 INFO neutron.db.ovn_revision_numbers_db [None req-b292a5b0-90fc-4457-804b-70c94da88c89 - - - - - -] Successfully bumped revision number for resource 065d93a0-5d2c-471d-9530-809976b5b171 (type: ports) to 2
2026-04-17 03:09:52.908 7 INFO neutron.db.ovn_revision_numbers_db [None req-b292a5b0-90fc-4457-804b-70c94da88c89 - - - - - -] Successfully bumped revision number for resource 57d68e88-0c52-4a48-a6c5-6ff70d4bc529 (type: subnets) to 0 [pid: 7|app: 0|req: 503/1175] 10.0.0.204 () {34 vars in 667 bytes} [Fri Apr 17 03:09:52 2026] POST /v2.0/subnets => generated 626 bytes in 660 msecs (HTTP/1.1 201) 4 headers in 162 bytes (1 switches on core 0)
2026-04-17 03:09:52.933 8 INFO neutron.db.ovn_revision_numbers_db [None req-87c88e6a-9f13-4b1f-a25f-af0e42b44b82 183bd37cedec497e9115899fc4569320 6b6eb5e8c5ef4d29b3151c67a3c15c05 - - default default] Successfully bumped revision number for resource a3e84ecf-db2e-4a10-9f58-562ff5295230 (type: security_groups) to 1
2026-04-17 03:09:52.943 8 INFO neutron.db.ovn_revision_numbers_db [None req-87c88e6a-9f13-4b1f-a25f-af0e42b44b82 183bd37cedec497e9115899fc4569320 6b6eb5e8c5ef4d29b3151c67a3c15c05 - - default default] Successfully bumped revision number for resource b0aa38e8-cd7c-45ce-973d-6be18c23a7ea (type: security_group_rules) to 0
2026-04-17 03:09:52.955 8 INFO neutron.db.ovn_revision_numbers_db [None req-87c88e6a-9f13-4b1f-a25f-af0e42b44b82 183bd37cedec497e9115899fc4569320 6b6eb5e8c5ef4d29b3151c67a3c15c05 - - default default] Successfully bumped revision number for resource df6dce93-1e56-48b4-8fbb-c0428daac01a (type: security_group_rules) to 0 [pid: 8|app: 0|req: 673/1176] 10.0.0.204 () {34 vars in 682 bytes} [Fri Apr 17 03:09:52 2026] POST /v2.0/security-groups => generated 1601 bytes in 416 msecs (HTTP/1.1 201) 4 headers in 163 bytes (1 switches on core 0)
2026-04-17 03:09:53.056 7 INFO neutron.db.ovn_revision_numbers_db [None req-942c4ed0-25cd-4609-81b1-b97883b8f2af 7c252c2b4e324d6483d1674144f62d68 59d28aff3aaf44e59dd0bf4349cbf837 - - default default] Successfully bumped revision number for resource 00aa0011-58a9-4197-a836-e6f7b6283ef3 (type: security_group_rules) to 0 [pid: 8|app: 0|req: 674/1177] 10.0.0.204 () {32 vars in 647 bytes} [Fri Apr 17 03:09:52 2026] GET /v2.0/networks => generated 1373 bytes in 78 msecs (HTTP/1.1 200) 4 headers in 158 bytes (1 switches on core 0) [pid: 7|app: 0|req: 504/1178] 10.0.0.204 () {34 vars in 693 bytes} [Fri Apr 17 03:09:52 2026] POST /v2.0/security-group-rules => generated 597 bytes in 164 msecs (HTTP/1.1 201) 4 headers in 162 bytes (1 switches on core 0)
2026-04-17 03:09:53.201 7 INFO neutron.db.ovn_revision_numbers_db [None req-41e4385f-d2a8-4801-9701-c9d087c59cd0 183bd37cedec497e9115899fc4569320 6b6eb5e8c5ef4d29b3151c67a3c15c05 - - default default] Successfully bumped revision number for resource f7772cbc-5d7f-47d7-80ba-c5da9b31efa4 (type: security_groups) to 1
2026-04-17 03:09:53.212 7 INFO neutron.db.ovn_revision_numbers_db [None req-41e4385f-d2a8-4801-9701-c9d087c59cd0 183bd37cedec497e9115899fc4569320 6b6eb5e8c5ef4d29b3151c67a3c15c05 - - default default] Successfully bumped revision number for resource 94328736-d778-4f67-a414-49dfd62069d3 (type: security_group_rules) to 0
2026-04-17 03:09:53.226 7 INFO neutron.db.ovn_revision_numbers_db [None req-41e4385f-d2a8-4801-9701-c9d087c59cd0 183bd37cedec497e9115899fc4569320 6b6eb5e8c5ef4d29b3151c67a3c15c05 - - default default] Successfully bumped revision number for resource a264ce24-bb82-4519-8af6-e83ad46370dc (type: security_group_rules) to 0
2026-04-17 03:09:53.258 8 WARNING neutron.scheduler.dhcp_agent_scheduler [None req-4929fb8e-c3d5-42c0-b949-054f6d808429 0760535f81d34d4c8594c13624cf9f38 f0a62d9146c34983b86fb1722fe2ac98 - - default default] No more DHCP agents
2026-04-17 03:09:53.259 8 WARNING neutron.api.rpc.agentnotifiers.dhcp_rpc_agent_api [None req-4929fb8e-c3d5-42c0-b949-054f6d808429 0760535f81d34d4c8594c13624cf9f38 f0a62d9146c34983b86fb1722fe2ac98 - - default default] Unable to schedule network 0a3d88f1-4e5f-4935-81da-5005d1f3883d: no agents available; will retry on subsequent port and subnet creation events. [pid: 7|app: 0|req: 505/1179] 10.0.0.204 () {34 vars in 682 bytes} [Fri Apr 17 03:09:53 2026] POST /v2.0/security-groups => generated 1601 bytes in 169 msecs (HTTP/1.1 201) 4 headers in 163 bytes (1 switches on core 0)
2026-04-17 03:09:53.368 7 INFO neutron.db.ovn_revision_numbers_db [None req-3961afc1-98e7-4a18-bb29-923d3970ffa5 7c252c2b4e324d6483d1674144f62d68 59d28aff3aaf44e59dd0bf4349cbf837 - - default default] Successfully bumped revision number for resource fdc6f328-2aea-48cc-b96c-3e58986a8250 (type: security_group_rules) to 0 [pid: 7|app: 0|req: 506/1180] 10.0.0.204 () {34 vars in 693 bytes} [Fri Apr 17 03:09:53 2026] POST /v2.0/security-group-rules => generated 602 bytes in 134 msecs (HTTP/1.1 201) 4 headers in 162 bytes (1 switches on core 0) [pid: 7|app: 0|req: 507/1181] 10.0.0.72 () {34 vars in 1097 bytes} [Fri Apr 17 03:09:53 2026] GET /v2.0/security-groups?name=tempest-secgroup-smoke-1441755863&fields=id&tenant_id=142992fc9dbb42e8b5f16a9d6391d8de => generated 69 bytes in 31 msecs (HTTP/1.1 200) 4 headers in 156 bytes (1 switches on core 0)
2026-04-17 03:09:53.522 7 INFO neutron.db.ovn_revision_numbers_db [None req-a3232d16-13d3-4128-8172-6d4955b0cfc9 183bd37cedec497e9115899fc4569320 6b6eb5e8c5ef4d29b3151c67a3c15c05 - - default default] Successfully bumped revision number for resource 6677fab1-77f5-479e-b572-6e4eba575601 (type: security_groups) to 1
2026-04-17 03:09:53.533 7 INFO neutron.db.ovn_revision_numbers_db [None req-a3232d16-13d3-4128-8172-6d4955b0cfc9 183bd37cedec497e9115899fc4569320 6b6eb5e8c5ef4d29b3151c67a3c15c05 - - default default] Successfully bumped revision number for resource 633fc606-b4ac-4504-8abf-13a2e38314ae (type: security_group_rules) to 0
2026-04-17 03:09:53.543 7 INFO neutron.db.ovn_revision_numbers_db [None req-a3232d16-13d3-4128-8172-6d4955b0cfc9 183bd37cedec497e9115899fc4569320 6b6eb5e8c5ef4d29b3151c67a3c15c05 - - default default] Successfully bumped revision number for resource 900f6843-6058-41f8-850e-86010505468a (type: security_group_rules) to 0 [pid: 7|app: 0|req: 508/1182] 10.0.0.204 () {34 vars in 682 bytes} [Fri Apr 17 03:09:53 2026] POST /v2.0/security-groups => generated 1601 bytes in 145 msecs (HTTP/1.1 201) 4 headers in 163 bytes (1 switches on core 0)
2026-04-17 03:09:53.667 8 INFO neutron.db.ovn_revision_numbers_db [None req-3400c374-ceb4-46ed-a83f-e6cb8c1d0e4b - - - - - -] Successfully bumped revision number for resource e81404d8-2cc5-4871-ac49-44dab589ad69 (type: ports) to 2
2026-04-17 03:09:53.705 8 INFO neutron.db.ovn_revision_numbers_db [None req-3400c374-ceb4-46ed-a83f-e6cb8c1d0e4b - - - - - -] Successfully bumped revision number for resource 1611099e-318e-4f01-8f80-323bf66c8914 (type: subnets) to 0 [pid: 8|app: 0|req: 675/1183] 10.0.0.204 () {34 vars in 667 bytes} [Fri Apr 17 03:09:53 2026] POST /v2.0/subnets => generated 626 bytes in 650 msecs (HTTP/1.1 201) 4 headers in 162 bytes (1 switches on core 0) [pid: 8|app: 0|req: 676/1184] 10.0.0.72 () {34 vars in 979 bytes} [Fri Apr 17 03:09:53 2026] GET /v2.0/networks?id=0d6257fb-e25e-4a3d-afb9-5228bc3c0585 => generated 698 bytes in 43 msecs (HTTP/1.1 200) 4 headers in 157 bytes (1 switches on core 0)
2026-04-17 03:09:53.796 7 WARNING neutron.scheduler.dhcp_agent_scheduler [None req-cf5de818-2968-4834-b029-70d3ac0bf970 7c252c2b4e324d6483d1674144f62d68 59d28aff3aaf44e59dd0bf4349cbf837 - - default default] No more DHCP agents
2026-04-17 03:09:53.797 7 WARNING neutron.api.rpc.agentnotifiers.dhcp_rpc_agent_api [None req-cf5de818-2968-4834-b029-70d3ac0bf970 7c252c2b4e324d6483d1674144f62d68 59d28aff3aaf44e59dd0bf4349cbf837 - - default default] Unable to schedule network 6a860aad-4aa0-4103-90f6-6a1a5b2f1a07: no agents available; will retry on subsequent port and subnet creation events.
2026-04-17 03:09:53.849 8 INFO neutron.db.ovn_revision_numbers_db [None req-b8b4f23a-3d86-441d-990d-28849712fac3 183bd37cedec497e9115899fc4569320 6b6eb5e8c5ef4d29b3151c67a3c15c05 - - default default] Successfully bumped revision number for resource 0a992bfc-3989-4d60-a1ed-2dbf909d197e (type: security_groups) to 1
2026-04-17 03:09:53.860 8 INFO neutron.db.ovn_revision_numbers_db [None req-b8b4f23a-3d86-441d-990d-28849712fac3 183bd37cedec497e9115899fc4569320 6b6eb5e8c5ef4d29b3151c67a3c15c05 - - default default] Successfully bumped revision number for resource f1bd315d-8319-494c-8956-260ae4447065 (type: security_group_rules) to 0
2026-04-17 03:09:53.870 8 INFO neutron.db.ovn_revision_numbers_db [None req-b8b4f23a-3d86-441d-990d-28849712fac3 183bd37cedec497e9115899fc4569320 6b6eb5e8c5ef4d29b3151c67a3c15c05 - - default default] Successfully bumped revision number for resource ff0122fd-ddb8-43da-b8ad-44def29fb834 (type: security_group_rules) to 0 [pid: 8|app: 0|req: 677/1185] 10.0.0.204 () {34 vars in 682 bytes} [Fri Apr 17 03:09:53 2026] POST /v2.0/security-groups => generated 1601 bytes in 141 msecs (HTTP/1.1 201) 4 headers in 163 bytes (1 switches on core 0)
2026-04-17 03:09:54.010 8 INFO neutron.db.ovn_revision_numbers_db [None req-e164068b-b1f7-4fc4-86e0-ed8a708b32d8 0760535f81d34d4c8594c13624cf9f38 f0a62d9146c34983b86fb1722fe2ac98 - - default default] Successfully bumped revision number for resource b2ccb5aa-ba20-445f-9397-ba040b53c143 (type: routers) to 1 [pid: 8|app: 0|req: 678/1186] 10.0.0.204 () {34 vars in 667 bytes} [Fri Apr 17 03:09:53 2026] POST /v2.0/routers => generated 603 bytes in 121 msecs (HTTP/1.1 201) 4 headers in 162 bytes (1 switches on core 0) [pid: 8|app: 0|req: 679/1187] 10.0.0.72 () {34 vars in 962 bytes} [Fri Apr 17 03:09:54 2026] GET /v2.0/quotas/142992fc9dbb42e8b5f16a9d6391d8de => generated 292 bytes in 7 msecs (HTTP/1.1 200) 4 headers in 157 bytes (1 switches on core 0) [pid: 7|app: 0|req: 509/1188] 10.0.0.204 () {34 vars in 674 bytes} [Fri Apr 17 03:09:53 2026] POST /v2.0/floatingips => generated 552 bytes in 521 msecs (HTTP/1.1 201) 4 headers in 162 bytes (1 switches on core 0)
2026-04-17 03:09:54.137 8 INFO neutron.db.ovn_revision_numbers_db [None req-18ac08f1-db77-4a38-b193-98c69f640b2d 183bd37cedec497e9115899fc4569320 6b6eb5e8c5ef4d29b3151c67a3c15c05 - - default default] Successfully bumped revision number for resource 8b3fbc61-d62a-4072-98f0-33cd61f425b2 (type: security_groups) to 1
2026-04-17 03:09:54.148 8 INFO neutron.db.ovn_revision_numbers_db [None req-18ac08f1-db77-4a38-b193-98c69f640b2d 183bd37cedec497e9115899fc4569320 6b6eb5e8c5ef4d29b3151c67a3c15c05 - - default default] Successfully bumped revision number for resource 90eb1ec6-8f9b-428c-8842-17ff72bdce6f (type: security_group_rules) to 0
2026-04-17 03:09:54.162 8 INFO neutron.db.ovn_revision_numbers_db [None req-18ac08f1-db77-4a38-b193-98c69f640b2d 183bd37cedec497e9115899fc4569320 6b6eb5e8c5ef4d29b3151c67a3c15c05 - - default default] Successfully bumped revision number for resource f6d522b5-f6a2-4ded-b5e4-491a9c8aba12 (type: security_group_rules) to 0 [pid: 8|app: 0|req: 680/1189] 10.0.0.204 () {34 vars in 682 bytes} [Fri Apr 17 03:09:54 2026] POST /v2.0/security-groups => generated 1601 bytes in 172 msecs (HTTP/1.1 201) 4 headers in 163 bytes (1 switches on core 0) [pid: 8|app: 0|req: 681/1190] 10.0.0.72 () {34 vars in 999 bytes} [Fri Apr 17 03:09:54 2026] GET /v2.0/ports?tenant_id=142992fc9dbb42e8b5f16a9d6391d8de&fields=id => generated 103 bytes in 71 msecs (HTTP/1.1 200) 4 headers in 157 bytes (1 switches on core 0) [pid: 8|app: 0|req: 682/1191] 10.0.0.204 () {34 vars in 765 bytes} [Fri Apr 17 03:09:54 2026] PUT /v2.0/security-groups/a3e84ecf-db2e-4a10-9f58-562ff5295230/tags => generated 17 bytes in 50 msecs (HTTP/1.1 200) 4 headers in 156 bytes (1 switches on core 0) [pid: 8|app: 0|req: 683/1192] 10.0.0.72 () {34 vars in 1005 bytes} [Fri Apr 17 03:09:54 2026] GET /v2.0/networks/0d6257fb-e25e-4a3d-afb9-5228bc3c0585?fields=segments => generated 14 bytes in 52 msecs (HTTP/1.1 200) 4 headers in 156 bytes (1 switches on core 0)
2026-04-17 03:09:54.441 7 WARNING neutron.scheduler.dhcp_agent_scheduler [None req-ec667845-529f-4c44-a1ec-1b5ee5d007fd 0760535f81d34d4c8594c13624cf9f38 f0a62d9146c34983b86fb1722fe2ac98 - - default default] No more DHCP agents
2026-04-17 03:09:54.442 7 WARNING neutron.api.rpc.agentnotifiers.dhcp_rpc_agent_api [None req-ec667845-529f-4c44-a1ec-1b5ee5d007fd 0760535f81d34d4c8594c13624cf9f38 f0a62d9146c34983b86fb1722fe2ac98 - - default default] Unable to schedule network 0edddeb9-44fe-4f52-bc5b-0a526504e120: no agents available; will retry on subsequent port and subnet creation events.
2026-04-17 03:09:54.443 8 WARNING neutron.plugins.ml2.drivers.ovn.mech_driver.ovsdb.ovn_client [None req-d5a70cdb-b4d2-4741-a6ad-e0638dc4d729 - - - - - -] No hosting information found for port 20b1447b-24ad-4966-beac-29a37d5a0e70: RuntimeError: No hosting information found for port 20b1447b-24ad-4966-beac-29a37d5a0e70 [pid: 8|app: 0|req: 684/1193] 10.0.0.204 () {34 vars in 765 bytes} [Fri Apr 17 03:09:54 2026] PUT /v2.0/security-groups/f7772cbc-5d7f-47d7-80ba-c5da9b31efa4/tags => generated 25 bytes in 74 msecs (HTTP/1.1 200) 4 headers in 156 bytes (1 switches on core 0) [pid: 8|app: 0|req: 685/1194] 10.0.0.72 () {34 vars in 1105 bytes} [Fri Apr 17 03:09:54 2026] GET /v2.0/networks/0d6257fb-e25e-4a3d-afb9-5228bc3c0585?fields=provider%3Aphysical_network&fields=provider%3Anetwork_type => generated 79 bytes in 63 msecs (HTTP/1.1 200) 4 headers in 156 bytes (1 switches on core 0)
2026-04-17 03:09:54.546 7 INFO neutron.plugins.ml2.drivers.ovn.mech_driver.mech_driver [None req-9cc42a7b-9db2-46ba-bd21-3d15c67c0743 - - - - - -] OVN reports status down for port: 5c1f464c-00c1-4983-91fc-a456df1c6a4c
2026-04-17 03:09:54.583 8 INFO neutron.db.ovn_revision_numbers_db [None req-d5a70cdb-b4d2-4741-a6ad-e0638dc4d729 - - - - - -] Successfully bumped revision number for resource 20b1447b-24ad-4966-beac-29a37d5a0e70 (type: router_ports) to 2
2026-04-17 03:09:54.584 8 INFO neutron.plugins.ml2.drivers.ovn.mech_driver.mech_driver [None req-d5a70cdb-b4d2-4741-a6ad-e0638dc4d729 - - - - - -] OVN reports status down for port: 4e895c37-6f5f-45cd-9061-c0aaa5aa1d62
2026-04-17 03:09:54.596 7 INFO neutron.db.ovn_revision_numbers_db [None req-ec667845-529f-4c44-a1ec-1b5ee5d007fd 0760535f81d34d4c8594c13624cf9f38 f0a62d9146c34983b86fb1722fe2ac98 - - default default] Successfully bumped revision number for resource 5c1f464c-00c1-4983-91fc-a456df1c6a4c (type: ports) to 1 [pid: 8|app: 0|req: 686/1195] 10.0.0.204 () {34 vars in 765 bytes} [Fri Apr 17 03:09:54 2026] PUT /v2.0/security-groups/6677fab1-77f5-479e-b572-6e4eba575601/tags => generated 34 bytes in 103 msecs (HTTP/1.1 200) 4 headers in 156 bytes (1 switches on core 0) [pid: 8|app: 0|req: 687/1196] 10.0.0.72 () {34 vars in 1095 bytes} [Fri Apr 17 03:09:54 2026] GET /v2.0/security-groups?name=tempest-securitygroup--261090881&fields=id&tenant_id=59d28aff3aaf44e59dd0bf4349cbf837 => generated 69 bytes in 53 msecs (HTTP/1.1 200) 4 headers in 156 bytes (1 switches on core 0)
2026-04-17 03:09:54.693 8 WARNING neutron.plugins.ml2.drivers.ovn.mech_driver.ovsdb.ovn_client [None req-d5a70cdb-b4d2-4741-a6ad-e0638dc4d729 - - - - - -] Logical_Switch_Port %s host information not removed, the port state is up
2026-04-17 03:09:54.694 8 INFO neutron.plugins.ml2.drivers.ovn.mech_driver.mech_driver [None req-d5a70cdb-b4d2-4741-a6ad-e0638dc4d729 - - - - - -] OVN reports status up for port: 4e895c37-6f5f-45cd-9061-c0aaa5aa1d62 [pid: 8|app: 0|req: 688/1197] 10.0.0.72 () {34 vars in 987 bytes} [Fri Apr 17 03:09:54 2026] GET /v2.0/ports?device_id=0916d8ca-009a-4071-8a4d-4018adcbad61 => generated 12 bytes in 31 msecs (HTTP/1.1 200) 4 headers in 156 bytes (1 switches on core 0)
2026-04-17 03:09:54.723 8 INFO neutron.plugins.ml2.plugin [None req-d5a70cdb-b4d2-4741-a6ad-e0638dc4d729 - - - - - -] Attempt 1 to provision port 4e895c37-6f5f-45cd-9061-c0aaa5aa1d62 [pid: 8|app: 0|req: 689/1198] 10.0.0.204 () {34 vars in 765 bytes} [Fri Apr 17 03:09:54 2026] PUT /v2.0/security-groups/0a992bfc-3989-4d60-a1ed-2dbf909d197e/tags => generated 19 bytes in 72 msecs (HTTP/1.1 200) 4 headers in 156 bytes (1 switches on core 0) [pid: 8|app: 0|req: 690/1199] 10.0.0.72 () {34 vars in 979 bytes} [Fri Apr 17 03:09:54 2026] GET /v2.0/networks?id=0f0b9f30-836e-4a81-88b2-ac8e8e9c20ee => generated 714 bytes in 79 msecs (HTTP/1.1 200) 4 headers in 157 bytes (1 switches on core 0) [pid: 8|app: 0|req: 691/1200] 10.0.0.204 () {32 vars in 678 bytes} [Fri Apr 17 03:09:54 2026] GET /v2.0/security-groups?tags=red => generated 4804 bytes in 87 msecs (HTTP/1.1 200) 4 headers in 158 bytes (1 switches on core 0) [pid: 8|app: 0|req: 692/1201] 10.0.0.72 () {34 vars in 962 bytes} [Fri Apr 17 03:09:54 2026] GET /v2.0/quotas/59d28aff3aaf44e59dd0bf4349cbf837 => generated 292 bytes in 21 msecs (HTTP/1.1 200) 4 headers in 157 bytes (1 switches on core 0) [pid: 8|app: 0|req: 693/1202] 10.0.0.204 () {32 vars in 692 bytes} [Fri Apr 17 03:09:54 2026] GET /v2.0/security-groups?tags=red%2Cblue => generated 3218 bytes in 62 msecs (HTTP/1.1 200) 4 headers in 158 bytes (1 switches on core 0)
2026-04-17 03:09:55.075 7 INFO neutron.plugins.ml2.drivers.ovn.mech_driver.mech_driver [None req-9cc42a7b-9db2-46ba-bd21-3d15c67c0743 - - - - - -] OVN reports status up for port: 5c1f464c-00c1-4983-91fc-a456df1c6a4c
2026-04-17 03:09:55.098 7 INFO neutron.plugins.ml2.plugin [None req-9cc42a7b-9db2-46ba-bd21-3d15c67c0743 - - - - - -] Attempt 1 to provision port 5c1f464c-00c1-4983-91fc-a456df1c6a4c [pid: 8|app: 0|req: 694/1203] 10.0.0.72 () {34 vars in 999 bytes} [Fri Apr 17 03:09:55 2026] GET /v2.0/ports?tenant_id=59d28aff3aaf44e59dd0bf4349cbf837&fields=id => generated 103 bytes in 131 msecs (HTTP/1.1 200) 4 headers in 157 bytes (1 switches on core 0)
2026-04-17 03:09:55.200 7 WARNING neutron.scheduler.dhcp_agent_scheduler [None req-ec667845-529f-4c44-a1ec-1b5ee5d007fd 0760535f81d34d4c8594c13624cf9f38 f0a62d9146c34983b86fb1722fe2ac98 - - default default] No more DHCP agents
2026-04-17 03:09:55.203 7 WARNING neutron.api.rpc.agentnotifiers.dhcp_rpc_agent_api [None req-ec667845-529f-4c44-a1ec-1b5ee5d007fd 0760535f81d34d4c8594c13624cf9f38 f0a62d9146c34983b86fb1722fe2ac98 - - default default] Unable to schedule network 0edddeb9-44fe-4f52-bc5b-0a526504e120: no agents available; will retry on subsequent port and subnet creation events. [pid: 8|app: 0|req: 695/1204] 10.0.0.204 () {32 vars in 688 bytes} [Fri Apr 17 03:09:55 2026] GET /v2.0/security-groups?tags-any=blue => generated 3218 bytes in 77 msecs (HTTP/1.1 200) 4 headers in 158 bytes (1 switches on core 0) [pid: 8|app: 0|req: 696/1205] 10.0.0.72 () {34 vars in 1005 bytes} [Fri Apr 17 03:09:55 2026] GET /v2.0/networks/0f0b9f30-836e-4a81-88b2-ac8e8e9c20ee?fields=segments => generated 14 bytes in 95 msecs (HTTP/1.1 200) 4 headers in 156 bytes (1 switches on core 0) [pid: 8|app: 0|req: 697/1206] 10.0.0.204 () {32 vars in 700 bytes} [Fri Apr 17 03:09:55 2026] GET /v2.0/security-groups?tags-any=red%2Cblue => generated 4804 bytes in 71 msecs (HTTP/1.1 200) 4 headers in 158 bytes (1 switches on core 0)
2026-04-17 03:09:55.487 8 INFO neutron.db.ovn_revision_numbers_db [None req-d5a70cdb-b4d2-4741-a6ad-e0638dc4d729 - - - - - -] Successfully bumped revision number for resource 4e895c37-6f5f-45cd-9061-c0aaa5aa1d62 (type: ports) to 2 [pid: 8|app: 0|req: 698/1207] 10.0.0.72 () {34 vars in 1105 bytes} [Fri Apr 17 03:09:55 2026] GET /v2.0/networks/0f0b9f30-836e-4a81-88b2-ac8e8e9c20ee?fields=provider%3Aphysical_network&fields=provider%3Anetwork_type => generated 79 bytes in 89 msecs (HTTP/1.1 200) 4 headers in 156 bytes (1 switches on core 0)
2026-04-17 03:09:55.535 7 INFO neutron.db.ovn_revision_numbers_db [None req-ec667845-529f-4c44-a1ec-1b5ee5d007fd 0760535f81d34d4c8594c13624cf9f38 f0a62d9146c34983b86fb1722fe2ac98 - - default default] Successfully bumped revision number for resource 5c1f464c-00c1-4983-91fc-a456df1c6a4c (type: router_ports) to 1 [pid: 7|app: 0|req: 510/1208] 10.0.0.204 () {34 vars in 781 bytes} [Fri Apr 17 03:09:54 2026] PUT /v2.0/routers/b2ccb5aa-ba20-445f-9397-ba040b53c143/add_router_interface => generated 309 bytes in 1449 msecs (HTTP/1.1 200) 4 headers in 157 bytes (1 switches on core 0) [pid: 8|app: 0|req: 699/1209] 10.0.0.204 () {32 vars in 686 bytes} [Fri Apr 17 03:09:55 2026] GET /v2.0/security-groups?not-tags=red => generated 6094 bytes in 71 msecs (HTTP/1.1 200) 4 headers in 158 bytes (1 switches on core 0) [pid: 8|app: 0|req: 700/1210] 10.0.0.204 () {32 vars in 700 bytes} [Fri Apr 17 03:09:55 2026] GET /v2.0/security-groups?not-tags=red%2Cblue => generated 7680 bytes in 66 msecs (HTTP/1.1 200) 4 headers in 158 bytes (1 switches on core 0) [pid: 7|app: 0|req: 511/1211] 10.0.0.204 () {32 vars in 715 bytes} [Fri Apr 17 03:09:55 2026] GET /v2.0/ports/5c1f464c-00c1-4983-91fc-a456df1c6a4c => generated 943 bytes in 88 msecs (HTTP/1.1 200) 4 headers in 157 bytes (1 switches on core 0) [pid: 8|app: 0|req: 701/1212] 10.0.0.72 () {34 vars in 987 bytes} [Fri Apr 17 03:09:55 2026] GET /v2.0/ports?device_id=8f9ca8bd-01dd-4555-8c04-93e0328176f2 => generated 12 bytes in 35 msecs (HTTP/1.1 200) 4 headers in 156 bytes (1 switches on core 0) [pid: 8|app: 0|req: 702/1213] 10.0.0.204 () {32 vars in 696 bytes} [Fri Apr 17 03:09:55 2026] GET /v2.0/security-groups?not-tags-any=blue => generated 7680 bytes in 44 msecs (HTTP/1.1 200) 4 headers in 158 bytes (1 switches on core 0) [pid: 8|app: 0|req: 703/1214] 10.0.0.204 () {32 vars in 708 bytes} [Fri Apr 17 03:09:55 2026] GET /v2.0/security-groups?not-tags-any=red%2Cblue => generated 6094 bytes in 32 msecs (HTTP/1.1 200) 4 headers in 158 bytes (1 switches on core 0)
