2026-04-26 07:34:15.641 7 WARNING neutron.api.rpc.agentnotifiers.dhcp_rpc_agent_api [None req-e454d4ad-35e4-4c2d-81aa-60063ecaa720 0ff513797a5c44df9de7bb62c03f4541 ec82ecccb0504c29a96f3e3dcb203602 - - default default] Unable to schedule network a8f76ed9-7587-46ae-ab67-2e19c964ed7a: no agents available; will retry on subsequent port and subnet creation events.
2026-04-26 07:34:15.755 8 INFO neutron.plugins.ml2.drivers.ovn.mech_driver.mech_driver [None req-48fc00f7-6a94-4dd8-8006-435a5f059270 - - - - - -] OVN reports status down for port: 9734020c-786e-4db5-8cb5-e5f571d0cd8d
2026-04-26 07:34:15.764 7 INFO neutron.db.ovn_revision_numbers_db [None req-e454d4ad-35e4-4c2d-81aa-60063ecaa720 0ff513797a5c44df9de7bb62c03f4541 ec82ecccb0504c29a96f3e3dcb203602 - - default default] Successfully bumped revision number for resource 9734020c-786e-4db5-8cb5-e5f571d0cd8d (type: ports) to 1 [pid: 7|app: 0|req: 769/1643] 10.0.0.54 () {34 vars in 669 bytes} [Sun Apr 26 07:34:14 2026] POST /v2.0/networks => generated 651 bytes in 1242 msecs (HTTP/1.1 201) 4 headers in 162 bytes (1 switches on core 0)
2026-04-26 07:34:16.068 7 INFO neutron.db.ovn_revision_numbers_db [None req-b383e863-c79d-4185-a15b-7606451562e9 - - - - - -] Successfully bumped revision number for resource 97161dc0-9be0-413e-b8ef-a433fd93a89d (type: ports) to 2
2026-04-26 07:34:16.179 8 INFO neutron.db.ovn_revision_numbers_db [None req-9b444e5f-f279-455b-8724-e6aaf1bd56c1 - - - - - -] Successfully bumped revision number for resource a991ac2d-03d2-4bbb-a29d-316a8efdb908 (type: ports) to 2
2026-04-26 07:34:16.206 7 INFO neutron.db.ovn_revision_numbers_db [None req-ce4a5b7b-8b1d-4d1f-9d86-8c4093a309c4 de3889547a3c4f9a9d8db3fd871aee53 53007e6f1cda42a98d96919fb6e24eda - - default default] Successfully bumped revision number for resource 8c9592c6-7bd9-4f22-b66b-db7212a4f6e0 (type: security_groups) to 1
2026-04-26 07:34:16.215 8 INFO neutron.db.ovn_revision_numbers_db [None req-9b444e5f-f279-455b-8724-e6aaf1bd56c1 - - - - - -] Successfully bumped revision number for resource 1ebce3d2-c0e8-407f-ac60-ef9760b6492b (type: subnets) to 0
2026-04-26 07:34:16.221 7 INFO neutron.db.ovn_revision_numbers_db [None req-ce4a5b7b-8b1d-4d1f-9d86-8c4093a309c4 de3889547a3c4f9a9d8db3fd871aee53 53007e6f1cda42a98d96919fb6e24eda - - default default] Successfully bumped revision number for resource eb1aede1-b095-41d7-8b2e-0c1ae9654a80 (type: security_group_rules) to 0 [pid: 8|app: 0|req: 875/1644] 10.0.0.54 () {34 vars in 668 bytes} [Sun Apr 26 07:34:15 2026] POST /v2.0/subnets => generated 647 bytes in 759 msecs (HTTP/1.1 201) 4 headers in 162 bytes (1 switches on core 0)
2026-04-26 07:34:16.236 7 INFO neutron.db.ovn_revision_numbers_db [None req-ce4a5b7b-8b1d-4d1f-9d86-8c4093a309c4 de3889547a3c4f9a9d8db3fd871aee53 53007e6f1cda42a98d96919fb6e24eda - - default default] Successfully bumped revision number for resource efc1ca15-ef2a-4911-ab40-d0697ce03922 (type: security_group_rules) to 0
2026-04-26 07:34:16.252 7 INFO neutron.db.ovn_revision_numbers_db [None req-ce4a5b7b-8b1d-4d1f-9d86-8c4093a309c4 de3889547a3c4f9a9d8db3fd871aee53 53007e6f1cda42a98d96919fb6e24eda - - default default] Successfully bumped revision number for resource f7354613-e38e-4060-9537-0e00caa7ff6f (type: security_group_rules) to 0
2026-04-26 07:34:16.263 7 INFO neutron.db.ovn_revision_numbers_db [None req-ce4a5b7b-8b1d-4d1f-9d86-8c4093a309c4 de3889547a3c4f9a9d8db3fd871aee53 53007e6f1cda42a98d96919fb6e24eda - - default default] Successfully bumped revision number for resource fe61eb5a-97ab-4c80-953c-f2b748197c74 (type: security_group_rules) to 0 [pid: 8|app: 0|req: 876/1645] 10.0.0.54 () {32 vars in 716 bytes} [Sun Apr 26 07:34:16 2026] GET /v2.0/ports/97161dc0-9be0-413e-b8ef-a433fd93a89d => generated 947 bytes in 38 msecs (HTTP/1.1 200) 4 headers in 157 bytes (1 switches on core 0)
2026-04-26 07:34:16.349 7 INFO neutron.db.segments_db [None req-ce4a5b7b-8b1d-4d1f-9d86-8c4093a309c4 de3889547a3c4f9a9d8db3fd871aee53 53007e6f1cda42a98d96919fb6e24eda - - default default] Added segment ae9f08d5-0acc-456b-a547-0bc884f857fc of type geneve for network 635a1fd6-2164-4fc1-b469-15c1dda46e90
2026-04-26 07:34:16.475 7 INFO neutron.db.ovn_revision_numbers_db [None req-ce4a5b7b-8b1d-4d1f-9d86-8c4093a309c4 de3889547a3c4f9a9d8db3fd871aee53 53007e6f1cda42a98d96919fb6e24eda - - default default] Successfully bumped revision number for resource 635a1fd6-2164-4fc1-b469-15c1dda46e90 (type: networks) to 1
2026-04-26 07:34:16.528 8 WARNING neutron.scheduler.dhcp_agent_scheduler [None req-3dd464dc-025c-44da-828a-33d42c49493e 0ff513797a5c44df9de7bb62c03f4541 ec82ecccb0504c29a96f3e3dcb203602 - - default default] No more DHCP agents
2026-04-26 07:34:16.529 8 WARNING neutron.api.rpc.agentnotifiers.dhcp_rpc_agent_api [None req-3dd464dc-025c-44da-828a-33d42c49493e 0ff513797a5c44df9de7bb62c03f4541 ec82ecccb0504c29a96f3e3dcb203602 - - default default] Unable to schedule network a8f76ed9-7587-46ae-ab67-2e19c964ed7a: no agents available; will retry on subsequent port and subnet creation events.
2026-04-26 07:34:16.598 8 INFO neutron.plugins.ml2.drivers.ovn.mech_driver.mech_driver [None req-48fc00f7-6a94-4dd8-8006-435a5f059270 - - - - - -] OVN reports status down for port: 12cb7b25-c682-42e0-b526-ed07f1e66be4
2026-04-26 07:34:16.667 8 INFO neutron.db.ovn_revision_numbers_db [None req-3dd464dc-025c-44da-828a-33d42c49493e 0ff513797a5c44df9de7bb62c03f4541 ec82ecccb0504c29a96f3e3dcb203602 - - default default] Successfully bumped revision number for resource 12cb7b25-c682-42e0-b526-ed07f1e66be4 (type: ports) to 1
2026-04-26 07:34:16.672 7 WARNING neutron.scheduler.dhcp_agent_scheduler [None req-ce4a5b7b-8b1d-4d1f-9d86-8c4093a309c4 de3889547a3c4f9a9d8db3fd871aee53 53007e6f1cda42a98d96919fb6e24eda - - default default] No more DHCP agents
2026-04-26 07:34:16.673 7 WARNING neutron.api.rpc.agentnotifiers.dhcp_rpc_agent_api [None req-ce4a5b7b-8b1d-4d1f-9d86-8c4093a309c4 de3889547a3c4f9a9d8db3fd871aee53 53007e6f1cda42a98d96919fb6e24eda - - default default] Unable to schedule network 635a1fd6-2164-4fc1-b469-15c1dda46e90: no agents available; will retry on subsequent port and subnet creation events.
2026-04-26 07:34:16.765 7 INFO neutron.db.ovn_revision_numbers_db [None req-ce4a5b7b-8b1d-4d1f-9d86-8c4093a309c4 de3889547a3c4f9a9d8db3fd871aee53 53007e6f1cda42a98d96919fb6e24eda - - default default] Successfully bumped revision number for resource 2572f1d3-7e19-4888-a65d-b9f49d1eb140 (type: ports) to 1 [pid: 8|app: 0|req: 877/1646] 10.0.0.54 () {34 vars in 663 bytes} [Sun Apr 26 07:34:16 2026] POST /v2.0/ports => generated 743 bytes in 497 msecs (HTTP/1.1 201) 4 headers in 162 bytes (1 switches on core 0) /var/lib/openstack/lib/python3.12/site-packages/pycadf/identifier.py:70: UserWarning: Invalid uuid: neutron. To ensure interoperability, identifiers should be a valid uuid. warnings.warn(('Invalid uuid: %s. To ensure interoperability, '
2026-04-26 07:34:16.772 8 WARNING neutron.api.v2.base [None req-6ada1148-cb61-453f-b8a3-0c28378c7186 ebff7d8766c841118c82ac93f5e0a42e 071f437ecac241769c0f6fb9c4de62b0 - - default default] An exception happened while processing the request body. The exception message is [Invalid input for target_tenant. Reason: '1234123412341234123412341234123412341234123412341234123412341234123412341234123412341234123412341234123412341234123412341234123412341234123412341234123412341234123412341234123412341234123412341234123412341234123412341234123412341234123412341234123412341234123412341234123412341234123412341234123412341234123412341234123412341234123412341234123412341234123412341234123412341234123412341234123412341234' exceeds maximum length of 255.].: webob.exc.HTTPBadRequest: Invalid input for target_tenant. Reason: '1234123412341234123412341234123412341234123412341234123412341234123412341234123412341234123412341234123412341234123412341234123412341234123412341234123412341234123412341234123412341234123412341234123412341234123412341234123412341234123412341234123412341234123412341234123412341234123412341234123412341234123412341234123412341234123412341234123412341234123412341234123412341234123412341234123412341234' exceeds maximum length of 255.
2026-04-26 07:34:16.773 8 INFO neutron.api.v2.resource [None req-6ada1148-cb61-453f-b8a3-0c28378c7186 ebff7d8766c841118c82ac93f5e0a42e 071f437ecac241769c0f6fb9c4de62b0 - - default default] create failed (client error): Invalid input for target_tenant. Reason: '1234123412341234123412341234123412341234123412341234123412341234123412341234123412341234123412341234123412341234123412341234123412341234123412341234123412341234123412341234123412341234123412341234123412341234123412341234123412341234123412341234123412341234123412341234123412341234123412341234123412341234123412341234123412341234123412341234123412341234123412341234123412341234123412341234123412341234' exceeds maximum length of 255. [pid: 8|app: 0|req: 878/1647] 10.0.0.54 () {34 vars in 680 bytes} [Sun Apr 26 07:34:16 2026] POST /v2.0/rbac-policies => generated 547 bytes in 7 msecs (HTTP/1.1 400) 4 headers in 166 bytes (1 switches on core 0) [pid: 7|app: 0|req: 770/1648] 10.0.0.54 () {34 vars in 670 bytes} [Sun Apr 26 07:34:15 2026] POST /v2.0/networks => generated 762 bytes in 988 msecs (HTTP/1.1 201) 4 headers in 162 bytes (1 switches on core 0)
2026-04-26 07:34:16.880 7 INFO neutron.db.segments_db [None req-3401685d-5135-42b0-8f9d-bf54b6149e74 0ff513797a5c44df9de7bb62c03f4541 ec82ecccb0504c29a96f3e3dcb203602 - - default default] Added segment 870593bc-76bb-4f9f-83e3-6de9cbba2c4a of type geneve for network 6193857f-d032-41c9-8a78-130438732a52
2026-04-26 07:34:17.009 7 INFO neutron.db.ovn_revision_numbers_db [None req-3401685d-5135-42b0-8f9d-bf54b6149e74 0ff513797a5c44df9de7bb62c03f4541 ec82ecccb0504c29a96f3e3dcb203602 - - default default] Successfully bumped revision number for resource 6193857f-d032-41c9-8a78-130438732a52 (type: networks) to 1
2026-04-26 07:34:17.170 7 WARNING neutron.scheduler.dhcp_agent_scheduler [None req-3401685d-5135-42b0-8f9d-bf54b6149e74 0ff513797a5c44df9de7bb62c03f4541 ec82ecccb0504c29a96f3e3dcb203602 - - default default] No more DHCP agents
2026-04-26 07:34:17.172 7 WARNING neutron.api.rpc.agentnotifiers.dhcp_rpc_agent_api [None req-3401685d-5135-42b0-8f9d-bf54b6149e74 0ff513797a5c44df9de7bb62c03f4541 ec82ecccb0504c29a96f3e3dcb203602 - - default default] Unable to schedule network 6193857f-d032-41c9-8a78-130438732a52: no agents available; will retry on subsequent port and subnet creation events.
2026-04-26 07:34:17.258 7 INFO neutron.db.ovn_revision_numbers_db [None req-3401685d-5135-42b0-8f9d-bf54b6149e74 0ff513797a5c44df9de7bb62c03f4541 ec82ecccb0504c29a96f3e3dcb203602 - - default default] Successfully bumped revision number for resource 1cb635eb-2756-47eb-9eb4-9673391ca173 (type: ports) to 1
2026-04-26 07:34:17.274 8 WARNING neutron.scheduler.dhcp_agent_scheduler [None req-e97e499d-b1fa-42b7-8d24-869cabfbf4e5 56797a4900204b2c8774faad8c08e73e 86348073eeab445094fa0b716e91fc63 - - default default] No more DHCP agents
2026-04-26 07:34:17.276 8 WARNING neutron.api.rpc.agentnotifiers.dhcp_rpc_agent_api [None req-e97e499d-b1fa-42b7-8d24-869cabfbf4e5 56797a4900204b2c8774faad8c08e73e 86348073eeab445094fa0b716e91fc63 - - default default] Unable to schedule network 40451411-98cf-4099-b56c-65d73358b851: no agents available; will retry on subsequent port and subnet creation events. [pid: 7|app: 0|req: 771/1649] 10.0.0.54 () {34 vars in 669 bytes} [Sun Apr 26 07:34:16 2026] POST /v2.0/networks => generated 650 bytes in 495 msecs (HTTP/1.1 201) 4 headers in 162 bytes (1 switches on core 0)
2026-04-26 07:34:17.353 8 INFO neutron.plugins.ml2.drivers.ovn.mech_driver.mech_driver [None req-48fc00f7-6a94-4dd8-8006-435a5f059270 - - - - - -] OVN reports status down for port: 57d1e640-a351-4ae2-ad1e-b0016336ebfa
2026-04-26 07:34:17.418 8 INFO neutron.db.ovn_revision_numbers_db [None req-e97e499d-b1fa-42b7-8d24-869cabfbf4e5 56797a4900204b2c8774faad8c08e73e 86348073eeab445094fa0b716e91fc63 - - default default] Successfully bumped revision number for resource 57d1e640-a351-4ae2-ad1e-b0016336ebfa (type: ports) to 1
2026-04-26 07:34:17.457 7 INFO neutron_taas.services.taas.taas_plugin [None req-b05086de-8555-4de7-883c-23f21f9bee93 ebff7d8766c841118c82ac93f5e0a42e 071f437ecac241769c0f6fb9c4de62b0 - - default default] TaaS: Handle Delete Port: a991ac2d-03d2-4bbb-a29d-316a8efdb908
2026-04-26 07:34:17.461 7 INFO neutron_taas.services.taas.tap_mirror_plugin [None req-b05086de-8555-4de7-883c-23f21f9bee93 ebff7d8766c841118c82ac93f5e0a42e 071f437ecac241769c0f6fb9c4de62b0 - - default default] Tap Mirror: Handle Delete Port: a991ac2d-03d2-4bbb-a29d-316a8efdb908
2026-04-26 07:34:17.805 7 INFO neutron.services.segments.plugin [-] Segment 68de3d24-7ba3-47e4-aa09-114613212bb7 resource provider aggregate not found
2026-04-26 07:34:17.809 7 INFO neutron.services.segments.plugin [-] Segment 68de3d24-7ba3-47e4-aa09-114613212bb7 resource provider aggregate not found
2026-04-26 07:34:17.826 7 INFO neutron.services.segments.plugin [-] Segment 68de3d24-7ba3-47e4-aa09-114613212bb7 resource provider not found; error: Placement Client Error (4xx): {"errors": [{"status": 404, "title": "Not Found", "detail": "The resource could not be found.\n\n No resource provider with uuid 68de3d24-7ba3-47e4-aa09-114613212bb7 found for delete ", "request_id": "req-9d39030e-b47b-44f5-9cde-ec5f652f3952"}]}
2026-04-26 07:34:17.832 7 INFO neutron.services.segments.plugin [-] Segment 68de3d24-7ba3-47e4-aa09-114613212bb7 resource provider not found; error: Placement Client Error (4xx): {"errors": [{"status": 404, "title": "Not Found", "detail": "The resource could not be found.\n\n No resource provider with uuid 68de3d24-7ba3-47e4-aa09-114613212bb7 found for delete ", "request_id": "req-b9203f3d-1c42-4944-b872-5f7f0707ff2b"}]} [pid: 7|app: 0|req: 772/1650] 10.0.0.54 () {32 vars in 725 bytes} [Sun Apr 26 07:34:17 2026] DELETE /v2.0/networks/7d039511-288e-4af0-8d30-a0c2adbdc984 => generated 0 bytes in 579 msecs (HTTP/1.1 204) 3 headers in 131 bytes (1 switches on core 0)
2026-04-26 07:34:17.986 7 WARNING neutron.scheduler.dhcp_agent_scheduler [None req-4f80c387-0af1-4230-b12e-395c409beffe de3889547a3c4f9a9d8db3fd871aee53 53007e6f1cda42a98d96919fb6e24eda - - default default] No more DHCP agents
2026-04-26 07:34:17.987 7 WARNING neutron.api.rpc.agentnotifiers.dhcp_rpc_agent_api [None req-4f80c387-0af1-4230-b12e-395c409beffe de3889547a3c4f9a9d8db3fd871aee53 53007e6f1cda42a98d96919fb6e24eda - - default default] Unable to schedule network 635a1fd6-2164-4fc1-b469-15c1dda46e90: no agents available; will retry on subsequent port and subnet creation events.
2026-04-26 07:34:18.028 8 INFO neutron.plugins.ml2.drivers.ovn.mech_driver.mech_driver [None req-48fc00f7-6a94-4dd8-8006-435a5f059270 - - - - - -] OVN reports status up for port: 57d1e640-a351-4ae2-ad1e-b0016336ebfa
2026-04-26 07:34:18.056 8 INFO neutron.plugins.ml2.plugin [None req-48fc00f7-6a94-4dd8-8006-435a5f059270 - - - - - -] Attempt 1 to provision port 57d1e640-a351-4ae2-ad1e-b0016336ebfa
2026-04-26 07:34:18.193 8 WARNING neutron.scheduler.dhcp_agent_scheduler [None req-e97e499d-b1fa-42b7-8d24-869cabfbf4e5 56797a4900204b2c8774faad8c08e73e 86348073eeab445094fa0b716e91fc63 - - default default] No more DHCP agents
2026-04-26 07:34:18.199 8 WARNING neutron.api.rpc.agentnotifiers.dhcp_rpc_agent_api [None req-e97e499d-b1fa-42b7-8d24-869cabfbf4e5 56797a4900204b2c8774faad8c08e73e 86348073eeab445094fa0b716e91fc63 - - default default] Unable to schedule network 40451411-98cf-4099-b56c-65d73358b851: no agents available; will retry on subsequent port and subnet creation events.
2026-04-26 07:34:18.533 7 INFO neutron.db.ovn_revision_numbers_db [None req-5b7cb3d6-faa5-42df-ba8c-8b0b371cc66c - - - - - -] Successfully bumped revision number for resource 2572f1d3-7e19-4888-a65d-b9f49d1eb140 (type: ports) to 2
2026-04-26 07:34:18.580 7 INFO neutron.db.ovn_revision_numbers_db [None req-5b7cb3d6-faa5-42df-ba8c-8b0b371cc66c - - - - - -] Successfully bumped revision number for resource 10ea4047-d398-4e47-acd0-9a75ff781bab (type: subnets) to 0 [pid: 7|app: 0|req: 773/1651] 10.0.0.54 () {34 vars in 668 bytes} [Sun Apr 26 07:34:17 2026] POST /v2.0/subnets => generated 687 bytes in 734 msecs (HTTP/1.1 201) 4 headers in 162 bytes (1 switches on core 0)
2026-04-26 07:34:18.701 8 INFO neutron.db.ovn_revision_numbers_db [None req-e97e499d-b1fa-42b7-8d24-869cabfbf4e5 56797a4900204b2c8774faad8c08e73e 86348073eeab445094fa0b716e91fc63 - - default default] Successfully bumped revision number for resource 57d1e640-a351-4ae2-ad1e-b0016336ebfa (type: router_ports) to 1 [pid: 8|app: 0|req: 879/1652] 10.0.0.54 () {34 vars in 782 bytes} [Sun Apr 26 07:34:16 2026] PUT /v2.0/routers/122ed4e8-8ba0-484b-8ca7-5faabac86fa7/add_router_interface => generated 309 bytes in 1943 msecs (HTTP/1.1 200) 4 headers in 157 bytes (1 switches on core 0)
2026-04-26 07:34:18.911 7 WARNING neutron.scheduler.dhcp_agent_scheduler [None req-33771197-da33-4a18-a0bf-8e594f3b98fd 0ff513797a5c44df9de7bb62c03f4541 ec82ecccb0504c29a96f3e3dcb203602 - - default default] No more DHCP agents
2026-04-26 07:34:18.911 8 INFO neutron.db.segments_db [None req-bf9738ca-c6e2-4312-85b8-6e187b140cda ebff7d8766c841118c82ac93f5e0a42e 071f437ecac241769c0f6fb9c4de62b0 - - default default] Added segment 0ec83ebd-bdb0-440d-bd6a-afcbf7c65fa5 of type geneve for network b3103362-8c77-47d7-8bbf-22d2c3651b31
2026-04-26 07:34:18.912 7 WARNING neutron.api.rpc.agentnotifiers.dhcp_rpc_agent_api [None req-33771197-da33-4a18-a0bf-8e594f3b98fd 0ff513797a5c44df9de7bb62c03f4541 ec82ecccb0504c29a96f3e3dcb203602 - - default default] Unable to schedule network 6193857f-d032-41c9-8a78-130438732a52: no agents available; will retry on subsequent port and subnet creation events.
2026-04-26 07:34:18.930 8 INFO neutron.db.ovn_revision_numbers_db [None req-48fc00f7-6a94-4dd8-8006-435a5f059270 - - - - - -] Successfully bumped revision number for resource 57d1e640-a351-4ae2-ad1e-b0016336ebfa (type: ports) to 2
2026-04-26 07:34:19.058 7 INFO neutron.db.ovn_revision_numbers_db [None req-33771197-da33-4a18-a0bf-8e594f3b98fd 0ff513797a5c44df9de7bb62c03f4541 ec82ecccb0504c29a96f3e3dcb203602 - - default default] Successfully bumped revision number for resource 42ffa340-db72-4bf7-8c18-1b0d94f4c30f (type: ports) to 1 [pid: 7|app: 0|req: 774/1653] 10.0.0.54 () {34 vars in 663 bytes} [Sun Apr 26 07:34:18 2026] POST /v2.0/ports => generated 743 bytes in 525 msecs (HTTP/1.1 201) 4 headers in 162 bytes (1 switches on core 0) /var/lib/openstack/lib/python3.12/site-packages/pycadf/identifier.py:70: UserWarning: Invalid uuid: neutron. To ensure interoperability, identifiers should be a valid uuid. warnings.warn(('Invalid uuid: %s. To ensure interoperability, '
2026-04-26 07:34:19.146 8 INFO neutron.db.ovn_revision_numbers_db [None req-bf9738ca-c6e2-4312-85b8-6e187b140cda ebff7d8766c841118c82ac93f5e0a42e 071f437ecac241769c0f6fb9c4de62b0 - - default default] Successfully bumped revision number for resource b3103362-8c77-47d7-8bbf-22d2c3651b31 (type: networks) to 1
2026-04-26 07:34:19.361 8 WARNING neutron.scheduler.dhcp_agent_scheduler [None req-bf9738ca-c6e2-4312-85b8-6e187b140cda ebff7d8766c841118c82ac93f5e0a42e 071f437ecac241769c0f6fb9c4de62b0 - - default default] No more DHCP agents
2026-04-26 07:34:19.364 8 WARNING neutron.api.rpc.agentnotifiers.dhcp_rpc_agent_api [None req-bf9738ca-c6e2-4312-85b8-6e187b140cda ebff7d8766c841118c82ac93f5e0a42e 071f437ecac241769c0f6fb9c4de62b0 - - default default] Unable to schedule network b3103362-8c77-47d7-8bbf-22d2c3651b31: no agents available; will retry on subsequent port and subnet creation events.
2026-04-26 07:34:19.456 8 INFO neutron.db.ovn_revision_numbers_db [None req-bf9738ca-c6e2-4312-85b8-6e187b140cda ebff7d8766c841118c82ac93f5e0a42e 071f437ecac241769c0f6fb9c4de62b0 - - default default] Successfully bumped revision number for resource dc2627b1-1769-4c9c-a2a6-7756b6898f57 (type: ports) to 1 [pid: 8|app: 0|req: 880/1656] 10.0.0.54 () {34 vars in 669 bytes} [Sun Apr 26 07:34:18 2026] POST /v2.0/networks => generated 748 bytes in 766 msecs (HTTP/1.1 201) 4 headers in 162 bytes (1 switches on core 0) [pid: 8|app: 0|req: 881/1657] 10.0.0.54 () {32 vars in 716 bytes} [Sun Apr 26 07:34:19 2026] GET /v2.0/ports/57d1e640-a351-4ae2-ad1e-b0016336ebfa => generated 955 bytes in 84 msecs (HTTP/1.1 200) 4 headers in 157 bytes (1 switches on core 0)
2026-04-26 07:34:19.619 7 WARNING neutron.scheduler.dhcp_agent_scheduler [None req-4634bc3b-dbbc-4601-b556-499ad36bee83 de3889547a3c4f9a9d8db3fd871aee53 53007e6f1cda42a98d96919fb6e24eda - - default default] No more DHCP agents
2026-04-26 07:34:19.620 7 WARNING neutron.api.rpc.agentnotifiers.dhcp_rpc_agent_api [None req-4634bc3b-dbbc-4601-b556-499ad36bee83 de3889547a3c4f9a9d8db3fd871aee53 53007e6f1cda42a98d96919fb6e24eda - - default default] Unable to schedule network 9936406e-2a3a-4120-8be8-83e0a84f3320: no agents available; will retry on subsequent port and subnet creation events.
2026-04-26 07:34:19.661 8 INFO neutron.db.segments_db [None req-d9e70759-6d2c-4f72-81c8-e4e03c74411b 0ff513797a5c44df9de7bb62c03f4541 ec82ecccb0504c29a96f3e3dcb203602 - - default default] Added segment 7cac134e-9b1a-4129-8aed-c97ceca2bfa0 of type geneve for network 0f6e2168-0170-49f8-a19b-dd6d6fdee767
2026-04-26 07:34:19.797 7 INFO neutron.db.ovn_revision_numbers_db [None req-4634bc3b-dbbc-4601-b556-499ad36bee83 de3889547a3c4f9a9d8db3fd871aee53 53007e6f1cda42a98d96919fb6e24eda - - default default] Successfully bumped revision number for resource aef6c662-67a7-4227-8947-5434fd7d00fa (type: ports) to 1
2026-04-26 07:34:19.819 8 INFO neutron.db.ovn_revision_numbers_db [None req-d9e70759-6d2c-4f72-81c8-e4e03c74411b 0ff513797a5c44df9de7bb62c03f4541 ec82ecccb0504c29a96f3e3dcb203602 - - default default] Successfully bumped revision number for resource 0f6e2168-0170-49f8-a19b-dd6d6fdee767 (type: networks) to 1
2026-04-26 07:34:20.051 8 WARNING neutron.scheduler.dhcp_agent_scheduler [None req-d9e70759-6d2c-4f72-81c8-e4e03c74411b 0ff513797a5c44df9de7bb62c03f4541 ec82ecccb0504c29a96f3e3dcb203602 - - default default] No more DHCP agents
2026-04-26 07:34:20.053 8 WARNING neutron.api.rpc.agentnotifiers.dhcp_rpc_agent_api [None req-d9e70759-6d2c-4f72-81c8-e4e03c74411b 0ff513797a5c44df9de7bb62c03f4541 ec82ecccb0504c29a96f3e3dcb203602 - - default default] Unable to schedule network 0f6e2168-0170-49f8-a19b-dd6d6fdee767: no agents available; will retry on subsequent port and subnet creation events.
2026-04-26 07:34:20.150 8 INFO neutron.db.ovn_revision_numbers_db [None req-d9e70759-6d2c-4f72-81c8-e4e03c74411b 0ff513797a5c44df9de7bb62c03f4541 ec82ecccb0504c29a96f3e3dcb203602 - - default default] Successfully bumped revision number for resource 8ad4aa93-1d33-45d4-9061-71a6342dc488 (type: ports) to 1 [pid: 8|app: 0|req: 882/1658] 10.0.0.54 () {34 vars in 669 bytes} [Sun Apr 26 07:34:19 2026] POST /v2.0/networks => generated 651 bytes in 607 msecs (HTTP/1.1 201) 4 headers in 162 bytes (1 switches on core 0)
2026-04-26 07:34:20.358 8 WARNING neutron.scheduler.dhcp_agent_scheduler [None req-7914c114-9cd6-45ee-bf83-0b3f73dd9566 ebff7d8766c841118c82ac93f5e0a42e 071f437ecac241769c0f6fb9c4de62b0 - - default default] No more DHCP agents
2026-04-26 07:34:20.359 8 WARNING neutron.api.rpc.agentnotifiers.dhcp_rpc_agent_api [None req-7914c114-9cd6-45ee-bf83-0b3f73dd9566 ebff7d8766c841118c82ac93f5e0a42e 071f437ecac241769c0f6fb9c4de62b0 - - default default] Unable to schedule network b3103362-8c77-47d7-8bbf-22d2c3651b31: no agents available; will retry on subsequent port and subnet creation events.
2026-04-26 07:34:20.519 7 INFO neutron.plugins.ml2.drivers.ovn.mech_driver.ovsdb.commands [None req-2845b3a7-09eb-46ab-aabc-8dd2bc513a2b - - - - - -] Schedule LRP lrp-aef6c662-67a7-4227-8947-5434fd7d00fa on gateway 3fce3287-c5a2-4261-9fd1-8af39fcf8a46 with priority 1
2026-04-26 07:34:20.587 7 INFO neutron.plugins.ml2.drivers.ovn.mech_driver.ovsdb.ovsdb_monitor [None req-f33b6b78-be26-4e6e-83a5-be762da2ea8e - - - - - -] Router 4b1b127b-8400-43b7-b6fc-4e1495c69214 is bound to host instance
2026-04-26 07:34:20.661 7 INFO neutron.db.ovn_revision_numbers_db [None req-4634bc3b-dbbc-4601-b556-499ad36bee83 de3889547a3c4f9a9d8db3fd871aee53 53007e6f1cda42a98d96919fb6e24eda - - default default] Successfully bumped revision number for resource aef6c662-67a7-4227-8947-5434fd7d00fa (type: router_ports) to 1
2026-04-26 07:34:20.802 7 INFO neutron.db.ovn_revision_numbers_db [None req-4634bc3b-dbbc-4601-b556-499ad36bee83 de3889547a3c4f9a9d8db3fd871aee53 53007e6f1cda42a98d96919fb6e24eda - - default default] Successfully bumped revision number for resource 4b1b127b-8400-43b7-b6fc-4e1495c69214 (type: routers) to 2 [pid: 7|app: 0|req: 777/1659] 10.0.0.54 () {34 vars in 668 bytes} [Sun Apr 26 07:34:19 2026] POST /v2.0/routers => generated 965 bytes in 1704 msecs (HTTP/1.1 201) 4 headers in 162 bytes (1 switches on core 0)
2026-04-26 07:34:20.906 8 INFO neutron.db.ovn_revision_numbers_db [None req-eaaa8a32-b08d-4a89-9b06-56b826688695 - - - - - -] Successfully bumped revision number for resource dc2627b1-1769-4c9c-a2a6-7756b6898f57 (type: ports) to 2
2026-04-26 07:34:20.934 8 INFO neutron.db.ovn_revision_numbers_db [None req-eaaa8a32-b08d-4a89-9b06-56b826688695 - - - - - -] Successfully bumped revision number for resource 4308d31a-8bb5-43cd-a225-d623f692e4a4 (type: subnets) to 0 [pid: 8|app: 0|req: 883/1660] 10.0.0.54 () {34 vars in 668 bytes} [Sun Apr 26 07:34:20 2026] POST /v2.0/subnets => generated 647 bytes in 774 msecs (HTTP/1.1 201) 4 headers in 162 bytes (1 switches on core 0) [pid: 7|app: 0|req: 778/1661] 10.0.0.54 () {32 vars in 716 bytes} [Sun Apr 26 07:34:20 2026] GET /v2.0/ports/57d1e640-a351-4ae2-ad1e-b0016336ebfa => generated 955 bytes in 176 msecs (HTTP/1.1 200) 4 headers in 157 bytes (1 switches on core 0)
2026-04-26 07:34:21.172 8 WARNING neutron.scheduler.dhcp_agent_scheduler [None req-ea328074-087d-4d0e-b790-52b8b9ea3bb5 0ff513797a5c44df9de7bb62c03f4541 ec82ecccb0504c29a96f3e3dcb203602 - - default default] No more DHCP agents
2026-04-26 07:34:21.173 8 WARNING neutron.api.rpc.agentnotifiers.dhcp_rpc_agent_api [None req-ea328074-087d-4d0e-b790-52b8b9ea3bb5 0ff513797a5c44df9de7bb62c03f4541 ec82ecccb0504c29a96f3e3dcb203602 - - default default] Unable to schedule network 0f6e2168-0170-49f8-a19b-dd6d6fdee767: no agents available; will retry on subsequent port and subnet creation events.
2026-04-26 07:34:21.265 8 INFO neutron.db.ovn_revision_numbers_db [None req-ea328074-087d-4d0e-b790-52b8b9ea3bb5 0ff513797a5c44df9de7bb62c03f4541 ec82ecccb0504c29a96f3e3dcb203602 - - default default] Successfully bumped revision number for resource 0063bcd4-8f73-4c20-99d4-e1fc0a6aac75 (type: ports) to 1 [pid: 8|app: 0|req: 884/1662] 10.0.0.54 () {34 vars in 663 bytes} [Sun Apr 26 07:34:20 2026] POST /v2.0/ports => generated 743 bytes in 366 msecs (HTTP/1.1 201) 4 headers in 162 bytes (1 switches on core 0) /var/lib/openstack/lib/python3.12/site-packages/pycadf/identifier.py:70: UserWarning: Invalid uuid: neutron. To ensure interoperability, identifiers should be a valid uuid. warnings.warn(('Invalid uuid: %s. To ensure interoperability, ' [pid: 8|app: 0|req: 885/1663] 10.0.0.54 () {34 vars in 680 bytes} [Sun Apr 26 07:34:21 2026] POST /v2.0/rbac-policies => generated 324 bytes in 268 msecs (HTTP/1.1 201) 4 headers in 162 bytes (1 switches on core 0)
2026-04-26 07:34:21.824 8 INFO neutron_taas.services.taas.taas_plugin [None req-3a3f43d8-5fef-42dc-9d0d-5eb2c2c42915 56797a4900204b2c8774faad8c08e73e 86348073eeab445094fa0b716e91fc63 - - default default] TaaS: Handle Delete Port: 57d1e640-a351-4ae2-ad1e-b0016336ebfa
2026-04-26 07:34:21.826 8 INFO neutron_taas.services.taas.tap_mirror_plugin [None req-3a3f43d8-5fef-42dc-9d0d-5eb2c2c42915 56797a4900204b2c8774faad8c08e73e 86348073eeab445094fa0b716e91fc63 - - default default] Tap Mirror: Handle Delete Port: 57d1e640-a351-4ae2-ad1e-b0016336ebfa
2026-04-26 07:34:21.968 7 WARNING neutron.plugins.ml2.drivers.ovn.mech_driver.ovsdb.ovn_client [None req-5e61821e-74d5-4d34-81eb-cdafe57f9f20 - - - - - -] No hosting information found for port 97161dc0-9be0-413e-b8ef-a433fd93a89d: RuntimeError: No hosting information found for port 97161dc0-9be0-413e-b8ef-a433fd93a89d
2026-04-26 07:34:22.084 7 WARNING neutron.scheduler.dhcp_agent_scheduler [None req-8a5e0629-5dce-4a5f-bd71-b96373918d01 de3889547a3c4f9a9d8db3fd871aee53 53007e6f1cda42a98d96919fb6e24eda - - default default] No more DHCP agents
2026-04-26 07:34:22.092 7 WARNING neutron.api.rpc.agentnotifiers.dhcp_rpc_agent_api [None req-8a5e0629-5dce-4a5f-bd71-b96373918d01 de3889547a3c4f9a9d8db3fd871aee53 53007e6f1cda42a98d96919fb6e24eda - - default default] Unable to schedule network 635a1fd6-2164-4fc1-b469-15c1dda46e90: no agents available; will retry on subsequent port and subnet creation events. [pid: 8|app: 0|req: 886/1664] 10.0.0.54 () {34 vars in 788 bytes} [Sun Apr 26 07:34:21 2026] PUT /v2.0/routers/122ed4e8-8ba0-484b-8ca7-5faabac86fa7/remove_router_interface => generated 309 bytes in 545 msecs (HTTP/1.1 200) 4 headers in 157 bytes (1 switches on core 0) /var/lib/openstack/lib/python3.12/site-packages/pycadf/identifier.py:70: UserWarning: Invalid uuid: neutron. To ensure interoperability, identifiers should be a valid uuid. warnings.warn(('Invalid uuid: %s. To ensure interoperability, '
2026-04-26 07:34:22.217 8 INFO neutron.db.segments_db [None req-345fc181-e006-4b15-8852-df4fc56ccc58 0ff513797a5c44df9de7bb62c03f4541 ec82ecccb0504c29a96f3e3dcb203602 - - default default] Added segment d4ba4f37-b286-43fd-b3b7-c1128b66347e of type geneve for network d7894a0a-f7e0-4035-988d-1432e9028769
2026-04-26 07:34:22.220 7 INFO neutron.db.ovn_revision_numbers_db [None req-5e61821e-74d5-4d34-81eb-cdafe57f9f20 - - - - - -] Successfully bumped revision number for resource 97161dc0-9be0-413e-b8ef-a433fd93a89d (type: router_ports) to 2
2026-04-26 07:34:22.335 8 INFO neutron.db.ovn_revision_numbers_db [None req-345fc181-e006-4b15-8852-df4fc56ccc58 0ff513797a5c44df9de7bb62c03f4541 ec82ecccb0504c29a96f3e3dcb203602 - - default default] Successfully bumped revision number for resource d7894a0a-f7e0-4035-988d-1432e9028769 (type: networks) to 1
2026-04-26 07:34:22.386 7 INFO neutron.plugins.ml2.drivers.ovn.mech_driver.mech_driver [None req-5e61821e-74d5-4d34-81eb-cdafe57f9f20 - - - - - -] OVN reports status down for port: 2572f1d3-7e19-4888-a65d-b9f49d1eb140
2026-04-26 07:34:22.539 8 WARNING neutron.scheduler.dhcp_agent_scheduler [None req-345fc181-e006-4b15-8852-df4fc56ccc58 0ff513797a5c44df9de7bb62c03f4541 ec82ecccb0504c29a96f3e3dcb203602 - - default default] No more DHCP agents
2026-04-26 07:34:22.541 8 WARNING neutron.api.rpc.agentnotifiers.dhcp_rpc_agent_api [None req-345fc181-e006-4b15-8852-df4fc56ccc58 0ff513797a5c44df9de7bb62c03f4541 ec82ecccb0504c29a96f3e3dcb203602 - - default default] Unable to schedule network d7894a0a-f7e0-4035-988d-1432e9028769: no agents available; will retry on subsequent port and subnet creation events.
2026-04-26 07:34:22.588 7 INFO neutron.db.ovn_revision_numbers_db [None req-8a5e0629-5dce-4a5f-bd71-b96373918d01 de3889547a3c4f9a9d8db3fd871aee53 53007e6f1cda42a98d96919fb6e24eda - - default default] Successfully bumped revision number for resource aae5cbb7-59c3-4cd7-b8da-6c55a84033cc (type: ports) to 1
2026-04-26 07:34:22.594 7 INFO neutron.plugins.ml2.drivers.ovn.mech_driver.mech_driver [None req-5e61821e-74d5-4d34-81eb-cdafe57f9f20 - - - - - -] OVN reports status down for port: 1cb635eb-2756-47eb-9eb4-9673391ca173
2026-04-26 07:34:22.651 8 INFO neutron.db.ovn_revision_numbers_db [None req-345fc181-e006-4b15-8852-df4fc56ccc58 0ff513797a5c44df9de7bb62c03f4541 ec82ecccb0504c29a96f3e3dcb203602 - - default default] Successfully bumped revision number for resource b9e2ed7d-836b-49f7-a991-d437ebe8789b (type: ports) to 1 [pid: 8|app: 0|req: 887/1665] 10.0.0.54 () {34 vars in 669 bytes} [Sun Apr 26 07:34:22 2026] POST /v2.0/networks => generated 651 bytes in 543 msecs (HTTP/1.1 201) 4 headers in 162 bytes (1 switches on core 0)
2026-04-26 07:34:22.728 7 INFO neutron.db.ovn_revision_numbers_db [None req-eebc9413-530d-458e-9129-bf4b5d95bea3 - - - - - -] Successfully bumped revision number for resource aef6c662-67a7-4227-8947-5434fd7d00fa (type: ports) to 4 [pid: 8|app: 0|req: 888/1666] 10.0.0.54 () {32 vars in 722 bytes} [Sun Apr 26 07:34:22 2026] GET /v2.0/networks/b3103362-8c77-47d7-8bbf-22d2c3651b31 => generated 692 bytes in 81 msecs (HTTP/1.1 200) 4 headers in 157 bytes (1 switches on core 0)
2026-04-26 07:34:22.819 7 INFO neutron.plugins.ml2.drivers.ovn.mech_driver.mech_driver [None req-5e61821e-74d5-4d34-81eb-cdafe57f9f20 - - - - - -] OVN reports status down for port: 42ffa340-db72-4bf7-8c18-1b0d94f4c30f [pid: 8|app: 0|req: 889/1667] 10.0.0.54 () {32 vars in 716 bytes} [Sun Apr 26 07:34:22 2026] GET /v2.0/ports/97161dc0-9be0-413e-b8ef-a433fd93a89d => generated 947 bytes in 84 msecs (HTTP/1.1 200) 4 headers in 157 bytes (1 switches on core 0)
2026-04-26 07:34:23.039 7 INFO neutron.plugins.ml2.drivers.ovn.mech_driver.mech_driver [None req-5e61821e-74d5-4d34-81eb-cdafe57f9f20 - - - - - -] OVN reports status down for port: dc2627b1-1769-4c9c-a2a6-7756b6898f57
2026-04-26 07:34:23.043 8 WARNING neutron.scheduler.dhcp_agent_scheduler [None req-bb5afe8d-1b6e-408d-9a64-0cea1770d740 0ff513797a5c44df9de7bb62c03f4541 ec82ecccb0504c29a96f3e3dcb203602 - - default default] No more DHCP agents
2026-04-26 07:34:23.044 8 WARNING neutron.api.rpc.agentnotifiers.dhcp_rpc_agent_api [None req-bb5afe8d-1b6e-408d-9a64-0cea1770d740 0ff513797a5c44df9de7bb62c03f4541 ec82ecccb0504c29a96f3e3dcb203602 - - default default] Unable to schedule network d7894a0a-f7e0-4035-988d-1432e9028769: no agents available; will retry on subsequent port and subnet creation events.
2026-04-26 07:34:23.181 8 INFO neutron.db.ovn_revision_numbers_db [None req-bb5afe8d-1b6e-408d-9a64-0cea1770d740 0ff513797a5c44df9de7bb62c03f4541 ec82ecccb0504c29a96f3e3dcb203602 - - default default] Successfully bumped revision number for resource 7b9fd296-ea29-441f-bb6b-c8ddbf171353 (type: ports) to 1 [pid: 8|app: 0|req: 890/1668] 10.0.0.54 () {34 vars in 663 bytes} [Sun Apr 26 07:34:22 2026] POST /v2.0/ports => generated 743 bytes in 394 msecs (HTTP/1.1 201) 4 headers in 162 bytes (1 switches on core 0) /var/lib/openstack/lib/python3.12/site-packages/pycadf/identifier.py:70: UserWarning: Invalid uuid: neutron. To ensure interoperability, identifiers should be a valid uuid. warnings.warn(('Invalid uuid: %s. To ensure interoperability, '
2026-04-26 07:34:23.498 8 INFO neutron_taas.services.taas.taas_plugin [None req-cd167c3d-42c8-492f-8216-6d704714385e 56797a4900204b2c8774faad8c08e73e 86348073eeab445094fa0b716e91fc63 - - default default] TaaS: Handle Delete Port: 97161dc0-9be0-413e-b8ef-a433fd93a89d
2026-04-26 07:34:23.511 8 INFO neutron_taas.services.taas.tap_mirror_plugin [None req-cd167c3d-42c8-492f-8216-6d704714385e 56797a4900204b2c8774faad8c08e73e 86348073eeab445094fa0b716e91fc63 - - default default] Tap Mirror: Handle Delete Port: 97161dc0-9be0-413e-b8ef-a433fd93a89d
2026-04-26 07:34:23.661 8 WARNING neutron.plugins.ml2.drivers.ovn.mech_driver.ovsdb.ovn_client [None req-b282dbe8-abc4-4c38-8006-7be0bb5e56f7 - - - - - -] No port found with ID 57d1e640-a351-4ae2-ad1e-b0016336ebfa: RuntimeError: No port found with ID 57d1e640-a351-4ae2-ad1e-b0016336ebfa
2026-04-26 07:34:23.711 8 INFO neutron.plugins.ml2.drivers.ovn.mech_driver.mech_driver [None req-b282dbe8-abc4-4c38-8006-7be0bb5e56f7 - - - - - -] OVN reports status down for port: aef6c662-67a7-4227-8947-5434fd7d00fa
2026-04-26 07:34:23.862 8 WARNING neutron.plugins.ml2.drivers.ovn.mech_driver.ovsdb.ovn_client [None req-b282dbe8-abc4-4c38-8006-7be0bb5e56f7 - - - - - -] Logical_Switch_Port %s host information not removed, the port state is up
2026-04-26 07:34:23.863 8 INFO neutron.plugins.ml2.drivers.ovn.mech_driver.mech_driver [None req-b282dbe8-abc4-4c38-8006-7be0bb5e56f7 - - - - - -] OVN reports status up for port: aef6c662-67a7-4227-8947-5434fd7d00fa [pid: 8|app: 0|req: 891/1669] 10.0.0.54 () {34 vars in 788 bytes} [Sun Apr 26 07:34:23 2026] PUT /v2.0/routers/122ed4e8-8ba0-484b-8ca7-5faabac86fa7/remove_router_interface => generated 309 bytes in 649 msecs (HTTP/1.1 200) 4 headers in 157 bytes (1 switches on core 0) /var/lib/openstack/lib/python3.12/site-packages/pycadf/identifier.py:70: UserWarning: Invalid uuid: neutron. To ensure interoperability, identifiers should be a valid uuid. warnings.warn(('Invalid uuid: %s. To ensure interoperability, '
2026-04-26 07:34:23.965 8 INFO neutron.plugins.ml2.plugin [None req-b282dbe8-abc4-4c38-8006-7be0bb5e56f7 - - - - - -] Attempt 1 to provision port aef6c662-67a7-4227-8947-5434fd7d00fa
2026-04-26 07:34:23.972 8 INFO neutron.pecan_wsgi.hooks.translation [None req-f05dae8f-97ff-4a3c-a4cc-f98f5ed685c8 e3644445fc004640a7618452991214fc 97f980a7d968427684c5ad48689a16b5 - - default default] GET failed (client error): The resource could not be found. [pid: 8|app: 0|req: 892/1670] 10.0.0.54 () {32 vars in 722 bytes} [Sun Apr 26 07:34:23 2026] GET /v2.0/networks/b3103362-8c77-47d7-8bbf-22d2c3651b31 => generated 138 bytes in 94 msecs (HTTP/1.1 404) 4 headers in 164 bytes (1 switches on core 0)
2026-04-26 07:34:24.095 8 INFO neutron.plugins.ml2.drivers.ovn.mech_driver.mech_driver [None req-b282dbe8-abc4-4c38-8006-7be0bb5e56f7 - - - - - -] OVN reports status down for port: aae5cbb7-59c3-4cd7-b8da-6c55a84033cc
2026-04-26 07:34:24.100 8 INFO neutron.db.segments_db [None req-7f673424-6074-401d-b7b0-373fb645bba7 0ff513797a5c44df9de7bb62c03f4541 ec82ecccb0504c29a96f3e3dcb203602 - - default default] Added segment cb9e92bd-5520-4a99-9987-53ba0bcaa34a of type geneve for network a51c123b-834f-4f96-980e-788f7041ac78
2026-04-26 07:34:24.118 7 INFO neutron.plugins.ml2.drivers.ovn.mech_driver.mech_driver [None req-5e61821e-74d5-4d34-81eb-cdafe57f9f20 - - - - - -] OVN reports status down for port: 8ad4aa93-1d33-45d4-9061-71a6342dc488
2026-04-26 07:34:24.220 8 INFO neutron.plugins.ml2.drivers.ovn.mech_driver.mech_driver [None req-b282dbe8-abc4-4c38-8006-7be0bb5e56f7 - - - - - -] OVN reports status down for port: 7b9fd296-ea29-441f-bb6b-c8ddbf171353
2026-04-26 07:34:24.288 8 INFO neutron.db.ovn_revision_numbers_db [None req-7f673424-6074-401d-b7b0-373fb645bba7 0ff513797a5c44df9de7bb62c03f4541 ec82ecccb0504c29a96f3e3dcb203602 - - default default] Successfully bumped revision number for resource a51c123b-834f-4f96-980e-788f7041ac78 (type: networks) to 1
2026-04-26 07:34:24.357 7 INFO neutron.plugins.ml2.drivers.ovn.mech_driver.mech_driver [None req-5e61821e-74d5-4d34-81eb-cdafe57f9f20 - - - - - -] OVN reports status down for port: 0063bcd4-8f73-4c20-99d4-e1fc0a6aac75
2026-04-26 07:34:24.503 8 WARNING neutron.scheduler.dhcp_agent_scheduler [None req-7f673424-6074-401d-b7b0-373fb645bba7 0ff513797a5c44df9de7bb62c03f4541 ec82ecccb0504c29a96f3e3dcb203602 - - default default] No more DHCP agents
2026-04-26 07:34:24.504 8 WARNING neutron.api.rpc.agentnotifiers.dhcp_rpc_agent_api [None req-7f673424-6074-401d-b7b0-373fb645bba7 0ff513797a5c44df9de7bb62c03f4541 ec82ecccb0504c29a96f3e3dcb203602 - - default default] Unable to schedule network a51c123b-834f-4f96-980e-788f7041ac78: no agents available; will retry on subsequent port and subnet creation events.
2026-04-26 07:34:24.564 8 INFO neutron.plugins.ml2.drivers.ovn.mech_driver.mech_driver [None req-b282dbe8-abc4-4c38-8006-7be0bb5e56f7 - - - - - -] OVN reports status down for port: 707bd169-150b-4277-aa9d-aa790579d8d9
2026-04-26 07:34:24.630 7 INFO neutron.plugins.ml2.drivers.ovn.mech_driver.mech_driver [None req-5e61821e-74d5-4d34-81eb-cdafe57f9f20 - - - - - -] OVN reports status down for port: b9e2ed7d-836b-49f7-a991-d437ebe8789b
2026-04-26 07:34:24.635 8 INFO neutron.db.ovn_revision_numbers_db [None req-7f673424-6074-401d-b7b0-373fb645bba7 0ff513797a5c44df9de7bb62c03f4541 ec82ecccb0504c29a96f3e3dcb203602 - - default default] Successfully bumped revision number for resource 707bd169-150b-4277-aa9d-aa790579d8d9 (type: ports) to 1 [pid: 8|app: 0|req: 893/1671] 10.0.0.54 () {34 vars in 669 bytes} [Sun Apr 26 07:34:23 2026] POST /v2.0/networks => generated 650 bytes in 717 msecs (HTTP/1.1 201) 4 headers in 162 bytes (1 switches on core 0) [pid: 8|app: 0|req: 894/1672] 10.0.0.54 () {32 vars in 735 bytes} [Sun Apr 26 07:34:24 2026] GET /v2.0/ports?device_id=122ed4e8-8ba0-484b-8ca7-5faabac86fa7 => generated 12 bytes in 35 msecs (HTTP/1.1 200) 4 headers in 156 bytes (1 switches on core 0)
2026-04-26 07:34:24.859 7 INFO neutron.db.ovn_revision_numbers_db [None req-eebc9413-530d-458e-9129-bf4b5d95bea3 - - - - - -] Successfully bumped revision number for resource aef6c662-67a7-4227-8947-5434fd7d00fa (type: ports) to 5
2026-04-26 07:34:24.873 8 INFO neutron_taas.services.taas.taas_plugin [None req-80e1ec0c-8c09-44b1-ab19-d6a504964504 ebff7d8766c841118c82ac93f5e0a42e 071f437ecac241769c0f6fb9c4de62b0 - - default default] TaaS: Handle Delete Port: dc2627b1-1769-4c9c-a2a6-7756b6898f57
2026-04-26 07:34:24.877 8 INFO neutron_taas.services.taas.tap_mirror_plugin [None req-80e1ec0c-8c09-44b1-ab19-d6a504964504 ebff7d8766c841118c82ac93f5e0a42e 071f437ecac241769c0f6fb9c4de62b0 - - default default] Tap Mirror: Handle Delete Port: dc2627b1-1769-4c9c-a2a6-7756b6898f57
2026-04-26 07:34:25.198 8 INFO neutron.services.segments.plugin [-] Segment 0ec83ebd-bdb0-440d-bd6a-afcbf7c65fa5 resource provider aggregate not found
2026-04-26 07:34:25.203 8 INFO neutron.services.segments.plugin [-] Segment 0ec83ebd-bdb0-440d-bd6a-afcbf7c65fa5 resource provider aggregate not found
2026-04-26 07:34:25.219 8 INFO neutron.services.segments.plugin [-] Segment 0ec83ebd-bdb0-440d-bd6a-afcbf7c65fa5 resource provider not found; error: Placement Client Error (4xx): {"errors": [{"status": 404, "title": "Not Found", "detail": "The resource could not be found.\n\n No resource provider with uuid 0ec83ebd-bdb0-440d-bd6a-afcbf7c65fa5 found for delete ", "request_id": "req-776fb281-1cbb-4f45-93f6-a9caf8bf184a"}]}
2026-04-26 07:34:25.225 8 INFO neutron.plugins.ml2.drivers.ovn.mech_driver.mech_driver [None req-b282dbe8-abc4-4c38-8006-7be0bb5e56f7 - - - - - -] OVN reports status up for port: aae5cbb7-59c3-4cd7-b8da-6c55a84033cc
2026-04-26 07:34:25.234 8 INFO neutron.services.segments.plugin [-] Segment 0ec83ebd-bdb0-440d-bd6a-afcbf7c65fa5 resource provider not found; error: Placement Client Error (4xx): {"errors": [{"status": 404, "title": "Not Found", "detail": "The resource could not be found.\n\n No resource provider with uuid 0ec83ebd-bdb0-440d-bd6a-afcbf7c65fa5 found for delete ", "request_id": "req-91ffcad1-fc24-490e-9451-2730122e3e15"}]}
2026-04-26 07:34:25.250 8 INFO neutron.plugins.ml2.plugin [None req-b282dbe8-abc4-4c38-8006-7be0bb5e56f7 - - - - - -] Attempt 1 to provision port aae5cbb7-59c3-4cd7-b8da-6c55a84033cc
2026-04-26 07:34:25.272 7 WARNING neutron.scheduler.dhcp_agent_scheduler [None req-8a5e0629-5dce-4a5f-bd71-b96373918d01 de3889547a3c4f9a9d8db3fd871aee53 53007e6f1cda42a98d96919fb6e24eda - - default default] No more DHCP agents
2026-04-26 07:34:25.274 7 WARNING neutron.api.rpc.agentnotifiers.dhcp_rpc_agent_api [None req-8a5e0629-5dce-4a5f-bd71-b96373918d01 de3889547a3c4f9a9d8db3fd871aee53 53007e6f1cda42a98d96919fb6e24eda - - default default] Unable to schedule network 635a1fd6-2164-4fc1-b469-15c1dda46e90: no agents available; will retry on subsequent port and subnet creation events. [pid: 8|app: 0|req: 895/1673] 10.0.0.54 () {32 vars in 725 bytes} [Sun Apr 26 07:34:24 2026] DELETE /v2.0/networks/b3103362-8c77-47d7-8bbf-22d2c3651b31 => generated 0 bytes in 564 msecs (HTTP/1.1 204) 3 headers in 131 bytes (1 switches on core 0)
2026-04-26 07:34:25.725 7 INFO neutron.db.ovn_revision_numbers_db [None req-8a5e0629-5dce-4a5f-bd71-b96373918d01 de3889547a3c4f9a9d8db3fd871aee53 53007e6f1cda42a98d96919fb6e24eda - - default default] Successfully bumped revision number for resource aae5cbb7-59c3-4cd7-b8da-6c55a84033cc (type: router_ports) to 1 [pid: 7|app: 0|req: 779/1674] 10.0.0.54 () {34 vars in 782 bytes} [Sun Apr 26 07:34:21 2026] PUT /v2.0/routers/4b1b127b-8400-43b7-b6fc-4e1495c69214/add_router_interface => generated 309 bytes in 4724 msecs (HTTP/1.1 200) 4 headers in 157 bytes (1 switches on core 0)
2026-04-26 07:34:25.791 8 WARNING neutron.scheduler.dhcp_agent_scheduler [None req-56e81de6-ec17-449d-8653-38ce3b97902d 0ff513797a5c44df9de7bb62c03f4541 ec82ecccb0504c29a96f3e3dcb203602 - - default default] No more DHCP agents
2026-04-26 07:34:25.795 8 WARNING neutron.api.rpc.agentnotifiers.dhcp_rpc_agent_api [None req-56e81de6-ec17-449d-8653-38ce3b97902d 0ff513797a5c44df9de7bb62c03f4541 ec82ecccb0504c29a96f3e3dcb203602 - - default default] Unable to schedule network a51c123b-834f-4f96-980e-788f7041ac78: no agents available; will retry on subsequent port and subnet creation events.
2026-04-26 07:34:25.942 8 INFO neutron.db.ovn_revision_numbers_db [None req-56e81de6-ec17-449d-8653-38ce3b97902d 0ff513797a5c44df9de7bb62c03f4541 ec82ecccb0504c29a96f3e3dcb203602 - - default default] Successfully bumped revision number for resource 8d02cffe-f027-430f-b992-5584c0670f96 (type: ports) to 1
2026-04-26 07:34:25.951 7 INFO neutron.plugins.ml2.drivers.ovn.mech_driver.mech_driver [None req-5e61821e-74d5-4d34-81eb-cdafe57f9f20 - - - - - -] OVN reports status down for port: 8d02cffe-f027-430f-b992-5584c0670f96 [pid: 7|app: 0|req: 780/1675] 10.0.0.54 () {32 vars in 723 bytes} [Sun Apr 26 07:34:25 2026] DELETE /v2.0/routers/122ed4e8-8ba0-484b-8ca7-5faabac86fa7 => generated 0 bytes in 285 msecs (HTTP/1.1 204) 2 headers in 112 bytes (1 switches on core 0)
2026-04-26 07:34:26.034 7 INFO neutron.pecan_wsgi.hooks.translation [None req-6a8ca995-e734-41a0-bbb1-7205abd85d1c ebff7d8766c841118c82ac93f5e0a42e 071f437ecac241769c0f6fb9c4de62b0 - - default default] DELETE failed (client error): The resource could not be found. [pid: 7|app: 0|req: 781/1676] 10.0.0.54 () {32 vars in 723 bytes} [Sun Apr 26 07:34:26 2026] DELETE /v2.0/subnets/a29a66a5-d95c-4a59-b975-f6e4cefa3550 => generated 136 bytes in 25 msecs (HTTP/1.1 404) 4 headers in 164 bytes (1 switches on core 0) [pid: 8|app: 0|req: 896/1677] 10.0.0.54 () {34 vars in 663 bytes} [Sun Apr 26 07:34:25 2026] POST /v2.0/ports => generated 743 bytes in 769 msecs (HTTP/1.1 201) 4 headers in 162 bytes (1 switches on core 0) /var/lib/openstack/lib/python3.12/site-packages/pycadf/identifier.py:70: UserWarning: Invalid uuid: neutron. To ensure interoperability, identifiers should be a valid uuid. warnings.warn(('Invalid uuid: %s. To ensure interoperability, '
2026-04-26 07:34:26.102 8 INFO neutron.pecan_wsgi.hooks.translation [None req-63347114-580c-4c6d-b11f-ab3266d7cb88 ebff7d8766c841118c82ac93f5e0a42e 071f437ecac241769c0f6fb9c4de62b0 - - default default] DELETE failed (client error): The resource could not be found. [pid: 8|app: 0|req: 897/1678] 10.0.0.54 () {32 vars in 723 bytes} [Sun Apr 26 07:34:26 2026] DELETE /v2.0/subnets/1ebce3d2-c0e8-407f-ac60-ef9760b6492b => generated 136 bytes in 44 msecs (HTTP/1.1 404) 4 headers in 164 bytes (1 switches on core 0)
2026-04-26 07:34:26.224 8 INFO neutron.db.ovn_revision_numbers_db [None req-b282dbe8-abc4-4c38-8006-7be0bb5e56f7 - - - - - -] Successfully bumped revision number for resource aae5cbb7-59c3-4cd7-b8da-6c55a84033cc (type: ports) to 2 [pid: 7|app: 0|req: 782/1679] 10.0.0.54 () {32 vars in 723 bytes} [Sun Apr 26 07:34:26 2026] DELETE /v2.0/subnets/e3165db1-9d91-49ce-9560-774277d40c8d => generated 0 bytes in 189 msecs (HTTP/1.1 204) 3 headers in 131 bytes (1 switches on core 0)
2026-04-26 07:34:26.244 7 INFO neutron.pecan_wsgi.hooks.translation [None req-1d792192-1a30-46bf-b211-8cc5ac6e4486 ebff7d8766c841118c82ac93f5e0a42e 071f437ecac241769c0f6fb9c4de62b0 - - default default] DELETE failed (client error): The resource could not be found. [pid: 7|app: 0|req: 783/1680] 10.0.0.54 () {32 vars in 723 bytes} [Sun Apr 26 07:34:26 2026] DELETE /v2.0/subnets/4308d31a-8bb5-43cd-a225-d623f692e4a4 => generated 136 bytes in 13 msecs (HTTP/1.1 404) 4 headers in 164 bytes (1 switches on core 0) [pid: 8|app: 0|req: 898/1681] 10.0.0.54 () {34 vars in 746 bytes} [Sun Apr 26 07:34:26 2026] PUT /v2.0/ports/12cb7b25-c682-42e0-b526-ed07f1e66be4/tags => generated 17 bytes in 146 msecs (HTTP/1.1 200) 4 headers in 156 bytes (1 switches on core 0) /var/lib/openstack/lib/python3.12/site-packages/pycadf/identifier.py:70: UserWarning: Invalid uuid: neutron. To ensure interoperability, identifiers should be a valid uuid. warnings.warn(('Invalid uuid: %s. To ensure interoperability, ' [pid: 7|app: 0|req: 784/1682] 10.0.0.54 () {32 vars in 723 bytes} [Sun Apr 26 07:34:26 2026] DELETE /v2.0/subnets/6a8adbf0-5421-47be-b7ce-d91d3cf07967 => generated 0 bytes in 131 msecs (HTTP/1.1 204) 3 headers in 131 bytes (1 switches on core 0) [pid: 8|app: 0|req: 899/1683] 10.0.0.54 () {34 vars in 746 bytes} [Sun Apr 26 07:34:26 2026] PUT /v2.0/ports/42ffa340-db72-4bf7-8c18-1b0d94f4c30f/tags => generated 25 bytes in 131 msecs (HTTP/1.1 200) 4 headers in 156 bytes (1 switches on core 0) /var/lib/openstack/lib/python3.12/site-packages/pycadf/identifier.py:70: UserWarning: Invalid uuid: neutron. To ensure interoperability, identifiers should be a valid uuid. warnings.warn(('Invalid uuid: %s. To ensure interoperability, ' [pid: 8|app: 0|req: 900/1684] 10.0.0.54 () {34 vars in 746 bytes} [Sun Apr 26 07:34:26 2026] PUT /v2.0/ports/0063bcd4-8f73-4c20-99d4-e1fc0a6aac75/tags => generated 34 bytes in 64 msecs (HTTP/1.1 200) 4 headers in 156 bytes (1 switches on core 0) /var/lib/openstack/lib/python3.12/site-packages/pycadf/identifier.py:70: UserWarning: Invalid uuid: neutron. To ensure interoperability, identifiers should be a valid uuid. warnings.warn(('Invalid uuid: %s. To ensure interoperability, '
