2026-04-26 07:33:03.061 8 INFO neutron.db.ovn_revision_numbers_db [None req-92e05198-f5be-4589-a83c-a66070ed21fe - - - - - -] Successfully bumped revision number for resource 7cfbdec3-704e-4c45-b7e5-bfd4f79f6e27 (type: ports) to 2 [pid: 7|app: 0|req: 592/1225] 199.204.45.95 () {34 vars in 1111 bytes} [Sun Apr 26 07:33:03 2026] GET /v2.0/networks/1e68d347-4e1f-4ec4-a2af-a3ae9ceeb794?fields=provider%3Aphysical_network&fields=provider%3Anetwork_type => generated 79 bytes in 46 msecs (HTTP/1.1 200) 4 headers in 156 bytes (1 switches on core 0)
2026-04-26 07:33:03.092 8 INFO neutron.db.ovn_revision_numbers_db [None req-92e05198-f5be-4589-a83c-a66070ed21fe - - - - - -] Successfully bumped revision number for resource 227fe08d-2dd3-45bd-aedb-768b9495675e (type: subnets) to 0 [pid: 8|app: 0|req: 634/1226] 10.0.0.54 () {34 vars in 668 bytes} [Sun Apr 26 07:33:02 2026] POST /v2.0/subnets => generated 626 bytes in 798 msecs (HTTP/1.1 201) 4 headers in 162 bytes (1 switches on core 0) [pid: 7|app: 0|req: 593/1227] 10.0.0.54 () {32 vars in 773 bytes} [Sun Apr 26 07:33:03 2026] GET /v2.0/security-groups?tenant_id=eff6efe4efd848d895b0961588c53da9&name=default => generated 2925 bytes in 41 msecs (HTTP/1.1 200) 4 headers in 158 bytes (1 switches on core 0) [pid: 7|app: 0|req: 594/1228] 10.0.0.54 () {32 vars in 739 bytes} [Sun Apr 26 07:33:03 2026] DELETE /v2.0/security-groups/cdcf2bf2-6ab0-4528-a940-66a4de91c700 => generated 0 bytes in 219 msecs (HTTP/1.1 204) 2 headers in 112 bytes (1 switches on core 0)
2026-04-26 07:33:03.424 8 WARNING neutron.scheduler.dhcp_agent_scheduler [None req-d7e8876c-7114-4e0c-b976-2c33353b9fa5 207394a9271d4c1086651ae66a196466 1ebfad9a56be4f9db4050ce61c15ab8c - - default default] No more DHCP agents
2026-04-26 07:33:03.425 8 WARNING neutron.api.rpc.agentnotifiers.dhcp_rpc_agent_api [None req-d7e8876c-7114-4e0c-b976-2c33353b9fa5 207394a9271d4c1086651ae66a196466 1ebfad9a56be4f9db4050ce61c15ab8c - - default default] Unable to schedule network 2abf4b9e-59f5-4ac3-b422-fe3418d2d329: no agents available; will retry on subsequent port and subnet creation events.
2026-04-26 07:33:03.542 8 INFO neutron.plugins.ml2.drivers.ovn.mech_driver.mech_driver [None req-c54654eb-fa1f-4da5-87f4-74deaa6ce010 - - - - - -] OVN reports status down for port: 2ffaeffd-ffb5-4041-b8d8-3626e48586de
2026-04-26 07:33:03.614 8 INFO neutron.db.ovn_revision_numbers_db [None req-d7e8876c-7114-4e0c-b976-2c33353b9fa5 207394a9271d4c1086651ae66a196466 1ebfad9a56be4f9db4050ce61c15ab8c - - default default] Successfully bumped revision number for resource 2ffaeffd-ffb5-4041-b8d8-3626e48586de (type: ports) to 1 [pid: 8|app: 0|req: 635/1229] 10.0.0.54 () {34 vars in 664 bytes} [Sun Apr 26 07:33:03 2026] POST /v2.0/ports => generated 949 bytes in 549 msecs (HTTP/1.1 201) 4 headers in 162 bytes (1 switches on core 0)
2026-04-26 07:33:03.865 7 INFO neutron_taas.services.taas.taas_plugin [None req-40022f03-a8da-4d9f-b45a-d3b9cd111e4e 207394a9271d4c1086651ae66a196466 1ebfad9a56be4f9db4050ce61c15ab8c - - default default] TaaS: Handle Delete Port: 2ffaeffd-ffb5-4041-b8d8-3626e48586de
2026-04-26 07:33:03.868 7 INFO neutron_taas.services.taas.tap_mirror_plugin [None req-40022f03-a8da-4d9f-b45a-d3b9cd111e4e 207394a9271d4c1086651ae66a196466 1ebfad9a56be4f9db4050ce61c15ab8c - - default default] Tap Mirror: Handle Delete Port: 2ffaeffd-ffb5-4041-b8d8-3626e48586de [pid: 7|app: 0|req: 595/1230] 10.0.0.54 () {32 vars in 719 bytes} [Sun Apr 26 07:33:03 2026] DELETE /v2.0/ports/2ffaeffd-ffb5-4041-b8d8-3626e48586de => generated 0 bytes in 366 msecs (HTTP/1.1 204) 3 headers in 131 bytes (1 switches on core 0) /var/lib/openstack/lib/python3.12/site-packages/pycadf/identifier.py:70: UserWarning: Invalid uuid: neutron. To ensure interoperability, identifiers should be a valid uuid. warnings.warn(('Invalid uuid: %s. To ensure interoperability, '
2026-04-26 07:33:04.061 8 INFO neutron.pecan_wsgi.hooks.translation [None req-2281f9cd-f947-4531-9bb7-d3c54e75530d 207394a9271d4c1086651ae66a196466 1ebfad9a56be4f9db4050ce61c15ab8c - - default default] DELETE failed (client error): The resource could not be found. [pid: 8|app: 0|req: 636/1231] 10.0.0.54 () {32 vars in 719 bytes} [Sun Apr 26 07:33:04 2026] DELETE /v2.0/ports/2ffaeffd-ffb5-4041-b8d8-3626e48586de => generated 132 bytes in 21 msecs (HTTP/1.1 404) 4 headers in 164 bytes (1 switches on core 0)
2026-04-26 07:33:04.091 7 INFO neutron.pecan_wsgi.hooks.translation [None req-6b231fdf-3848-46bc-af23-2868549a6e1b 207394a9271d4c1086651ae66a196466 1ebfad9a56be4f9db4050ce61c15ab8c - - default default] GET failed (client error): The resource could not be found. [pid: 7|app: 0|req: 596/1232] 10.0.0.54 () {32 vars in 716 bytes} [Sun Apr 26 07:33:04 2026] GET /v2.0/ports/2ffaeffd-ffb5-4041-b8d8-3626e48586de => generated 132 bytes in 20 msecs (HTTP/1.1 404) 4 headers in 164 bytes (1 switches on core 0) [pid: 8|app: 0|req: 637/1233] 10.0.0.54 () {32 vars in 723 bytes} [Sun Apr 26 07:33:04 2026] DELETE /v2.0/subnets/227fe08d-2dd3-45bd-aedb-768b9495675e => generated 0 bytes in 224 msecs (HTTP/1.1 204) 3 headers in 131 bytes (1 switches on core 0)
2026-04-26 07:33:04.464 7 INFO neutron_taas.services.taas.taas_plugin [None req-27d766f3-de73-4442-9752-c8664af55117 207394a9271d4c1086651ae66a196466 1ebfad9a56be4f9db4050ce61c15ab8c - - default default] TaaS: Handle Delete Port: 7cfbdec3-704e-4c45-b7e5-bfd4f79f6e27
2026-04-26 07:33:04.468 7 INFO neutron_taas.services.taas.tap_mirror_plugin [None req-27d766f3-de73-4442-9752-c8664af55117 207394a9271d4c1086651ae66a196466 1ebfad9a56be4f9db4050ce61c15ab8c - - default default] Tap Mirror: Handle Delete Port: 7cfbdec3-704e-4c45-b7e5-bfd4f79f6e27 [pid: 7|app: 0|req: 597/1234] 10.0.0.54 () {32 vars in 725 bytes} [Sun Apr 26 07:33:04 2026] DELETE /v2.0/networks/2abf4b9e-59f5-4ac3-b422-fe3418d2d329 => generated 0 bytes in 354 msecs (HTTP/1.1 204) 3 headers in 131 bytes (1 switches on core 0)
2026-04-26 07:33:04.751 8 INFO neutron.db.ovn_revision_numbers_db [None req-87bc62ae-6e4c-4f82-9633-30595623026a de3889547a3c4f9a9d8db3fd871aee53 53007e6f1cda42a98d96919fb6e24eda - - default default] Successfully bumped revision number for resource e5d50a2a-c578-451f-bbfd-eb761421f305 (type: security_groups) to 1
2026-04-26 07:33:04.765 8 INFO neutron.db.ovn_revision_numbers_db [None req-87bc62ae-6e4c-4f82-9633-30595623026a de3889547a3c4f9a9d8db3fd871aee53 53007e6f1cda42a98d96919fb6e24eda - - default default] Successfully bumped revision number for resource 11bc15b0-ee95-4a86-86c0-54162617e578 (type: security_group_rules) to 0
2026-04-26 07:33:04.778 7 INFO neutron.db.segments_db [None req-cad68d7a-fa53-4fa3-bfba-3e34e2185649 207394a9271d4c1086651ae66a196466 1ebfad9a56be4f9db4050ce61c15ab8c - - default default] Added segment 93b89300-5667-409a-89e9-89ad15b983c0 of type geneve for network 5309b31a-1683-4fc2-b94e-70711b1667fd
2026-04-26 07:33:04.784 8 INFO neutron.db.ovn_revision_numbers_db [None req-87bc62ae-6e4c-4f82-9633-30595623026a de3889547a3c4f9a9d8db3fd871aee53 53007e6f1cda42a98d96919fb6e24eda - - default default] Successfully bumped revision number for resource 1dcb4685-7eac-45ca-b94f-5e237d952e50 (type: security_group_rules) to 0
2026-04-26 07:33:04.798 8 INFO neutron.db.ovn_revision_numbers_db [None req-87bc62ae-6e4c-4f82-9633-30595623026a de3889547a3c4f9a9d8db3fd871aee53 53007e6f1cda42a98d96919fb6e24eda - - default default] Successfully bumped revision number for resource 92e7328a-8fbb-4447-a24d-6a41abffd3fa (type: security_group_rules) to 0
2026-04-26 07:33:04.809 8 INFO neutron.db.ovn_revision_numbers_db [None req-87bc62ae-6e4c-4f82-9633-30595623026a de3889547a3c4f9a9d8db3fd871aee53 53007e6f1cda42a98d96919fb6e24eda - - default default] Successfully bumped revision number for resource ef311ffc-d4b9-4e2d-9749-26639ada6c85 (type: security_group_rules) to 0 [pid: 8|app: 0|req: 638/1235] 10.0.0.54 () {32 vars in 773 bytes} [Sun Apr 26 07:33:04 2026] GET /v2.0/security-groups?tenant_id=d237498e65ee41b191f95700593bdad3&name=default => generated 2925 bytes in 392 msecs (HTTP/1.1 200) 4 headers in 158 bytes (1 switches on core 0)
2026-04-26 07:33:04.884 7 INFO neutron.db.ovn_revision_numbers_db [None req-cad68d7a-fa53-4fa3-bfba-3e34e2185649 207394a9271d4c1086651ae66a196466 1ebfad9a56be4f9db4050ce61c15ab8c - - default default] Successfully bumped revision number for resource 5309b31a-1683-4fc2-b94e-70711b1667fd (type: networks) to 1
2026-04-26 07:33:04.979 7 INFO neutron.services.segments.plugin [-] Segment 8b109f6f-e054-4d6e-9d57-646bc4f18824 resource provider aggregate not found
2026-04-26 07:33:04.980 7 INFO neutron.services.segments.plugin [-] Segment 8b109f6f-e054-4d6e-9d57-646bc4f18824 resource provider aggregate not found
2026-04-26 07:33:05.000 7 INFO neutron.services.segments.plugin [-] Segment 8b109f6f-e054-4d6e-9d57-646bc4f18824 resource provider not found; error: Placement Client Error (4xx): {"errors": [{"status": 404, "title": "Not Found", "detail": "The resource could not be found.\n\n No resource provider with uuid 8b109f6f-e054-4d6e-9d57-646bc4f18824 found for delete ", "request_id": "req-1450c82c-317c-4823-82e1-5d83c50fb6be"}]}
2026-04-26 07:33:05.009 7 INFO neutron.services.segments.plugin [-] Segment 8b109f6f-e054-4d6e-9d57-646bc4f18824 resource provider not found; error: Placement Client Error (4xx): {"errors": [{"status": 404, "title": "Not Found", "detail": "The resource could not be found.\n\n No resource provider with uuid 8b109f6f-e054-4d6e-9d57-646bc4f18824 found for delete ", "request_id": "req-c85f0c97-bfd2-4896-8e74-b287db5467e6"}]} [pid: 8|app: 0|req: 639/1236] 10.0.0.54 () {32 vars in 739 bytes} [Sun Apr 26 07:33:04 2026] DELETE /v2.0/security-groups/e5d50a2a-c578-451f-bbfd-eb761421f305 => generated 0 bytes in 218 msecs (HTTP/1.1 204) 2 headers in 112 bytes (1 switches on core 0)
2026-04-26 07:33:05.098 7 WARNING neutron.scheduler.dhcp_agent_scheduler [None req-cad68d7a-fa53-4fa3-bfba-3e34e2185649 207394a9271d4c1086651ae66a196466 1ebfad9a56be4f9db4050ce61c15ab8c - - default default] No more DHCP agents
2026-04-26 07:33:05.100 7 WARNING neutron.api.rpc.agentnotifiers.dhcp_rpc_agent_api [None req-cad68d7a-fa53-4fa3-bfba-3e34e2185649 207394a9271d4c1086651ae66a196466 1ebfad9a56be4f9db4050ce61c15ab8c - - default default] Unable to schedule network 5309b31a-1683-4fc2-b94e-70711b1667fd: no agents available; will retry on subsequent port and subnet creation events.
2026-04-26 07:33:05.143 7 INFO neutron.plugins.ml2.drivers.ovn.mech_driver.mech_driver [None req-16879453-2476-4060-9fa7-3263a760f2ab - - - - - -] OVN reports status down for port: b1a79aa4-d143-4441-9323-6957dde9b34e
2026-04-26 07:33:05.213 7 INFO neutron.db.ovn_revision_numbers_db [None req-cad68d7a-fa53-4fa3-bfba-3e34e2185649 207394a9271d4c1086651ae66a196466 1ebfad9a56be4f9db4050ce61c15ab8c - - default default] Successfully bumped revision number for resource b1a79aa4-d143-4441-9323-6957dde9b34e (type: ports) to 1 [pid: 7|app: 0|req: 598/1237] 10.0.0.54 () {34 vars in 669 bytes} [Sun Apr 26 07:33:04 2026] POST /v2.0/networks => generated 651 bytes in 581 msecs (HTTP/1.1 201) 4 headers in 162 bytes (1 switches on core 0)
2026-04-26 07:33:05.452 7 WARNING neutron.scheduler.dhcp_agent_scheduler [None req-e20dc647-3e94-4bfc-8d57-6476443a0690 207394a9271d4c1086651ae66a196466 1ebfad9a56be4f9db4050ce61c15ab8c - - default default] No more DHCP agents
2026-04-26 07:33:05.458 7 WARNING neutron.api.rpc.agentnotifiers.dhcp_rpc_agent_api [None req-e20dc647-3e94-4bfc-8d57-6476443a0690 207394a9271d4c1086651ae66a196466 1ebfad9a56be4f9db4050ce61c15ab8c - - default default] Unable to schedule network 5309b31a-1683-4fc2-b94e-70711b1667fd: no agents available; will retry on subsequent port and subnet creation events.
2026-04-26 07:33:05.542 8 INFO neutron.db.ovn_revision_numbers_db [None req-d2675ff8-07e4-4f23-8ddf-079f128c4017 de3889547a3c4f9a9d8db3fd871aee53 53007e6f1cda42a98d96919fb6e24eda - - default default] Successfully bumped revision number for resource c0b18338-f33a-4b80-b65a-b9b298a4fc37 (type: security_groups) to 1
2026-04-26 07:33:05.557 8 INFO neutron.db.ovn_revision_numbers_db [None req-d2675ff8-07e4-4f23-8ddf-079f128c4017 de3889547a3c4f9a9d8db3fd871aee53 53007e6f1cda42a98d96919fb6e24eda - - default default] Successfully bumped revision number for resource 34b374f6-ac16-4c49-bcba-237db38f07af (type: security_group_rules) to 0
2026-04-26 07:33:05.569 8 INFO neutron.db.ovn_revision_numbers_db [None req-d2675ff8-07e4-4f23-8ddf-079f128c4017 de3889547a3c4f9a9d8db3fd871aee53 53007e6f1cda42a98d96919fb6e24eda - - default default] Successfully bumped revision number for resource 8784e4f2-bbc3-422a-9e45-0a578b88b267 (type: security_group_rules) to 0
2026-04-26 07:33:05.582 8 INFO neutron.db.ovn_revision_numbers_db [None req-d2675ff8-07e4-4f23-8ddf-079f128c4017 de3889547a3c4f9a9d8db3fd871aee53 53007e6f1cda42a98d96919fb6e24eda - - default default] Successfully bumped revision number for resource 9ac7eb04-df14-441d-bfd5-92f6fb5f15eb (type: security_group_rules) to 0
2026-04-26 07:33:05.595 8 INFO neutron.db.ovn_revision_numbers_db [None req-d2675ff8-07e4-4f23-8ddf-079f128c4017 de3889547a3c4f9a9d8db3fd871aee53 53007e6f1cda42a98d96919fb6e24eda - - default default] Successfully bumped revision number for resource a527ffb9-80c9-4288-bde1-5bdb3c6d79d1 (type: security_group_rules) to 0
2026-04-26 07:33:05.678 8 INFO neutron.db.segments_db [None req-d2675ff8-07e4-4f23-8ddf-079f128c4017 de3889547a3c4f9a9d8db3fd871aee53 53007e6f1cda42a98d96919fb6e24eda - - default default] Added segment 749f42f8-5b3c-48ca-8726-380ad8479b74 of type geneve for network 48890f19-b8a4-4539-9930-3ae48be14b2f
2026-04-26 07:33:05.795 8 INFO neutron.db.ovn_revision_numbers_db [None req-d2675ff8-07e4-4f23-8ddf-079f128c4017 de3889547a3c4f9a9d8db3fd871aee53 53007e6f1cda42a98d96919fb6e24eda - - default default] Successfully bumped revision number for resource 48890f19-b8a4-4539-9930-3ae48be14b2f (type: networks) to 1
2026-04-26 07:33:05.949 7 INFO neutron.db.ovn_revision_numbers_db [None req-2a8686ad-85f9-4104-86d3-a145933c563f - - - - - -] Successfully bumped revision number for resource b1a79aa4-d143-4441-9323-6957dde9b34e (type: ports) to 2
2026-04-26 07:33:05.987 8 WARNING neutron.scheduler.dhcp_agent_scheduler [None req-d2675ff8-07e4-4f23-8ddf-079f128c4017 de3889547a3c4f9a9d8db3fd871aee53 53007e6f1cda42a98d96919fb6e24eda - - default default] No more DHCP agents
2026-04-26 07:33:05.990 8 WARNING neutron.api.rpc.agentnotifiers.dhcp_rpc_agent_api [None req-d2675ff8-07e4-4f23-8ddf-079f128c4017 de3889547a3c4f9a9d8db3fd871aee53 53007e6f1cda42a98d96919fb6e24eda - - default default] Unable to schedule network 48890f19-b8a4-4539-9930-3ae48be14b2f: no agents available; will retry on subsequent port and subnet creation events.
2026-04-26 07:33:05.993 7 INFO neutron.db.ovn_revision_numbers_db [None req-2a8686ad-85f9-4104-86d3-a145933c563f - - - - - -] Successfully bumped revision number for resource 5ee77d73-5e43-43bd-bdee-bba15f6e41fe (type: subnets) to 0 [pid: 7|app: 0|req: 599/1238] 10.0.0.54 () {34 vars in 668 bytes} [Sun Apr 26 07:33:05 2026] POST /v2.0/subnets => generated 626 bytes in 740 msecs (HTTP/1.1 201) 4 headers in 162 bytes (1 switches on core 0)
2026-04-26 07:33:06.074 7 INFO neutron.plugins.ml2.drivers.ovn.mech_driver.mech_driver [None req-16879453-2476-4060-9fa7-3263a760f2ab - - - - - -] OVN reports status down for port: 240ef039-4bdd-49ef-a6de-056912227d0e
2026-04-26 07:33:06.074 8 INFO neutron.db.ovn_revision_numbers_db [None req-d2675ff8-07e4-4f23-8ddf-079f128c4017 de3889547a3c4f9a9d8db3fd871aee53 53007e6f1cda42a98d96919fb6e24eda - - default default] Successfully bumped revision number for resource 240ef039-4bdd-49ef-a6de-056912227d0e (type: ports) to 1 [pid: 8|app: 0|req: 640/1239] 10.0.0.54 () {34 vars in 670 bytes} [Sun Apr 26 07:33:05 2026] POST /v2.0/networks => generated 766 bytes in 861 msecs (HTTP/1.1 201) 4 headers in 162 bytes (1 switches on core 0)
2026-04-26 07:33:06.247 8 WARNING neutron.scheduler.dhcp_agent_scheduler [None req-5820be67-16fd-4e26-913d-f2ebed339447 de3889547a3c4f9a9d8db3fd871aee53 53007e6f1cda42a98d96919fb6e24eda - - default default] No more DHCP agents
2026-04-26 07:33:06.249 8 WARNING neutron.api.rpc.agentnotifiers.dhcp_rpc_agent_api [None req-5820be67-16fd-4e26-913d-f2ebed339447 de3889547a3c4f9a9d8db3fd871aee53 53007e6f1cda42a98d96919fb6e24eda - - default default] Unable to schedule network 48890f19-b8a4-4539-9930-3ae48be14b2f: no agents available; will retry on subsequent port and subnet creation events.
2026-04-26 07:33:06.329 7 WARNING neutron.scheduler.dhcp_agent_scheduler [None req-11ca1f94-f10c-430f-95c9-2fd756dabb07 207394a9271d4c1086651ae66a196466 1ebfad9a56be4f9db4050ce61c15ab8c - - default default] No more DHCP agents
2026-04-26 07:33:06.331 7 WARNING neutron.api.rpc.agentnotifiers.dhcp_rpc_agent_api [None req-11ca1f94-f10c-430f-95c9-2fd756dabb07 207394a9271d4c1086651ae66a196466 1ebfad9a56be4f9db4050ce61c15ab8c - - default default] Unable to schedule network 5309b31a-1683-4fc2-b94e-70711b1667fd: no agents available; will retry on subsequent port and subnet creation events.
2026-04-26 07:33:06.442 7 INFO neutron.plugins.ml2.drivers.ovn.mech_driver.mech_driver [None req-16879453-2476-4060-9fa7-3263a760f2ab - - - - - -] OVN reports status down for port: 4394cb06-d18f-495d-8fb3-2a3312d118aa
2026-04-26 07:33:06.518 7 INFO neutron.db.ovn_revision_numbers_db [None req-11ca1f94-f10c-430f-95c9-2fd756dabb07 207394a9271d4c1086651ae66a196466 1ebfad9a56be4f9db4050ce61c15ab8c - - default default] Successfully bumped revision number for resource 4394cb06-d18f-495d-8fb3-2a3312d118aa (type: ports) to 1 [pid: 7|app: 0|req: 600/1240] 10.0.0.54 () {34 vars in 664 bytes} [Sun Apr 26 07:33:06 2026] POST /v2.0/ports => generated 916 bytes in 547 msecs (HTTP/1.1 201) 4 headers in 162 bytes (1 switches on core 0)
2026-04-26 07:33:06.716 8 INFO neutron.db.ovn_revision_numbers_db [None req-ad41dea1-8513-417d-84c4-e6cb954c2ec1 - - - - - -] Successfully bumped revision number for resource 240ef039-4bdd-49ef-a6de-056912227d0e (type: ports) to 2
2026-04-26 07:33:06.717 7 INFO neutron_taas.services.taas.taas_plugin [None req-1e8f94d8-e8f9-4940-8ccd-542692fd1a76 207394a9271d4c1086651ae66a196466 1ebfad9a56be4f9db4050ce61c15ab8c - - default default] TaaS: Handle Delete Port: 4394cb06-d18f-495d-8fb3-2a3312d118aa
2026-04-26 07:33:06.723 7 INFO neutron_taas.services.taas.tap_mirror_plugin [None req-1e8f94d8-e8f9-4940-8ccd-542692fd1a76 207394a9271d4c1086651ae66a196466 1ebfad9a56be4f9db4050ce61c15ab8c - - default default] Tap Mirror: Handle Delete Port: 4394cb06-d18f-495d-8fb3-2a3312d118aa
2026-04-26 07:33:06.751 8 INFO neutron.db.ovn_revision_numbers_db [None req-ad41dea1-8513-417d-84c4-e6cb954c2ec1 - - - - - -] Successfully bumped revision number for resource b5965cf6-c314-4dee-b7a5-e0886f6c4aa6 (type: subnets) to 0 [pid: 8|app: 0|req: 641/1241] 10.0.0.54 () {34 vars in 668 bytes} [Sun Apr 26 07:33:06 2026] POST /v2.0/subnets => generated 691 bytes in 665 msecs (HTTP/1.1 201) 4 headers in 162 bytes (1 switches on core 0) [pid: 7|app: 0|req: 601/1242] 10.0.0.54 () {32 vars in 719 bytes} [Sun Apr 26 07:33:06 2026] DELETE /v2.0/ports/4394cb06-d18f-495d-8fb3-2a3312d118aa => generated 0 bytes in 315 msecs (HTTP/1.1 204) 3 headers in 131 bytes (1 switches on core 0)
2026-04-26 07:33:07.084 8 INFO neutron.db.ovn_revision_numbers_db [None req-e2ecdd89-af7c-41cf-8e6b-7fda4d3457ce de3889547a3c4f9a9d8db3fd871aee53 53007e6f1cda42a98d96919fb6e24eda - - default default] Successfully bumped revision number for resource 90a5b536-4c80-4187-b31e-56177f865d9b (type: security_groups) to 1
2026-04-26 07:33:07.097 8 INFO neutron.db.ovn_revision_numbers_db [None req-e2ecdd89-af7c-41cf-8e6b-7fda4d3457ce de3889547a3c4f9a9d8db3fd871aee53 53007e6f1cda42a98d96919fb6e24eda - - default default] Successfully bumped revision number for resource 024518b1-e10e-48df-9fd5-dd593e9f3dc8 (type: security_group_rules) to 0
2026-04-26 07:33:07.109 8 INFO neutron.db.ovn_revision_numbers_db [None req-e2ecdd89-af7c-41cf-8e6b-7fda4d3457ce de3889547a3c4f9a9d8db3fd871aee53 53007e6f1cda42a98d96919fb6e24eda - - default default] Successfully bumped revision number for resource 5a2563d8-7d3a-4db0-b765-5de38a663774 (type: security_group_rules) to 0
2026-04-26 07:33:07.121 8 INFO neutron.db.ovn_revision_numbers_db [None req-e2ecdd89-af7c-41cf-8e6b-7fda4d3457ce de3889547a3c4f9a9d8db3fd871aee53 53007e6f1cda42a98d96919fb6e24eda - - default default] Successfully bumped revision number for resource 6af41fb3-01a9-49a1-80b9-802fd61f3ab5 (type: security_group_rules) to 0
2026-04-26 07:33:07.133 8 INFO neutron.db.ovn_revision_numbers_db [None req-e2ecdd89-af7c-41cf-8e6b-7fda4d3457ce de3889547a3c4f9a9d8db3fd871aee53 53007e6f1cda42a98d96919fb6e24eda - - default default] Successfully bumped revision number for resource d385a3cd-ed9d-41e6-b6dc-0342ef164d4d (type: security_group_rules) to 0
2026-04-26 07:33:07.207 8 INFO neutron.db.segments_db [None req-e2ecdd89-af7c-41cf-8e6b-7fda4d3457ce de3889547a3c4f9a9d8db3fd871aee53 53007e6f1cda42a98d96919fb6e24eda - - default default] Added segment 40ff6c2b-0c8a-4c89-932a-898e0549f1ab of type geneve for network 99625457-e34c-42c6-a516-3c9e764545b7
2026-04-26 07:33:07.312 8 INFO neutron.db.ovn_revision_numbers_db [None req-e2ecdd89-af7c-41cf-8e6b-7fda4d3457ce de3889547a3c4f9a9d8db3fd871aee53 53007e6f1cda42a98d96919fb6e24eda - - default default] Successfully bumped revision number for resource 99625457-e34c-42c6-a516-3c9e764545b7 (type: networks) to 1
2026-04-26 07:33:07.332 7 WARNING neutron.scheduler.dhcp_agent_scheduler [None req-643eeac2-b672-4cf0-aea7-e12b42279a10 de3889547a3c4f9a9d8db3fd871aee53 53007e6f1cda42a98d96919fb6e24eda - - default default] No more DHCP agents
2026-04-26 07:33:07.333 7 WARNING neutron.api.rpc.agentnotifiers.dhcp_rpc_agent_api [None req-643eeac2-b672-4cf0-aea7-e12b42279a10 de3889547a3c4f9a9d8db3fd871aee53 53007e6f1cda42a98d96919fb6e24eda - - default default] Unable to schedule network 9936406e-2a3a-4120-8be8-83e0a84f3320: no agents available; will retry on subsequent port and subnet creation events.
2026-04-26 07:33:07.440 7 INFO neutron.plugins.ml2.drivers.ovn.mech_driver.mech_driver [None req-16879453-2476-4060-9fa7-3263a760f2ab - - - - - -] OVN reports status down for port: b6f09b9b-01aa-4530-be4a-2462ca148b28
2026-04-26 07:33:07.501 8 WARNING neutron.scheduler.dhcp_agent_scheduler [None req-e2ecdd89-af7c-41cf-8e6b-7fda4d3457ce de3889547a3c4f9a9d8db3fd871aee53 53007e6f1cda42a98d96919fb6e24eda - - default default] No more DHCP agents
2026-04-26 07:33:07.502 8 WARNING neutron.api.rpc.agentnotifiers.dhcp_rpc_agent_api [None req-e2ecdd89-af7c-41cf-8e6b-7fda4d3457ce de3889547a3c4f9a9d8db3fd871aee53 53007e6f1cda42a98d96919fb6e24eda - - default default] Unable to schedule network 99625457-e34c-42c6-a516-3c9e764545b7: no agents available; will retry on subsequent port and subnet creation events.
2026-04-26 07:33:07.504 7 INFO neutron.db.ovn_revision_numbers_db [None req-643eeac2-b672-4cf0-aea7-e12b42279a10 de3889547a3c4f9a9d8db3fd871aee53 53007e6f1cda42a98d96919fb6e24eda - - default default] Successfully bumped revision number for resource b6f09b9b-01aa-4530-be4a-2462ca148b28 (type: ports) to 1
2026-04-26 07:33:07.579 8 INFO neutron.db.ovn_revision_numbers_db [None req-e2ecdd89-af7c-41cf-8e6b-7fda4d3457ce de3889547a3c4f9a9d8db3fd871aee53 53007e6f1cda42a98d96919fb6e24eda - - default default] Successfully bumped revision number for resource 47a12eb9-9a78-404f-8a2e-d267bdfe8289 (type: ports) to 1 [pid: 8|app: 0|req: 642/1243] 10.0.0.54 () {34 vars in 670 bytes} [Sun Apr 26 07:33:06 2026] POST /v2.0/networks => generated 762 bytes in 834 msecs (HTTP/1.1 201) 4 headers in 162 bytes (1 switches on core 0)
2026-04-26 07:33:07.625 8 INFO neutron.pecan_wsgi.hooks.translation [None req-e6f105ef-69d9-4d92-9b81-e675978b9662 207394a9271d4c1086651ae66a196466 1ebfad9a56be4f9db4050ce61c15ab8c - - default default] GET failed (client error): The resource could not be found. [pid: 8|app: 0|req: 643/1244] 10.0.0.54 () {32 vars in 716 bytes} [Sun Apr 26 07:33:07 2026] GET /v2.0/ports/4394cb06-d18f-495d-8fb3-2a3312d118aa => generated 132 bytes in 24 msecs (HTTP/1.1 404) 4 headers in 164 bytes (1 switches on core 0)
2026-04-26 07:33:07.639 7 INFO neutron.plugins.ml2.drivers.ovn.mech_driver.mech_driver [None req-16879453-2476-4060-9fa7-3263a760f2ab - - - - - -] OVN reports status down for port: 47a12eb9-9a78-404f-8a2e-d267bdfe8289
2026-04-26 07:33:07.791 8 WARNING neutron.scheduler.dhcp_agent_scheduler [None req-30e0e45e-9aa0-4b30-81b0-42f905a4b13b de3889547a3c4f9a9d8db3fd871aee53 53007e6f1cda42a98d96919fb6e24eda - - default default] No more DHCP agents
2026-04-26 07:33:07.792 8 WARNING neutron.api.rpc.agentnotifiers.dhcp_rpc_agent_api [None req-30e0e45e-9aa0-4b30-81b0-42f905a4b13b de3889547a3c4f9a9d8db3fd871aee53 53007e6f1cda42a98d96919fb6e24eda - - default default] Unable to schedule network 99625457-e34c-42c6-a516-3c9e764545b7: no agents available; will retry on subsequent port and subnet creation events.
2026-04-26 07:33:08.236 8 INFO neutron.db.ovn_revision_numbers_db [None req-1b72c5b2-5f63-419f-9511-abfe8e802097 - - - - - -] Successfully bumped revision number for resource 47a12eb9-9a78-404f-8a2e-d267bdfe8289 (type: ports) to 2
2026-04-26 07:33:08.247 7 INFO neutron.plugins.ml2.drivers.ovn.mech_driver.ovsdb.commands [None req-2845b3a7-09eb-46ab-aabc-8dd2bc513a2b - - - - - -] Schedule LRP lrp-b6f09b9b-01aa-4530-be4a-2462ca148b28 on gateway 3fce3287-c5a2-4261-9fd1-8af39fcf8a46 with priority 1
2026-04-26 07:33:08.316 7 INFO neutron.plugins.ml2.drivers.ovn.mech_driver.mech_driver [None req-16879453-2476-4060-9fa7-3263a760f2ab - - - - - -] OVN reports status up for port: b6f09b9b-01aa-4530-be4a-2462ca148b28
2026-04-26 07:33:08.316 8 INFO neutron.plugins.ml2.drivers.ovn.mech_driver.ovsdb.ovsdb_monitor [None req-bff0178d-d3a7-4626-a731-f039bf6d2d6c - - - - - -] Router 90d61a47-d489-4ac1-80d6-ae9b22ee9492 is bound to host instance
2026-04-26 07:33:08.344 7 INFO neutron.plugins.ml2.plugin [None req-16879453-2476-4060-9fa7-3263a760f2ab - - - - - -] Attempt 1 to provision port b6f09b9b-01aa-4530-be4a-2462ca148b28
2026-04-26 07:33:08.349 8 INFO neutron.db.ovn_revision_numbers_db [None req-1b72c5b2-5f63-419f-9511-abfe8e802097 - - - - - -] Successfully bumped revision number for resource 1b6e3c4f-8c2e-469b-ae7c-b45e32a348b0 (type: subnets) to 0
2026-04-26 07:33:08.368 7 INFO neutron.db.ovn_revision_numbers_db [None req-643eeac2-b672-4cf0-aea7-e12b42279a10 de3889547a3c4f9a9d8db3fd871aee53 53007e6f1cda42a98d96919fb6e24eda - - default default] Successfully bumped revision number for resource b6f09b9b-01aa-4530-be4a-2462ca148b28 (type: router_ports) to 1 [pid: 8|app: 0|req: 644/1245] 10.0.0.54 () {34 vars in 668 bytes} [Sun Apr 26 07:33:07 2026] POST /v2.0/subnets => generated 687 bytes in 753 msecs (HTTP/1.1 201) 4 headers in 162 bytes (1 switches on core 0)
2026-04-26 07:33:08.498 7 INFO neutron.db.ovn_revision_numbers_db [None req-643eeac2-b672-4cf0-aea7-e12b42279a10 de3889547a3c4f9a9d8db3fd871aee53 53007e6f1cda42a98d96919fb6e24eda - - default default] Successfully bumped revision number for resource 90d61a47-d489-4ac1-80d6-ae9b22ee9492 (type: routers) to 2 [pid: 7|app: 0|req: 602/1246] 10.0.0.54 () {34 vars in 668 bytes} [Sun Apr 26 07:33:06 2026] POST /v2.0/routers => generated 969 bytes in 1628 msecs (HTTP/1.1 201) 4 headers in 162 bytes (1 switches on core 0) [pid: 8|app: 0|req: 645/1247] 10.0.0.54 () {32 vars in 723 bytes} [Sun Apr 26 07:33:08 2026] DELETE /v2.0/subnets/5ee77d73-5e43-43bd-bdee-bba15f6e41fe => generated 0 bytes in 390 msecs (HTTP/1.1 204) 3 headers in 131 bytes (1 switches on core 0)
2026-04-26 07:33:08.934 7 WARNING neutron.scheduler.dhcp_agent_scheduler [None req-ee5058f8-ad77-44a5-ae76-423a185a4441 de3889547a3c4f9a9d8db3fd871aee53 53007e6f1cda42a98d96919fb6e24eda - - default default] No more DHCP agents
2026-04-26 07:33:08.935 7 WARNING neutron.api.rpc.agentnotifiers.dhcp_rpc_agent_api [None req-ee5058f8-ad77-44a5-ae76-423a185a4441 de3889547a3c4f9a9d8db3fd871aee53 53007e6f1cda42a98d96919fb6e24eda - - default default] Unable to schedule network 9936406e-2a3a-4120-8be8-83e0a84f3320: no agents available; will retry on subsequent port and subnet creation events.
2026-04-26 07:33:09.088 7 INFO neutron.db.ovn_revision_numbers_db [None req-ee5058f8-ad77-44a5-ae76-423a185a4441 de3889547a3c4f9a9d8db3fd871aee53 53007e6f1cda42a98d96919fb6e24eda - - default default] Successfully bumped revision number for resource 687c3b1b-c3da-48ff-9577-a8bf7190d15b (type: ports) to 1
2026-04-26 07:33:09.686 8 WARNING neutron.scheduler.dhcp_agent_scheduler [None req-f772a186-4784-4903-8307-090b770a6a78 de3889547a3c4f9a9d8db3fd871aee53 53007e6f1cda42a98d96919fb6e24eda - - default default] No more DHCP agents
2026-04-26 07:33:09.689 7 INFO neutron.plugins.ml2.drivers.ovn.mech_driver.ovsdb.commands [None req-2845b3a7-09eb-46ab-aabc-8dd2bc513a2b - - - - - -] Schedule LRP lrp-687c3b1b-c3da-48ff-9577-a8bf7190d15b on gateway 3fce3287-c5a2-4261-9fd1-8af39fcf8a46 with priority 1
2026-04-26 07:33:09.694 8 WARNING neutron.api.rpc.agentnotifiers.dhcp_rpc_agent_api [None req-f772a186-4784-4903-8307-090b770a6a78 de3889547a3c4f9a9d8db3fd871aee53 53007e6f1cda42a98d96919fb6e24eda - - default default] Unable to schedule network 48890f19-b8a4-4539-9930-3ae48be14b2f: no agents available; will retry on subsequent port and subnet creation events.
2026-04-26 07:33:09.747 7 INFO neutron.plugins.ml2.drivers.ovn.mech_driver.ovsdb.ovsdb_monitor [None req-2bf3ff72-c82a-48f1-916c-fc2d8c0fbb12 - - - - - -] Router ea629168-7c44-47cd-aadc-f7edd5bc47c0 is bound to host instance
2026-04-26 07:33:09.841 7 INFO neutron.db.ovn_revision_numbers_db [None req-ee5058f8-ad77-44a5-ae76-423a185a4441 de3889547a3c4f9a9d8db3fd871aee53 53007e6f1cda42a98d96919fb6e24eda - - default default] Successfully bumped revision number for resource 687c3b1b-c3da-48ff-9577-a8bf7190d15b (type: router_ports) to 1
2026-04-26 07:33:09.962 8 INFO neutron.plugins.ml2.drivers.ovn.mech_driver.mech_driver [None req-c54654eb-fa1f-4da5-87f4-74deaa6ce010 - - - - - -] OVN reports status down for port: bf2e0719-fc67-4b69-b6ac-56f1e007c5cf
2026-04-26 07:33:09.977 8 INFO neutron.db.ovn_revision_numbers_db [None req-1162f018-c9e5-47b6-acad-b10a20dbd962 - - - - - -] Successfully bumped revision number for resource b6f09b9b-01aa-4530-be4a-2462ca148b28 (type: ports) to 4
2026-04-26 07:33:10.093 7 INFO neutron.db.ovn_revision_numbers_db [None req-ee5058f8-ad77-44a5-ae76-423a185a4441 de3889547a3c4f9a9d8db3fd871aee53 53007e6f1cda42a98d96919fb6e24eda - - default default] Successfully bumped revision number for resource ea629168-7c44-47cd-aadc-f7edd5bc47c0 (type: routers) to 2
2026-04-26 07:33:10.110 8 INFO neutron.db.ovn_revision_numbers_db [None req-f772a186-4784-4903-8307-090b770a6a78 de3889547a3c4f9a9d8db3fd871aee53 53007e6f1cda42a98d96919fb6e24eda - - default default] Successfully bumped revision number for resource bf2e0719-fc67-4b69-b6ac-56f1e007c5cf (type: ports) to 1 [pid: 7|app: 0|req: 603/1248] 10.0.0.54 () {34 vars in 668 bytes} [Sun Apr 26 07:33:08 2026] POST /v2.0/routers => generated 965 bytes in 1604 msecs (HTTP/1.1 201) 4 headers in 162 bytes (1 switches on core 0)
2026-04-26 07:33:10.306 7 INFO neutron_taas.services.taas.taas_plugin [None req-d39c034d-629d-4269-ae8c-53f5513d4ac4 207394a9271d4c1086651ae66a196466 1ebfad9a56be4f9db4050ce61c15ab8c - - default default] TaaS: Handle Delete Port: b1a79aa4-d143-4441-9323-6957dde9b34e
2026-04-26 07:33:10.311 7 INFO neutron_taas.services.taas.tap_mirror_plugin [None req-d39c034d-629d-4269-ae8c-53f5513d4ac4 207394a9271d4c1086651ae66a196466 1ebfad9a56be4f9db4050ce61c15ab8c - - default default] Tap Mirror: Handle Delete Port: b1a79aa4-d143-4441-9323-6957dde9b34e
2026-04-26 07:33:10.716 7 INFO neutron.services.segments.plugin [-] Segment 93b89300-5667-409a-89e9-89ad15b983c0 resource provider aggregate not found
2026-04-26 07:33:10.725 7 INFO neutron.services.segments.plugin [-] Segment 93b89300-5667-409a-89e9-89ad15b983c0 resource provider aggregate not found
2026-04-26 07:33:10.751 7 INFO neutron.services.segments.plugin [-] Segment 93b89300-5667-409a-89e9-89ad15b983c0 resource provider not found; error: Placement Client Error (4xx): {"errors": [{"status": 404, "title": "Not Found", "detail": "The resource could not be found.\n\n No resource provider with uuid 93b89300-5667-409a-89e9-89ad15b983c0 found for delete ", "request_id": "req-fd4fc4d2-6956-4469-b420-b0609f4873c5"}]}
2026-04-26 07:33:10.753 7 INFO neutron.services.segments.plugin [-] Segment 93b89300-5667-409a-89e9-89ad15b983c0 resource provider not found; error: Placement Client Error (4xx): {"errors": [{"status": 404, "title": "Not Found", "detail": "The resource could not be found.\n\n No resource provider with uuid 93b89300-5667-409a-89e9-89ad15b983c0 found for delete ", "request_id": "req-54516bb7-86eb-4691-a533-5256a1e91626"}]} [pid: 7|app: 0|req: 604/1249] 10.0.0.54 () {32 vars in 725 bytes} [Sun Apr 26 07:33:10 2026] DELETE /v2.0/networks/5309b31a-1683-4fc2-b94e-70711b1667fd => generated 0 bytes in 721 msecs (HTTP/1.1 204) 3 headers in 131 bytes (1 switches on core 0) [pid: 7|app: 0|req: 605/1250] 10.0.0.175 () {34 vars in 990 bytes} [Sun Apr 26 07:33:10 2026] GET /v2.0/ports?device_id=40032d49-01e1-436c-9fbe-d2c843741a8c => generated 1213 bytes in 115 msecs (HTTP/1.1 200) 4 headers in 158 bytes (1 switches on core 0)
2026-04-26 07:33:11.351 8 INFO neutron.db.ovn_revision_numbers_db [None req-1162f018-c9e5-47b6-acad-b10a20dbd962 - - - - - -] Successfully bumped revision number for resource b6f09b9b-01aa-4530-be4a-2462ca148b28 (type: ports) to 5
2026-04-26 07:33:11.790 8 INFO neutron.plugins.ml2.drivers.ovn.mech_driver.mech_driver [None req-c54654eb-fa1f-4da5-87f4-74deaa6ce010 - - - - - -] OVN reports status up for port: bf2e0719-fc67-4b69-b6ac-56f1e007c5cf
2026-04-26 07:33:11.817 8 INFO neutron.plugins.ml2.plugin [None req-c54654eb-fa1f-4da5-87f4-74deaa6ce010 - - - - - -] Attempt 1 to provision port bf2e0719-fc67-4b69-b6ac-56f1e007c5cf
2026-04-26 07:33:11.838 7 INFO neutron.plugins.ml2.drivers.ovn.mech_driver.mech_driver [None req-16879453-2476-4060-9fa7-3263a760f2ab - - - - - -] OVN reports status down for port: 687c3b1b-c3da-48ff-9577-a8bf7190d15b
2026-04-26 07:33:11.943 8 WARNING neutron.scheduler.dhcp_agent_scheduler [None req-f772a186-4784-4903-8307-090b770a6a78 de3889547a3c4f9a9d8db3fd871aee53 53007e6f1cda42a98d96919fb6e24eda - - default default] No more DHCP agents
2026-04-26 07:33:11.945 8 WARNING neutron.api.rpc.agentnotifiers.dhcp_rpc_agent_api [None req-f772a186-4784-4903-8307-090b770a6a78 de3889547a3c4f9a9d8db3fd871aee53 53007e6f1cda42a98d96919fb6e24eda - - default default] Unable to schedule network 48890f19-b8a4-4539-9930-3ae48be14b2f: no agents available; will retry on subsequent port and subnet creation events.
2026-04-26 07:33:12.088 7 WARNING neutron.plugins.ml2.drivers.ovn.mech_driver.ovsdb.ovn_client [None req-16879453-2476-4060-9fa7-3263a760f2ab - - - - - -] Logical_Switch_Port %s host information not removed, the port state is up
2026-04-26 07:33:12.089 7 INFO neutron.plugins.ml2.drivers.ovn.mech_driver.mech_driver [None req-16879453-2476-4060-9fa7-3263a760f2ab - - - - - -] OVN reports status up for port: 687c3b1b-c3da-48ff-9577-a8bf7190d15b
2026-04-26 07:33:12.134 7 INFO neutron.plugins.ml2.plugin [None req-16879453-2476-4060-9fa7-3263a760f2ab - - - - - -] Attempt 1 to provision port 687c3b1b-c3da-48ff-9577-a8bf7190d15b
2026-04-26 07:33:12.544 8 INFO neutron.db.ovn_revision_numbers_db [None req-c54654eb-fa1f-4da5-87f4-74deaa6ce010 - - - - - -] Successfully bumped revision number for resource bf2e0719-fc67-4b69-b6ac-56f1e007c5cf (type: ports) to 2
2026-04-26 07:33:12.544 7 INFO neutron.db.ovn_revision_numbers_db [None req-f33b6b78-be26-4e6e-83a5-be762da2ea8e - - - - - -] Successfully bumped revision number for resource 687c3b1b-c3da-48ff-9577-a8bf7190d15b (type: ports) to 4
2026-04-26 07:33:12.895 8 INFO neutron.db.ovn_revision_numbers_db [None req-f772a186-4784-4903-8307-090b770a6a78 de3889547a3c4f9a9d8db3fd871aee53 53007e6f1cda42a98d96919fb6e24eda - - default default] Successfully bumped revision number for resource bf2e0719-fc67-4b69-b6ac-56f1e007c5cf (type: router_ports) to 1 [pid: 8|app: 0|req: 646/1251] 10.0.0.54 () {34 vars in 782 bytes} [Sun Apr 26 07:33:08 2026] PUT /v2.0/routers/90d61a47-d489-4ac1-80d6-ae9b22ee9492/add_router_interface => generated 309 bytes in 4128 msecs (HTTP/1.1 200) 4 headers in 157 bytes (1 switches on core 0)
2026-04-26 07:33:13.046 7 WARNING neutron.scheduler.dhcp_agent_scheduler [None req-754c07a6-3636-4e05-96d9-ac8eb9c946f9 de3889547a3c4f9a9d8db3fd871aee53 53007e6f1cda42a98d96919fb6e24eda - - default default] No more DHCP agents
2026-04-26 07:33:13.049 7 WARNING neutron.api.rpc.agentnotifiers.dhcp_rpc_agent_api [None req-754c07a6-3636-4e05-96d9-ac8eb9c946f9 de3889547a3c4f9a9d8db3fd871aee53 53007e6f1cda42a98d96919fb6e24eda - - default default] Unable to schedule network 99625457-e34c-42c6-a516-3c9e764545b7: no agents available; will retry on subsequent port and subnet creation events.
2026-04-26 07:33:13.082 7 INFO neutron.db.ovn_revision_numbers_db [None req-16879453-2476-4060-9fa7-3263a760f2ab - - - - - -] Successfully bumped revision number for resource 687c3b1b-c3da-48ff-9577-a8bf7190d15b (type: ports) to 5
2026-04-26 07:33:13.121 8 WARNING neutron.scheduler.dhcp_agent_scheduler [None req-dfe8a431-8967-4910-a6fc-81fa60f5f16f 207394a9271d4c1086651ae66a196466 1ebfad9a56be4f9db4050ce61c15ab8c - - default default] No more DHCP agents
2026-04-26 07:33:13.123 8 WARNING neutron.api.rpc.agentnotifiers.dhcp_rpc_agent_api [None req-dfe8a431-8967-4910-a6fc-81fa60f5f16f 207394a9271d4c1086651ae66a196466 1ebfad9a56be4f9db4050ce61c15ab8c - - default default] Unable to schedule network f1c53427-0b41-40cb-b48a-da88cb3d8630: no agents available; will retry on subsequent port and subnet creation events.
2026-04-26 07:33:13.216 8 INFO neutron.db.ovn_revision_numbers_db [None req-dfe8a431-8967-4910-a6fc-81fa60f5f16f 207394a9271d4c1086651ae66a196466 1ebfad9a56be4f9db4050ce61c15ab8c - - default default] Successfully bumped revision number for resource 1e5f5436-ed8b-4cce-b216-07cfa5144b64 (type: ports) to 1 [pid: 8|app: 0|req: 647/1252] 10.0.0.54 () {34 vars in 664 bytes} [Sun Apr 26 07:33:12 2026] POST /v2.0/ports => generated 775 bytes in 369 msecs (HTTP/1.1 201) 4 headers in 162 bytes (1 switches on core 0) /var/lib/openstack/lib/python3.12/site-packages/pycadf/identifier.py:70: UserWarning: Invalid uuid: neutron. To ensure interoperability, identifiers should be a valid uuid. warnings.warn(('Invalid uuid: %s. To ensure interoperability, ' [pid: 8|app: 0|req: 648/1253] 10.0.0.175 () {34 vars in 1040 bytes} [Sun Apr 26 07:33:13 2026] GET /v2.0/security-groups?id=f0b56a95-9ec4-44e5-97e3-5e6dc2b671ee&fields=id&fields=name => generated 113 bytes in 46 msecs (HTTP/1.1 200) 4 headers in 157 bytes (1 switches on core 0)
2026-04-26 07:33:13.323 7 INFO neutron.plugins.ml2.drivers.ovn.mech_driver.mech_driver [None req-71ea384b-6743-455e-82bf-68c438bb6d17 - - - - - -] OVN reports status down for port: 1e5f5436-ed8b-4cce-b216-07cfa5144b64
2026-04-26 07:33:13.328 7 INFO neutron.db.ovn_revision_numbers_db [None req-754c07a6-3636-4e05-96d9-ac8eb9c946f9 de3889547a3c4f9a9d8db3fd871aee53 53007e6f1cda42a98d96919fb6e24eda - - default default] Successfully bumped revision number for resource 6d4efd88-90bb-421f-8fc8-d1cbc46d7bb2 (type: ports) to 1
2026-04-26 07:33:13.593 7 INFO neutron.plugins.ml2.drivers.ovn.mech_driver.mech_driver [None req-71ea384b-6743-455e-82bf-68c438bb6d17 - - - - - -] OVN reports status down for port: 1e5f5436-ed8b-4cce-b216-07cfa5144b64
2026-04-26 07:33:13.600 8 INFO neutron.db.ovn_revision_numbers_db [None req-e7737f5b-813f-41c3-b376-4a69751b3589 207394a9271d4c1086651ae66a196466 1ebfad9a56be4f9db4050ce61c15ab8c - - default default] Successfully bumped revision number for resource 1e5f5436-ed8b-4cce-b216-07cfa5144b64 (type: ports) to 2 [pid: 8|app: 0|req: 649/1254] 10.0.0.54 () {34 vars in 736 bytes} [Sun Apr 26 07:33:13 2026] PUT /v2.0/ports/1e5f5436-ed8b-4cce-b216-07cfa5144b64 => generated 752 bytes in 300 msecs (HTTP/1.1 200) 4 headers in 157 bytes (1 switches on core 0) /var/lib/openstack/lib/python3.12/site-packages/pycadf/identifier.py:70: UserWarning: Invalid uuid: neutron. To ensure interoperability, identifiers should be a valid uuid. warnings.warn(('Invalid uuid: %s. To ensure interoperability, '
2026-04-26 07:33:13.761 8 INFO neutron_taas.services.taas.taas_plugin [None req-7d5d5035-d765-4259-a373-a6eb06c79c74 207394a9271d4c1086651ae66a196466 1ebfad9a56be4f9db4050ce61c15ab8c - - default default] TaaS: Handle Delete Port: 1e5f5436-ed8b-4cce-b216-07cfa5144b64
2026-04-26 07:33:13.764 8 INFO neutron_taas.services.taas.tap_mirror_plugin [None req-7d5d5035-d765-4259-a373-a6eb06c79c74 207394a9271d4c1086651ae66a196466 1ebfad9a56be4f9db4050ce61c15ab8c - - default default] Tap Mirror: Handle Delete Port: 1e5f5436-ed8b-4cce-b216-07cfa5144b64 [pid: 8|app: 0|req: 650/1255] 10.0.0.54 () {32 vars in 719 bytes} [Sun Apr 26 07:33:13 2026] DELETE /v2.0/ports/1e5f5436-ed8b-4cce-b216-07cfa5144b64 => generated 0 bytes in 263 msecs (HTTP/1.1 204) 3 headers in 131 bytes (1 switches on core 0) [pid: 8|app: 0|req: 651/1256] 10.0.0.179 () {34 vars in 982 bytes} [Sun Apr 26 07:33:13 2026] GET /v2.0/networks?id=48890f19-b8a4-4539-9930-3ae48be14b2f => generated 714 bytes in 47 msecs (HTTP/1.1 200) 4 headers in 157 bytes (1 switches on core 0) [pid: 8|app: 0|req: 652/1257] 10.0.0.54 () {32 vars in 642 bytes} [Sun Apr 26 07:33:13 2026] GET /v2.0/ports => generated 1533 bytes in 39 msecs (HTTP/1.1 200) 4 headers in 158 bytes (1 switches on core 0) [pid: 8|app: 0|req: 653/1258] 10.0.0.179 () {34 vars in 965 bytes} [Sun Apr 26 07:33:13 2026] GET /v2.0/quotas/7079e8fc1d1845ae8089af0a04544e31 => generated 292 bytes in 9 msecs (HTTP/1.1 200) 4 headers in 157 bytes (1 switches on core 0)
2026-04-26 07:33:14.002 8 INFO neutron.pecan_wsgi.hooks.translation [None req-6d970809-84e6-4761-80d5-bee86eaed0bf 207394a9271d4c1086651ae66a196466 1ebfad9a56be4f9db4050ce61c15ab8c - - default default] GET failed (client error): The resource could not be found. [pid: 8|app: 0|req: 654/1259] 10.0.0.54 () {32 vars in 716 bytes} [Sun Apr 26 07:33:13 2026] GET /v2.0/ports/1e5f5436-ed8b-4cce-b216-07cfa5144b64 => generated 132 bytes in 20 msecs (HTTP/1.1 404) 4 headers in 164 bytes (1 switches on core 0) [pid: 8|app: 0|req: 655/1260] 10.0.0.179 () {34 vars in 1002 bytes} [Sun Apr 26 07:33:14 2026] GET /v2.0/ports?tenant_id=7079e8fc1d1845ae8089af0a04544e31&fields=id => generated 103 bytes in 77 msecs (HTTP/1.1 200) 4 headers in 157 bytes (1 switches on core 0) [pid: 8|app: 0|req: 656/1261] 10.0.0.54 () {32 vars in 642 bytes} [Sun Apr 26 07:33:14 2026] GET /v2.0/ports => generated 1533 bytes in 42 msecs (HTTP/1.1 200) 4 headers in 158 bytes (1 switches on core 0) [pid: 8|app: 0|req: 657/1262] 10.0.0.179 () {34 vars in 1008 bytes} [Sun Apr 26 07:33:14 2026] GET /v2.0/networks/48890f19-b8a4-4539-9930-3ae48be14b2f?fields=segments => generated 14 bytes in 65 msecs (HTTP/1.1 200) 4 headers in 156 bytes (1 switches on core 0)
2026-04-26 07:33:14.209 7 WARNING neutron.scheduler.dhcp_agent_scheduler [None req-754c07a6-3636-4e05-96d9-ac8eb9c946f9 de3889547a3c4f9a9d8db3fd871aee53 53007e6f1cda42a98d96919fb6e24eda - - default default] No more DHCP agents
2026-04-26 07:33:14.210 7 WARNING neutron.api.rpc.agentnotifiers.dhcp_rpc_agent_api [None req-754c07a6-3636-4e05-96d9-ac8eb9c946f9 de3889547a3c4f9a9d8db3fd871aee53 53007e6f1cda42a98d96919fb6e24eda - - default default] Unable to schedule network 99625457-e34c-42c6-a516-3c9e764545b7: no agents available; will retry on subsequent port and subnet creation events. [pid: 8|app: 0|req: 658/1263] 10.0.0.54 () {32 vars in 716 bytes} [Sun Apr 26 07:33:14 2026] GET /v2.0/ports/bd8b6370-ca8a-422f-a29f-64872e261786 => generated 774 bytes in 42 msecs (HTTP/1.1 200) 4 headers in 157 bytes (1 switches on core 0) [pid: 8|app: 0|req: 659/1264] 10.0.0.179 () {34 vars in 1108 bytes} [Sun Apr 26 07:33:14 2026] GET /v2.0/networks/48890f19-b8a4-4539-9930-3ae48be14b2f?fields=provider%3Aphysical_network&fields=provider%3Anetwork_type => generated 79 bytes in 41 msecs (HTTP/1.1 200) 4 headers in 156 bytes (1 switches on core 0)
2026-04-26 07:33:14.288 8 INFO neutron.pecan_wsgi.hooks.translation [None req-5a7135f9-0968-4637-9c15-e3bd35cbcc7b 207394a9271d4c1086651ae66a196466 1ebfad9a56be4f9db4050ce61c15ab8c - - default default] DELETE failed (client error): The resource could not be found. [pid: 8|app: 0|req: 660/1265] 10.0.0.54 () {32 vars in 719 bytes} [Sun Apr 26 07:33:14 2026] DELETE /v2.0/ports/4394cb06-d18f-495d-8fb3-2a3312d118aa => generated 132 bytes in 18 msecs (HTTP/1.1 404) 4 headers in 164 bytes (1 switches on core 0)
2026-04-26 07:33:14.312 8 INFO neutron.pecan_wsgi.hooks.translation [None req-ba2bf6fd-b364-49b7-b236-20bbbc6bb4e0 207394a9271d4c1086651ae66a196466 1ebfad9a56be4f9db4050ce61c15ab8c - - default default] DELETE failed (client error): The resource could not be found. [pid: 8|app: 0|req: 661/1266] 10.0.0.54 () {32 vars in 723 bytes} [Sun Apr 26 07:33:14 2026] DELETE /v2.0/subnets/5ee77d73-5e43-43bd-bdee-bba15f6e41fe => generated 136 bytes in 18 msecs (HTTP/1.1 404) 4 headers in 164 bytes (1 switches on core 0)
2026-04-26 07:33:14.338 8 INFO neutron.pecan_wsgi.hooks.translation [None req-d86e9e15-32ab-4069-ab2e-ceaee71bc4f4 207394a9271d4c1086651ae66a196466 1ebfad9a56be4f9db4050ce61c15ab8c - - default default] DELETE failed (client error): The resource could not be found. [pid: 8|app: 0|req: 662/1267] 10.0.0.54 () {32 vars in 723 bytes} [Sun Apr 26 07:33:14 2026] DELETE /v2.0/subnets/227fe08d-2dd3-45bd-aedb-768b9495675e => generated 136 bytes in 21 msecs (HTTP/1.1 404) 4 headers in 164 bytes (1 switches on core 0)
2026-04-26 07:33:14.477 8 INFO neutron_taas.services.taas.taas_plugin [None req-bc4d66dc-3334-43a9-a9c4-424ed4311b0e 207394a9271d4c1086651ae66a196466 1ebfad9a56be4f9db4050ce61c15ab8c - - default default] TaaS: Handle Delete Port: bd8b6370-ca8a-422f-a29f-64872e261786
2026-04-26 07:33:14.480 8 INFO neutron_taas.services.taas.tap_mirror_plugin [None req-bc4d66dc-3334-43a9-a9c4-424ed4311b0e 207394a9271d4c1086651ae66a196466 1ebfad9a56be4f9db4050ce61c15ab8c - - default default] Tap Mirror: Handle Delete Port: bd8b6370-ca8a-422f-a29f-64872e261786 [pid: 8|app: 0|req: 663/1268] 10.0.0.54 () {32 vars in 719 bytes} [Sun Apr 26 07:33:14 2026] DELETE /v2.0/ports/bd8b6370-ca8a-422f-a29f-64872e261786 => generated 0 bytes in 274 msecs (HTTP/1.1 204) 3 headers in 131 bytes (1 switches on core 0) [pid: 8|app: 0|req: 664/1269] 10.0.0.179 () {34 vars in 990 bytes} [Sun Apr 26 07:33:14 2026] GET /v2.0/ports?device_id=55238f38-1bbd-4550-a491-6aaa3d1b4b3a => generated 12 bytes in 21 msecs (HTTP/1.1 200) 4 headers in 156 bytes (1 switches on core 0)
2026-04-26 07:33:14.741 7 INFO neutron.db.ovn_revision_numbers_db [None req-754c07a6-3636-4e05-96d9-ac8eb9c946f9 de3889547a3c4f9a9d8db3fd871aee53 53007e6f1cda42a98d96919fb6e24eda - - default default] Successfully bumped revision number for resource 6d4efd88-90bb-421f-8fc8-d1cbc46d7bb2 (type: router_ports) to 1 [pid: 7|app: 0|req: 606/1270] 10.0.0.54 () {34 vars in 782 bytes} [Sun Apr 26 07:33:10 2026] PUT /v2.0/routers/ea629168-7c44-47cd-aadc-f7edd5bc47c0/add_router_interface => generated 309 bytes in 3789 msecs (HTTP/1.1 200) 4 headers in 157 bytes (1 switches on core 0)
2026-04-26 07:33:14.830 8 INFO neutron_taas.services.taas.taas_plugin [None req-fbdcb12e-5a2b-4699-a06e-03d1be34bf78 207394a9271d4c1086651ae66a196466 1ebfad9a56be4f9db4050ce61c15ab8c - - default default] TaaS: Handle Delete Port: 32a314e1-9aeb-413a-ac25-d051aac9dc30
2026-04-26 07:33:14.835 8 INFO neutron_taas.services.taas.tap_mirror_plugin [None req-fbdcb12e-5a2b-4699-a06e-03d1be34bf78 207394a9271d4c1086651ae66a196466 1ebfad9a56be4f9db4050ce61c15ab8c - - default default] Tap Mirror: Handle Delete Port: 32a314e1-9aeb-413a-ac25-d051aac9dc30 [pid: 7|app: 0|req: 607/1271] 10.0.0.54 () {32 vars in 825 bytes} [Sun Apr 26 07:33:14 2026] GET /v2.0/ports?project_id=07740459d2434b2c8c6060a6b0f0fd76&network_id=1e68d347-4e1f-4ec4-a2af-a3ae9ceeb794 => generated 3319 bytes in 63 msecs (HTTP/1.1 200) 4 headers in 158 bytes (1 switches on core 0)
2026-04-26 07:33:15.017 8 INFO neutron.services.segments.plugin [-] Segment cc0920da-87d9-4e6c-a49e-dc0f1e75ba73 resource provider aggregate not found
2026-04-26 07:33:15.018 8 INFO neutron.services.segments.plugin [-] Segment cc0920da-87d9-4e6c-a49e-dc0f1e75ba73 resource provider aggregate not found
2026-04-26 07:33:15.056 8 INFO neutron.services.segments.plugin [-] Segment cc0920da-87d9-4e6c-a49e-dc0f1e75ba73 resource provider not found; error: Placement Client Error (4xx): {"errors": [{"status": 404, "title": "Not Found", "detail": "The resource could not be found.\n\n No resource provider with uuid cc0920da-87d9-4e6c-a49e-dc0f1e75ba73 found for delete ", "request_id": "req-62c1e393-892c-410a-831a-cf0e52575ea6"}]}
2026-04-26 07:33:15.060 8 INFO neutron.services.segments.plugin [-] Segment cc0920da-87d9-4e6c-a49e-dc0f1e75ba73 resource provider not found; error: Placement Client Error (4xx): {"errors": [{"status": 404, "title": "Not Found", "detail": "The resource could not be found.\n\n No resource provider with uuid cc0920da-87d9-4e6c-a49e-dc0f1e75ba73 found for delete ", "request_id": "req-121f1581-4a49-4690-8912-2123cad38325"}]} [pid: 8|app: 0|req: 665/1272] 10.0.0.54 () {32 vars in 725 bytes} [Sun Apr 26 07:33:14 2026] DELETE /v2.0/networks/f1c53427-0b41-40cb-b48a-da88cb3d8630 => generated 0 bytes in 434 msecs (HTTP/1.1 204) 3 headers in 131 bytes (1 switches on core 0) [pid: 7|app: 0|req: 608/1273] 10.0.0.54 () {32 vars in 741 bytes} [Sun Apr 26 07:33:15 2026] GET /v2.0/subnets?network_id=9936406e-2a3a-4120-8be8-83e0a84f3320 => generated 667 bytes in 43 msecs (HTTP/1.1 200) 4 headers in 157 bytes (1 switches on core 0)
