2026-04-26 07:34:04.876 7 INFO neutron.services.segments.plugin [-] Segment cdea9f7c-ed86-4eda-9982-f0cbc692cad0 resource provider not found; error: Placement Client Error (4xx): {"errors": [{"status": 404, "title": "Not Found", "detail": "The resource could not be found.\n\n No resource provider with uuid cdea9f7c-ed86-4eda-9982-f0cbc692cad0 found for delete ", "request_id": "req-355adcfa-eb3c-4056-88c8-f3813ef85c14"}]}
2026-04-26 07:34:04.882 7 INFO neutron.services.segments.plugin [-] Segment cdea9f7c-ed86-4eda-9982-f0cbc692cad0 resource provider not found; error: Placement Client Error (4xx): {"errors": [{"status": 404, "title": "Not Found", "detail": "The resource could not be found.\n\n No resource provider with uuid cdea9f7c-ed86-4eda-9982-f0cbc692cad0 found for delete ", "request_id": "req-8c5f68bf-cbbe-4577-a145-3f4c5525422a"}]} [pid: 8|app: 0|req: 855/1603] 10.0.0.54 () {32 vars in 679 bytes} [Sun Apr 26 07:34:04 2026] GET /v2.0/networks?tags=red%2Cblue => generated 1338 bytes in 68 msecs (HTTP/1.1 200) 4 headers in 158 bytes (1 switches on core 0) [pid: 7|app: 0|req: 749/1604] 10.0.0.54 () {32 vars in 725 bytes} [Sun Apr 26 07:34:04 2026] DELETE /v2.0/networks/1e68d347-4e1f-4ec4-a2af-a3ae9ceeb794 => generated 0 bytes in 418 msecs (HTTP/1.1 204) 3 headers in 131 bytes (1 switches on core 0) [pid: 8|app: 0|req: 856/1605] 10.0.0.54 () {32 vars in 675 bytes} [Sun Apr 26 07:34:04 2026] GET /v2.0/networks?tags-any=blue => generated 1338 bytes in 49 msecs (HTTP/1.1 200) 4 headers in 158 bytes (1 switches on core 0) [pid: 7|app: 0|req: 750/1606] 10.0.0.54 () {32 vars in 687 bytes} [Sun Apr 26 07:34:04 2026] GET /v2.0/networks?tags-any=red%2Cblue => generated 1988 bytes in 55 msecs (HTTP/1.1 200) 4 headers in 158 bytes (1 switches on core 0) [pid: 8|app: 0|req: 857/1607] 10.0.0.54 () {32 vars in 673 bytes} [Sun Apr 26 07:34:05 2026] GET /v2.0/networks?not-tags=red => generated 1986 bytes in 56 msecs (HTTP/1.1 200) 4 headers in 158 bytes (1 switches on core 0) [pid: 7|app: 0|req: 751/1608] 10.0.0.54 () {32 vars in 687 bytes} [Sun Apr 26 07:34:05 2026] GET /v2.0/networks?not-tags=red%2Cblue => generated 2636 bytes in 76 msecs (HTTP/1.1 200) 4 headers in 158 bytes (1 switches on core 0) [pid: 8|app: 0|req: 858/1609] 10.0.0.54 () {32 vars in 683 bytes} [Sun Apr 26 07:34:05 2026] GET /v2.0/networks?not-tags-any=blue => generated 2636 bytes in 89 msecs (HTTP/1.1 200) 4 headers in 158 bytes (1 switches on core 0) [pid: 7|app: 0|req: 752/1610] 10.0.0.54 () {32 vars in 695 bytes} [Sun Apr 26 07:34:05 2026] GET /v2.0/networks?not-tags-any=red%2Cblue => generated 1986 bytes in 76 msecs (HTTP/1.1 200) 4 headers in 158 bytes (1 switches on core 0)
2026-04-26 07:34:05.464 8 INFO neutron_taas.services.taas.taas_plugin [None req-b1a58f18-a02f-4407-9b3e-3e6f692b8f12 d5dc0cc4552c468282ac885fab0f2b24 cc7074dd60824e02820803570105996c - - default default] TaaS: Handle Delete Port: d968919c-2e44-4e30-970b-7fd32c3c8fa5
2026-04-26 07:34:05.468 8 INFO neutron_taas.services.taas.tap_mirror_plugin [None req-b1a58f18-a02f-4407-9b3e-3e6f692b8f12 d5dc0cc4552c468282ac885fab0f2b24 cc7074dd60824e02820803570105996c - - default default] Tap Mirror: Handle Delete Port: d968919c-2e44-4e30-970b-7fd32c3c8fa5
2026-04-26 07:34:05.667 8 INFO neutron.services.segments.plugin [-] Segment dc098e20-0a68-4cac-85f0-9e0fb2b2495b resource provider aggregate not found
2026-04-26 07:34:05.677 8 INFO neutron.services.segments.plugin [-] Segment dc098e20-0a68-4cac-85f0-9e0fb2b2495b resource provider aggregate not found
2026-04-26 07:34:05.693 8 INFO neutron.services.segments.plugin [-] Segment dc098e20-0a68-4cac-85f0-9e0fb2b2495b resource provider not found; error: Placement Client Error (4xx): {"errors": [{"status": 404, "title": "Not Found", "detail": "The resource could not be found.\n\n No resource provider with uuid dc098e20-0a68-4cac-85f0-9e0fb2b2495b found for delete ", "request_id": "req-0c2d964d-20e9-4855-802d-067b3302b6e5"}]}
2026-04-26 07:34:05.698 8 INFO neutron.services.segments.plugin [-] Segment dc098e20-0a68-4cac-85f0-9e0fb2b2495b resource provider not found; error: Placement Client Error (4xx): {"errors": [{"status": 404, "title": "Not Found", "detail": "The resource could not be found.\n\n No resource provider with uuid dc098e20-0a68-4cac-85f0-9e0fb2b2495b found for delete ", "request_id": "req-a16524fc-76df-456a-ad1c-ea9f84255c7e"}]} [pid: 8|app: 0|req: 859/1611] 10.0.0.54 () {32 vars in 725 bytes} [Sun Apr 26 07:34:05 2026] DELETE /v2.0/networks/a05ecb35-6a14-4916-bec9-52ef25bb915a => generated 0 bytes in 389 msecs (HTTP/1.1 204) 3 headers in 131 bytes (1 switches on core 0) [pid: 7|app: 0|req: 753/1612] 10.0.0.54 () {32 vars in 773 bytes} [Sun Apr 26 07:34:05 2026] GET /v2.0/security-groups?tenant_id=07740459d2434b2c8c6060a6b0f0fd76&name=default => generated 2925 bytes in 255 msecs (HTTP/1.1 200) 4 headers in 158 bytes (1 switches on core 0)
2026-04-26 07:34:05.857 8 INFO neutron_taas.services.taas.taas_plugin [None req-6879e2f7-9945-4f1d-9458-dd169929a56e d5dc0cc4552c468282ac885fab0f2b24 cc7074dd60824e02820803570105996c - - default default] TaaS: Handle Delete Port: 85804674-93b4-4033-aa8f-311476d13c75
2026-04-26 07:34:05.860 8 INFO neutron_taas.services.taas.tap_mirror_plugin [None req-6879e2f7-9945-4f1d-9458-dd169929a56e d5dc0cc4552c468282ac885fab0f2b24 cc7074dd60824e02820803570105996c - - default default] Tap Mirror: Handle Delete Port: 85804674-93b4-4033-aa8f-311476d13c75 [pid: 8|app: 0|req: 860/1613] 10.0.0.54 () {32 vars in 725 bytes} [Sun Apr 26 07:34:05 2026] DELETE /v2.0/networks/7df7b7f7-9fa1-481c-af08-1c599a8c5aa5 => generated 0 bytes in 383 msecs (HTTP/1.1 204) 3 headers in 131 bytes (1 switches on core 0) [pid: 7|app: 0|req: 754/1614] 10.0.0.54 () {32 vars in 739 bytes} [Sun Apr 26 07:34:05 2026] DELETE /v2.0/security-groups/bc07a023-98f1-4fdd-8e79-e88569c1b8c1 => generated 0 bytes in 323 msecs (HTTP/1.1 204) 2 headers in 112 bytes (1 switches on core 0)
2026-04-26 07:34:06.274 8 INFO neutron_taas.services.taas.taas_plugin [None req-9efeea5d-cf21-41a3-b5b1-1136c198254e d5dc0cc4552c468282ac885fab0f2b24 cc7074dd60824e02820803570105996c - - default default] TaaS: Handle Delete Port: ad4a5121-6832-40d5-92d4-cdb001cd3fe8
2026-04-26 07:34:06.279 8 INFO neutron_taas.services.taas.tap_mirror_plugin [None req-9efeea5d-cf21-41a3-b5b1-1136c198254e d5dc0cc4552c468282ac885fab0f2b24 cc7074dd60824e02820803570105996c - - default default] Tap Mirror: Handle Delete Port: ad4a5121-6832-40d5-92d4-cdb001cd3fe8
2026-04-26 07:34:06.500 7 INFO neutron.db.ovn_revision_numbers_db [None req-23589f3d-1514-41d8-957b-9f5bee80c3d6 de3889547a3c4f9a9d8db3fd871aee53 53007e6f1cda42a98d96919fb6e24eda - - default default] Successfully bumped revision number for resource 5af1693f-e126-42bf-a76d-3769cf30b752 (type: security_groups) to 1
2026-04-26 07:34:06.518 7 INFO neutron.db.ovn_revision_numbers_db [None req-23589f3d-1514-41d8-957b-9f5bee80c3d6 de3889547a3c4f9a9d8db3fd871aee53 53007e6f1cda42a98d96919fb6e24eda - - default default] Successfully bumped revision number for resource 29826163-d1a0-4cee-8d15-1828a7847f3f (type: security_group_rules) to 0 [pid: 8|app: 0|req: 861/1615] 10.0.0.54 () {32 vars in 725 bytes} [Sun Apr 26 07:34:06 2026] DELETE /v2.0/networks/4ea3fef3-9d60-4d27-85c7-1e294d928208 => generated 0 bytes in 405 msecs (HTTP/1.1 204) 3 headers in 131 bytes (1 switches on core 0)
2026-04-26 07:34:06.531 7 INFO neutron.db.ovn_revision_numbers_db [None req-23589f3d-1514-41d8-957b-9f5bee80c3d6 de3889547a3c4f9a9d8db3fd871aee53 53007e6f1cda42a98d96919fb6e24eda - - default default] Successfully bumped revision number for resource 5c18be8e-fc5a-4b48-9e50-bc500f2d1715 (type: security_group_rules) to 0
2026-04-26 07:34:06.544 7 INFO neutron.db.ovn_revision_numbers_db [None req-23589f3d-1514-41d8-957b-9f5bee80c3d6 de3889547a3c4f9a9d8db3fd871aee53 53007e6f1cda42a98d96919fb6e24eda - - default default] Successfully bumped revision number for resource 71b44b04-1a05-4804-ac4f-58bbd3954dda (type: security_group_rules) to 0
2026-04-26 07:34:06.555 7 INFO neutron.db.ovn_revision_numbers_db [None req-23589f3d-1514-41d8-957b-9f5bee80c3d6 de3889547a3c4f9a9d8db3fd871aee53 53007e6f1cda42a98d96919fb6e24eda - - default default] Successfully bumped revision number for resource 93e80d43-2deb-497a-b670-a1e3debd4bac (type: security_group_rules) to 0 [pid: 7|app: 0|req: 755/1616] 10.0.0.54 () {32 vars in 773 bytes} [Sun Apr 26 07:34:06 2026] GET /v2.0/security-groups?tenant_id=ac6a7ae3543b42259c433ce2f6786053&name=default => generated 2925 bytes in 239 msecs (HTTP/1.1 200) 4 headers in 158 bytes (1 switches on core 0)
2026-04-26 07:34:06.702 8 INFO neutron_taas.services.taas.taas_plugin [None req-856bdee3-ff81-48aa-9542-099ae7e0f04d d5dc0cc4552c468282ac885fab0f2b24 cc7074dd60824e02820803570105996c - - default default] TaaS: Handle Delete Port: e5c18130-1203-4d37-ae5e-4ca07bcf5d8a
2026-04-26 07:34:06.706 8 INFO neutron_taas.services.taas.tap_mirror_plugin [None req-856bdee3-ff81-48aa-9542-099ae7e0f04d d5dc0cc4552c468282ac885fab0f2b24 cc7074dd60824e02820803570105996c - - default default] Tap Mirror: Handle Delete Port: e5c18130-1203-4d37-ae5e-4ca07bcf5d8a [pid: 7|app: 0|req: 756/1617] 10.0.0.54 () {32 vars in 739 bytes} [Sun Apr 26 07:34:06 2026] DELETE /v2.0/security-groups/5af1693f-e126-42bf-a76d-3769cf30b752 => generated 0 bytes in 276 msecs (HTTP/1.1 204) 2 headers in 112 bytes (1 switches on core 0) [pid: 8|app: 0|req: 862/1618] 10.0.0.54 () {32 vars in 725 bytes} [Sun Apr 26 07:34:06 2026] DELETE /v2.0/networks/134b3a3e-59c1-4ecb-b53a-4efbfedd4956 => generated 0 bytes in 453 msecs (HTTP/1.1 204) 3 headers in 131 bytes (1 switches on core 0)
2026-04-26 07:34:07.154 7 INFO neutron_taas.services.taas.taas_plugin [None req-000ea95a-c812-49e9-ae37-854363c9ff70 d5dc0cc4552c468282ac885fab0f2b24 cc7074dd60824e02820803570105996c - - default default] TaaS: Handle Delete Port: 1de49395-c952-4ebf-839e-becd2ebdafac
2026-04-26 07:34:07.157 7 INFO neutron_taas.services.taas.tap_mirror_plugin [None req-000ea95a-c812-49e9-ae37-854363c9ff70 d5dc0cc4552c468282ac885fab0f2b24 cc7074dd60824e02820803570105996c - - default default] Tap Mirror: Handle Delete Port: 1de49395-c952-4ebf-839e-becd2ebdafac
2026-04-26 07:34:07.412 7 INFO neutron.services.segments.plugin [-] Segment 9604d78a-d823-410d-a556-7a465b7a75d8 resource provider aggregate not found
2026-04-26 07:34:07.419 7 INFO neutron.services.segments.plugin [-] Segment 9604d78a-d823-410d-a556-7a465b7a75d8 resource provider aggregate not found
2026-04-26 07:34:07.440 7 INFO neutron.services.segments.plugin [-] Segment 9604d78a-d823-410d-a556-7a465b7a75d8 resource provider not found; error: Placement Client Error (4xx): {"errors": [{"status": 404, "title": "Not Found", "detail": "The resource could not be found.\n\n No resource provider with uuid 9604d78a-d823-410d-a556-7a465b7a75d8 found for delete ", "request_id": "req-ece55ae8-d4e4-48b2-9fea-2269c4d0b35f"}]}
2026-04-26 07:34:07.440 7 INFO neutron.services.segments.plugin [-] Segment 9604d78a-d823-410d-a556-7a465b7a75d8 resource provider not found; error: Placement Client Error (4xx): {"errors": [{"status": 404, "title": "Not Found", "detail": "The resource could not be found.\n\n No resource provider with uuid 9604d78a-d823-410d-a556-7a465b7a75d8 found for delete ", "request_id": "req-2ab98e6d-d200-4017-82f6-20fa34e7dabf"}]} [pid: 7|app: 0|req: 757/1619] 10.0.0.54 () {32 vars in 725 bytes} [Sun Apr 26 07:34:06 2026] DELETE /v2.0/networks/cd96511e-bb16-4589-b0d7-7ebb5819a15c => generated 0 bytes in 483 msecs (HTTP/1.1 204) 3 headers in 131 bytes (1 switches on core 0)
2026-04-26 07:34:07.721 8 INFO neutron.services.segments.plugin [-] Segment 656339fc-ea70-4939-8bba-9d2aa5840f7c resource provider aggregate not found
2026-04-26 07:34:07.729 8 INFO neutron.services.segments.plugin [-] Segment 656339fc-ea70-4939-8bba-9d2aa5840f7c resource provider aggregate not found
2026-04-26 07:34:07.746 8 INFO neutron.services.segments.plugin [-] Segment 656339fc-ea70-4939-8bba-9d2aa5840f7c resource provider not found; error: Placement Client Error (4xx): {"errors": [{"status": 404, "title": "Not Found", "detail": "The resource could not be found.\n\n No resource provider with uuid 656339fc-ea70-4939-8bba-9d2aa5840f7c found for delete ", "request_id": "req-658e9e55-cfbe-479d-9bfc-c79c6e84dfd1"}]}
2026-04-26 07:34:07.752 8 INFO neutron.services.segments.plugin [-] Segment 656339fc-ea70-4939-8bba-9d2aa5840f7c resource provider not found; error: Placement Client Error (4xx): {"errors": [{"status": 404, "title": "Not Found", "detail": "The resource could not be found.\n\n No resource provider with uuid 656339fc-ea70-4939-8bba-9d2aa5840f7c found for delete ", "request_id": "req-be486a4d-fd6a-457a-ba53-b2a207bbcf39"}]}
2026-04-26 07:34:07.774 8 INFO neutron.services.segments.plugin [-] Segment f38df85b-bece-41ff-8388-862e4e846fa3 resource provider aggregate not found
2026-04-26 07:34:07.779 8 INFO neutron.services.segments.plugin [-] Segment f38df85b-bece-41ff-8388-862e4e846fa3 resource provider aggregate not found
2026-04-26 07:34:07.796 8 INFO neutron.services.segments.plugin [-] Segment f38df85b-bece-41ff-8388-862e4e846fa3 resource provider not found; error: Placement Client Error (4xx): {"errors": [{"status": 404, "title": "Not Found", "detail": "The resource could not be found.\n\n No resource provider with uuid f38df85b-bece-41ff-8388-862e4e846fa3 found for delete ", "request_id": "req-2ee173b2-7d2c-48bd-b7da-adafeb8de9de"}]}
2026-04-26 07:34:07.800 8 INFO neutron.services.segments.plugin [-] Segment f38df85b-bece-41ff-8388-862e4e846fa3 resource provider not found; error: Placement Client Error (4xx): {"errors": [{"status": 404, "title": "Not Found", "detail": "The resource could not be found.\n\n No resource provider with uuid f38df85b-bece-41ff-8388-862e4e846fa3 found for delete ", "request_id": "req-41c1965c-c3f2-4a98-b13e-f39d91636ba1"}]}
2026-04-26 07:34:07.819 8 INFO neutron.services.segments.plugin [-] Segment 71d6367d-c862-4985-b828-87920ed7dc44 resource provider aggregate not found
2026-04-26 07:34:07.826 8 INFO neutron.services.segments.plugin [-] Segment 71d6367d-c862-4985-b828-87920ed7dc44 resource provider aggregate not found
2026-04-26 07:34:07.844 8 INFO neutron.services.segments.plugin [-] Segment 71d6367d-c862-4985-b828-87920ed7dc44 resource provider not found; error: Placement Client Error (4xx): {"errors": [{"status": 404, "title": "Not Found", "detail": "The resource could not be found.\n\n No resource provider with uuid 71d6367d-c862-4985-b828-87920ed7dc44 found for delete ", "request_id": "req-ebf57170-e752-4958-a265-ff2f7979d03a"}]}
2026-04-26 07:34:07.847 8 INFO neutron.services.segments.plugin [-] Segment 71d6367d-c862-4985-b828-87920ed7dc44 resource provider not found; error: Placement Client Error (4xx): {"errors": [{"status": 404, "title": "Not Found", "detail": "The resource could not be found.\n\n No resource provider with uuid 71d6367d-c862-4985-b828-87920ed7dc44 found for delete ", "request_id": "req-ebf81f1b-9cee-40f3-9ed6-193bcedace98"}]}
2026-04-26 07:34:08.646 8 INFO neutron.db.ovn_revision_numbers_db [None req-5708d4ab-d7aa-41a1-9d93-1dd2091b4063 de3889547a3c4f9a9d8db3fd871aee53 53007e6f1cda42a98d96919fb6e24eda - - default default] Successfully bumped revision number for resource e62451f7-dc0e-4b10-9835-85d3ac37f6a8 (type: security_groups) to 1
2026-04-26 07:34:08.672 8 INFO neutron.db.ovn_revision_numbers_db [None req-5708d4ab-d7aa-41a1-9d93-1dd2091b4063 de3889547a3c4f9a9d8db3fd871aee53 53007e6f1cda42a98d96919fb6e24eda - - default default] Successfully bumped revision number for resource 0092b6e2-61a3-49de-809c-a72ee498067c (type: security_group_rules) to 0
2026-04-26 07:34:08.678 7 INFO neutron.db.ovn_revision_numbers_db [None req-dea2b9db-8949-404f-b4bd-5bdd4b1dbeba de3889547a3c4f9a9d8db3fd871aee53 53007e6f1cda42a98d96919fb6e24eda - - default default] Successfully bumped revision number for resource c9a769d9-4dfb-48c7-be81-ca93f1933e7f (type: security_groups) to 1
2026-04-26 07:34:08.690 8 INFO neutron.db.ovn_revision_numbers_db [None req-5708d4ab-d7aa-41a1-9d93-1dd2091b4063 de3889547a3c4f9a9d8db3fd871aee53 53007e6f1cda42a98d96919fb6e24eda - - default default] Successfully bumped revision number for resource e34d0753-1a5c-4cbd-8955-ab11e927965a (type: security_group_rules) to 0
2026-04-26 07:34:08.692 7 INFO neutron.db.ovn_revision_numbers_db [None req-dea2b9db-8949-404f-b4bd-5bdd4b1dbeba de3889547a3c4f9a9d8db3fd871aee53 53007e6f1cda42a98d96919fb6e24eda - - default default] Successfully bumped revision number for resource 587587da-3eb3-4978-80ca-aad8738df5f4 (type: security_group_rules) to 0
2026-04-26 07:34:08.704 8 INFO neutron.db.ovn_revision_numbers_db [None req-5708d4ab-d7aa-41a1-9d93-1dd2091b4063 de3889547a3c4f9a9d8db3fd871aee53 53007e6f1cda42a98d96919fb6e24eda - - default default] Successfully bumped revision number for resource e6de37e0-a8bb-4e3a-8b8b-8859c41d3e59 (type: security_group_rules) to 0
2026-04-26 07:34:08.706 7 INFO neutron.db.ovn_revision_numbers_db [None req-dea2b9db-8949-404f-b4bd-5bdd4b1dbeba de3889547a3c4f9a9d8db3fd871aee53 53007e6f1cda42a98d96919fb6e24eda - - default default] Successfully bumped revision number for resource 8eb85ad7-3965-4593-aba0-5ca474278af9 (type: security_group_rules) to 0
2026-04-26 07:34:08.718 8 INFO neutron.db.ovn_revision_numbers_db [None req-5708d4ab-d7aa-41a1-9d93-1dd2091b4063 de3889547a3c4f9a9d8db3fd871aee53 53007e6f1cda42a98d96919fb6e24eda - - default default] Successfully bumped revision number for resource fe1be6c7-d55e-448b-84d7-2d5c6d659654 (type: security_group_rules) to 0
2026-04-26 07:34:08.720 7 INFO neutron.db.ovn_revision_numbers_db [None req-dea2b9db-8949-404f-b4bd-5bdd4b1dbeba de3889547a3c4f9a9d8db3fd871aee53 53007e6f1cda42a98d96919fb6e24eda - - default default] Successfully bumped revision number for resource b00540a7-8162-4909-9f60-a0b40197ca73 (type: security_group_rules) to 0
2026-04-26 07:34:08.731 7 INFO neutron.db.ovn_revision_numbers_db [None req-dea2b9db-8949-404f-b4bd-5bdd4b1dbeba de3889547a3c4f9a9d8db3fd871aee53 53007e6f1cda42a98d96919fb6e24eda - - default default] Successfully bumped revision number for resource bba825fc-3704-4d8e-acb7-7bab477ef40f (type: security_group_rules) to 0 [pid: 8|app: 0|req: 863/1620] 10.0.0.54 () {32 vars in 773 bytes} [Sun Apr 26 07:34:08 2026] GET /v2.0/security-groups?tenant_id=bf738d32349c45aea35f9c7d36f703aa&name=default => generated 2925 bytes in 399 msecs (HTTP/1.1 200) 4 headers in 158 bytes (1 switches on core 0) [pid: 7|app: 0|req: 758/1621] 10.0.0.54 () {32 vars in 773 bytes} [Sun Apr 26 07:34:08 2026] GET /v2.0/security-groups?tenant_id=34e356a393d548108ab360a625ed6f92&name=default => generated 2925 bytes in 347 msecs (HTTP/1.1 200) 4 headers in 158 bytes (1 switches on core 0) [pid: 8|app: 0|req: 864/1622] 10.0.0.54 () {32 vars in 739 bytes} [Sun Apr 26 07:34:08 2026] DELETE /v2.0/security-groups/e62451f7-dc0e-4b10-9835-85d3ac37f6a8 => generated 0 bytes in 225 msecs (HTTP/1.1 204) 2 headers in 112 bytes (1 switches on core 0) [pid: 7|app: 0|req: 759/1623] 10.0.0.54 () {32 vars in 739 bytes} [Sun Apr 26 07:34:08 2026] DELETE /v2.0/security-groups/c9a769d9-4dfb-48c7-be81-ca93f1933e7f => generated 0 bytes in 261 msecs (HTTP/1.1 204) 2 headers in 112 bytes (1 switches on core 0) [pid: 7|app: 0|req: 760/1624] 10.0.0.54 () {32 vars in 773 bytes} [Sun Apr 26 07:34:09 2026] GET /v2.0/security-groups?tenant_id=cc7074dd60824e02820803570105996c&name=default => generated 2925 bytes in 30 msecs (HTTP/1.1 200) 4 headers in 158 bytes (1 switches on core 0)
2026-04-26 07:34:09.259 8 INFO neutron.db.ovn_revision_numbers_db [None req-d3fd63f7-eea4-4dfd-9d88-84006541c1f4 de3889547a3c4f9a9d8db3fd871aee53 53007e6f1cda42a98d96919fb6e24eda - - default default] Successfully bumped revision number for resource 3897169c-b2af-4bb3-ac7c-24fc923c6a30 (type: security_groups) to 1
2026-04-26 07:34:09.282 8 INFO neutron.db.ovn_revision_numbers_db [None req-d3fd63f7-eea4-4dfd-9d88-84006541c1f4 de3889547a3c4f9a9d8db3fd871aee53 53007e6f1cda42a98d96919fb6e24eda - - default default] Successfully bumped revision number for resource 004aa744-7c66-455d-92da-ed46fbeb1525 (type: security_group_rules) to 0
2026-04-26 07:34:09.297 8 INFO neutron.db.ovn_revision_numbers_db [None req-d3fd63f7-eea4-4dfd-9d88-84006541c1f4 de3889547a3c4f9a9d8db3fd871aee53 53007e6f1cda42a98d96919fb6e24eda - - default default] Successfully bumped revision number for resource 1b1c31cc-448e-41b7-afaf-5c4c819eb711 (type: security_group_rules) to 0
2026-04-26 07:34:09.312 8 INFO neutron.db.ovn_revision_numbers_db [None req-d3fd63f7-eea4-4dfd-9d88-84006541c1f4 de3889547a3c4f9a9d8db3fd871aee53 53007e6f1cda42a98d96919fb6e24eda - - default default] Successfully bumped revision number for resource 8ed6a877-bcd1-46a5-abc3-2b3e0a5d6760 (type: security_group_rules) to 0
2026-04-26 07:34:09.324 8 INFO neutron.db.ovn_revision_numbers_db [None req-d3fd63f7-eea4-4dfd-9d88-84006541c1f4 de3889547a3c4f9a9d8db3fd871aee53 53007e6f1cda42a98d96919fb6e24eda - - default default] Successfully bumped revision number for resource c13ce89a-5ab1-4ee3-839a-020834d5bdd0 (type: security_group_rules) to 0 [pid: 8|app: 0|req: 865/1625] 10.0.0.54 () {32 vars in 773 bytes} [Sun Apr 26 07:34:09 2026] GET /v2.0/security-groups?tenant_id=65b16cefef5d46deab74677fb7a45502&name=default => generated 2925 bytes in 245 msecs (HTTP/1.1 200) 4 headers in 158 bytes (1 switches on core 0) [pid: 7|app: 0|req: 761/1626] 10.0.0.54 () {32 vars in 739 bytes} [Sun Apr 26 07:34:09 2026] DELETE /v2.0/security-groups/dc4f1f61-63b7-483b-bc02-9b7bd41e034d => generated 0 bytes in 247 msecs (HTTP/1.1 204) 2 headers in 112 bytes (1 switches on core 0) [pid: 8|app: 0|req: 866/1627] 10.0.0.54 () {32 vars in 739 bytes} [Sun Apr 26 07:34:09 2026] DELETE /v2.0/security-groups/3897169c-b2af-4bb3-ac7c-24fc923c6a30 => generated 0 bytes in 299 msecs (HTTP/1.1 204) 2 headers in 112 bytes (1 switches on core 0)
2026-04-26 07:34:09.687 7 INFO neutron.db.ovn_revision_numbers_db [None req-daa94489-47ae-43f9-a5ea-fbe994c6a18d de3889547a3c4f9a9d8db3fd871aee53 53007e6f1cda42a98d96919fb6e24eda - - default default] Successfully bumped revision number for resource d0c028dd-d482-4293-8119-d32fef9659d4 (type: security_groups) to 1
2026-04-26 07:34:09.699 7 INFO neutron.db.ovn_revision_numbers_db [None req-daa94489-47ae-43f9-a5ea-fbe994c6a18d de3889547a3c4f9a9d8db3fd871aee53 53007e6f1cda42a98d96919fb6e24eda - - default default] Successfully bumped revision number for resource 05f4abeb-683d-460f-b49d-d19f8bc4ffb0 (type: security_group_rules) to 0
2026-04-26 07:34:09.714 7 INFO neutron.db.ovn_revision_numbers_db [None req-daa94489-47ae-43f9-a5ea-fbe994c6a18d de3889547a3c4f9a9d8db3fd871aee53 53007e6f1cda42a98d96919fb6e24eda - - default default] Successfully bumped revision number for resource 13239cd5-e9de-402d-9749-c187cf601b07 (type: security_group_rules) to 0
2026-04-26 07:34:09.729 7 INFO neutron.db.ovn_revision_numbers_db [None req-daa94489-47ae-43f9-a5ea-fbe994c6a18d de3889547a3c4f9a9d8db3fd871aee53 53007e6f1cda42a98d96919fb6e24eda - - default default] Successfully bumped revision number for resource 38feb351-8d8f-496d-982d-6c32a105dca3 (type: security_group_rules) to 0
2026-04-26 07:34:09.745 7 INFO neutron.db.ovn_revision_numbers_db [None req-daa94489-47ae-43f9-a5ea-fbe994c6a18d de3889547a3c4f9a9d8db3fd871aee53 53007e6f1cda42a98d96919fb6e24eda - - default default] Successfully bumped revision number for resource af0ced03-7066-409e-ade4-d7fb9b6433c1 (type: security_group_rules) to 0 [pid: 7|app: 0|req: 762/1628] 10.0.0.54 () {32 vars in 773 bytes} [Sun Apr 26 07:34:09 2026] GET /v2.0/security-groups?tenant_id=f6d1c76cfc994a8f81f275c06a485296&name=default => generated 2925 bytes in 254 msecs (HTTP/1.1 200) 4 headers in 158 bytes (1 switches on core 0) [pid: 8|app: 0|req: 867/1629] 10.0.0.54 () {32 vars in 739 bytes} [Sun Apr 26 07:34:09 2026] DELETE /v2.0/security-groups/d0c028dd-d482-4293-8119-d32fef9659d4 => generated 0 bytes in 267 msecs (HTTP/1.1 204) 2 headers in 112 bytes (1 switches on core 0)
2026-04-26 07:34:11.816 7 INFO neutron.db.ovn_revision_numbers_db [None req-bc207cea-51ab-4392-9d4c-e6385738ceeb 56797a4900204b2c8774faad8c08e73e 86348073eeab445094fa0b716e91fc63 - - default default] Successfully bumped revision number for resource d2204ca4-571f-4938-b9b8-38df054dc2cd (type: security_groups) to 1
2026-04-26 07:34:11.831 7 INFO neutron.db.ovn_revision_numbers_db [None req-bc207cea-51ab-4392-9d4c-e6385738ceeb 56797a4900204b2c8774faad8c08e73e 86348073eeab445094fa0b716e91fc63 - - default default] Successfully bumped revision number for resource 4dfc404f-df32-41d3-8a73-616001e94133 (type: security_group_rules) to 0
2026-04-26 07:34:11.846 7 INFO neutron.db.ovn_revision_numbers_db [None req-bc207cea-51ab-4392-9d4c-e6385738ceeb 56797a4900204b2c8774faad8c08e73e 86348073eeab445094fa0b716e91fc63 - - default default] Successfully bumped revision number for resource 6699180b-02b5-481d-b11a-8ffc5a4cd0f6 (type: security_group_rules) to 0
2026-04-26 07:34:11.862 7 INFO neutron.db.ovn_revision_numbers_db [None req-bc207cea-51ab-4392-9d4c-e6385738ceeb 56797a4900204b2c8774faad8c08e73e 86348073eeab445094fa0b716e91fc63 - - default default] Successfully bumped revision number for resource 6d84f9d4-5b78-493b-9986-83927acfbbea (type: security_group_rules) to 0
2026-04-26 07:34:11.875 7 INFO neutron.db.ovn_revision_numbers_db [None req-bc207cea-51ab-4392-9d4c-e6385738ceeb 56797a4900204b2c8774faad8c08e73e 86348073eeab445094fa0b716e91fc63 - - default default] Successfully bumped revision number for resource f6fd936b-f727-435f-ade7-42fa1edf136a (type: security_group_rules) to 0
2026-04-26 07:34:11.953 8 INFO neutron.db.ovn_revision_numbers_db [None req-f7feea81-91f9-40c3-b229-b3e0ba26d0c1 ebff7d8766c841118c82ac93f5e0a42e 071f437ecac241769c0f6fb9c4de62b0 - - default default] Successfully bumped revision number for resource 0607e5cb-dc9e-4406-859e-1555e8f9eafb (type: security_groups) to 1
2026-04-26 07:34:11.965 8 INFO neutron.db.ovn_revision_numbers_db [None req-f7feea81-91f9-40c3-b229-b3e0ba26d0c1 ebff7d8766c841118c82ac93f5e0a42e 071f437ecac241769c0f6fb9c4de62b0 - - default default] Successfully bumped revision number for resource 299382bb-8743-472e-b63f-2c8373489ea3 (type: security_group_rules) to 0
2026-04-26 07:34:11.975 8 INFO neutron.db.ovn_revision_numbers_db [None req-f7feea81-91f9-40c3-b229-b3e0ba26d0c1 ebff7d8766c841118c82ac93f5e0a42e 071f437ecac241769c0f6fb9c4de62b0 - - default default] Successfully bumped revision number for resource 39891501-c947-4c49-b003-ee6d7e6ee3e7 (type: security_group_rules) to 0
2026-04-26 07:34:11.983 7 INFO neutron.db.segments_db [None req-bc207cea-51ab-4392-9d4c-e6385738ceeb 56797a4900204b2c8774faad8c08e73e 86348073eeab445094fa0b716e91fc63 - - default default] Added segment 01b8576e-55aa-467e-a344-6776d1650971 of type geneve for network 3e9ffa7c-923a-4345-acb8-bbfbc80e583a
2026-04-26 07:34:11.991 8 INFO neutron.db.ovn_revision_numbers_db [None req-f7feea81-91f9-40c3-b229-b3e0ba26d0c1 ebff7d8766c841118c82ac93f5e0a42e 071f437ecac241769c0f6fb9c4de62b0 - - default default] Successfully bumped revision number for resource 86e5be37-bdf7-493a-897b-ed3aa1be1c76 (type: security_group_rules) to 0
2026-04-26 07:34:12.018 8 INFO neutron.db.ovn_revision_numbers_db [None req-f7feea81-91f9-40c3-b229-b3e0ba26d0c1 ebff7d8766c841118c82ac93f5e0a42e 071f437ecac241769c0f6fb9c4de62b0 - - default default] Successfully bumped revision number for resource 9b4dfe15-bf31-4950-8c3a-385f1295e803 (type: security_group_rules) to 0
2026-04-26 07:34:12.105 8 INFO neutron.db.segments_db [None req-f7feea81-91f9-40c3-b229-b3e0ba26d0c1 ebff7d8766c841118c82ac93f5e0a42e 071f437ecac241769c0f6fb9c4de62b0 - - default default] Added segment 94c09dde-86d5-4c66-b583-59c45447e3d5 of type geneve for network d013555d-e992-494e-b996-2ea8814ded7a
2026-04-26 07:34:12.116 7 INFO neutron.db.ovn_revision_numbers_db [None req-bc207cea-51ab-4392-9d4c-e6385738ceeb 56797a4900204b2c8774faad8c08e73e 86348073eeab445094fa0b716e91fc63 - - default default] Successfully bumped revision number for resource 3e9ffa7c-923a-4345-acb8-bbfbc80e583a (type: networks) to 1
2026-04-26 07:34:12.229 8 INFO neutron.db.ovn_revision_numbers_db [None req-f7feea81-91f9-40c3-b229-b3e0ba26d0c1 ebff7d8766c841118c82ac93f5e0a42e 071f437ecac241769c0f6fb9c4de62b0 - - default default] Successfully bumped revision number for resource d013555d-e992-494e-b996-2ea8814ded7a (type: networks) to 1
2026-04-26 07:34:12.283 7 WARNING neutron.scheduler.dhcp_agent_scheduler [None req-bc207cea-51ab-4392-9d4c-e6385738ceeb 56797a4900204b2c8774faad8c08e73e 86348073eeab445094fa0b716e91fc63 - - default default] No more DHCP agents
2026-04-26 07:34:12.285 7 WARNING neutron.api.rpc.agentnotifiers.dhcp_rpc_agent_api [None req-bc207cea-51ab-4392-9d4c-e6385738ceeb 56797a4900204b2c8774faad8c08e73e 86348073eeab445094fa0b716e91fc63 - - default default] Unable to schedule network 3e9ffa7c-923a-4345-acb8-bbfbc80e583a: no agents available; will retry on subsequent port and subnet creation events.
2026-04-26 07:34:12.349 7 INFO neutron.plugins.ml2.drivers.ovn.mech_driver.mech_driver [None req-b383e863-c79d-4185-a15b-7606451562e9 - - - - - -] OVN reports status down for port: c95b8a4e-89c6-4d1d-868c-eb9185c0e0f7
2026-04-26 07:34:12.409 8 WARNING neutron.scheduler.dhcp_agent_scheduler [None req-f7feea81-91f9-40c3-b229-b3e0ba26d0c1 ebff7d8766c841118c82ac93f5e0a42e 071f437ecac241769c0f6fb9c4de62b0 - - default default] No more DHCP agents
2026-04-26 07:34:12.411 8 WARNING neutron.api.rpc.agentnotifiers.dhcp_rpc_agent_api [None req-f7feea81-91f9-40c3-b229-b3e0ba26d0c1 ebff7d8766c841118c82ac93f5e0a42e 071f437ecac241769c0f6fb9c4de62b0 - - default default] Unable to schedule network d013555d-e992-494e-b996-2ea8814ded7a: no agents available; will retry on subsequent port and subnet creation events.
2026-04-26 07:34:12.413 7 INFO neutron.db.ovn_revision_numbers_db [None req-bc207cea-51ab-4392-9d4c-e6385738ceeb 56797a4900204b2c8774faad8c08e73e 86348073eeab445094fa0b716e91fc63 - - default default] Successfully bumped revision number for resource c95b8a4e-89c6-4d1d-868c-eb9185c0e0f7 (type: ports) to 1
2026-04-26 07:34:12.507 7 INFO neutron.plugins.ml2.drivers.ovn.mech_driver.mech_driver [None req-b383e863-c79d-4185-a15b-7606451562e9 - - - - - -] OVN reports status down for port: 88b420d1-9932-473f-9be2-94c9947c6180
2026-04-26 07:34:12.511 8 INFO neutron.db.ovn_revision_numbers_db [None req-f7feea81-91f9-40c3-b229-b3e0ba26d0c1 ebff7d8766c841118c82ac93f5e0a42e 071f437ecac241769c0f6fb9c4de62b0 - - default default] Successfully bumped revision number for resource 88b420d1-9932-473f-9be2-94c9947c6180 (type: ports) to 1 [pid: 7|app: 0|req: 763/1630] 10.0.0.54 () {34 vars in 669 bytes} [Sun Apr 26 07:34:11 2026] POST /v2.0/networks => generated 653 bytes in 1072 msecs (HTTP/1.1 201) 4 headers in 162 bytes (1 switches on core 0) [pid: 8|app: 0|req: 868/1631] 10.0.0.54 () {34 vars in 669 bytes} [Sun Apr 26 07:34:11 2026] POST /v2.0/networks => generated 747 bytes in 903 msecs (HTTP/1.1 201) 4 headers in 162 bytes (1 switches on core 0)
2026-04-26 07:34:12.634 8 INFO neutron.db.segments_db [None req-b16b0b94-4d2a-43c0-8d3c-2f8550393634 56797a4900204b2c8774faad8c08e73e 86348073eeab445094fa0b716e91fc63 - - default default] Added segment 36d899e4-fb55-468b-9e78-ee6ea20d6d3c of type geneve for network 40451411-98cf-4099-b56c-65d73358b851
2026-04-26 07:34:12.744 8 INFO neutron.db.ovn_revision_numbers_db [None req-b16b0b94-4d2a-43c0-8d3c-2f8550393634 56797a4900204b2c8774faad8c08e73e 86348073eeab445094fa0b716e91fc63 - - default default] Successfully bumped revision number for resource 40451411-98cf-4099-b56c-65d73358b851 (type: networks) to 1
2026-04-26 07:34:12.853 7 INFO neutron.db.ovn_revision_numbers_db [None req-ba71c9e6-26b6-4267-809f-ce4b13fc28bc de3889547a3c4f9a9d8db3fd871aee53 53007e6f1cda42a98d96919fb6e24eda - - default default] Successfully bumped revision number for resource 6edd1933-581f-4206-a925-c77ad2302ddf (type: security_groups) to 1
2026-04-26 07:34:12.876 7 INFO neutron.db.ovn_revision_numbers_db [None req-ba71c9e6-26b6-4267-809f-ce4b13fc28bc de3889547a3c4f9a9d8db3fd871aee53 53007e6f1cda42a98d96919fb6e24eda - - default default] Successfully bumped revision number for resource 148bad8a-7d0b-453c-b01f-03a14ee7815b (type: security_group_rules) to 0
2026-04-26 07:34:12.895 7 INFO neutron.db.ovn_revision_numbers_db [None req-ba71c9e6-26b6-4267-809f-ce4b13fc28bc de3889547a3c4f9a9d8db3fd871aee53 53007e6f1cda42a98d96919fb6e24eda - - default default] Successfully bumped revision number for resource 390f0814-f0fb-4107-8f60-97b717cc7c39 (type: security_group_rules) to 0
2026-04-26 07:34:12.914 7 INFO neutron.db.ovn_revision_numbers_db [None req-ba71c9e6-26b6-4267-809f-ce4b13fc28bc de3889547a3c4f9a9d8db3fd871aee53 53007e6f1cda42a98d96919fb6e24eda - - default default] Successfully bumped revision number for resource 877abe6a-dc8b-4c2b-bf69-ac415b0a7027 (type: security_group_rules) to 0
2026-04-26 07:34:12.936 7 INFO neutron.db.ovn_revision_numbers_db [None req-ba71c9e6-26b6-4267-809f-ce4b13fc28bc de3889547a3c4f9a9d8db3fd871aee53 53007e6f1cda42a98d96919fb6e24eda - - default default] Successfully bumped revision number for resource b6e80a6b-916a-4a29-a6c3-216500d0743a (type: security_group_rules) to 0
2026-04-26 07:34:12.978 8 WARNING neutron.scheduler.dhcp_agent_scheduler [None req-b16b0b94-4d2a-43c0-8d3c-2f8550393634 56797a4900204b2c8774faad8c08e73e 86348073eeab445094fa0b716e91fc63 - - default default] No more DHCP agents
2026-04-26 07:34:12.979 8 WARNING neutron.api.rpc.agentnotifiers.dhcp_rpc_agent_api [None req-b16b0b94-4d2a-43c0-8d3c-2f8550393634 56797a4900204b2c8774faad8c08e73e 86348073eeab445094fa0b716e91fc63 - - default default] Unable to schedule network 40451411-98cf-4099-b56c-65d73358b851: no agents available; will retry on subsequent port and subnet creation events. [pid: 7|app: 0|req: 764/1632] 10.0.0.54 () {32 vars in 773 bytes} [Sun Apr 26 07:34:12 2026] GET /v2.0/security-groups?tenant_id=a4ba586ba07e450c99f292597f9b50fc&name=default => generated 2925 bytes in 462 msecs (HTTP/1.1 200) 4 headers in 158 bytes (1 switches on core 0)
2026-04-26 07:34:13.040 8 INFO neutron.plugins.ml2.drivers.ovn.mech_driver.mech_driver [None req-48fc00f7-6a94-4dd8-8006-435a5f059270 - - - - - -] OVN reports status down for port: e2792aef-4d04-4006-a147-2c02a35e40be
2026-04-26 07:34:13.097 8 INFO neutron.db.ovn_revision_numbers_db [None req-b16b0b94-4d2a-43c0-8d3c-2f8550393634 56797a4900204b2c8774faad8c08e73e 86348073eeab445094fa0b716e91fc63 - - default default] Successfully bumped revision number for resource e2792aef-4d04-4006-a147-2c02a35e40be (type: ports) to 1
2026-04-26 07:34:13.118 7 WARNING neutron.scheduler.dhcp_agent_scheduler [None req-f9186f8f-6271-42d0-8749-3c25f359ba46 ebff7d8766c841118c82ac93f5e0a42e 071f437ecac241769c0f6fb9c4de62b0 - - default default] No more DHCP agents
2026-04-26 07:34:13.119 7 WARNING neutron.api.rpc.agentnotifiers.dhcp_rpc_agent_api [None req-f9186f8f-6271-42d0-8749-3c25f359ba46 ebff7d8766c841118c82ac93f5e0a42e 071f437ecac241769c0f6fb9c4de62b0 - - default default] Unable to schedule network d013555d-e992-494e-b996-2ea8814ded7a: no agents available; will retry on subsequent port and subnet creation events. [pid: 8|app: 0|req: 869/1633] 10.0.0.54 () {34 vars in 669 bytes} [Sun Apr 26 07:34:12 2026] POST /v2.0/networks => generated 652 bytes in 621 msecs (HTTP/1.1 201) 4 headers in 162 bytes (1 switches on core 0) [pid: 8|app: 0|req: 870/1634] 10.0.0.54 () {32 vars in 739 bytes} [Sun Apr 26 07:34:13 2026] DELETE /v2.0/security-groups/6edd1933-581f-4206-a925-c77ad2302ddf => generated 0 bytes in 250 msecs (HTTP/1.1 204) 2 headers in 112 bytes (1 switches on core 0)
2026-04-26 07:34:13.462 7 INFO neutron.db.ovn_revision_numbers_db [None req-540d7d82-c2ea-4911-8022-15808f83426b - - - - - -] Successfully bumped revision number for resource 88b420d1-9932-473f-9be2-94c9947c6180 (type: ports) to 2
2026-04-26 07:34:13.486 7 INFO neutron.db.ovn_revision_numbers_db [None req-540d7d82-c2ea-4911-8022-15808f83426b - - - - - -] Successfully bumped revision number for resource a29a66a5-d95c-4a59-b975-f6e4cefa3550 (type: subnets) to 0 [pid: 7|app: 0|req: 765/1635] 10.0.0.54 () {34 vars in 668 bytes} [Sun Apr 26 07:34:12 2026] POST /v2.0/subnets => generated 644 bytes in 514 msecs (HTTP/1.1 201) 4 headers in 162 bytes (1 switches on core 0)
2026-04-26 07:34:13.510 7 WARNING neutron.api.v2.base [None req-3c86897b-1bfe-41fa-beef-4add27bf3367 ebff7d8766c841118c82ac93f5e0a42e 071f437ecac241769c0f6fb9c4de62b0 - - default default] An exception happened while processing the request body. The exception message is [Invalid input for target_tenant. Reason: 'None' is not a valid string.].: webob.exc.HTTPBadRequest: Invalid input for target_tenant. Reason: 'None' is not a valid string.
2026-04-26 07:34:13.511 7 INFO neutron.api.v2.resource [None req-3c86897b-1bfe-41fa-beef-4add27bf3367 ebff7d8766c841118c82ac93f5e0a42e 071f437ecac241769c0f6fb9c4de62b0 - - default default] create failed (client error): Invalid input for target_tenant. Reason: 'None' is not a valid string. [pid: 7|app: 0|req: 766/1636] 10.0.0.54 () {34 vars in 680 bytes} [Sun Apr 26 07:34:13 2026] POST /v2.0/rbac-policies => generated 143 bytes in 5 msecs (HTTP/1.1 400) 4 headers in 166 bytes (1 switches on core 0)
2026-04-26 07:34:13.626 8 WARNING neutron.scheduler.dhcp_agent_scheduler [None req-04e7d744-d17a-48fd-b3be-e97636c5d5e1 56797a4900204b2c8774faad8c08e73e 86348073eeab445094fa0b716e91fc63 - - default default] No more DHCP agents
2026-04-26 07:34:13.628 8 WARNING neutron.api.rpc.agentnotifiers.dhcp_rpc_agent_api [None req-04e7d744-d17a-48fd-b3be-e97636c5d5e1 56797a4900204b2c8774faad8c08e73e 86348073eeab445094fa0b716e91fc63 - - default default] Unable to schedule network 3e9ffa7c-923a-4345-acb8-bbfbc80e583a: no agents available; will retry on subsequent port and subnet creation events.
2026-04-26 07:34:13.652 8 INFO neutron.db.ovn_revision_numbers_db [None req-04e7d744-d17a-48fd-b3be-e97636c5d5e1 56797a4900204b2c8774faad8c08e73e 86348073eeab445094fa0b716e91fc63 - - default default] Successfully bumped revision number for resource 6a8adbf0-5421-47be-b7ce-d91d3cf07967 (type: subnets) to 0
2026-04-26 07:34:13.659 7 INFO neutron_taas.services.taas.taas_plugin [None req-19bfebd9-db06-43b4-bc7f-1e064edc961f ebff7d8766c841118c82ac93f5e0a42e 071f437ecac241769c0f6fb9c4de62b0 - - default default] TaaS: Handle Delete Port: 88b420d1-9932-473f-9be2-94c9947c6180
2026-04-26 07:34:13.662 7 INFO neutron_taas.services.taas.tap_mirror_plugin [None req-19bfebd9-db06-43b4-bc7f-1e064edc961f ebff7d8766c841118c82ac93f5e0a42e 071f437ecac241769c0f6fb9c4de62b0 - - default default] Tap Mirror: Handle Delete Port: 88b420d1-9932-473f-9be2-94c9947c6180 [pid: 8|app: 0|req: 871/1637] 10.0.0.54 () {34 vars in 668 bytes} [Sun Apr 26 07:34:13 2026] POST /v2.0/subnets => generated 646 bytes in 258 msecs (HTTP/1.1 201) 4 headers in 162 bytes (1 switches on core 0)
2026-04-26 07:34:13.896 8 WARNING neutron.scheduler.dhcp_agent_scheduler [None req-b4d75ae1-eafc-415d-8677-b46f0da5f9a6 56797a4900204b2c8774faad8c08e73e 86348073eeab445094fa0b716e91fc63 - - default default] No more DHCP agents
2026-04-26 07:34:13.897 8 WARNING neutron.api.rpc.agentnotifiers.dhcp_rpc_agent_api [None req-b4d75ae1-eafc-415d-8677-b46f0da5f9a6 56797a4900204b2c8774faad8c08e73e 86348073eeab445094fa0b716e91fc63 - - default default] Unable to schedule network 40451411-98cf-4099-b56c-65d73358b851: no agents available; will retry on subsequent port and subnet creation events.
2026-04-26 07:34:13.937 8 INFO neutron.db.ovn_revision_numbers_db [None req-b4d75ae1-eafc-415d-8677-b46f0da5f9a6 56797a4900204b2c8774faad8c08e73e 86348073eeab445094fa0b716e91fc63 - - default default] Successfully bumped revision number for resource e3165db1-9d91-49ce-9560-774277d40c8d (type: subnets) to 0 [pid: 8|app: 0|req: 872/1638] 10.0.0.54 () {34 vars in 668 bytes} [Sun Apr 26 07:34:13 2026] POST /v2.0/subnets => generated 655 bytes in 280 msecs (HTTP/1.1 201) 4 headers in 162 bytes (1 switches on core 0)
2026-04-26 07:34:14.012 7 INFO neutron.services.segments.plugin [-] Segment 94c09dde-86d5-4c66-b583-59c45447e3d5 resource provider aggregate not found
2026-04-26 07:34:14.018 7 INFO neutron.services.segments.plugin [-] Segment 94c09dde-86d5-4c66-b583-59c45447e3d5 resource provider aggregate not found
2026-04-26 07:34:14.036 7 INFO neutron.services.segments.plugin [-] Segment 94c09dde-86d5-4c66-b583-59c45447e3d5 resource provider not found; error: Placement Client Error (4xx): {"errors": [{"status": 404, "title": "Not Found", "detail": "The resource could not be found.\n\n No resource provider with uuid 94c09dde-86d5-4c66-b583-59c45447e3d5 found for delete ", "request_id": "req-80ffc830-b6bb-43ae-8560-43e14ffd7816"}]}
2026-04-26 07:34:14.040 7 INFO neutron.services.segments.plugin [-] Segment 94c09dde-86d5-4c66-b583-59c45447e3d5 resource provider not found; error: Placement Client Error (4xx): {"errors": [{"status": 404, "title": "Not Found", "detail": "The resource could not be found.\n\n No resource provider with uuid 94c09dde-86d5-4c66-b583-59c45447e3d5 found for delete ", "request_id": "req-fd3c559d-5a9c-497f-9586-18559d77e7bd"}]} [pid: 7|app: 0|req: 767/1639] 10.0.0.54 () {32 vars in 725 bytes} [Sun Apr 26 07:34:13 2026] DELETE /v2.0/networks/d013555d-e992-494e-b996-2ea8814ded7a => generated 0 bytes in 543 msecs (HTTP/1.1 204) 3 headers in 131 bytes (1 switches on core 0)
2026-04-26 07:34:14.112 8 INFO neutron.db.ovn_revision_numbers_db [None req-9d2b8597-23dd-4826-a529-515390d9614e 56797a4900204b2c8774faad8c08e73e 86348073eeab445094fa0b716e91fc63 - - default default] Successfully bumped revision number for resource 122ed4e8-8ba0-484b-8ca7-5faabac86fa7 (type: routers) to 1
2026-04-26 07:34:14.155 7 INFO neutron.db.segments_db [None req-0ae4bd70-ed0c-4e59-98df-61c4712edede ebff7d8766c841118c82ac93f5e0a42e 071f437ecac241769c0f6fb9c4de62b0 - - default default] Added segment 68de3d24-7ba3-47e4-aa09-114613212bb7 of type geneve for network 7d039511-288e-4af0-8d30-a0c2adbdc984 [pid: 8|app: 0|req: 873/1640] 10.0.0.54 () {34 vars in 668 bytes} [Sun Apr 26 07:34:13 2026] POST /v2.0/routers => generated 607 bytes in 192 msecs (HTTP/1.1 201) 4 headers in 162 bytes (1 switches on core 0)
2026-04-26 07:34:14.261 7 INFO neutron.db.ovn_revision_numbers_db [None req-0ae4bd70-ed0c-4e59-98df-61c4712edede ebff7d8766c841118c82ac93f5e0a42e 071f437ecac241769c0f6fb9c4de62b0 - - default default] Successfully bumped revision number for resource 7d039511-288e-4af0-8d30-a0c2adbdc984 (type: networks) to 1
2026-04-26 07:34:14.443 7 WARNING neutron.scheduler.dhcp_agent_scheduler [None req-0ae4bd70-ed0c-4e59-98df-61c4712edede ebff7d8766c841118c82ac93f5e0a42e 071f437ecac241769c0f6fb9c4de62b0 - - default default] No more DHCP agents
2026-04-26 07:34:14.445 7 WARNING neutron.api.rpc.agentnotifiers.dhcp_rpc_agent_api [None req-0ae4bd70-ed0c-4e59-98df-61c4712edede ebff7d8766c841118c82ac93f5e0a42e 071f437ecac241769c0f6fb9c4de62b0 - - default default] Unable to schedule network 7d039511-288e-4af0-8d30-a0c2adbdc984: no agents available; will retry on subsequent port and subnet creation events.
2026-04-26 07:34:14.501 8 INFO neutron.plugins.ml2.drivers.ovn.mech_driver.mech_driver [None req-48fc00f7-6a94-4dd8-8006-435a5f059270 - - - - - -] OVN reports status down for port: a991ac2d-03d2-4bbb-a29d-316a8efdb908
2026-04-26 07:34:14.531 7 INFO neutron.db.ovn_revision_numbers_db [None req-0ae4bd70-ed0c-4e59-98df-61c4712edede ebff7d8766c841118c82ac93f5e0a42e 071f437ecac241769c0f6fb9c4de62b0 - - default default] Successfully bumped revision number for resource a991ac2d-03d2-4bbb-a29d-316a8efdb908 (type: ports) to 1 [pid: 7|app: 0|req: 768/1641] 10.0.0.54 () {34 vars in 669 bytes} [Sun Apr 26 07:34:14 2026] POST /v2.0/networks => generated 749 bytes in 490 msecs (HTTP/1.1 201) 4 headers in 162 bytes (1 switches on core 0)
2026-04-26 07:34:14.653 8 WARNING neutron.scheduler.dhcp_agent_scheduler [None req-ddbfe9cd-17a4-471a-beb8-9ec951f8caac 56797a4900204b2c8774faad8c08e73e 86348073eeab445094fa0b716e91fc63 - - default default] No more DHCP agents
2026-04-26 07:34:14.654 8 WARNING neutron.api.rpc.agentnotifiers.dhcp_rpc_agent_api [None req-ddbfe9cd-17a4-471a-beb8-9ec951f8caac 56797a4900204b2c8774faad8c08e73e 86348073eeab445094fa0b716e91fc63 - - default default] Unable to schedule network 3e9ffa7c-923a-4345-acb8-bbfbc80e583a: no agents available; will retry on subsequent port and subnet creation events.
2026-04-26 07:34:14.729 7 INFO neutron.plugins.ml2.drivers.ovn.mech_driver.mech_driver [None req-b383e863-c79d-4185-a15b-7606451562e9 - - - - - -] OVN reports status down for port: 97161dc0-9be0-413e-b8ef-a433fd93a89d
2026-04-26 07:34:14.736 8 INFO neutron.db.ovn_revision_numbers_db [None req-ddbfe9cd-17a4-471a-beb8-9ec951f8caac 56797a4900204b2c8774faad8c08e73e 86348073eeab445094fa0b716e91fc63 - - default default] Successfully bumped revision number for resource 97161dc0-9be0-413e-b8ef-a433fd93a89d (type: ports) to 1
2026-04-26 07:34:14.937 7 INFO neutron.db.ovn_revision_numbers_db [None req-e454d4ad-35e4-4c2d-81aa-60063ecaa720 0ff513797a5c44df9de7bb62c03f4541 ec82ecccb0504c29a96f3e3dcb203602 - - default default] Successfully bumped revision number for resource 3269133d-0686-4410-874d-95606b721338 (type: security_groups) to 1
2026-04-26 07:34:14.951 7 INFO neutron.db.ovn_revision_numbers_db [None req-e454d4ad-35e4-4c2d-81aa-60063ecaa720 0ff513797a5c44df9de7bb62c03f4541 ec82ecccb0504c29a96f3e3dcb203602 - - default default] Successfully bumped revision number for resource 0e660414-bea6-415e-8b2c-e6add30b6062 (type: security_group_rules) to 0
2026-04-26 07:34:14.964 7 INFO neutron.db.ovn_revision_numbers_db [None req-e454d4ad-35e4-4c2d-81aa-60063ecaa720 0ff513797a5c44df9de7bb62c03f4541 ec82ecccb0504c29a96f3e3dcb203602 - - default default] Successfully bumped revision number for resource 435404bd-ef04-4aad-b6f7-c4bb866a2fbc (type: security_group_rules) to 0
2026-04-26 07:34:14.975 7 INFO neutron.db.ovn_revision_numbers_db [None req-e454d4ad-35e4-4c2d-81aa-60063ecaa720 0ff513797a5c44df9de7bb62c03f4541 ec82ecccb0504c29a96f3e3dcb203602 - - default default] Successfully bumped revision number for resource 4def1607-0886-42ac-af5f-83aca58acd16 (type: security_group_rules) to 0
2026-04-26 07:34:14.986 7 INFO neutron.db.ovn_revision_numbers_db [None req-e454d4ad-35e4-4c2d-81aa-60063ecaa720 0ff513797a5c44df9de7bb62c03f4541 ec82ecccb0504c29a96f3e3dcb203602 - - default default] Successfully bumped revision number for resource f4545b6e-b3be-427c-9869-b1633b7fb4e7 (type: security_group_rules) to 0
2026-04-26 07:34:15.069 7 INFO neutron.db.segments_db [None req-e454d4ad-35e4-4c2d-81aa-60063ecaa720 0ff513797a5c44df9de7bb62c03f4541 ec82ecccb0504c29a96f3e3dcb203602 - - default default] Added segment 25cb387b-fc42-433f-9abd-ed510e067604 of type geneve for network a8f76ed9-7587-46ae-ab67-2e19c964ed7a
2026-04-26 07:34:15.171 7 INFO neutron.db.ovn_revision_numbers_db [None req-e454d4ad-35e4-4c2d-81aa-60063ecaa720 0ff513797a5c44df9de7bb62c03f4541 ec82ecccb0504c29a96f3e3dcb203602 - - default default] Successfully bumped revision number for resource a8f76ed9-7587-46ae-ab67-2e19c964ed7a (type: networks) to 1
2026-04-26 07:34:15.230 7 INFO neutron.plugins.ml2.drivers.ovn.mech_driver.mech_driver [None req-b383e863-c79d-4185-a15b-7606451562e9 - - - - - -] OVN reports status up for port: 97161dc0-9be0-413e-b8ef-a433fd93a89d
2026-04-26 07:34:15.255 7 INFO neutron.plugins.ml2.plugin [None req-b383e863-c79d-4185-a15b-7606451562e9 - - - - - -] Attempt 1 to provision port 97161dc0-9be0-413e-b8ef-a433fd93a89d
2026-04-26 07:34:15.290 8 WARNING neutron.scheduler.dhcp_agent_scheduler [None req-ddbfe9cd-17a4-471a-beb8-9ec951f8caac 56797a4900204b2c8774faad8c08e73e 86348073eeab445094fa0b716e91fc63 - - default default] No more DHCP agents
2026-04-26 07:34:15.291 8 WARNING neutron.api.rpc.agentnotifiers.dhcp_rpc_agent_api [None req-ddbfe9cd-17a4-471a-beb8-9ec951f8caac 56797a4900204b2c8774faad8c08e73e 86348073eeab445094fa0b716e91fc63 - - default default] Unable to schedule network 3e9ffa7c-923a-4345-acb8-bbfbc80e583a: no agents available; will retry on subsequent port and subnet creation events.
2026-04-26 07:34:15.460 8 INFO neutron.db.ovn_revision_numbers_db [None req-ddbfe9cd-17a4-471a-beb8-9ec951f8caac 56797a4900204b2c8774faad8c08e73e 86348073eeab445094fa0b716e91fc63 - - default default] Successfully bumped revision number for resource 97161dc0-9be0-413e-b8ef-a433fd93a89d (type: router_ports) to 1 [pid: 8|app: 0|req: 874/1642] 10.0.0.54 () {34 vars in 782 bytes} [Sun Apr 26 07:34:14 2026] PUT /v2.0/routers/122ed4e8-8ba0-484b-8ca7-5faabac86fa7/add_router_interface => generated 309 bytes in 1309 msecs (HTTP/1.1 200) 4 headers in 157 bytes (1 switches on core 0)
2026-04-26 07:34:15.615 8 WARNING neutron.scheduler.dhcp_agent_scheduler [None req-29421559-3836-445c-b6bc-73ead0014ca8 ebff7d8766c841118c82ac93f5e0a42e 071f437ecac241769c0f6fb9c4de62b0 - - default default] No more DHCP agents
2026-04-26 07:34:15.616 8 WARNING neutron.api.rpc.agentnotifiers.dhcp_rpc_agent_api [None req-29421559-3836-445c-b6bc-73ead0014ca8 ebff7d8766c841118c82ac93f5e0a42e 071f437ecac241769c0f6fb9c4de62b0 - - default default] Unable to schedule network 7d039511-288e-4af0-8d30-a0c2adbdc984: no agents available; will retry on subsequent port and subnet creation events.
2026-04-26 07:34:15.634 7 WARNING neutron.scheduler.dhcp_agent_scheduler [None req-e454d4ad-35e4-4c2d-81aa-60063ecaa720 0ff513797a5c44df9de7bb62c03f4541 ec82ecccb0504c29a96f3e3dcb203602 - - default default] No more DHCP agents
