May 16 00:52:51.529838 np0000174368 systemd[1]: Starting devstack@n-api-meta.service - Devstack devstack@n-api-meta.service...
May 16 00:52:51.534881 np0000174368 devstack@n-api-meta.service[108175]: [uWSGI] getting INI configuration from /etc/nova/nova-metadata-uwsgi.ini
May 16 00:52:51.537126 np0000174368 devstack@n-api-meta.service[108175]: *** Starting uWSGI 2.0.24-debian (64bit) on [Sat May 16 00:52:51 2026] ***
May 16 00:52:51.537126 np0000174368 devstack@n-api-meta.service[108175]: compiled with version: 13.2.0 on 17 April 2024 16:23:48
May 16 00:52:51.537126 np0000174368 devstack@n-api-meta.service[108175]: os: Linux-6.8.0-111-generic #111-Ubuntu SMP PREEMPT_DYNAMIC Sat Apr 11 23:16:02 UTC 2026
May 16 00:52:51.537126 np0000174368 devstack@n-api-meta.service[108175]: nodename: np0000174368
May 16 00:52:51.537126 np0000174368 devstack@n-api-meta.service[108175]: machine: x86_64
May 16 00:52:51.537126 np0000174368 devstack@n-api-meta.service[108175]: clock source: unix
May 16 00:52:51.537126 np0000174368 devstack@n-api-meta.service[108175]: pcre jit disabled
May 16 00:52:51.537126 np0000174368 devstack@n-api-meta.service[108175]: detected number of CPU cores: 16
May 16 00:52:51.537126 np0000174368 devstack@n-api-meta.service[108175]: current working directory: /
May 16 00:52:51.537126 np0000174368 devstack@n-api-meta.service[108175]: detected binary path: /usr/bin/uwsgi-core
May 16 00:52:51.537126 np0000174368 devstack@n-api-meta.service[108175]: your processes number limit is 256917
May 16 00:52:51.537126 np0000174368 devstack@n-api-meta.service[108175]: your memory page size is 4096 bytes
May 16 00:52:51.537126 np0000174368 devstack@n-api-meta.service[108175]: detected max file descriptor number: 2048
May 16 00:52:51.537126 np0000174368 devstack@n-api-meta.service[108175]: lock engine: pthread robust mutexes
May 16 00:52:51.538011 np0000174368 devstack@n-api-meta.service[108175]: thunder lock: enabled
May 16 00:52:51.538011 np0000174368 devstack@n-api-meta.service[108175]: uWSGI http bound on 0.0.0.0:8775 fd 5
May 16 00:52:51.538011 np0000174368 devstack@n-api-meta.service[108175]: uwsgi socket 0 bound to TCP address 127.0.0.1:46461 (port auto-assigned) fd 4
May 16 00:52:51.538011 np0000174368 devstack@n-api-meta.service[108175]: Python version: 3.12.3 (main, Mar 23 2026, 19:04:32) [GCC 13.3.0]
May 16 00:52:51.538011 np0000174368 devstack@n-api-meta.service[108175]: PEP 405 virtualenv detected: /opt/stack/data/venv
May 16 00:52:51.538011 np0000174368 devstack@n-api-meta.service[108175]: Set PythonHome to /opt/stack/data/venv
May 16 00:52:51.574887 np0000174368 devstack@n-api-meta.service[108175]: Python main interpreter initialized at 0x7ed61b4a3668
May 16 00:52:51.574887 np0000174368 devstack@n-api-meta.service[108175]: python threads support enabled
May 16 00:52:51.574887 np0000174368 devstack@n-api-meta.service[108175]: your server socket listen backlog is limited to 100 connections
May 16 00:52:51.574887 np0000174368 devstack@n-api-meta.service[108175]: your mercy for graceful operations on workers is 80 seconds
May 16 00:52:51.575400 np0000174368 devstack@n-api-meta.service[108175]: mapped 671795 bytes (656 KB) for 4 cores
May 16 00:52:51.575510 np0000174368 devstack@n-api-meta.service[108175]: *** Operational MODE: preforking ***
May 16 00:52:51.575689 np0000174368 devstack@n-api-meta.service[108175]: *** uWSGI is running in multiple interpreter mode ***
May 16 00:52:51.575689 np0000174368 devstack@n-api-meta.service[108175]: spawned uWSGI master process (pid: 108175)
May 16 00:52:51.575915 np0000174368 systemd[1]: Started devstack@n-api-meta.service - Devstack devstack@n-api-meta.service.
May 16 00:52:51.576365 np0000174368 devstack@n-api-meta.service[108175]: spawned uWSGI worker 1 (pid: 108176, cores: 1)
May 16 00:52:51.576829 np0000174368 devstack@n-api-meta.service[108175]: spawned uWSGI worker 2 (pid: 108177, cores: 1)
May 16 00:52:51.577257 np0000174368 devstack@n-api-meta.service[108175]: spawned uWSGI worker 3 (pid: 108178, cores: 1)
May 16 00:52:51.577725 np0000174368 devstack@n-api-meta.service[108175]: spawned uWSGI worker 4 (pid: 108179, cores: 1)
May 16 00:52:51.578215 np0000174368 devstack@n-api-meta.service[108175]: spawned uWSGI http 1 (pid: 108180)
May 16 00:52:51.578215 np0000174368 devstack@n-api-meta.service[108175]: running "unix_signal:15 gracefully_kill_them_all" (master-start)...
May 16 00:52:51.885528 np0000174368 devstack@n-api-meta.service[108178]: /opt/stack/data/venv/lib/python3.12/site-packages/oslo_concurrency/lockutils.py:41: EventletDeprecationWarning:
May 16 00:52:51.885528 np0000174368 devstack@n-api-meta.service[108178]: Eventlet is deprecated. It is currently being maintained in bugfix mode, and
May 16 00:52:51.885528 np0000174368 devstack@n-api-meta.service[108178]: we strongly recommend against using it for new projects.
May 16 00:52:51.885528 np0000174368 devstack@n-api-meta.service[108178]: If you are already using Eventlet, we recommend migrating to a different
May 16 00:52:51.885528 np0000174368 devstack@n-api-meta.service[108178]: framework. For more detail see
May 16 00:52:51.885528 np0000174368 devstack@n-api-meta.service[108178]: https://eventlet.readthedocs.io/en/latest/asyncio/migration.html
May 16 00:52:51.885528 np0000174368 devstack@n-api-meta.service[108178]: import eventlet
May 16 00:52:51.886014 np0000174368 devstack@n-api-meta.service[108177]: /opt/stack/data/venv/lib/python3.12/site-packages/oslo_concurrency/lockutils.py:41: EventletDeprecationWarning:
May 16 00:52:51.886014 np0000174368 devstack@n-api-meta.service[108177]: Eventlet is deprecated. It is currently being maintained in bugfix mode, and
May 16 00:52:51.886014 np0000174368 devstack@n-api-meta.service[108177]: we strongly recommend against using it for new projects.
May 16 00:52:51.886014 np0000174368 devstack@n-api-meta.service[108177]: If you are already using Eventlet, we recommend migrating to a different
May 16 00:52:51.886014 np0000174368 devstack@n-api-meta.service[108177]: framework. For more detail see
May 16 00:52:51.886014 np0000174368 devstack@n-api-meta.service[108177]: https://eventlet.readthedocs.io/en/latest/asyncio/migration.html
May 16 00:52:51.886014 np0000174368 devstack@n-api-meta.service[108177]: import eventlet
May 16 00:52:51.905486 np0000174368 devstack@n-api-meta.service[108179]: /opt/stack/data/venv/lib/python3.12/site-packages/oslo_concurrency/lockutils.py:41: EventletDeprecationWarning:
May 16 00:52:51.905486 np0000174368 devstack@n-api-meta.service[108179]: Eventlet is deprecated. It is currently being maintained in bugfix mode, and
May 16 00:52:51.905486 np0000174368 devstack@n-api-meta.service[108179]: we strongly recommend against using it for new projects.
May 16 00:52:51.905486 np0000174368 devstack@n-api-meta.service[108179]: If you are already using Eventlet, we recommend migrating to a different
May 16 00:52:51.905486 np0000174368 devstack@n-api-meta.service[108179]: framework. For more detail see
May 16 00:52:51.905486 np0000174368 devstack@n-api-meta.service[108179]: https://eventlet.readthedocs.io/en/latest/asyncio/migration.html
May 16 00:52:51.905486 np0000174368 devstack@n-api-meta.service[108179]: import eventlet
May 16 00:52:51.906910 np0000174368 devstack@n-api-meta.service[108176]: /opt/stack/data/venv/lib/python3.12/site-packages/oslo_concurrency/lockutils.py:41: EventletDeprecationWarning:
May 16 00:52:51.906910 np0000174368 devstack@n-api-meta.service[108176]: Eventlet is deprecated. It is currently being maintained in bugfix mode, and
May 16 00:52:51.906910 np0000174368 devstack@n-api-meta.service[108176]: we strongly recommend against using it for new projects.
May 16 00:52:51.906910 np0000174368 devstack@n-api-meta.service[108176]: If you are already using Eventlet, we recommend migrating to a different
May 16 00:52:51.906910 np0000174368 devstack@n-api-meta.service[108176]: framework. For more detail see
May 16 00:52:51.906910 np0000174368 devstack@n-api-meta.service[108176]: https://eventlet.readthedocs.io/en/latest/asyncio/migration.html
May 16 00:52:51.906910 np0000174368 devstack@n-api-meta.service[108176]: import eventlet
May 16 00:52:53.388421 np0000174368 devstack@n-api-meta.service[108176]: INFO dbcounter [None req-c2dca730-c87b-499f-9c3e-9ce6e916708a None None] Registered counter for database nova_api
May 16 00:52:53.405477 np0000174368 devstack@n-api-meta.service[108176]: DEBUG oslo_db.sqlalchemy.engines [None req-c2dca730-c87b-499f-9c3e-9ce6e916708a None None] MySQL server mode set to STRICT_TRANS_TABLES,STRICT_ALL_TABLES,NO_ZERO_IN_DATE,NO_ZERO_DATE,ERROR_FOR_DIVISION_BY_ZERO,TRADITIONAL,NO_ENGINE_SUBSTITUTION {{(pid=108176) _check_effective_sql_mode /opt/stack/data/venv/lib/python3.12/site-packages/oslo_db/sqlalchemy/engines.py:325}}
May 16 00:52:53.406812 np0000174368 devstack@n-api-meta.service[108177]: INFO dbcounter [None req-21047969-dc2a-4130-a9bd-86e4b3781505 None None] Registered counter for database nova_api
May 16 00:52:53.413449 np0000174368 devstack@n-api-meta.service[108179]: INFO dbcounter [None req-e7d451e7-37d5-4ffb-8607-4dce37563899 None None] Registered counter for database nova_api
May 16 00:52:53.426718 np0000174368 devstack@n-api-meta.service[108177]: DEBUG oslo_db.sqlalchemy.engines [None req-21047969-dc2a-4130-a9bd-86e4b3781505 None None] MySQL server mode set to STRICT_TRANS_TABLES,STRICT_ALL_TABLES,NO_ZERO_IN_DATE,NO_ZERO_DATE,ERROR_FOR_DIVISION_BY_ZERO,TRADITIONAL,NO_ENGINE_SUBSTITUTION {{(pid=108177) _check_effective_sql_mode /opt/stack/data/venv/lib/python3.12/site-packages/oslo_db/sqlalchemy/engines.py:325}}
May 16 00:52:53.433005 np0000174368 devstack@n-api-meta.service[108179]: DEBUG oslo_db.sqlalchemy.engines [None req-e7d451e7-37d5-4ffb-8607-4dce37563899 None None] MySQL server mode set to STRICT_TRANS_TABLES,STRICT_ALL_TABLES,NO_ZERO_IN_DATE,NO_ZERO_DATE,ERROR_FOR_DIVISION_BY_ZERO,TRADITIONAL,NO_ENGINE_SUBSTITUTION {{(pid=108179) _check_effective_sql_mode /opt/stack/data/venv/lib/python3.12/site-packages/oslo_db/sqlalchemy/engines.py:325}}
May 16 00:52:53.439750 np0000174368 devstack@n-api-meta.service[108176]: DEBUG dbcounter [-] [108176] Writer thread running {{(pid=108176) stat_writer /opt/stack/data/venv/lib/python3.12/site-packages/dbcounter.py:102}}
May 16 00:52:53.441976 np0000174368 devstack@n-api-meta.service[108176]: DEBUG nova.context [None req-c2dca730-c87b-499f-9c3e-9ce6e916708a None None] Found 2 cells: 00000000-0000-0000-0000-000000000000(cell0),7bbd8fc5-fd59-46c9-a601-7eb820785ae8(cell1) {{(pid=108176) load_cells /opt/stack/nova/nova/context.py:509}}
May 16 00:52:53.442198 np0000174368 devstack@n-api-meta.service[108176]: INFO nova.utils [None req-c2dca730-c87b-499f-9c3e-9ce6e916708a None None] The cell worker thread pool MainProcess.cell_worker is initialized
May 16 00:52:53.443942 np0000174368 devstack@n-api-meta.service[108176]: DEBUG oslo_concurrency.lockutils [None req-c2dca730-c87b-499f-9c3e-9ce6e916708a None None] Acquiring lock "00000000-0000-0000-0000-000000000000" by "nova.context.set_target_cell..get_or_set_cached_cell_and_set_connections" {{(pid=108176) inner /opt/stack/data/venv/lib/python3.12/site-packages/oslo_concurrency/lockutils.py:506}}
May 16 00:52:53.444108 np0000174368 devstack@n-api-meta.service[108176]: DEBUG oslo_concurrency.lockutils [None req-c2dca730-c87b-499f-9c3e-9ce6e916708a None None] Lock "00000000-0000-0000-0000-000000000000" acquired by "nova.context.set_target_cell..get_or_set_cached_cell_and_set_connections" :: waited 0.000s {{(pid=108176) inner /opt/stack/data/venv/lib/python3.12/site-packages/oslo_concurrency/lockutils.py:519}}
May 16 00:52:53.444464 np0000174368 devstack@n-api-meta.service[108176]: DEBUG oslo_concurrency.lockutils [None req-c2dca730-c87b-499f-9c3e-9ce6e916708a None None] Lock "00000000-0000-0000-0000-000000000000" "released" by "nova.context.set_target_cell..get_or_set_cached_cell_and_set_connections" :: held 0.000s {{(pid=108176) inner /opt/stack/data/venv/lib/python3.12/site-packages/oslo_concurrency/lockutils.py:538}}
May 16 00:52:53.445864 np0000174368 devstack@n-api-meta.service[108176]: DEBUG oslo_concurrency.lockutils [None req-c2dca730-c87b-499f-9c3e-9ce6e916708a None None] Acquiring lock "7bbd8fc5-fd59-46c9-a601-7eb820785ae8" by "nova.context.set_target_cell..get_or_set_cached_cell_and_set_connections" {{(pid=108176) inner /opt/stack/data/venv/lib/python3.12/site-packages/oslo_concurrency/lockutils.py:506}}
May 16 00:52:53.445864 np0000174368 devstack@n-api-meta.service[108176]: DEBUG oslo_concurrency.lockutils [None req-c2dca730-c87b-499f-9c3e-9ce6e916708a None None] Lock "7bbd8fc5-fd59-46c9-a601-7eb820785ae8" acquired by "nova.context.set_target_cell..get_or_set_cached_cell_and_set_connections" :: waited 0.000s {{(pid=108176) inner /opt/stack/data/venv/lib/python3.12/site-packages/oslo_concurrency/lockutils.py:519}}
May 16 00:52:53.446083 np0000174368 devstack@n-api-meta.service[108176]: DEBUG oslo_concurrency.lockutils [None req-c2dca730-c87b-499f-9c3e-9ce6e916708a None None] Lock "7bbd8fc5-fd59-46c9-a601-7eb820785ae8" "released" by "nova.context.set_target_cell..get_or_set_cached_cell_and_set_connections" :: held 0.001s {{(pid=108176) inner /opt/stack/data/venv/lib/python3.12/site-packages/oslo_concurrency/lockutils.py:538}}
May 16 00:52:53.449023 np0000174368 devstack@n-api-meta.service[108176]: INFO dbcounter [None req-c2dca730-c87b-499f-9c3e-9ce6e916708a None None] Registered counter for database nova_cell0
May 16 00:52:53.455590 np0000174368 devstack@n-api-meta.service[108176]: INFO dbcounter [None req-c2dca730-c87b-499f-9c3e-9ce6e916708a None None] Registered counter for database nova_cell1
May 16 00:52:53.456856 np0000174368 devstack@n-api-meta.service[108178]: INFO dbcounter [None req-b6fe6358-305b-49d5-881d-5fd8fe550578 None None] Registered counter for database nova_api
May 16 00:52:53.466447 np0000174368 devstack@n-api-meta.service[108176]: DEBUG oslo_db.sqlalchemy.engines [None req-c2dca730-c87b-499f-9c3e-9ce6e916708a None None] MySQL server mode set to STRICT_TRANS_TABLES,STRICT_ALL_TABLES,NO_ZERO_IN_DATE,NO_ZERO_DATE,ERROR_FOR_DIVISION_BY_ZERO,TRADITIONAL,NO_ENGINE_SUBSTITUTION {{(pid=108176) _check_effective_sql_mode /opt/stack/data/venv/lib/python3.12/site-packages/oslo_db/sqlalchemy/engines.py:325}}
May 16 00:52:53.467089 np0000174368 devstack@n-api-meta.service[108177]: DEBUG dbcounter [-] [108177] Writer thread running {{(pid=108177) stat_writer /opt/stack/data/venv/lib/python3.12/site-packages/dbcounter.py:102}}
May 16 00:52:53.470167 np0000174368 devstack@n-api-meta.service[108177]: DEBUG nova.context [None req-21047969-dc2a-4130-a9bd-86e4b3781505 None None] Found 2 cells: 00000000-0000-0000-0000-000000000000(cell0),7bbd8fc5-fd59-46c9-a601-7eb820785ae8(cell1) {{(pid=108177) load_cells /opt/stack/nova/nova/context.py:509}}
May 16 00:52:53.470167 np0000174368 devstack@n-api-meta.service[108177]: INFO nova.utils [None req-21047969-dc2a-4130-a9bd-86e4b3781505 None None] The cell worker thread pool MainProcess.cell_worker is initialized
May 16 00:52:53.470476 np0000174368 devstack@n-api-meta.service[108179]: DEBUG dbcounter [-] [108179] Writer thread running {{(pid=108179) stat_writer /opt/stack/data/venv/lib/python3.12/site-packages/dbcounter.py:102}}
May 16 00:52:53.471937 np0000174368 devstack@n-api-meta.service[108177]: DEBUG oslo_concurrency.lockutils [None req-21047969-dc2a-4130-a9bd-86e4b3781505 None None] Acquiring lock "00000000-0000-0000-0000-000000000000" by "nova.context.set_target_cell..get_or_set_cached_cell_and_set_connections" {{(pid=108177) inner /opt/stack/data/venv/lib/python3.12/site-packages/oslo_concurrency/lockutils.py:506}}
May 16 00:52:53.472105 np0000174368 devstack@n-api-meta.service[108177]: DEBUG oslo_concurrency.lockutils [None req-21047969-dc2a-4130-a9bd-86e4b3781505 None None] Lock "00000000-0000-0000-0000-000000000000" acquired by "nova.context.set_target_cell..get_or_set_cached_cell_and_set_connections" :: waited 0.000s {{(pid=108177) inner /opt/stack/data/venv/lib/python3.12/site-packages/oslo_concurrency/lockutils.py:519}}
May 16 00:52:53.472345 np0000174368 devstack@n-api-meta.service[108179]: DEBUG nova.context [None req-e7d451e7-37d5-4ffb-8607-4dce37563899 None None] Found 2 cells: 00000000-0000-0000-0000-000000000000(cell0),7bbd8fc5-fd59-46c9-a601-7eb820785ae8(cell1) {{(pid=108179) load_cells /opt/stack/nova/nova/context.py:509}}
May 16 00:52:53.472466 np0000174368 devstack@n-api-meta.service[108177]: DEBUG oslo_concurrency.lockutils [None req-21047969-dc2a-4130-a9bd-86e4b3781505 None None] Lock "00000000-0000-0000-0000-000000000000" "released" by "nova.context.set_target_cell..get_or_set_cached_cell_and_set_connections" :: held 0.000s {{(pid=108177) inner /opt/stack/data/venv/lib/python3.12/site-packages/oslo_concurrency/lockutils.py:538}}
May 16 00:52:53.472558 np0000174368 devstack@n-api-meta.service[108179]: INFO nova.utils [None req-e7d451e7-37d5-4ffb-8607-4dce37563899 None None] The cell worker thread pool MainProcess.cell_worker is initialized
May 16 00:52:53.473249 np0000174368 devstack@n-api-meta.service[108177]: DEBUG oslo_concurrency.lockutils [None req-21047969-dc2a-4130-a9bd-86e4b3781505 None None] Acquiring lock "7bbd8fc5-fd59-46c9-a601-7eb820785ae8" by "nova.context.set_target_cell..get_or_set_cached_cell_and_set_connections" {{(pid=108177) inner /opt/stack/data/venv/lib/python3.12/site-packages/oslo_concurrency/lockutils.py:506}}
May 16 00:52:53.473453 np0000174368 devstack@n-api-meta.service[108177]: DEBUG oslo_concurrency.lockutils [None req-21047969-dc2a-4130-a9bd-86e4b3781505 None None] Lock "7bbd8fc5-fd59-46c9-a601-7eb820785ae8" acquired by "nova.context.set_target_cell..get_or_set_cached_cell_and_set_connections" :: waited 0.000s {{(pid=108177) inner /opt/stack/data/venv/lib/python3.12/site-packages/oslo_concurrency/lockutils.py:519}}
May 16 00:52:53.473689 np0000174368 devstack@n-api-meta.service[108176]: DEBUG oslo_db.sqlalchemy.engines [None req-c2dca730-c87b-499f-9c3e-9ce6e916708a None None] MySQL server mode set to STRICT_TRANS_TABLES,STRICT_ALL_TABLES,NO_ZERO_IN_DATE,NO_ZERO_DATE,ERROR_FOR_DIVISION_BY_ZERO,TRADITIONAL,NO_ENGINE_SUBSTITUTION {{(pid=108176) _check_effective_sql_mode /opt/stack/data/venv/lib/python3.12/site-packages/oslo_db/sqlalchemy/engines.py:325}}
May 16 00:52:53.474251 np0000174368 devstack@n-api-meta.service[108179]: DEBUG oslo_concurrency.lockutils [None req-e7d451e7-37d5-4ffb-8607-4dce37563899 None None] Acquiring lock "00000000-0000-0000-0000-000000000000" by "nova.context.set_target_cell..get_or_set_cached_cell_and_set_connections" {{(pid=108179) inner /opt/stack/data/venv/lib/python3.12/site-packages/oslo_concurrency/lockutils.py:506}}
May 16 00:52:53.474331 np0000174368 devstack@n-api-meta.service[108177]: DEBUG oslo_concurrency.lockutils [None req-21047969-dc2a-4130-a9bd-86e4b3781505 None None] Lock "7bbd8fc5-fd59-46c9-a601-7eb820785ae8" "released" by "nova.context.set_target_cell..get_or_set_cached_cell_and_set_connections" :: held 0.001s {{(pid=108177) inner /opt/stack/data/venv/lib/python3.12/site-packages/oslo_concurrency/lockutils.py:538}}
May 16 00:52:53.474436 np0000174368 devstack@n-api-meta.service[108179]: DEBUG oslo_concurrency.lockutils [None req-e7d451e7-37d5-4ffb-8607-4dce37563899 None None] Lock "00000000-0000-0000-0000-000000000000" acquired by "nova.context.set_target_cell..get_or_set_cached_cell_and_set_connections" :: waited 0.000s {{(pid=108179) inner /opt/stack/data/venv/lib/python3.12/site-packages/oslo_concurrency/lockutils.py:519}}
May 16 00:52:53.474772 np0000174368 devstack@n-api-meta.service[108179]: DEBUG oslo_concurrency.lockutils [None req-e7d451e7-37d5-4ffb-8607-4dce37563899 None None] Lock "00000000-0000-0000-0000-000000000000" "released" by "nova.context.set_target_cell..get_or_set_cached_cell_and_set_connections" :: held 0.000s {{(pid=108179) inner /opt/stack/data/venv/lib/python3.12/site-packages/oslo_concurrency/lockutils.py:538}}
May 16 00:52:53.475405 np0000174368 devstack@n-api-meta.service[108179]: DEBUG oslo_concurrency.lockutils [None req-e7d451e7-37d5-4ffb-8607-4dce37563899 None None] Acquiring lock "7bbd8fc5-fd59-46c9-a601-7eb820785ae8" by "nova.context.set_target_cell..get_or_set_cached_cell_and_set_connections" {{(pid=108179) inner /opt/stack/data/venv/lib/python3.12/site-packages/oslo_concurrency/lockutils.py:506}}
May 16 00:52:53.475548 np0000174368 devstack@n-api-meta.service[108179]: DEBUG oslo_concurrency.lockutils [None req-e7d451e7-37d5-4ffb-8607-4dce37563899 None None] Lock "7bbd8fc5-fd59-46c9-a601-7eb820785ae8" acquired by "nova.context.set_target_cell..get_or_set_cached_cell_and_set_connections" :: waited 0.000s {{(pid=108179) inner /opt/stack/data/venv/lib/python3.12/site-packages/oslo_concurrency/lockutils.py:519}}
May 16 00:52:53.476339 np0000174368 devstack@n-api-meta.service[108179]: DEBUG oslo_concurrency.lockutils [None req-e7d451e7-37d5-4ffb-8607-4dce37563899 None None] Lock "7bbd8fc5-fd59-46c9-a601-7eb820785ae8" "released" by "nova.context.set_target_cell..get_or_set_cached_cell_and_set_connections" :: held 0.001s {{(pid=108179) inner /opt/stack/data/venv/lib/python3.12/site-packages/oslo_concurrency/lockutils.py:538}}
May 16 00:52:53.477092 np0000174368 devstack@n-api-meta.service[108177]: INFO dbcounter [None req-21047969-dc2a-4130-a9bd-86e4b3781505 None None] Registered counter for database nova_cell0
May 16 00:52:53.478545 np0000174368 devstack@n-api-meta.service[108179]: INFO dbcounter [None req-e7d451e7-37d5-4ffb-8607-4dce37563899 None None] Registered counter for database nova_cell0
May 16 00:52:53.479751 np0000174368 devstack@n-api-meta.service[108178]: DEBUG oslo_db.sqlalchemy.engines [None req-b6fe6358-305b-49d5-881d-5fd8fe550578 None None] MySQL server mode set to STRICT_TRANS_TABLES,STRICT_ALL_TABLES,NO_ZERO_IN_DATE,NO_ZERO_DATE,ERROR_FOR_DIVISION_BY_ZERO,TRADITIONAL,NO_ENGINE_SUBSTITUTION {{(pid=108178) _check_effective_sql_mode /opt/stack/data/venv/lib/python3.12/site-packages/oslo_db/sqlalchemy/engines.py:325}}
May 16 00:52:53.482628 np0000174368 devstack@n-api-meta.service[108177]: INFO dbcounter [None req-21047969-dc2a-4130-a9bd-86e4b3781505 None None] Registered counter for database nova_cell1
May 16 00:52:53.483479 np0000174368 devstack@n-api-meta.service[108179]: INFO dbcounter [None req-e7d451e7-37d5-4ffb-8607-4dce37563899 None None] Registered counter for database nova_cell1
May 16 00:52:53.494629 np0000174368 devstack@n-api-meta.service[108177]: DEBUG oslo_db.sqlalchemy.engines [None req-21047969-dc2a-4130-a9bd-86e4b3781505 None None] MySQL server mode set to STRICT_TRANS_TABLES,STRICT_ALL_TABLES,NO_ZERO_IN_DATE,NO_ZERO_DATE,ERROR_FOR_DIVISION_BY_ZERO,TRADITIONAL,NO_ENGINE_SUBSTITUTION {{(pid=108177) _check_effective_sql_mode /opt/stack/data/venv/lib/python3.12/site-packages/oslo_db/sqlalchemy/engines.py:325}}
May 16 00:52:53.504762 np0000174368 devstack@n-api-meta.service[108179]: DEBUG oslo_db.sqlalchemy.engines [None req-e7d451e7-37d5-4ffb-8607-4dce37563899 None None] MySQL server mode set to STRICT_TRANS_TABLES,STRICT_ALL_TABLES,NO_ZERO_IN_DATE,NO_ZERO_DATE,ERROR_FOR_DIVISION_BY_ZERO,TRADITIONAL,NO_ENGINE_SUBSTITUTION {{(pid=108179) _check_effective_sql_mode /opt/stack/data/venv/lib/python3.12/site-packages/oslo_db/sqlalchemy/engines.py:325}}
May 16 00:52:53.506033 np0000174368 devstack@n-api-meta.service[108177]: DEBUG oslo_db.sqlalchemy.engines [None req-21047969-dc2a-4130-a9bd-86e4b3781505 None None] MySQL server mode set to STRICT_TRANS_TABLES,STRICT_ALL_TABLES,NO_ZERO_IN_DATE,NO_ZERO_DATE,ERROR_FOR_DIVISION_BY_ZERO,TRADITIONAL,NO_ENGINE_SUBSTITUTION {{(pid=108177) _check_effective_sql_mode /opt/stack/data/venv/lib/python3.12/site-packages/oslo_db/sqlalchemy/engines.py:325}}
May 16 00:52:53.514400 np0000174368 devstack@n-api-meta.service[108178]: DEBUG dbcounter [-] [108178] Writer thread running {{(pid=108178) stat_writer /opt/stack/data/venv/lib/python3.12/site-packages/dbcounter.py:102}}
May 16 00:52:53.516372 np0000174368 devstack@n-api-meta.service[108179]: DEBUG oslo_db.sqlalchemy.engines [None req-e7d451e7-37d5-4ffb-8607-4dce37563899 None None] MySQL server mode set to STRICT_TRANS_TABLES,STRICT_ALL_TABLES,NO_ZERO_IN_DATE,NO_ZERO_DATE,ERROR_FOR_DIVISION_BY_ZERO,TRADITIONAL,NO_ENGINE_SUBSTITUTION {{(pid=108179) _check_effective_sql_mode /opt/stack/data/venv/lib/python3.12/site-packages/oslo_db/sqlalchemy/engines.py:325}}
May 16 00:52:53.516679 np0000174368 devstack@n-api-meta.service[108178]: DEBUG nova.context [None req-b6fe6358-305b-49d5-881d-5fd8fe550578 None None] Found 2 cells: 00000000-0000-0000-0000-000000000000(cell0),7bbd8fc5-fd59-46c9-a601-7eb820785ae8(cell1) {{(pid=108178) load_cells /opt/stack/nova/nova/context.py:509}}
May 16 00:52:53.516959 np0000174368 devstack@n-api-meta.service[108178]: INFO nova.utils [None req-b6fe6358-305b-49d5-881d-5fd8fe550578 None None] The cell worker thread pool MainProcess.cell_worker is initialized
May 16 00:52:53.518691 np0000174368 devstack@n-api-meta.service[108178]: DEBUG oslo_concurrency.lockutils [None req-b6fe6358-305b-49d5-881d-5fd8fe550578 None None] Acquiring lock "00000000-0000-0000-0000-000000000000" by "nova.context.set_target_cell..get_or_set_cached_cell_and_set_connections" {{(pid=108178) inner /opt/stack/data/venv/lib/python3.12/site-packages/oslo_concurrency/lockutils.py:506}}
May 16 00:52:53.518849 np0000174368 devstack@n-api-meta.service[108178]: DEBUG oslo_concurrency.lockutils [None req-b6fe6358-305b-49d5-881d-5fd8fe550578 None None] Lock "00000000-0000-0000-0000-000000000000" acquired by "nova.context.set_target_cell..get_or_set_cached_cell_and_set_connections" :: waited 0.000s {{(pid=108178) inner /opt/stack/data/venv/lib/python3.12/site-packages/oslo_concurrency/lockutils.py:519}}
May 16 00:52:53.519192 np0000174368 devstack@n-api-meta.service[108178]: DEBUG oslo_concurrency.lockutils [None req-b6fe6358-305b-49d5-881d-5fd8fe550578 None None] Lock "00000000-0000-0000-0000-000000000000" "released" by "nova.context.set_target_cell..get_or_set_cached_cell_and_set_connections" :: held 0.000s {{(pid=108178) inner /opt/stack/data/venv/lib/python3.12/site-packages/oslo_concurrency/lockutils.py:538}}
May 16 00:52:53.519851 np0000174368 devstack@n-api-meta.service[108178]: DEBUG oslo_concurrency.lockutils [None req-b6fe6358-305b-49d5-881d-5fd8fe550578 None None] Acquiring lock "7bbd8fc5-fd59-46c9-a601-7eb820785ae8" by "nova.context.set_target_cell..get_or_set_cached_cell_and_set_connections" {{(pid=108178) inner /opt/stack/data/venv/lib/python3.12/site-packages/oslo_concurrency/lockutils.py:506}}
May 16 00:52:53.519993 np0000174368 devstack@n-api-meta.service[108178]: DEBUG oslo_concurrency.lockutils [None req-b6fe6358-305b-49d5-881d-5fd8fe550578 None None] Lock "7bbd8fc5-fd59-46c9-a601-7eb820785ae8" acquired by "nova.context.set_target_cell..get_or_set_cached_cell_and_set_connections" :: waited 0.000s {{(pid=108178) inner /opt/stack/data/venv/lib/python3.12/site-packages/oslo_concurrency/lockutils.py:519}}
May 16 00:52:53.520821 np0000174368 devstack@n-api-meta.service[108178]: DEBUG oslo_concurrency.lockutils [None req-b6fe6358-305b-49d5-881d-5fd8fe550578 None None] Lock "7bbd8fc5-fd59-46c9-a601-7eb820785ae8" "released" by "nova.context.set_target_cell..get_or_set_cached_cell_and_set_connections" :: held 0.001s {{(pid=108178) inner /opt/stack/data/venv/lib/python3.12/site-packages/oslo_concurrency/lockutils.py:538}}
May 16 00:52:53.524416 np0000174368 devstack@n-api-meta.service[108178]: INFO dbcounter [None req-b6fe6358-305b-49d5-881d-5fd8fe550578 None None] Registered counter for database nova_cell0
May 16 00:52:53.529516 np0000174368 devstack@n-api-meta.service[108178]: INFO dbcounter [None req-b6fe6358-305b-49d5-881d-5fd8fe550578 None None] Registered counter for database nova_cell1
May 16 00:52:53.541363 np0000174368 devstack@n-api-meta.service[108178]: DEBUG oslo_db.sqlalchemy.engines [None req-b6fe6358-305b-49d5-881d-5fd8fe550578 None None] MySQL server mode set to STRICT_TRANS_TABLES,STRICT_ALL_TABLES,NO_ZERO_IN_DATE,NO_ZERO_DATE,ERROR_FOR_DIVISION_BY_ZERO,TRADITIONAL,NO_ENGINE_SUBSTITUTION {{(pid=108178) _check_effective_sql_mode /opt/stack/data/venv/lib/python3.12/site-packages/oslo_db/sqlalchemy/engines.py:325}}
May 16 00:52:53.548927 np0000174368 devstack@n-api-meta.service[108178]: DEBUG oslo_db.sqlalchemy.engines [None req-b6fe6358-305b-49d5-881d-5fd8fe550578 None None] MySQL server mode set to STRICT_TRANS_TABLES,STRICT_ALL_TABLES,NO_ZERO_IN_DATE,NO_ZERO_DATE,ERROR_FOR_DIVISION_BY_ZERO,TRADITIONAL,NO_ENGINE_SUBSTITUTION {{(pid=108178) _check_effective_sql_mode /opt/stack/data/venv/lib/python3.12/site-packages/oslo_db/sqlalchemy/engines.py:325}}
May 16 00:52:53.561869 np0000174368 devstack@n-api-meta.service[108176]: DEBUG dbcounter [-] [108176] Writer thread running {{(pid=108176) stat_writer /opt/stack/data/venv/lib/python3.12/site-packages/dbcounter.py:102}}
May 16 00:52:53.567862 np0000174368 devstack@n-api-meta.service[108176]: DEBUG dbcounter [-] [108176] Writer thread running {{(pid=108176) stat_writer /opt/stack/data/venv/lib/python3.12/site-packages/dbcounter.py:102}}
May 16 00:52:53.572646 np0000174368 devstack@n-api-meta.service[108176]: INFO dbcounter [None req-c2dca730-c87b-499f-9c3e-9ce6e916708a None None] Registered counter for database nova_cell0
May 16 00:52:53.581971 np0000174368 devstack@n-api-meta.service[108176]: DEBUG oslo_db.sqlalchemy.engines [None req-c2dca730-c87b-499f-9c3e-9ce6e916708a None None] MySQL server mode set to STRICT_TRANS_TABLES,STRICT_ALL_TABLES,NO_ZERO_IN_DATE,NO_ZERO_DATE,ERROR_FOR_DIVISION_BY_ZERO,TRADITIONAL,NO_ENGINE_SUBSTITUTION {{(pid=108176) _check_effective_sql_mode /opt/stack/data/venv/lib/python3.12/site-packages/oslo_db/sqlalchemy/engines.py:325}}
May 16 00:52:53.584575 np0000174368 devstack@n-api-meta.service[108177]: DEBUG dbcounter [-] [108177] Writer thread running {{(pid=108177) stat_writer /opt/stack/data/venv/lib/python3.12/site-packages/dbcounter.py:102}}
May 16 00:52:53.589227 np0000174368 devstack@n-api-meta.service[108176]: DEBUG dbcounter [-] [108176] Writer thread running {{(pid=108176) stat_writer /opt/stack/data/venv/lib/python3.12/site-packages/dbcounter.py:102}}
May 16 00:52:53.590505 np0000174368 devstack@n-api-meta.service[108177]: DEBUG dbcounter [-] [108177] Writer thread running {{(pid=108177) stat_writer /opt/stack/data/venv/lib/python3.12/site-packages/dbcounter.py:102}}
May 16 00:52:53.594674 np0000174368 devstack@n-api-meta.service[108179]: DEBUG dbcounter [-] [108179] Writer thread running {{(pid=108179) stat_writer /opt/stack/data/venv/lib/python3.12/site-packages/dbcounter.py:102}}
May 16 00:52:53.595602 np0000174368 devstack@n-api-meta.service[108177]: INFO dbcounter [None req-21047969-dc2a-4130-a9bd-86e4b3781505 None None] Registered counter for database nova_cell0
May 16 00:52:53.601828 np0000174368 devstack@n-api-meta.service[108179]: DEBUG dbcounter [-] [108179] Writer thread running {{(pid=108179) stat_writer /opt/stack/data/venv/lib/python3.12/site-packages/dbcounter.py:102}}
May 16 00:52:53.604396 np0000174368 devstack@n-api-meta.service[108177]: DEBUG oslo_db.sqlalchemy.engines [None req-21047969-dc2a-4130-a9bd-86e4b3781505 None None] MySQL server mode set to STRICT_TRANS_TABLES,STRICT_ALL_TABLES,NO_ZERO_IN_DATE,NO_ZERO_DATE,ERROR_FOR_DIVISION_BY_ZERO,TRADITIONAL,NO_ENGINE_SUBSTITUTION {{(pid=108177) _check_effective_sql_mode /opt/stack/data/venv/lib/python3.12/site-packages/oslo_db/sqlalchemy/engines.py:325}}
May 16 00:52:53.606617 np0000174368 devstack@n-api-meta.service[108179]: INFO dbcounter [None req-e7d451e7-37d5-4ffb-8607-4dce37563899 None None] Registered counter for database nova_cell0
May 16 00:52:53.612338 np0000174368 devstack@n-api-meta.service[108177]: DEBUG dbcounter [-] [108177] Writer thread running {{(pid=108177) stat_writer /opt/stack/data/venv/lib/python3.12/site-packages/dbcounter.py:102}}
May 16 00:52:53.617205 np0000174368 devstack@n-api-meta.service[108179]: DEBUG oslo_db.sqlalchemy.engines [None req-e7d451e7-37d5-4ffb-8607-4dce37563899 None None] MySQL server mode set to STRICT_TRANS_TABLES,STRICT_ALL_TABLES,NO_ZERO_IN_DATE,NO_ZERO_DATE,ERROR_FOR_DIVISION_BY_ZERO,TRADITIONAL,NO_ENGINE_SUBSTITUTION {{(pid=108179) _check_effective_sql_mode /opt/stack/data/venv/lib/python3.12/site-packages/oslo_db/sqlalchemy/engines.py:325}}
May 16 00:52:53.625299 np0000174368 devstack@n-api-meta.service[108179]: DEBUG dbcounter [-] [108179] Writer thread running {{(pid=108179) stat_writer /opt/stack/data/venv/lib/python3.12/site-packages/dbcounter.py:102}}
May 16 00:52:53.632212 np0000174368 devstack@n-api-meta.service[108176]: WARNING nova.api.metadata.handler [None req-c2dca730-c87b-499f-9c3e-9ce6e916708a None None] metadata_proxy_shared_secret is not configured, the metadata information returned by the proxy cannot be trusted
May 16 00:52:53.634506 np0000174368 devstack@n-api-meta.service[108176]: DEBUG nova.api.openstack.wsgi_app [None req-c2dca730-c87b-499f-9c3e-9ce6e916708a None None] ******************************************************************************** {{(pid=108176) log_opt_values /opt/stack/data/venv/lib/python3.12/site-packages/oslo_config/cfg.py:2979}}
May 16 00:52:53.634617 np0000174368 devstack@n-api-meta.service[108176]: DEBUG nova.api.openstack.wsgi_app [None req-c2dca730-c87b-499f-9c3e-9ce6e916708a None None] Configuration options gathered from: {{(pid=108176) log_opt_values /opt/stack/data/venv/lib/python3.12/site-packages/oslo_config/cfg.py:2980}}
May 16 00:52:53.634724 np0000174368 devstack@n-api-meta.service[108176]: DEBUG nova.api.openstack.wsgi_app [None req-c2dca730-c87b-499f-9c3e-9ce6e916708a None None] command line args: [] {{(pid=108176) log_opt_values /opt/stack/data/venv/lib/python3.12/site-packages/oslo_config/cfg.py:2981}}
May 16 00:52:53.634874 np0000174368 devstack@n-api-meta.service[108176]: DEBUG nova.api.openstack.wsgi_app [None req-c2dca730-c87b-499f-9c3e-9ce6e916708a None None] config files: ['/etc/nova/api-paste.ini', '/etc/nova/nova.conf'] {{(pid=108176) log_opt_values /opt/stack/data/venv/lib/python3.12/site-packages/oslo_config/cfg.py:2982}}
May 16 00:52:53.634974 np0000174368 devstack@n-api-meta.service[108176]: DEBUG nova.api.openstack.wsgi_app [None req-c2dca730-c87b-499f-9c3e-9ce6e916708a None None] ================================================================================ {{(pid=108176) log_opt_values /opt/stack/data/venv/lib/python3.12/site-packages/oslo_config/cfg.py:2987}}
May 16 00:52:53.635151 np0000174368 devstack@n-api-meta.service[108176]: DEBUG nova.api.openstack.wsgi_app [None req-c2dca730-c87b-499f-9c3e-9ce6e916708a None None] allow_resize_to_same_host = True {{(pid=108176) log_opt_values /opt/stack/data/venv/lib/python3.12/site-packages/oslo_config/cfg.py:2995}}
May 16 00:52:53.635286 np0000174368 devstack@n-api-meta.service[108176]: DEBUG nova.api.openstack.wsgi_app [None req-c2dca730-c87b-499f-9c3e-9ce6e916708a None None] arq_binding_timeout = 300 {{(pid=108176) log_opt_values /opt/stack/data/venv/lib/python3.12/site-packages/oslo_config/cfg.py:2995}}
May 16 00:52:53.635485 np0000174368 devstack@n-api-meta.service[108176]: DEBUG nova.api.openstack.wsgi_app [None req-c2dca730-c87b-499f-9c3e-9ce6e916708a None None] block_device_allocate_retries = 60 {{(pid=108176) log_opt_values /opt/stack/data/venv/lib/python3.12/site-packages/oslo_config/cfg.py:2995}}
May 16 00:52:53.635614 np0000174368 devstack@n-api-meta.service[108176]: DEBUG nova.api.openstack.wsgi_app [None req-c2dca730-c87b-499f-9c3e-9ce6e916708a None None] block_device_allocate_retries_interval = 3 {{(pid=108176) log_opt_values /opt/stack/data/venv/lib/python3.12/site-packages/oslo_config/cfg.py:2995}}
May 16 00:52:53.635740 np0000174368 devstack@n-api-meta.service[108176]: DEBUG nova.api.openstack.wsgi_app [None req-c2dca730-c87b-499f-9c3e-9ce6e916708a None None] cell_worker_thread_pool_size = 5 {{(pid=108176) log_opt_values /opt/stack/data/venv/lib/python3.12/site-packages/oslo_config/cfg.py:2995}}
May 16 00:52:53.635871 np0000174368 devstack@n-api-meta.service[108176]: DEBUG nova.api.openstack.wsgi_app [None req-c2dca730-c87b-499f-9c3e-9ce6e916708a None None] cert = self.pem {{(pid=108176) log_opt_values /opt/stack/data/venv/lib/python3.12/site-packages/oslo_config/cfg.py:2995}}
May 16 00:52:53.636003 np0000174368 devstack@n-api-meta.service[108176]: DEBUG nova.api.openstack.wsgi_app [None req-c2dca730-c87b-499f-9c3e-9ce6e916708a None None] compute_driver = libvirt.LibvirtDriver {{(pid=108176) log_opt_values /opt/stack/data/venv/lib/python3.12/site-packages/oslo_config/cfg.py:2995}}
May 16 00:52:53.636137 np0000174368 devstack@n-api-meta.service[108176]: DEBUG nova.api.openstack.wsgi_app [None req-c2dca730-c87b-499f-9c3e-9ce6e916708a None None] compute_monitors = [] {{(pid=108176) log_opt_values /opt/stack/data/venv/lib/python3.12/site-packages/oslo_config/cfg.py:2995}}
May 16 00:52:53.636285 np0000174368 devstack@n-api-meta.service[108176]: DEBUG nova.api.openstack.wsgi_app [None req-c2dca730-c87b-499f-9c3e-9ce6e916708a None None] config_dir = [] {{(pid=108176) log_opt_values /opt/stack/data/venv/lib/python3.12/site-packages/oslo_config/cfg.py:2995}}
May 16 00:52:53.636594 np0000174368 devstack@n-api-meta.service[108176]: DEBUG nova.api.openstack.wsgi_app [None req-c2dca730-c87b-499f-9c3e-9ce6e916708a None None] config_drive_format = iso9660 {{(pid=108176) log_opt_values /opt/stack/data/venv/lib/python3.12/site-packages/oslo_config/cfg.py:2995}}
May 16 00:52:53.636594 np0000174368 devstack@n-api-meta.service[108176]: DEBUG nova.api.openstack.wsgi_app [None req-c2dca730-c87b-499f-9c3e-9ce6e916708a None None] config_file = ['/etc/nova/api-paste.ini', '/etc/nova/nova.conf'] {{(pid=108176) log_opt_values /opt/stack/data/venv/lib/python3.12/site-packages/oslo_config/cfg.py:2995}}
May 16 00:52:53.636768 np0000174368 devstack@n-api-meta.service[108176]: DEBUG nova.api.openstack.wsgi_app [None req-c2dca730-c87b-499f-9c3e-9ce6e916708a None None] config_source = [] {{(pid=108176) log_opt_values /opt/stack/data/venv/lib/python3.12/site-packages/oslo_config/cfg.py:2995}}
May 16 00:52:53.636835 np0000174368 devstack@n-api-meta.service[108176]: DEBUG nova.api.openstack.wsgi_app [None req-c2dca730-c87b-499f-9c3e-9ce6e916708a None None] console_host = np0000174368 {{(pid=108176) log_opt_values /opt/stack/data/venv/lib/python3.12/site-packages/oslo_config/cfg.py:2995}}
May 16 00:52:53.636967 np0000174368 devstack@n-api-meta.service[108176]: DEBUG nova.api.openstack.wsgi_app [None req-c2dca730-c87b-499f-9c3e-9ce6e916708a None None] control_exchange = nova {{(pid=108176) log_opt_values /opt/stack/data/venv/lib/python3.12/site-packages/oslo_config/cfg.py:2995}}
May 16 00:52:53.637090 np0000174368 devstack@n-api-meta.service[108176]: DEBUG nova.api.openstack.wsgi_app [None req-c2dca730-c87b-499f-9c3e-9ce6e916708a None None] cpu_allocation_ratio = None {{(pid=108176) log_opt_values /opt/stack/data/venv/lib/python3.12/site-packages/oslo_config/cfg.py:2995}}
May 16 00:52:53.637213 np0000174368 devstack@n-api-meta.service[108176]: DEBUG nova.api.openstack.wsgi_app [None req-c2dca730-c87b-499f-9c3e-9ce6e916708a None None] daemon = False {{(pid=108176) log_opt_values /opt/stack/data/venv/lib/python3.12/site-packages/oslo_config/cfg.py:2995}}
May 16 00:52:53.639510 np0000174368 devstack@n-api-meta.service[108176]: DEBUG nova.api.openstack.wsgi_app [None req-c2dca730-c87b-499f-9c3e-9ce6e916708a None None] debug = True {{(pid=108176) log_opt_values /opt/stack/data/venv/lib/python3.12/site-packages/oslo_config/cfg.py:2995}}
May 16 00:52:53.639510 np0000174368 devstack@n-api-meta.service[108176]: DEBUG nova.api.openstack.wsgi_app [None req-c2dca730-c87b-499f-9c3e-9ce6e916708a None None] default_access_ip_network_name = None {{(pid=108176) log_opt_values /opt/stack/data/venv/lib/python3.12/site-packages/oslo_config/cfg.py:2995}}
May 16 00:52:53.639510 np0000174368 devstack@n-api-meta.service[108176]: DEBUG nova.api.openstack.wsgi_app [None req-c2dca730-c87b-499f-9c3e-9ce6e916708a None None] default_availability_zone = nova {{(pid=108176) log_opt_values /opt/stack/data/venv/lib/python3.12/site-packages/oslo_config/cfg.py:2995}}
May 16 00:52:53.639510 np0000174368 devstack@n-api-meta.service[108176]: DEBUG nova.api.openstack.wsgi_app [None req-c2dca730-c87b-499f-9c3e-9ce6e916708a None None] default_ephemeral_format = ext4 {{(pid=108176) log_opt_values /opt/stack/data/venv/lib/python3.12/site-packages/oslo_config/cfg.py:2995}}
May 16 00:52:53.639510 np0000174368 devstack@n-api-meta.service[108176]: DEBUG nova.api.openstack.wsgi_app [None req-c2dca730-c87b-499f-9c3e-9ce6e916708a None None] default_green_pool_size = 1000 {{(pid=108176) log_opt_values /opt/stack/data/venv/lib/python3.12/site-packages/oslo_config/cfg.py:2995}}
May 16 00:52:53.639712 np0000174368 devstack@n-api-meta.service[108176]: DEBUG nova.api.openstack.wsgi_app [None req-c2dca730-c87b-499f-9c3e-9ce6e916708a None None] default_log_levels = ['amqp=WARN', 'boto=WARN', 'sqlalchemy=WARN', 'suds=INFO', 'oslo.messaging=INFO', 'oslo_messaging=INFO', 'iso8601=WARN', 'requests.packages.urllib3.connectionpool=WARN', 'urllib3.connectionpool=WARN', 'websocket=WARN', 'requests.packages.urllib3.util.retry=WARN', 'urllib3.util.retry=WARN', 'keystonemiddleware=WARN', 'routes.middleware=WARN', 'stevedore=WARN', 'taskflow=WARN', 'keystoneauth=WARN', 'oslo.cache=INFO', 'oslo_policy=INFO', 'dogpile.core.dogpile=INFO', 'glanceclient=WARN', 'oslo.privsep.daemon=INFO'] {{(pid=108176) log_opt_values /opt/stack/data/venv/lib/python3.12/site-packages/oslo_config/cfg.py:2995}}
May 16 00:52:53.639712 np0000174368 devstack@n-api-meta.service[108176]: DEBUG nova.api.openstack.wsgi_app [None req-c2dca730-c87b-499f-9c3e-9ce6e916708a None None] default_schedule_zone = None {{(pid=108176) log_opt_values /opt/stack/data/venv/lib/python3.12/site-packages/oslo_config/cfg.py:2995}}
May 16 00:52:53.639712 np0000174368 devstack@n-api-meta.service[108176]: DEBUG nova.api.openstack.wsgi_app [None req-c2dca730-c87b-499f-9c3e-9ce6e916708a None None] default_thread_pool_size = 10 {{(pid=108176) log_opt_values /opt/stack/data/venv/lib/python3.12/site-packages/oslo_config/cfg.py:2995}}
May 16 00:52:53.639712 np0000174368 devstack@n-api-meta.service[108176]: DEBUG nova.api.openstack.wsgi_app [None req-c2dca730-c87b-499f-9c3e-9ce6e916708a None None] disk_allocation_ratio = None {{(pid=108176) log_opt_values /opt/stack/data/venv/lib/python3.12/site-packages/oslo_config/cfg.py:2995}}
May 16 00:52:53.639935 np0000174368 devstack@n-api-meta.service[108177]: WARNING nova.api.metadata.handler [None req-21047969-dc2a-4130-a9bd-86e4b3781505 None None] metadata_proxy_shared_secret is not configured, the metadata information returned by the proxy cannot be trusted
May 16 00:52:53.640015 np0000174368 devstack@n-api-meta.service[108176]: DEBUG nova.api.openstack.wsgi_app [None req-c2dca730-c87b-499f-9c3e-9ce6e916708a None None] enable_new_services = True {{(pid=108176) log_opt_values /opt/stack/data/venv/lib/python3.12/site-packages/oslo_config/cfg.py:2995}}
May 16 00:52:53.640015 np0000174368 devstack@n-api-meta.service[108176]: DEBUG nova.api.openstack.wsgi_app [None req-c2dca730-c87b-499f-9c3e-9ce6e916708a None None] flat_injected = False {{(pid=108176) log_opt_values /opt/stack/data/venv/lib/python3.12/site-packages/oslo_config/cfg.py:2995}}
May 16 00:52:53.640015 np0000174368 devstack@n-api-meta.service[108176]: DEBUG nova.api.openstack.wsgi_app [None req-c2dca730-c87b-499f-9c3e-9ce6e916708a None None] force_config_drive = False {{(pid=108176) log_opt_values /opt/stack/data/venv/lib/python3.12/site-packages/oslo_config/cfg.py:2995}}
May 16 00:52:53.640015 np0000174368 devstack@n-api-meta.service[108176]: DEBUG nova.api.openstack.wsgi_app [None req-c2dca730-c87b-499f-9c3e-9ce6e916708a None None] force_raw_images = True {{(pid=108176) log_opt_values /opt/stack/data/venv/lib/python3.12/site-packages/oslo_config/cfg.py:2995}}
May 16 00:52:53.640015 np0000174368 devstack@n-api-meta.service[108176]: DEBUG nova.api.openstack.wsgi_app [None req-c2dca730-c87b-499f-9c3e-9ce6e916708a None None] graceful_shutdown_timeout = 5 {{(pid=108176) log_opt_values /opt/stack/data/venv/lib/python3.12/site-packages/oslo_config/cfg.py:2995}}
May 16 00:52:53.640015 np0000174368 devstack@n-api-meta.service[108176]: DEBUG nova.api.openstack.wsgi_app [None req-c2dca730-c87b-499f-9c3e-9ce6e916708a None None] heal_instance_info_cache_interval = -1 {{(pid=108176) log_opt_values /opt/stack/data/venv/lib/python3.12/site-packages/oslo_config/cfg.py:2995}}
May 16 00:52:53.640015 np0000174368 devstack@n-api-meta.service[108176]: DEBUG nova.api.openstack.wsgi_app [None req-c2dca730-c87b-499f-9c3e-9ce6e916708a None None] host = np0000174368 {{(pid=108176) log_opt_values /opt/stack/data/venv/lib/python3.12/site-packages/oslo_config/cfg.py:2995}}
May 16 00:52:53.640320 np0000174368 devstack@n-api-meta.service[108176]: DEBUG nova.api.openstack.wsgi_app [None req-c2dca730-c87b-499f-9c3e-9ce6e916708a None None] initial_cpu_allocation_ratio = 4.0 {{(pid=108176) log_opt_values /opt/stack/data/venv/lib/python3.12/site-packages/oslo_config/cfg.py:2995}}
May 16 00:52:53.640320 np0000174368 devstack@n-api-meta.service[108176]: DEBUG nova.api.openstack.wsgi_app [None req-c2dca730-c87b-499f-9c3e-9ce6e916708a None None] initial_disk_allocation_ratio = 1.0 {{(pid=108176) log_opt_values /opt/stack/data/venv/lib/python3.12/site-packages/oslo_config/cfg.py:2995}}
May 16 00:52:53.640320 np0000174368 devstack@n-api-meta.service[108176]: DEBUG nova.api.openstack.wsgi_app [None req-c2dca730-c87b-499f-9c3e-9ce6e916708a None None] initial_ram_allocation_ratio = 1.0 {{(pid=108176) log_opt_values /opt/stack/data/venv/lib/python3.12/site-packages/oslo_config/cfg.py:2995}}
May 16 00:52:53.640320 np0000174368 devstack@n-api-meta.service[108176]: DEBUG nova.api.openstack.wsgi_app [None req-c2dca730-c87b-499f-9c3e-9ce6e916708a None None] injected_network_template = /opt/stack/nova/nova/virt/interfaces.template {{(pid=108176) log_opt_values /opt/stack/data/venv/lib/python3.12/site-packages/oslo_config/cfg.py:2995}}
May 16 00:52:53.640320 np0000174368 devstack@n-api-meta.service[108176]: DEBUG nova.api.openstack.wsgi_app [None req-c2dca730-c87b-499f-9c3e-9ce6e916708a None None] instance_build_timeout = 0 {{(pid=108176) log_opt_values /opt/stack/data/venv/lib/python3.12/site-packages/oslo_config/cfg.py:2995}}
May 16 00:52:53.640320 np0000174368 devstack@n-api-meta.service[108176]: DEBUG nova.api.openstack.wsgi_app [None req-c2dca730-c87b-499f-9c3e-9ce6e916708a None None] instance_delete_interval = 300 {{(pid=108176) log_opt_values /opt/stack/data/venv/lib/python3.12/site-packages/oslo_config/cfg.py:2995}}
May 16 00:52:53.640573 np0000174368 devstack@n-api-meta.service[108176]: DEBUG nova.api.openstack.wsgi_app [None req-c2dca730-c87b-499f-9c3e-9ce6e916708a None None] instance_format = [instance: %(uuid)s] {{(pid=108176) log_opt_values /opt/stack/data/venv/lib/python3.12/site-packages/oslo_config/cfg.py:2995}}
May 16 00:52:53.640573 np0000174368 devstack@n-api-meta.service[108176]: DEBUG nova.api.openstack.wsgi_app [None req-c2dca730-c87b-499f-9c3e-9ce6e916708a None None] instance_name_template = instance-%08x {{(pid=108176) log_opt_values /opt/stack/data/venv/lib/python3.12/site-packages/oslo_config/cfg.py:2995}}
May 16 00:52:53.640654 np0000174368 devstack@n-api-meta.service[108176]: DEBUG nova.api.openstack.wsgi_app [None req-c2dca730-c87b-499f-9c3e-9ce6e916708a None None] instance_usage_audit = False {{(pid=108176) log_opt_values /opt/stack/data/venv/lib/python3.12/site-packages/oslo_config/cfg.py:2995}}
May 16 00:52:53.640762 np0000174368 devstack@n-api-meta.service[108177]: DEBUG nova.api.openstack.wsgi_app [None req-21047969-dc2a-4130-a9bd-86e4b3781505 None None] ******************************************************************************** {{(pid=108177) log_opt_values /opt/stack/data/venv/lib/python3.12/site-packages/oslo_config/cfg.py:2979}}
May 16 00:52:53.640827 np0000174368 devstack@n-api-meta.service[108176]: DEBUG nova.api.openstack.wsgi_app [None req-c2dca730-c87b-499f-9c3e-9ce6e916708a None None] instance_usage_audit_period = month {{(pid=108176) log_opt_values /opt/stack/data/venv/lib/python3.12/site-packages/oslo_config/cfg.py:2995}}
May 16 00:52:53.640882 np0000174368 devstack@n-api-meta.service[108177]: DEBUG nova.api.openstack.wsgi_app [None req-21047969-dc2a-4130-a9bd-86e4b3781505 None None] Configuration options gathered from: {{(pid=108177) log_opt_values /opt/stack/data/venv/lib/python3.12/site-packages/oslo_config/cfg.py:2980}}
May 16 00:52:53.640959 np0000174368 devstack@n-api-meta.service[108176]: DEBUG nova.api.openstack.wsgi_app [None req-c2dca730-c87b-499f-9c3e-9ce6e916708a None None] instance_uuid_format = [instance: %(uuid)s] {{(pid=108176) log_opt_values /opt/stack/data/venv/lib/python3.12/site-packages/oslo_config/cfg.py:2995}}
May 16 00:52:53.641010 np0000174368 devstack@n-api-meta.service[108177]: DEBUG nova.api.openstack.wsgi_app [None req-21047969-dc2a-4130-a9bd-86e4b3781505 None None] command line args: [] {{(pid=108177) log_opt_values /opt/stack/data/venv/lib/python3.12/site-packages/oslo_config/cfg.py:2981}}
May 16 00:52:53.641080 np0000174368 devstack@n-api-meta.service[108176]: DEBUG nova.api.openstack.wsgi_app [None req-c2dca730-c87b-499f-9c3e-9ce6e916708a None None] instances_path = /opt/stack/data/nova/instances {{(pid=108176) log_opt_values /opt/stack/data/venv/lib/python3.12/site-packages/oslo_config/cfg.py:2995}}
May 16 00:52:53.641129 np0000174368 devstack@n-api-meta.service[108177]: DEBUG nova.api.openstack.wsgi_app [None req-21047969-dc2a-4130-a9bd-86e4b3781505 None None] config files: ['/etc/nova/api-paste.ini', '/etc/nova/nova.conf'] {{(pid=108177) log_opt_values /opt/stack/data/venv/lib/python3.12/site-packages/oslo_config/cfg.py:2982}}
