Feb 24 01:22:13.130945 np0000156680 nova-scheduler[108530]: DEBUG cotyledon.oslo_config_glue [-] vnc.vencrypt_client_cert = None {{(pid=108530) log_opt_values /opt/stack/data/venv/lib/python3.12/site-packages/oslo_config/cfg.py:3006}}
Feb 24 01:22:13.130945 np0000156680 nova-scheduler[108530]: DEBUG cotyledon.oslo_config_glue [-] vnc.vencrypt_client_key = None {{(pid=108530) log_opt_values /opt/stack/data/venv/lib/python3.12/site-packages/oslo_config/cfg.py:3006}}
Feb 24 01:22:13.130945 np0000156680 nova-scheduler[108530]: DEBUG cotyledon.oslo_config_glue [-] workarounds.disable_compute_service_check_for_ffu = False {{(pid=108530) log_opt_values /opt/stack/data/venv/lib/python3.12/site-packages/oslo_config/cfg.py:3006}}
Feb 24 01:22:13.131194 np0000156680 nova-scheduler[108530]: DEBUG cotyledon.oslo_config_glue [-] workarounds.disable_deep_image_inspection = False {{(pid=108530) log_opt_values /opt/stack/data/venv/lib/python3.12/site-packages/oslo_config/cfg.py:3006}}
Feb 24 01:22:13.131194 np0000156680 nova-scheduler[108530]: DEBUG cotyledon.oslo_config_glue [-] workarounds.disable_fallback_pcpu_query = False {{(pid=108530) log_opt_values /opt/stack/data/venv/lib/python3.12/site-packages/oslo_config/cfg.py:3006}}
Feb 24 01:22:13.131194 np0000156680 nova-scheduler[108530]: DEBUG cotyledon.oslo_config_glue [-] workarounds.disable_group_policy_check_upcall = False {{(pid=108530) log_opt_values /opt/stack/data/venv/lib/python3.12/site-packages/oslo_config/cfg.py:3006}}
Feb 24 01:22:13.131194 np0000156680 nova-scheduler[108530]: DEBUG cotyledon.oslo_config_glue [-] workarounds.disable_libvirt_livesnapshot = False {{(pid=108530) log_opt_values /opt/stack/data/venv/lib/python3.12/site-packages/oslo_config/cfg.py:3006}}
Feb 24 01:22:13.131194 np0000156680 nova-scheduler[108530]: DEBUG cotyledon.oslo_config_glue [-] workarounds.disable_rootwrap = False {{(pid=108530) log_opt_values /opt/stack/data/venv/lib/python3.12/site-packages/oslo_config/cfg.py:3006}}
Feb 24 01:22:13.131194 np0000156680 nova-scheduler[108530]: DEBUG cotyledon.oslo_config_glue [-] workarounds.enable_numa_live_migration = False {{(pid=108530) log_opt_values /opt/stack/data/venv/lib/python3.12/site-packages/oslo_config/cfg.py:3006}}
Feb 24 01:22:13.131194 np0000156680 nova-scheduler[108530]: DEBUG cotyledon.oslo_config_glue [-] workarounds.enable_qemu_monitor_announce_self = False {{(pid=108530) log_opt_values /opt/stack/data/venv/lib/python3.12/site-packages/oslo_config/cfg.py:3006}}
Feb 24 01:22:13.131194 np0000156680 nova-scheduler[108530]: DEBUG cotyledon.oslo_config_glue [-] workarounds.ensure_libvirt_rbd_instance_dir_cleanup = False {{(pid=108530) log_opt_values /opt/stack/data/venv/lib/python3.12/site-packages/oslo_config/cfg.py:3006}}
Feb 24 01:22:13.131194 np0000156680 nova-scheduler[108530]: DEBUG cotyledon.oslo_config_glue [-] workarounds.handle_virt_lifecycle_events = True {{(pid=108530) log_opt_values /opt/stack/data/venv/lib/python3.12/site-packages/oslo_config/cfg.py:3006}}
Feb 24 01:22:13.131420 np0000156680 nova-scheduler[108530]: DEBUG cotyledon.oslo_config_glue [-] workarounds.libvirt_disable_apic = False {{(pid=108530) log_opt_values /opt/stack/data/venv/lib/python3.12/site-packages/oslo_config/cfg.py:3006}}
Feb 24 01:22:13.131420 np0000156680 nova-scheduler[108530]: DEBUG cotyledon.oslo_config_glue [-] workarounds.never_download_image_if_on_rbd = False {{(pid=108530) log_opt_values /opt/stack/data/venv/lib/python3.12/site-packages/oslo_config/cfg.py:3006}}
Feb 24 01:22:13.131482 np0000156680 nova-scheduler[108522]: DEBUG nova.service [None req-6080c7a9-9fab-44b8-95d7-5c74e3aebdbc None None] Creating RPC server for service: nova-scheduler on topic: scheduler {{(pid=108522) start /opt/stack/nova/nova/service.py:195}}
Feb 24 01:22:13.131512 np0000156680 nova-scheduler[108530]: DEBUG cotyledon.oslo_config_glue [-] workarounds.qemu_monitor_announce_self_count = 3 {{(pid=108530) log_opt_values /opt/stack/data/venv/lib/python3.12/site-packages/oslo_config/cfg.py:3006}}
Feb 24 01:22:13.131512 np0000156680 nova-scheduler[108530]: DEBUG cotyledon.oslo_config_glue [-] workarounds.qemu_monitor_announce_self_interval = 1 {{(pid=108530) log_opt_values /opt/stack/data/venv/lib/python3.12/site-packages/oslo_config/cfg.py:3006}}
Feb 24 01:22:13.131512 np0000156680 nova-scheduler[108530]: DEBUG cotyledon.oslo_config_glue [-] workarounds.reserve_disk_resource_for_image_cache = False {{(pid=108530) log_opt_values /opt/stack/data/venv/lib/python3.12/site-packages/oslo_config/cfg.py:3006}}
Feb 24 01:22:13.131512 np0000156680 nova-scheduler[108530]: DEBUG cotyledon.oslo_config_glue [-] workarounds.skip_cpu_compare_at_startup = False {{(pid=108530) log_opt_values /opt/stack/data/venv/lib/python3.12/site-packages/oslo_config/cfg.py:3006}}
Feb 24 01:22:13.131512 np0000156680 nova-scheduler[108530]: DEBUG cotyledon.oslo_config_glue [-] workarounds.skip_cpu_compare_on_dest = False {{(pid=108530) log_opt_values /opt/stack/data/venv/lib/python3.12/site-packages/oslo_config/cfg.py:3006}}
Feb 24 01:22:13.131512 np0000156680 nova-scheduler[108530]: DEBUG cotyledon.oslo_config_glue [-] workarounds.skip_hypervisor_version_check_on_lm = False {{(pid=108530) log_opt_values /opt/stack/data/venv/lib/python3.12/site-packages/oslo_config/cfg.py:3006}}
Feb 24 01:22:13.131512 np0000156680 nova-scheduler[108530]: DEBUG cotyledon.oslo_config_glue [-] workarounds.skip_reserve_in_use_ironic_nodes = False {{(pid=108530) log_opt_values /opt/stack/data/venv/lib/python3.12/site-packages/oslo_config/cfg.py:3006}}
Feb 24 01:22:13.131512 np0000156680 nova-scheduler[108530]: DEBUG cotyledon.oslo_config_glue [-] workarounds.unified_limits_count_pcpu_as_vcpu = False {{(pid=108530) log_opt_values /opt/stack/data/venv/lib/python3.12/site-packages/oslo_config/cfg.py:3006}}
Feb 24 01:22:13.131725 np0000156680 nova-scheduler[108530]: DEBUG cotyledon.oslo_config_glue [-] workarounds.wait_for_vif_plugged_event_during_hard_reboot = [] {{(pid=108530) log_opt_values /opt/stack/data/venv/lib/python3.12/site-packages/oslo_config/cfg.py:3006}}
Feb 24 01:22:13.131725 np0000156680 nova-scheduler[108530]: DEBUG cotyledon.oslo_config_glue [-] wsgi.api_paste_config = /etc/nova/api-paste.ini {{(pid=108530) log_opt_values /opt/stack/data/venv/lib/python3.12/site-packages/oslo_config/cfg.py:3006}}
Feb 24 01:22:13.131725 np0000156680 nova-scheduler[108530]: DEBUG cotyledon.oslo_config_glue [-] wsgi.secure_proxy_ssl_header = None {{(pid=108530) log_opt_values /opt/stack/data/venv/lib/python3.12/site-packages/oslo_config/cfg.py:3006}}
Feb 24 01:22:13.131725 np0000156680 nova-scheduler[108530]: DEBUG cotyledon.oslo_config_glue [-] zvm.ca_file = None {{(pid=108530) log_opt_values /opt/stack/data/venv/lib/python3.12/site-packages/oslo_config/cfg.py:3006}}
Feb 24 01:22:13.131725 np0000156680 nova-scheduler[108530]: DEBUG cotyledon.oslo_config_glue [-] zvm.cloud_connector_url = None {{(pid=108530) log_opt_values /opt/stack/data/venv/lib/python3.12/site-packages/oslo_config/cfg.py:3006}}
Feb 24 01:22:13.131725 np0000156680 nova-scheduler[108530]: DEBUG cotyledon.oslo_config_glue [-] zvm.image_tmp_path = /opt/stack/data/nova/images {{(pid=108530) log_opt_values /opt/stack/data/venv/lib/python3.12/site-packages/oslo_config/cfg.py:3006}}
Feb 24 01:22:13.131725 np0000156680 nova-scheduler[108530]: DEBUG cotyledon.oslo_config_glue [-] zvm.reachable_timeout = 300 {{(pid=108530) log_opt_values /opt/stack/data/venv/lib/python3.12/site-packages/oslo_config/cfg.py:3006}}
Feb 24 01:22:13.131725 np0000156680 nova-scheduler[108530]: DEBUG cotyledon.oslo_config_glue [-] oslo_versionedobjects.fatal_exception_format_errors = False {{(pid=108530) log_opt_values /opt/stack/data/venv/lib/python3.12/site-packages/oslo_config/cfg.py:3006}}
Feb 24 01:22:13.131725 np0000156680 nova-scheduler[108530]: DEBUG cotyledon.oslo_config_glue [-] oslo_middleware.http_basic_auth_user_file = /etc/htpasswd {{(pid=108530) log_opt_values /opt/stack/data/venv/lib/python3.12/site-packages/oslo_config/cfg.py:3006}}
Feb 24 01:22:13.131941 np0000156680 nova-scheduler[108530]: DEBUG cotyledon.oslo_config_glue [-] oslo_messaging_metrics.metrics_buffer_size = 1000 {{(pid=108530) log_opt_values /opt/stack/data/venv/lib/python3.12/site-packages/oslo_config/cfg.py:3006}}
Feb 24 01:22:13.131941 np0000156680 nova-scheduler[108530]: DEBUG cotyledon.oslo_config_glue [-] oslo_messaging_metrics.metrics_enabled = False {{(pid=108530) log_opt_values /opt/stack/data/venv/lib/python3.12/site-packages/oslo_config/cfg.py:3006}}
Feb 24 01:22:13.131941 np0000156680 nova-scheduler[108530]: DEBUG cotyledon.oslo_config_glue [-] oslo_messaging_metrics.metrics_process_name = {{(pid=108530) log_opt_values /opt/stack/data/venv/lib/python3.12/site-packages/oslo_config/cfg.py:3006}}
Feb 24 01:22:13.131941 np0000156680 nova-scheduler[108530]: DEBUG cotyledon.oslo_config_glue [-] oslo_messaging_metrics.metrics_socket_file = /var/tmp/metrics_collector.sock {{(pid=108530) log_opt_values /opt/stack/data/venv/lib/python3.12/site-packages/oslo_config/cfg.py:3006}}
Feb 24 01:22:13.131941 np0000156680 nova-scheduler[108530]: DEBUG cotyledon.oslo_config_glue [-] oslo_messaging_metrics.metrics_thread_stop_timeout = 10 {{(pid=108530) log_opt_values /opt/stack/data/venv/lib/python3.12/site-packages/oslo_config/cfg.py:3006}}
Feb 24 01:22:13.131941 np0000156680 nova-scheduler[108530]: DEBUG cotyledon.oslo_config_glue [-] profiler.connection_string = messaging:// {{(pid=108530) log_opt_values /opt/stack/data/venv/lib/python3.12/site-packages/oslo_config/cfg.py:3006}}
Feb 24 01:22:13.131941 np0000156680 nova-scheduler[108530]: DEBUG cotyledon.oslo_config_glue [-] profiler.enabled = False {{(pid=108530) log_opt_values /opt/stack/data/venv/lib/python3.12/site-packages/oslo_config/cfg.py:3006}}
Feb 24 01:22:13.131941 np0000156680 nova-scheduler[108530]: DEBUG cotyledon.oslo_config_glue [-] profiler.es_doc_type = notification {{(pid=108530) log_opt_values /opt/stack/data/venv/lib/python3.12/site-packages/oslo_config/cfg.py:3006}}
Feb 24 01:22:13.131941 np0000156680 nova-scheduler[108530]: DEBUG cotyledon.oslo_config_glue [-] profiler.es_scroll_size = 10000 {{(pid=108530) log_opt_values /opt/stack/data/venv/lib/python3.12/site-packages/oslo_config/cfg.py:3006}}
Feb 24 01:22:13.132175 np0000156680 nova-scheduler[108530]: DEBUG cotyledon.oslo_config_glue [-] profiler.es_scroll_time = 2m {{(pid=108530) log_opt_values /opt/stack/data/venv/lib/python3.12/site-packages/oslo_config/cfg.py:3006}}
Feb 24 01:22:13.132175 np0000156680 nova-scheduler[108530]: DEBUG cotyledon.oslo_config_glue [-] profiler.filter_error_trace = False {{(pid=108530) log_opt_values /opt/stack/data/venv/lib/python3.12/site-packages/oslo_config/cfg.py:3006}}
Feb 24 01:22:13.132175 np0000156680 nova-scheduler[108530]: DEBUG cotyledon.oslo_config_glue [-] profiler.hmac_keys = **** {{(pid=108530) log_opt_values /opt/stack/data/venv/lib/python3.12/site-packages/oslo_config/cfg.py:3006}}
Feb 24 01:22:13.132175 np0000156680 nova-scheduler[108530]: DEBUG cotyledon.oslo_config_glue [-] profiler.sentinel_service_name = mymaster {{(pid=108530) log_opt_values /opt/stack/data/venv/lib/python3.12/site-packages/oslo_config/cfg.py:3006}}
Feb 24 01:22:13.132175 np0000156680 nova-scheduler[108530]: DEBUG cotyledon.oslo_config_glue [-] profiler.socket_timeout = 0.1 {{(pid=108530) log_opt_values /opt/stack/data/venv/lib/python3.12/site-packages/oslo_config/cfg.py:3006}}
Feb 24 01:22:13.132175 np0000156680 nova-scheduler[108530]: DEBUG cotyledon.oslo_config_glue [-] profiler.trace_requests = False {{(pid=108530) log_opt_values /opt/stack/data/venv/lib/python3.12/site-packages/oslo_config/cfg.py:3006}}
Feb 24 01:22:13.132175 np0000156680 nova-scheduler[108530]: DEBUG cotyledon.oslo_config_glue [-] profiler.trace_sqlalchemy = False {{(pid=108530) log_opt_values /opt/stack/data/venv/lib/python3.12/site-packages/oslo_config/cfg.py:3006}}
Feb 24 01:22:13.132175 np0000156680 nova-scheduler[108530]: DEBUG cotyledon.oslo_config_glue [-] profiler_jaeger.process_tags = {} {{(pid=108530) log_opt_values /opt/stack/data/venv/lib/python3.12/site-packages/oslo_config/cfg.py:3006}}
Feb 24 01:22:13.132175 np0000156680 nova-scheduler[108530]: DEBUG cotyledon.oslo_config_glue [-] profiler_jaeger.service_name_prefix = None {{(pid=108530) log_opt_values /opt/stack/data/venv/lib/python3.12/site-packages/oslo_config/cfg.py:3006}}
Feb 24 01:22:13.132429 np0000156680 nova-scheduler[108530]: DEBUG cotyledon.oslo_config_glue [-] profiler_otlp.service_name_prefix = None {{(pid=108530) log_opt_values /opt/stack/data/venv/lib/python3.12/site-packages/oslo_config/cfg.py:3006}}
Feb 24 01:22:13.132429 np0000156680 nova-scheduler[108530]: DEBUG cotyledon.oslo_config_glue [-] oslo_messaging_rabbit.amqp_auto_delete = False {{(pid=108530) log_opt_values /opt/stack/data/venv/lib/python3.12/site-packages/oslo_config/cfg.py:3006}}
Feb 24 01:22:13.132429 np0000156680 nova-scheduler[108530]: DEBUG cotyledon.oslo_config_glue [-] oslo_messaging_rabbit.amqp_durable_queues = False {{(pid=108530) log_opt_values /opt/stack/data/venv/lib/python3.12/site-packages/oslo_config/cfg.py:3006}}
Feb 24 01:22:13.132429 np0000156680 nova-scheduler[108530]: DEBUG cotyledon.oslo_config_glue [-] oslo_messaging_rabbit.conn_pool_min_size = 2 {{(pid=108530) log_opt_values /opt/stack/data/venv/lib/python3.12/site-packages/oslo_config/cfg.py:3006}}
Feb 24 01:22:13.132429 np0000156680 nova-scheduler[108530]: DEBUG cotyledon.oslo_config_glue [-] oslo_messaging_rabbit.conn_pool_ttl = 1200 {{(pid=108530) log_opt_values /opt/stack/data/venv/lib/python3.12/site-packages/oslo_config/cfg.py:3006}}
Feb 24 01:22:13.132429 np0000156680 nova-scheduler[108530]: DEBUG cotyledon.oslo_config_glue [-] oslo_messaging_rabbit.direct_mandatory_flag = True {{(pid=108530) log_opt_values /opt/stack/data/venv/lib/python3.12/site-packages/oslo_config/cfg.py:3006}}
Feb 24 01:22:13.132429 np0000156680 nova-scheduler[108530]: DEBUG cotyledon.oslo_config_glue [-] oslo_messaging_rabbit.enable_cancel_on_failover = False {{(pid=108530) log_opt_values /opt/stack/data/venv/lib/python3.12/site-packages/oslo_config/cfg.py:3006}}
Feb 24 01:22:13.132429 np0000156680 nova-scheduler[108530]: DEBUG cotyledon.oslo_config_glue [-] oslo_messaging_rabbit.heartbeat_in_pthread = False {{(pid=108530) log_opt_values /opt/stack/data/venv/lib/python3.12/site-packages/oslo_config/cfg.py:3006}}
Feb 24 01:22:13.132429 np0000156680 nova-scheduler[108530]: DEBUG cotyledon.oslo_config_glue [-] oslo_messaging_rabbit.heartbeat_rate = 3 {{(pid=108530) log_opt_values /opt/stack/data/venv/lib/python3.12/site-packages/oslo_config/cfg.py:3006}}
Feb 24 01:22:13.132702 np0000156680 nova-scheduler[108530]: DEBUG cotyledon.oslo_config_glue [-] oslo_messaging_rabbit.heartbeat_timeout_threshold = 60 {{(pid=108530) log_opt_values /opt/stack/data/venv/lib/python3.12/site-packages/oslo_config/cfg.py:3006}}
Feb 24 01:22:13.132702 np0000156680 nova-scheduler[108530]: DEBUG cotyledon.oslo_config_glue [-] oslo_messaging_rabbit.hostname = np0000156680 {{(pid=108530) log_opt_values /opt/stack/data/venv/lib/python3.12/site-packages/oslo_config/cfg.py:3006}}
Feb 24 01:22:13.132702 np0000156680 nova-scheduler[108530]: DEBUG cotyledon.oslo_config_glue [-] oslo_messaging_rabbit.kombu_compression = None {{(pid=108530) log_opt_values /opt/stack/data/venv/lib/python3.12/site-packages/oslo_config/cfg.py:3006}}
Feb 24 01:22:13.132702 np0000156680 nova-scheduler[108530]: DEBUG cotyledon.oslo_config_glue [-] oslo_messaging_rabbit.kombu_failover_strategy = round-robin {{(pid=108530) log_opt_values /opt/stack/data/venv/lib/python3.12/site-packages/oslo_config/cfg.py:3006}}
Feb 24 01:22:13.132702 np0000156680 nova-scheduler[108530]: DEBUG cotyledon.oslo_config_glue [-] oslo_messaging_rabbit.kombu_missing_consumer_retry_timeout = 60 {{(pid=108530) log_opt_values /opt/stack/data/venv/lib/python3.12/site-packages/oslo_config/cfg.py:3006}}
Feb 24 01:22:13.132702 np0000156680 nova-scheduler[108530]: DEBUG cotyledon.oslo_config_glue [-] oslo_messaging_rabbit.kombu_reconnect_delay = 1.0 {{(pid=108530) log_opt_values /opt/stack/data/venv/lib/python3.12/site-packages/oslo_config/cfg.py:3006}}
Feb 24 01:22:13.132702 np0000156680 nova-scheduler[108530]: DEBUG cotyledon.oslo_config_glue [-] oslo_messaging_rabbit.kombu_reconnect_splay = 0.0 {{(pid=108530) log_opt_values /opt/stack/data/venv/lib/python3.12/site-packages/oslo_config/cfg.py:3006}}
Feb 24 01:22:13.132702 np0000156680 nova-scheduler[108530]: DEBUG cotyledon.oslo_config_glue [-] oslo_messaging_rabbit.processname = nova-scheduler {{(pid=108530) log_opt_values /opt/stack/data/venv/lib/python3.12/site-packages/oslo_config/cfg.py:3006}}
Feb 24 01:22:13.132928 np0000156680 nova-scheduler[108530]: DEBUG cotyledon.oslo_config_glue [-] oslo_messaging_rabbit.rabbit_ha_queues = False {{(pid=108530) log_opt_values /opt/stack/data/venv/lib/python3.12/site-packages/oslo_config/cfg.py:3006}}
Feb 24 01:22:13.132928 np0000156680 nova-scheduler[108530]: DEBUG cotyledon.oslo_config_glue [-] oslo_messaging_rabbit.rabbit_interval_max = 30 {{(pid=108530) log_opt_values /opt/stack/data/venv/lib/python3.12/site-packages/oslo_config/cfg.py:3006}}
Feb 24 01:22:13.132928 np0000156680 nova-scheduler[108530]: DEBUG cotyledon.oslo_config_glue [-] oslo_messaging_rabbit.rabbit_login_method = AMQPLAIN {{(pid=108530) log_opt_values /opt/stack/data/venv/lib/python3.12/site-packages/oslo_config/cfg.py:3006}}
Feb 24 01:22:13.132928 np0000156680 nova-scheduler[108530]: DEBUG cotyledon.oslo_config_glue [-] oslo_messaging_rabbit.rabbit_qos_prefetch_count = 0 {{(pid=108530) log_opt_values /opt/stack/data/venv/lib/python3.12/site-packages/oslo_config/cfg.py:3006}}
Feb 24 01:22:13.132928 np0000156680 nova-scheduler[108530]: DEBUG cotyledon.oslo_config_glue [-] oslo_messaging_rabbit.rabbit_quorum_delivery_limit = 0 {{(pid=108530) log_opt_values /opt/stack/data/venv/lib/python3.12/site-packages/oslo_config/cfg.py:3006}}
Feb 24 01:22:13.132928 np0000156680 nova-scheduler[108530]: DEBUG cotyledon.oslo_config_glue [-] oslo_messaging_rabbit.rabbit_quorum_max_memory_bytes = 0 {{(pid=108530) log_opt_values /opt/stack/data/venv/lib/python3.12/site-packages/oslo_config/cfg.py:3006}}
Feb 24 01:22:13.132928 np0000156680 nova-scheduler[108530]: DEBUG cotyledon.oslo_config_glue [-] oslo_messaging_rabbit.rabbit_quorum_max_memory_length = 0 {{(pid=108530) log_opt_values /opt/stack/data/venv/lib/python3.12/site-packages/oslo_config/cfg.py:3006}}
Feb 24 01:22:13.132928 np0000156680 nova-scheduler[108530]: DEBUG cotyledon.oslo_config_glue [-] oslo_messaging_rabbit.rabbit_quorum_queue = False {{(pid=108530) log_opt_values /opt/stack/data/venv/lib/python3.12/site-packages/oslo_config/cfg.py:3006}}
Feb 24 01:22:13.133220 np0000156680 nova-scheduler[108530]: DEBUG cotyledon.oslo_config_glue [-] oslo_messaging_rabbit.rabbit_retry_backoff = 2 {{(pid=108530) log_opt_values /opt/stack/data/venv/lib/python3.12/site-packages/oslo_config/cfg.py:3006}}
Feb 24 01:22:13.133220 np0000156680 nova-scheduler[108530]: DEBUG cotyledon.oslo_config_glue [-] oslo_messaging_rabbit.rabbit_retry_interval = 1 {{(pid=108530) log_opt_values /opt/stack/data/venv/lib/python3.12/site-packages/oslo_config/cfg.py:3006}}
Feb 24 01:22:13.133220 np0000156680 nova-scheduler[108530]: DEBUG cotyledon.oslo_config_glue [-] oslo_messaging_rabbit.rabbit_stream_fanout = False {{(pid=108530) log_opt_values /opt/stack/data/venv/lib/python3.12/site-packages/oslo_config/cfg.py:3006}}
Feb 24 01:22:13.133220 np0000156680 nova-scheduler[108530]: DEBUG cotyledon.oslo_config_glue [-] oslo_messaging_rabbit.rabbit_transient_queues_ttl = 1800 {{(pid=108530) log_opt_values /opt/stack/data/venv/lib/python3.12/site-packages/oslo_config/cfg.py:3006}}
Feb 24 01:22:13.133220 np0000156680 nova-scheduler[108530]: DEBUG cotyledon.oslo_config_glue [-] oslo_messaging_rabbit.rabbit_transient_quorum_queue = False {{(pid=108530) log_opt_values /opt/stack/data/venv/lib/python3.12/site-packages/oslo_config/cfg.py:3006}}
Feb 24 01:22:13.133220 np0000156680 nova-scheduler[108530]: DEBUG cotyledon.oslo_config_glue [-] oslo_messaging_rabbit.rpc_conn_pool_size = 30 {{(pid=108530) log_opt_values /opt/stack/data/venv/lib/python3.12/site-packages/oslo_config/cfg.py:3006}}
Feb 24 01:22:13.133220 np0000156680 nova-scheduler[108530]: DEBUG cotyledon.oslo_config_glue [-] oslo_messaging_rabbit.ssl = False {{(pid=108530) log_opt_values /opt/stack/data/venv/lib/python3.12/site-packages/oslo_config/cfg.py:3006}}
Feb 24 01:22:13.133220 np0000156680 nova-scheduler[108530]: DEBUG cotyledon.oslo_config_glue [-] oslo_messaging_rabbit.ssl_ca_file = {{(pid=108530) log_opt_values /opt/stack/data/venv/lib/python3.12/site-packages/oslo_config/cfg.py:3006}}
Feb 24 01:22:13.133220 np0000156680 nova-scheduler[108530]: DEBUG cotyledon.oslo_config_glue [-] oslo_messaging_rabbit.ssl_cert_file = {{(pid=108530) log_opt_values /opt/stack/data/venv/lib/python3.12/site-packages/oslo_config/cfg.py:3006}}
Feb 24 01:22:13.133465 np0000156680 nova-scheduler[108530]: DEBUG cotyledon.oslo_config_glue [-] oslo_messaging_rabbit.ssl_enforce_fips_mode = False {{(pid=108530) log_opt_values /opt/stack/data/venv/lib/python3.12/site-packages/oslo_config/cfg.py:3006}}
Feb 24 01:22:13.133465 np0000156680 nova-scheduler[108530]: DEBUG cotyledon.oslo_config_glue [-] oslo_messaging_rabbit.ssl_key_file = {{(pid=108530) log_opt_values /opt/stack/data/venv/lib/python3.12/site-packages/oslo_config/cfg.py:3006}}
Feb 24 01:22:13.133465 np0000156680 nova-scheduler[108530]: DEBUG cotyledon.oslo_config_glue [-] oslo_messaging_rabbit.ssl_version = {{(pid=108530) log_opt_values /opt/stack/data/venv/lib/python3.12/site-packages/oslo_config/cfg.py:3006}}
Feb 24 01:22:13.133465 np0000156680 nova-scheduler[108530]: DEBUG cotyledon.oslo_config_glue [-] oslo_messaging_rabbit.use_queue_manager = False {{(pid=108530) log_opt_values /opt/stack/data/venv/lib/python3.12/site-packages/oslo_config/cfg.py:3006}}
Feb 24 01:22:13.133465 np0000156680 nova-scheduler[108530]: DEBUG cotyledon.oslo_config_glue [-] oslo_messaging_notifications.driver = ['messagingv2'] {{(pid=108530) log_opt_values /opt/stack/data/venv/lib/python3.12/site-packages/oslo_config/cfg.py:3006}}
Feb 24 01:22:13.133465 np0000156680 nova-scheduler[108530]: DEBUG cotyledon.oslo_config_glue [-] oslo_messaging_notifications.retry = -1 {{(pid=108530) log_opt_values /opt/stack/data/venv/lib/python3.12/site-packages/oslo_config/cfg.py:3006}}
Feb 24 01:22:13.133465 np0000156680 nova-scheduler[108530]: DEBUG cotyledon.oslo_config_glue [-] oslo_messaging_notifications.topics = ['notifications'] {{(pid=108530) log_opt_values /opt/stack/data/venv/lib/python3.12/site-packages/oslo_config/cfg.py:3006}}
Feb 24 01:22:13.133465 np0000156680 nova-scheduler[108530]: DEBUG cotyledon.oslo_config_glue [-] oslo_messaging_notifications.transport_url = **** {{(pid=108530) log_opt_values /opt/stack/data/venv/lib/python3.12/site-packages/oslo_config/cfg.py:3006}}
Feb 24 01:22:13.133465 np0000156680 nova-scheduler[108530]: DEBUG cotyledon.oslo_config_glue [-] oslo_limit.auth_section = None {{(pid=108530) log_opt_values /opt/stack/data/venv/lib/python3.12/site-packages/oslo_config/cfg.py:3006}}
Feb 24 01:22:13.133697 np0000156680 nova-scheduler[108530]: DEBUG cotyledon.oslo_config_glue [-] oslo_limit.auth_type = None {{(pid=108530) log_opt_values /opt/stack/data/venv/lib/python3.12/site-packages/oslo_config/cfg.py:3006}}
Feb 24 01:22:13.133697 np0000156680 nova-scheduler[108530]: DEBUG cotyledon.oslo_config_glue [-] oslo_limit.cafile = None {{(pid=108530) log_opt_values /opt/stack/data/venv/lib/python3.12/site-packages/oslo_config/cfg.py:3006}}
Feb 24 01:22:13.133697 np0000156680 nova-scheduler[108530]: DEBUG cotyledon.oslo_config_glue [-] oslo_limit.certfile = None {{(pid=108530) log_opt_values /opt/stack/data/venv/lib/python3.12/site-packages/oslo_config/cfg.py:3006}}
Feb 24 01:22:13.133697 np0000156680 nova-scheduler[108530]: DEBUG cotyledon.oslo_config_glue [-] oslo_limit.collect_timing = False {{(pid=108530) log_opt_values /opt/stack/data/venv/lib/python3.12/site-packages/oslo_config/cfg.py:3006}}
Feb 24 01:22:13.133697 np0000156680 nova-scheduler[108530]: DEBUG cotyledon.oslo_config_glue [-] oslo_limit.connect_retries = None {{(pid=108530) log_opt_values /opt/stack/data/venv/lib/python3.12/site-packages/oslo_config/cfg.py:3006}}
Feb 24 01:22:13.133697 np0000156680 nova-scheduler[108530]: DEBUG cotyledon.oslo_config_glue [-] oslo_limit.connect_retry_delay = None {{(pid=108530) log_opt_values /opt/stack/data/venv/lib/python3.12/site-packages/oslo_config/cfg.py:3006}}
Feb 24 01:22:13.133697 np0000156680 nova-scheduler[108530]: DEBUG cotyledon.oslo_config_glue [-] oslo_limit.endpoint_id = None {{(pid=108530) log_opt_values /opt/stack/data/venv/lib/python3.12/site-packages/oslo_config/cfg.py:3006}}
Feb 24 01:22:13.133697 np0000156680 nova-scheduler[108530]: DEBUG cotyledon.oslo_config_glue [-] oslo_limit.endpoint_interface = public {{(pid=108530) log_opt_values /opt/stack/data/venv/lib/python3.12/site-packages/oslo_config/cfg.py:3006}}
Feb 24 01:22:13.133697 np0000156680 nova-scheduler[108530]: DEBUG cotyledon.oslo_config_glue [-] oslo_limit.endpoint_override = None {{(pid=108530) log_opt_values /opt/stack/data/venv/lib/python3.12/site-packages/oslo_config/cfg.py:3006}}
Feb 24 01:22:13.134181 np0000156680 nova-scheduler[108530]: DEBUG cotyledon.oslo_config_glue [-] oslo_limit.endpoint_region_name = None {{(pid=108530) log_opt_values /opt/stack/data/venv/lib/python3.12/site-packages/oslo_config/cfg.py:3006}}
Feb 24 01:22:13.134181 np0000156680 nova-scheduler[108530]: DEBUG cotyledon.oslo_config_glue [-] oslo_limit.endpoint_service_name = None {{(pid=108530) log_opt_values /opt/stack/data/venv/lib/python3.12/site-packages/oslo_config/cfg.py:3006}}
Feb 24 01:22:13.134181 np0000156680 nova-scheduler[108530]: DEBUG cotyledon.oslo_config_glue [-] oslo_limit.endpoint_service_type = None {{(pid=108530) log_opt_values /opt/stack/data/venv/lib/python3.12/site-packages/oslo_config/cfg.py:3006}}
Feb 24 01:22:13.134181 np0000156680 nova-scheduler[108530]: DEBUG cotyledon.oslo_config_glue [-] oslo_limit.insecure = False {{(pid=108530) log_opt_values /opt/stack/data/venv/lib/python3.12/site-packages/oslo_config/cfg.py:3006}}
Feb 24 01:22:13.134181 np0000156680 nova-scheduler[108530]: DEBUG cotyledon.oslo_config_glue [-] oslo_limit.keyfile = None {{(pid=108530) log_opt_values /opt/stack/data/venv/lib/python3.12/site-packages/oslo_config/cfg.py:3006}}
Feb 24 01:22:13.134181 np0000156680 nova-scheduler[108530]: DEBUG cotyledon.oslo_config_glue [-] oslo_limit.max_version = None {{(pid=108530) log_opt_values /opt/stack/data/venv/lib/python3.12/site-packages/oslo_config/cfg.py:3006}}
Feb 24 01:22:13.134181 np0000156680 nova-scheduler[108530]: DEBUG cotyledon.oslo_config_glue [-] oslo_limit.min_version = None {{(pid=108530) log_opt_values /opt/stack/data/venv/lib/python3.12/site-packages/oslo_config/cfg.py:3006}}
Feb 24 01:22:13.134181 np0000156680 nova-scheduler[108530]: DEBUG cotyledon.oslo_config_glue [-] oslo_limit.region_name = None {{(pid=108530) log_opt_values /opt/stack/data/venv/lib/python3.12/site-packages/oslo_config/cfg.py:3006}}
Feb 24 01:22:13.134181 np0000156680 nova-scheduler[108530]: DEBUG cotyledon.oslo_config_glue [-] oslo_limit.retriable_status_codes = None {{(pid=108530) log_opt_values /opt/stack/data/venv/lib/python3.12/site-packages/oslo_config/cfg.py:3006}}
Feb 24 01:22:13.134398 np0000156680 nova-scheduler[108530]: DEBUG cotyledon.oslo_config_glue [-] oslo_limit.service_name = None {{(pid=108530) log_opt_values /opt/stack/data/venv/lib/python3.12/site-packages/oslo_config/cfg.py:3006}}
Feb 24 01:22:13.134398 np0000156680 nova-scheduler[108530]: DEBUG cotyledon.oslo_config_glue [-] oslo_limit.service_type = None {{(pid=108530) log_opt_values /opt/stack/data/venv/lib/python3.12/site-packages/oslo_config/cfg.py:3006}}
Feb 24 01:22:13.134398 np0000156680 nova-scheduler[108530]: DEBUG cotyledon.oslo_config_glue [-] oslo_limit.split_loggers = False {{(pid=108530) log_opt_values /opt/stack/data/venv/lib/python3.12/site-packages/oslo_config/cfg.py:3006}}
Feb 24 01:22:13.134398 np0000156680 nova-scheduler[108530]: DEBUG cotyledon.oslo_config_glue [-] oslo_limit.status_code_retries = None {{(pid=108530) log_opt_values /opt/stack/data/venv/lib/python3.12/site-packages/oslo_config/cfg.py:3006}}
Feb 24 01:22:13.134398 np0000156680 nova-scheduler[108530]: DEBUG cotyledon.oslo_config_glue [-] oslo_limit.status_code_retry_delay = None {{(pid=108530) log_opt_values /opt/stack/data/venv/lib/python3.12/site-packages/oslo_config/cfg.py:3006}}
Feb 24 01:22:13.134398 np0000156680 nova-scheduler[108530]: DEBUG cotyledon.oslo_config_glue [-] oslo_limit.timeout = None {{(pid=108530) log_opt_values /opt/stack/data/venv/lib/python3.12/site-packages/oslo_config/cfg.py:3006}}
Feb 24 01:22:13.134398 np0000156680 nova-scheduler[108530]: DEBUG cotyledon.oslo_config_glue [-] oslo_limit.valid_interfaces = None {{(pid=108530) log_opt_values /opt/stack/data/venv/lib/python3.12/site-packages/oslo_config/cfg.py:3006}}
Feb 24 01:22:13.134398 np0000156680 nova-scheduler[108530]: DEBUG cotyledon.oslo_config_glue [-] oslo_limit.version = None {{(pid=108530) log_opt_values /opt/stack/data/venv/lib/python3.12/site-packages/oslo_config/cfg.py:3006}}
Feb 24 01:22:13.134398 np0000156680 nova-scheduler[108530]: DEBUG cotyledon.oslo_config_glue [-] oslo_reports.file_event_handler = None {{(pid=108530) log_opt_values /opt/stack/data/venv/lib/python3.12/site-packages/oslo_config/cfg.py:3006}}
Feb 24 01:22:13.134621 np0000156680 nova-scheduler[108530]: DEBUG cotyledon.oslo_config_glue [-] oslo_reports.file_event_handler_interval = 1 {{(pid=108530) log_opt_values /opt/stack/data/venv/lib/python3.12/site-packages/oslo_config/cfg.py:3006}}
Feb 24 01:22:13.134621 np0000156680 nova-scheduler[108530]: DEBUG cotyledon.oslo_config_glue [-] oslo_reports.log_dir = None {{(pid=108530) log_opt_values /opt/stack/data/venv/lib/python3.12/site-packages/oslo_config/cfg.py:3006}}
Feb 24 01:22:13.134621 np0000156680 nova-scheduler[108530]: DEBUG cotyledon.oslo_config_glue [-] ******************************************************************************** {{(pid=108530) log_opt_values /opt/stack/data/venv/lib/python3.12/site-packages/oslo_config/cfg.py:3013}}
Feb 24 01:22:13.134724 np0000156680 nova-scheduler[108530]: DEBUG cotyledon._service_worker [-] Run service ServiceWrapper(2) [108530] {{(pid=108530) wait_forever /opt/stack/data/venv/lib/python3.12/site-packages/cotyledon/_service_worker.py:218}}
Feb 24 01:22:13.136381 np0000156680 nova-scheduler[108530]: INFO nova.service [-] Starting scheduler node (version 32.1.0)
Feb 24 01:22:13.142782 np0000156680 nova-scheduler[108530]: INFO dbcounter [None req-5c0784ee-4d5c-45cb-b5b1-76c5d8abb5a7 None None] Registered counter for database nova_cell0
Feb 24 01:22:13.154175 np0000156680 nova-scheduler[108538]: DEBUG nova.service [None req-cb6b4c50-7592-4791-9680-4d54b89ae7a3 None None] Join ServiceGroup membership for this service scheduler {{(pid=108538) start /opt/stack/nova/nova/service.py:221}}
Feb 24 01:22:13.154175 np0000156680 nova-scheduler[108538]: DEBUG nova.servicegroup.drivers.db [None req-cb6b4c50-7592-4791-9680-4d54b89ae7a3 None None] DB_Driver: join new ServiceGroup member np0000156680 to the scheduler group, service = {{(pid=108538) join /opt/stack/nova/nova/servicegroup/drivers/db.py:44}}
Feb 24 01:22:13.154500 np0000156680 nova-scheduler[108530]: DEBUG oslo_db.sqlalchemy.engines [None req-5c0784ee-4d5c-45cb-b5b1-76c5d8abb5a7 None None] MySQL server mode set to STRICT_TRANS_TABLES,STRICT_ALL_TABLES,NO_ZERO_IN_DATE,NO_ZERO_DATE,ERROR_FOR_DIVISION_BY_ZERO,TRADITIONAL,NO_ENGINE_SUBSTITUTION {{(pid=108530) _check_effective_sql_mode /opt/stack/data/venv/lib/python3.12/site-packages/oslo_db/sqlalchemy/engines.py:325}}
Feb 24 01:22:13.156314 np0000156680 nova-scheduler[108522]: DEBUG nova.service [None req-6080c7a9-9fab-44b8-95d7-5c74e3aebdbc None None] Join ServiceGroup membership for this service scheduler {{(pid=108522) start /opt/stack/nova/nova/service.py:221}}
Feb 24 01:22:13.156505 np0000156680 nova-scheduler[108522]: DEBUG nova.servicegroup.drivers.db [None req-6080c7a9-9fab-44b8-95d7-5c74e3aebdbc None None] DB_Driver: join new ServiceGroup member np0000156680 to the scheduler group, service = {{(pid=108522) join /opt/stack/nova/nova/servicegroup/drivers/db.py:44}}
Feb 24 01:22:13.158410 np0000156680 nova-scheduler[108513]: DEBUG nova.service [None req-8affe84c-62d6-4d69-bd68-0105c2fbb3f9 None None] Join ServiceGroup membership for this service scheduler {{(pid=108513) start /opt/stack/nova/nova/service.py:221}}
Feb 24 01:22:13.158797 np0000156680 nova-scheduler[108513]: DEBUG nova.servicegroup.drivers.db [None req-8affe84c-62d6-4d69-bd68-0105c2fbb3f9 None None] DB_Driver: join new ServiceGroup member np0000156680 to the scheduler group, service = {{(pid=108513) join /opt/stack/nova/nova/servicegroup/drivers/db.py:44}}
Feb 24 01:22:13.165888 np0000156680 nova-scheduler[108530]: DEBUG dbcounter [-] [108530] Writer thread running {{(pid=108530) stat_writer /opt/stack/data/venv/lib/python3.12/site-packages/dbcounter.py:102}}
Feb 24 01:22:13.168500 np0000156680 nova-scheduler[108530]: DEBUG nova.service [None req-5c0784ee-4d5c-45cb-b5b1-76c5d8abb5a7 None None] Creating RPC server for service: nova-scheduler on topic: scheduler {{(pid=108530) start /opt/stack/nova/nova/service.py:195}}
Feb 24 01:22:13.188091 np0000156680 nova-scheduler[108530]: DEBUG nova.service [None req-5c0784ee-4d5c-45cb-b5b1-76c5d8abb5a7 None None] Join ServiceGroup membership for this service scheduler {{(pid=108530) start /opt/stack/nova/nova/service.py:221}}
Feb 24 01:22:13.188276 np0000156680 nova-scheduler[108530]: DEBUG nova.servicegroup.drivers.db [None req-5c0784ee-4d5c-45cb-b5b1-76c5d8abb5a7 None None] DB_Driver: join new ServiceGroup member np0000156680 to the scheduler group, service = {{(pid=108530) join /opt/stack/nova/nova/servicegroup/drivers/db.py:44}}
Feb 24 01:22:18.174958 np0000156680 nova-scheduler[108522]: DEBUG oslo.service.backend._threading.loopingcall [-] Fixed interval looping call 'nova.servicegroup.drivers.db.DbDriver._report_state' sleeping for 119.98 seconds {{(pid=108522) _run_loop /opt/stack/data/venv/lib/python3.12/site-packages/oslo_service/backend/_threading/loopingcall.py:125}}
Feb 24 01:22:18.175536 np0000156680 nova-scheduler[108538]: DEBUG oslo.service.backend._threading.loopingcall [-] Fixed interval looping call 'nova.servicegroup.drivers.db.DbDriver._report_state' sleeping for 119.98 seconds {{(pid=108538) _run_loop /opt/stack/data/venv/lib/python3.12/site-packages/oslo_service/backend/_threading/loopingcall.py:125}}
Feb 24 01:22:18.176272 np0000156680 nova-scheduler[108513]: DEBUG oslo.service.backend._threading.loopingcall [-] Fixed interval looping call 'nova.servicegroup.drivers.db.DbDriver._report_state' sleeping for 119.98 seconds {{(pid=108513) _run_loop /opt/stack/data/venv/lib/python3.12/site-packages/oslo_service/backend/_threading/loopingcall.py:125}}
Feb 24 01:22:18.200398 np0000156680 nova-scheduler[108530]: DEBUG oslo.service.backend._threading.loopingcall [-] Fixed interval looping call 'nova.servicegroup.drivers.db.DbDriver._report_state' sleeping for 119.99 seconds {{(pid=108530) _run_loop /opt/stack/data/venv/lib/python3.12/site-packages/oslo_service/backend/_threading/loopingcall.py:125}}
Feb 24 01:22:21.755163 np0000156680 nova-scheduler[107808]: DEBUG dbcounter [-] [107808] Writing DB stats nova_api:SELECT=3 {{(pid=107808) stat_writer /opt/stack/data/venv/lib/python3.12/site-packages/dbcounter.py:115}}
Feb 24 01:22:21.851382 np0000156680 nova-scheduler[107808]: DEBUG dbcounter [-] [107808] Writing DB stats nova_cell0:SELECT=1 {{(pid=107808) stat_writer /opt/stack/data/venv/lib/python3.12/site-packages/dbcounter.py:115}}
Feb 24 01:22:21.856260 np0000156680 nova-scheduler[107808]: DEBUG dbcounter [-] [107808] Writing DB stats nova_cell1:SELECT=1 {{(pid=107808) stat_writer /opt/stack/data/venv/lib/python3.12/site-packages/dbcounter.py:115}}
Feb 24 01:22:28.169495 np0000156680 nova-scheduler[108522]: DEBUG dbcounter [-] [108522] Writing DB stats nova_cell0:SELECT=5,nova_cell0:INSERT=1,nova_cell0:UPDATE=1 {{(pid=108522) stat_writer /opt/stack/data/venv/lib/python3.12/site-packages/dbcounter.py:115}}
Feb 24 01:22:28.171430 np0000156680 nova-scheduler[108513]: DEBUG dbcounter [-] [108513] Writing DB stats nova_cell0:SELECT=4,nova_cell0:INSERT=1,nova_cell0:UPDATE=1 {{(pid=108513) stat_writer /opt/stack/data/venv/lib/python3.12/site-packages/dbcounter.py:115}}
Feb 24 01:22:28.171672 np0000156680 nova-scheduler[108538]: DEBUG dbcounter [-] [108538] Writing DB stats nova_cell0:SELECT=3,nova_cell0:UPDATE=1 {{(pid=108538) stat_writer /opt/stack/data/venv/lib/python3.12/site-packages/dbcounter.py:115}}
Feb 24 01:22:28.198200 np0000156680 nova-scheduler[108530]: DEBUG dbcounter [-] [108530] Writing DB stats nova_cell0:SELECT=3 {{(pid=108530) stat_writer /opt/stack/data/venv/lib/python3.12/site-packages/dbcounter.py:115}}
Feb 24 01:22:33.159480 np0000156680 nova-scheduler[108522]: DEBUG oslo.service.backend._threading.loopingcall [None req-d3b1c70e-23c2-4cf5-915b-9a47422af50c None None] Dynamic interval looping call 'nova.service.Service.periodic_tasks' sleeping for 60.00 seconds {{(pid=108522) _run_loop /opt/stack/data/venv/lib/python3.12/site-packages/oslo_service/backend/_threading/loopingcall.py:125}}
Feb 24 01:22:41.161408 np0000156680 nova-scheduler[108513]: DEBUG oslo.service.backend._threading.loopingcall [None req-202cea4f-dcc1-494f-be21-64603f0d3dca None None] Dynamic interval looping call 'nova.service.Service.periodic_tasks' sleeping for 60.00 seconds {{(pid=108513) _run_loop /opt/stack/data/venv/lib/python3.12/site-packages/oslo_service/backend/_threading/loopingcall.py:125}}
Feb 24 01:22:42.190821 np0000156680 nova-scheduler[108530]: DEBUG oslo.service.backend._threading.loopingcall [None req-80f279a9-a778-4665-a615-f3dd1c7f8b89 None None] Dynamic interval looping call 'nova.service.Service.periodic_tasks' sleeping for 60.00 seconds {{(pid=108530) _run_loop /opt/stack/data/venv/lib/python3.12/site-packages/oslo_service/backend/_threading/loopingcall.py:125}}
Feb 24 01:23:09.156041 np0000156680 nova-scheduler[108538]: DEBUG oslo.service.backend._threading.loopingcall [None req-0c9090aa-6365-4662-b44b-8b15719bc80b None None] Dynamic interval looping call 'nova.service.Service.periodic_tasks' sleeping for 60.00 seconds {{(pid=108538) _run_loop /opt/stack/data/venv/lib/python3.12/site-packages/oslo_service/backend/_threading/loopingcall.py:125}}
Feb 24 01:23:33.161013 np0000156680 nova-scheduler[108522]: DEBUG oslo.service.backend._threading.loopingcall [None req-d3b1c70e-23c2-4cf5-915b-9a47422af50c None None] Dynamic interval looping call 'nova.service.Service.periodic_tasks' sleeping for 60.00 seconds {{(pid=108522) _run_loop /opt/stack/data/venv/lib/python3.12/site-packages/oslo_service/backend/_threading/loopingcall.py:125}}
Feb 24 01:23:41.162049 np0000156680 nova-scheduler[108513]: DEBUG oslo.service.backend._threading.loopingcall [None req-202cea4f-dcc1-494f-be21-64603f0d3dca None None] Dynamic interval looping call 'nova.service.Service.periodic_tasks' sleeping for 60.00 seconds {{(pid=108513) _run_loop /opt/stack/data/venv/lib/python3.12/site-packages/oslo_service/backend/_threading/loopingcall.py:125}}
Feb 24 01:23:42.192047 np0000156680 nova-scheduler[108530]: DEBUG oslo.service.backend._threading.loopingcall [None req-80f279a9-a778-4665-a615-f3dd1c7f8b89 None None] Dynamic interval looping call 'nova.service.Service.periodic_tasks' sleeping for 60.00 seconds {{(pid=108530) _run_loop /opt/stack/data/venv/lib/python3.12/site-packages/oslo_service/backend/_threading/loopingcall.py:125}}
Feb 24 01:24:09.156815 np0000156680 nova-scheduler[108538]: DEBUG oslo.service.backend._threading.loopingcall [None req-0c9090aa-6365-4662-b44b-8b15719bc80b None None] Dynamic interval looping call 'nova.service.Service.periodic_tasks' sleeping for 60.00 seconds {{(pid=108538) _run_loop /opt/stack/data/venv/lib/python3.12/site-packages/oslo_service/backend/_threading/loopingcall.py:125}}
Feb 24 01:24:18.495374 np0000156680 nova-scheduler[108538]: DEBUG oslo.service.backend._threading.loopingcall [-] Fixed interval looping call 'nova.servicegroup.drivers.db.DbDriver._report_state' sleeping for 119.66 seconds {{(pid=108538) _run_loop /opt/stack/data/venv/lib/python3.12/site-packages/oslo_service/backend/_threading/loopingcall.py:125}}
Feb 24 01:24:18.496502 np0000156680 nova-scheduler[108522]: DEBUG oslo.service.backend._threading.loopingcall [-] Fixed interval looping call 'nova.servicegroup.drivers.db.DbDriver._report_state' sleeping for 119.66 seconds {{(pid=108522) _run_loop /opt/stack/data/venv/lib/python3.12/site-packages/oslo_service/backend/_threading/loopingcall.py:125}}
Feb 24 01:24:18.498243 np0000156680 nova-scheduler[108513]: DEBUG oslo.service.backend._threading.loopingcall [-] Fixed interval looping call 'nova.servicegroup.drivers.db.DbDriver._report_state' sleeping for 119.66 seconds {{(pid=108513) _run_loop /opt/stack/data/venv/lib/python3.12/site-packages/oslo_service/backend/_threading/loopingcall.py:125}}
Feb 24 01:24:18.499786 np0000156680 nova-scheduler[108530]: DEBUG oslo.service.backend._threading.loopingcall [-] Fixed interval looping call 'nova.servicegroup.drivers.db.DbDriver._report_state' sleeping for 119.69 seconds {{(pid=108530) _run_loop /opt/stack/data/venv/lib/python3.12/site-packages/oslo_service/backend/_threading/loopingcall.py:125}}
Feb 24 01:24:28.162129 np0000156680 nova-scheduler[108538]: DEBUG dbcounter [-] [108538] Writing DB stats nova_cell0:SELECT=1,nova_cell0:UPDATE=1 {{(pid=108538) stat_writer /opt/stack/data/venv/lib/python3.12/site-packages/dbcounter.py:115}}
Feb 24 01:24:28.163012 np0000156680 nova-scheduler[108522]: DEBUG dbcounter [-] [108522] Writing DB stats nova_cell0:SELECT=1,nova_cell0:UPDATE=1 {{(pid=108522) stat_writer /opt/stack/data/venv/lib/python3.12/site-packages/dbcounter.py:115}}
Feb 24 01:24:28.163694 np0000156680 nova-scheduler[108513]: DEBUG dbcounter [-] [108513] Writing DB stats nova_cell0:SELECT=1,nova_cell0:UPDATE=1 {{(pid=108513) stat_writer /opt/stack/data/venv/lib/python3.12/site-packages/dbcounter.py:115}}
Feb 24 01:24:28.197230 np0000156680 nova-scheduler[108530]: DEBUG dbcounter [-] [108530] Writing DB stats nova_cell0:SELECT=1,nova_cell0:UPDATE=1 {{(pid=108530) stat_writer /opt/stack/data/venv/lib/python3.12/site-packages/dbcounter.py:115}}
Feb 24 01:24:33.162726 np0000156680 nova-scheduler[108522]: DEBUG oslo.service.backend._threading.loopingcall [None req-d3b1c70e-23c2-4cf5-915b-9a47422af50c None None] Dynamic interval looping call 'nova.service.Service.periodic_tasks' sleeping for 60.00 seconds {{(pid=108522) _run_loop /opt/stack/data/venv/lib/python3.12/site-packages/oslo_service/backend/_threading/loopingcall.py:125}}
Feb 24 01:24:41.162833 np0000156680 nova-scheduler[108513]: DEBUG oslo.service.backend._threading.loopingcall [None req-202cea4f-dcc1-494f-be21-64603f0d3dca None None] Dynamic interval looping call 'nova.service.Service.periodic_tasks' sleeping for 60.00 seconds {{(pid=108513) _run_loop /opt/stack/data/venv/lib/python3.12/site-packages/oslo_service/backend/_threading/loopingcall.py:125}}
Feb 24 01:24:42.192686 np0000156680 nova-scheduler[108530]: DEBUG oslo.service.backend._threading.loopingcall [None req-80f279a9-a778-4665-a615-f3dd1c7f8b89 None None] Dynamic interval looping call 'nova.service.Service.periodic_tasks' sleeping for 60.00 seconds {{(pid=108530) _run_loop /opt/stack/data/venv/lib/python3.12/site-packages/oslo_service/backend/_threading/loopingcall.py:125}}
Feb 24 01:25:09.157904 np0000156680 nova-scheduler[108538]: DEBUG oslo.service.backend._threading.loopingcall [None req-0c9090aa-6365-4662-b44b-8b15719bc80b None None] Dynamic interval looping call 'nova.service.Service.periodic_tasks' sleeping for 60.00 seconds {{(pid=108538) _run_loop /opt/stack/data/venv/lib/python3.12/site-packages/oslo_service/backend/_threading/loopingcall.py:125}}
Feb 24 01:25:33.163559 np0000156680 nova-scheduler[108522]: DEBUG oslo.service.backend._threading.loopingcall [None req-d3b1c70e-23c2-4cf5-915b-9a47422af50c None None] Dynamic interval looping call 'nova.service.Service.periodic_tasks' sleeping for 60.00 seconds {{(pid=108522) _run_loop /opt/stack/data/venv/lib/python3.12/site-packages/oslo_service/backend/_threading/loopingcall.py:125}}
Feb 24 01:25:41.163352 np0000156680 nova-scheduler[108513]: DEBUG oslo.service.backend._threading.loopingcall [None req-202cea4f-dcc1-494f-be21-64603f0d3dca None None] Dynamic interval looping call 'nova.service.Service.periodic_tasks' sleeping for 60.00 seconds {{(pid=108513) _run_loop /opt/stack/data/venv/lib/python3.12/site-packages/oslo_service/backend/_threading/loopingcall.py:125}}
Feb 24 01:25:42.193453 np0000156680 nova-scheduler[108530]: DEBUG oslo.service.backend._threading.loopingcall [None req-80f279a9-a778-4665-a615-f3dd1c7f8b89 None None] Dynamic interval looping call 'nova.service.Service.periodic_tasks' sleeping for 60.00 seconds {{(pid=108530) _run_loop /opt/stack/data/venv/lib/python3.12/site-packages/oslo_service/backend/_threading/loopingcall.py:125}}
Feb 24 01:26:09.158672 np0000156680 nova-scheduler[108538]: DEBUG oslo.service.backend._threading.loopingcall [None req-0c9090aa-6365-4662-b44b-8b15719bc80b None None] Dynamic interval looping call 'nova.service.Service.periodic_tasks' sleeping for 60.00 seconds {{(pid=108538) _run_loop /opt/stack/data/venv/lib/python3.12/site-packages/oslo_service/backend/_threading/loopingcall.py:125}}
Feb 24 01:26:18.292684 np0000156680 nova-scheduler[108538]: DEBUG oslo.service.backend._threading.loopingcall [-] Fixed interval looping call 'nova.servicegroup.drivers.db.DbDriver._report_state' sleeping for 119.86 seconds {{(pid=108538) _run_loop /opt/stack/data/venv/lib/python3.12/site-packages/oslo_service/backend/_threading/loopingcall.py:125}}
Feb 24 01:26:18.297480 np0000156680 nova-scheduler[108522]: DEBUG oslo.service.backend._threading.loopingcall [-] Fixed interval looping call 'nova.servicegroup.drivers.db.DbDriver._report_state' sleeping for 119.86 seconds {{(pid=108522) _run_loop /opt/stack/data/venv/lib/python3.12/site-packages/oslo_service/backend/_threading/loopingcall.py:125}}
Feb 24 01:26:18.298466 np0000156680 nova-scheduler[108513]: DEBUG oslo.service.backend._threading.loopingcall [-] Fixed interval looping call 'nova.servicegroup.drivers.db.DbDriver._report_state' sleeping for 119.86 seconds {{(pid=108513) _run_loop /opt/stack/data/venv/lib/python3.12/site-packages/oslo_service/backend/_threading/loopingcall.py:125}}
Feb 24 01:26:18.299053 np0000156680 nova-scheduler[108530]: DEBUG oslo.service.backend._threading.loopingcall [-] Fixed interval looping call 'nova.servicegroup.drivers.db.DbDriver._report_state' sleeping for 119.89 seconds {{(pid=108530) _run_loop /opt/stack/data/venv/lib/python3.12/site-packages/oslo_service/backend/_threading/loopingcall.py:125}}
Feb 24 01:26:28.160562 np0000156680 nova-scheduler[108538]: DEBUG dbcounter [-] [108538] Writing DB stats nova_cell0:SELECT=1,nova_cell0:UPDATE=1 {{(pid=108538) stat_writer /opt/stack/data/venv/lib/python3.12/site-packages/dbcounter.py:115}}
Feb 24 01:26:28.161129 np0000156680 nova-scheduler[108522]: DEBUG dbcounter [-] [108522] Writing DB stats nova_cell0:SELECT=1,nova_cell0:UPDATE=1 {{(pid=108522) stat_writer /opt/stack/data/venv/lib/python3.12/site-packages/dbcounter.py:115}}
Feb 24 01:26:28.163713 np0000156680 nova-scheduler[108513]: DEBUG dbcounter [-] [108513] Writing DB stats nova_cell0:SELECT=1,nova_cell0:UPDATE=1 {{(pid=108513) stat_writer /opt/stack/data/venv/lib/python3.12/site-packages/dbcounter.py:115}}
Feb 24 01:26:28.195681 np0000156680 nova-scheduler[108530]: DEBUG dbcounter [-] [108530] Writing DB stats nova_cell0:SELECT=1,nova_cell0:UPDATE=1 {{(pid=108530) stat_writer /opt/stack/data/venv/lib/python3.12/site-packages/dbcounter.py:115}}
Feb 24 01:26:33.164266 np0000156680 nova-scheduler[108522]: DEBUG oslo.service.backend._threading.loopingcall [None req-d3b1c70e-23c2-4cf5-915b-9a47422af50c None None] Dynamic interval looping call 'nova.service.Service.periodic_tasks' sleeping for 60.00 seconds {{(pid=108522) _run_loop /opt/stack/data/venv/lib/python3.12/site-packages/oslo_service/backend/_threading/loopingcall.py:125}}
Feb 24 01:26:41.164234 np0000156680 nova-scheduler[108513]: DEBUG oslo.service.backend._threading.loopingcall [None req-202cea4f-dcc1-494f-be21-64603f0d3dca None None] Dynamic interval looping call 'nova.service.Service.periodic_tasks' sleeping for 60.00 seconds {{(pid=108513) _run_loop /opt/stack/data/venv/lib/python3.12/site-packages/oslo_service/backend/_threading/loopingcall.py:125}}
Feb 24 01:26:42.194098 np0000156680 nova-scheduler[108530]: DEBUG oslo.service.backend._threading.loopingcall [None req-80f279a9-a778-4665-a615-f3dd1c7f8b89 None None] Dynamic interval looping call 'nova.service.Service.periodic_tasks' sleeping for 60.00 seconds {{(pid=108530) _run_loop /opt/stack/data/venv/lib/python3.12/site-packages/oslo_service/backend/_threading/loopingcall.py:125}}
Feb 24 01:27:09.159399 np0000156680 nova-scheduler[108538]: DEBUG oslo.service.backend._threading.loopingcall [None req-0c9090aa-6365-4662-b44b-8b15719bc80b None None] Dynamic interval looping call 'nova.service.Service.periodic_tasks' sleeping for 60.00 seconds {{(pid=108538) _run_loop /opt/stack/data/venv/lib/python3.12/site-packages/oslo_service/backend/_threading/loopingcall.py:125}}
