2026-04-24 04:11:20.934 16 ERROR neutron.plugins.ml2.managers
File "/var/lib/openstack/lib/python3.12/site-packages/neutron/db/db_base_plugin_common.py", line 279, in _get_subnet_object
2026-04-24 04:11:20.934 16 ERROR neutron.plugins.ml2.managers raise exceptions.SubnetNotFound(subnet_id=id)
2026-04-24 04:11:20.934 16 ERROR neutron.plugins.ml2.managers neutron_lib.exceptions.SubnetNotFound: Subnet c61e629f-dd0d-4103-a6d0-fe10d7268f0b could not be found.
2026-04-24 04:11:20.934 16 ERROR neutron.plugins.ml2.managers
2026-04-24 04:11:20.936 16 ERROR neutron.plugins.ml2.managers [None req-19f7b2cc-9ef2-4e22-83cf-a4a6f9e0fafb - - - - - -] Failed to bind port 1a3afba1-611b-4a2c-b671-1a691815ea46 on host instance for vnic_type normal using segments [{'id': '9657556c-44d5-43b3-9ec8-de95c34a440b', 'network_type': 'vxlan', 'physical_network': None, 'segmentation_id': 226, 'network_id': 'cfd9b25f-39e4-42f6-bdfd-2ffc85b535b3'}]
2026-04-24 04:11:20.936 16 INFO neutron.plugins.ml2.plugin [None req-19f7b2cc-9ef2-4e22-83cf-a4a6f9e0fafb - - - - - -] Attempt 9 to bind port 1a3afba1-611b-4a2c-b671-1a691815ea46
2026-04-24 04:11:20.959 16 ERROR neutron.plugins.ml2.managers [None req-19f7b2cc-9ef2-4e22-83cf-a4a6f9e0fafb - - - - - -] Mechanism driver openvswitch failed in bind_port: neutron_lib.exceptions.SubnetNotFound: Subnet c61e629f-dd0d-4103-a6d0-fe10d7268f0b could not be found.
2026-04-24 04:11:20.959 16 ERROR neutron.plugins.ml2.managers
Traceback (most recent call last):
2026-04-24 04:11:20.959 16 ERROR neutron.plugins.ml2.managers
File "/var/lib/openstack/lib/python3.12/site-packages/neutron/plugins/ml2/managers.py", line 869, in _bind_port_level
2026-04-24 04:11:20.959 16 ERROR neutron.plugins.ml2.managers driver.obj.bind_port(context)
2026-04-24 04:11:20.959 16 ERROR neutron.plugins.ml2.managers
File "/var/lib/openstack/lib/python3.12/site-packages/neutron/plugins/ml2/drivers/openvswitch/mech_driver/mech_openvswitch.py", line 136, in bind_port
2026-04-24 04:11:20.959 16 ERROR neutron.plugins.ml2.managers super().bind_port(context)
2026-04-24 04:11:20.959 16 ERROR neutron.plugins.ml2.managers
File "/var/lib/openstack/lib/python3.12/site-packages/neutron/plugins/ml2/drivers/mech_agent.py", line 111, in bind_port
2026-04-24 04:11:20.959 16 ERROR neutron.plugins.ml2.managers subnets = self.get_subnets_from_fixed_ips(context)
2026-04-24 04:11:20.959 16 ERROR neutron.plugins.ml2.managers ^^^^^^^^^^^^^^^^^^^^^^^^^^^^^^^^^^^^^^^^
2026-04-24 04:11:20.959 16 ERROR neutron.plugins.ml2.managers
File "/var/lib/openstack/lib/python3.12/site-packages/neutron/plugins/ml2/drivers/mech_agent.py", line 156, in get_subnets_from_fixed_ips
2026-04-24 04:11:20.959 16 ERROR neutron.plugins.ml2.managers subnets.append(context._plugin.get_subnet(
2026-04-24 04:11:20.959 16 ERROR neutron.plugins.ml2.managers ^^^^^^^^^^^^^^^^^^^^^^^^^^^
2026-04-24 04:11:20.959 16 ERROR neutron.plugins.ml2.managers
File "/var/lib/openstack/lib/python3.12/site-packages/neutron_lib/db/api.py", line 223, in wrapped
2026-04-24 04:11:20.959 16 ERROR neutron.plugins.ml2.managers return f_with_retry(*args, **kwargs,
2026-04-24 04:11:20.959 16 ERROR neutron.plugins.ml2.managers ^^^^^^^^^^^^^^^^^^^^^^^^^^^^^
2026-04-24 04:11:20.959 16 ERROR neutron.plugins.ml2.managers
File "/var/lib/openstack/lib/python3.12/site-packages/neutron_lib/db/api.py", line 137, in wrapped
2026-04-24 04:11:20.959 16 ERROR neutron.plugins.ml2.managers with excutils.save_and_reraise_exception():
2026-04-24 04:11:20.959 16 ERROR neutron.plugins.ml2.managers
File "/var/lib/openstack/lib/python3.12/site-packages/oslo_utils/excutils.py", line 227, in __exit__
2026-04-24 04:11:20.959 16 ERROR neutron.plugins.ml2.managers self.force_reraise()
2026-04-24 04:11:20.959 16 ERROR neutron.plugins.ml2.managers
File "/var/lib/openstack/lib/python3.12/site-packages/oslo_utils/excutils.py", line 200, in force_reraise
2026-04-24 04:11:20.959 16 ERROR neutron.plugins.ml2.managers raise self.value
2026-04-24 04:11:20.959 16 ERROR neutron.plugins.ml2.managers
File "/var/lib/openstack/lib/python3.12/site-packages/neutron_lib/db/api.py", line 135, in wrapped
2026-04-24 04:11:20.959 16 ERROR neutron.plugins.ml2.managers return f(*args, **kwargs)
2026-04-24 04:11:20.959 16 ERROR neutron.plugins.ml2.managers ^^^^^^^^^^^^^^^^^^
2026-04-24 04:11:20.959 16 ERROR neutron.plugins.ml2.managers
File "/var/lib/openstack/lib/python3.12/site-packages/oslo_db/api.py", line 144, in wrapper
2026-04-24 04:11:20.959 16 ERROR neutron.plugins.ml2.managers with excutils.save_and_reraise_exception() as ectxt:
2026-04-24 04:11:20.959 16 ERROR neutron.plugins.ml2.managers
File "/var/lib/openstack/lib/python3.12/site-packages/oslo_utils/excutils.py", line 227, in __exit__
2026-04-24 04:11:20.959 16 ERROR neutron.plugins.ml2.managers self.force_reraise()
2026-04-24 04:11:20.959 16 ERROR neutron.plugins.ml2.managers
File "/var/lib/openstack/lib/python3.12/site-packages/oslo_utils/excutils.py", line 200, in force_reraise
2026-04-24 04:11:20.959 16 ERROR neutron.plugins.ml2.managers raise self.value
2026-04-24 04:11:20.959 16 ERROR neutron.plugins.ml2.managers
File "/var/lib/openstack/lib/python3.12/site-packages/oslo_db/api.py", line 142, in wrapper
2026-04-24 04:11:20.959 16 ERROR neutron.plugins.ml2.managers return f(*args, **kwargs)
2026-04-24 04:11:20.959 16 ERROR neutron.plugins.ml2.managers ^^^^^^^^^^^^^^^^^^
2026-04-24 04:11:20.959 16 ERROR neutron.plugins.ml2.managers
File "/var/lib/openstack/lib/python3.12/site-packages/neutron_lib/db/api.py", line 183, in wrapped
2026-04-24 04:11:20.959 16 ERROR neutron.plugins.ml2.managers with excutils.save_and_reraise_exception():
2026-04-24 04:11:20.959 16 ERROR neutron.plugins.ml2.managers
File "/var/lib/openstack/lib/python3.12/site-packages/oslo_utils/excutils.py", line 227, in __exit__
2026-04-24 04:11:20.959 16 ERROR neutron.plugins.ml2.managers self.force_reraise()
2026-04-24 04:11:20.959 16 ERROR neutron.plugins.ml2.managers
File "/var/lib/openstack/lib/python3.12/site-packages/oslo_utils/excutils.py", line 200, in force_reraise
2026-04-24 04:11:20.959 16 ERROR neutron.plugins.ml2.managers raise self.value
2026-04-24 04:11:20.959 16 ERROR neutron.plugins.ml2.managers
File "/var/lib/openstack/lib/python3.12/site-packages/neutron_lib/db/api.py", line 181, in wrapped
2026-04-24 04:11:20.959 16 ERROR neutron.plugins.ml2.managers return f(*dup_args, **dup_kwargs)
2026-04-24 04:11:20.959 16 ERROR neutron.plugins.ml2.managers ^^^^^^^^^^^^^^^^^^^^^^^^^^
2026-04-24 04:11:20.959 16 ERROR neutron.plugins.ml2.managers
File "/var/lib/openstack/lib/python3.12/site-packages/neutron/db/db_base_plugin_v2.py", line 1202, in get_subnet
2026-04-24 04:11:20.959 16 ERROR neutron.plugins.ml2.managers subnet_obj = self._get_subnet_object(context, id)
2026-04-24 04:11:20.959 16 ERROR neutron.plugins.ml2.managers ^^^^^^^^^^^^^^^^^^^^^^^^^^^^^^^^^^^^
2026-04-24 04:11:20.959 16 ERROR neutron.plugins.ml2.managers
File "/var/lib/openstack/lib/python3.12/site-packages/neutron/db/db_base_plugin_common.py", line 279, in _get_subnet_object
2026-04-24 04:11:20.959 16 ERROR neutron.plugins.ml2.managers raise exceptions.SubnetNotFound(subnet_id=id)
2026-04-24 04:11:20.959 16 ERROR neutron.plugins.ml2.managers neutron_lib.exceptions.SubnetNotFound: Subnet c61e629f-dd0d-4103-a6d0-fe10d7268f0b could not be found.
2026-04-24 04:11:20.959 16 ERROR neutron.plugins.ml2.managers
2026-04-24 04:11:20.963 16 ERROR neutron.plugins.ml2.managers [None req-19f7b2cc-9ef2-4e22-83cf-a4a6f9e0fafb - - - - - -] Failed to bind port 1a3afba1-611b-4a2c-b671-1a691815ea46 on host instance for vnic_type normal using segments [{'id': '9657556c-44d5-43b3-9ec8-de95c34a440b', 'network_type': 'vxlan', 'physical_network': None, 'segmentation_id': 226, 'network_id': 'cfd9b25f-39e4-42f6-bdfd-2ffc85b535b3'}]
2026-04-24 04:11:20.968 16 INFO neutron.plugins.ml2.plugin [None req-19f7b2cc-9ef2-4e22-83cf-a4a6f9e0fafb - - - - - -] Attempt 10 to bind port 1a3afba1-611b-4a2c-b671-1a691815ea46
2026-04-24 04:11:20.987 16 ERROR neutron.plugins.ml2.managers [None req-19f7b2cc-9ef2-4e22-83cf-a4a6f9e0fafb - - - - - -] Mechanism driver openvswitch failed in bind_port: neutron_lib.exceptions.SubnetNotFound: Subnet c61e629f-dd0d-4103-a6d0-fe10d7268f0b could not be found.
2026-04-24 04:11:20.987 16 ERROR neutron.plugins.ml2.managers
Traceback (most recent call last):
2026-04-24 04:11:20.987 16 ERROR neutron.plugins.ml2.managers
File "/var/lib/openstack/lib/python3.12/site-packages/neutron/plugins/ml2/managers.py", line 869, in _bind_port_level
2026-04-24 04:11:20.987 16 ERROR neutron.plugins.ml2.managers driver.obj.bind_port(context)
2026-04-24 04:11:20.987 16 ERROR neutron.plugins.ml2.managers
File "/var/lib/openstack/lib/python3.12/site-packages/neutron/plugins/ml2/drivers/openvswitch/mech_driver/mech_openvswitch.py", line 136, in bind_port
2026-04-24 04:11:20.987 16 ERROR neutron.plugins.ml2.managers super().bind_port(context)
2026-04-24 04:11:20.987 16 ERROR neutron.plugins.ml2.managers
File "/var/lib/openstack/lib/python3.12/site-packages/neutron/plugins/ml2/drivers/mech_agent.py", line 111, in bind_port
2026-04-24 04:11:20.987 16 ERROR neutron.plugins.ml2.managers subnets = self.get_subnets_from_fixed_ips(context)
2026-04-24 04:11:20.987 16 ERROR neutron.plugins.ml2.managers ^^^^^^^^^^^^^^^^^^^^^^^^^^^^^^^^^^^^^^^^
2026-04-24 04:11:20.987 16 ERROR neutron.plugins.ml2.managers
File "/var/lib/openstack/lib/python3.12/site-packages/neutron/plugins/ml2/drivers/mech_agent.py", line 156, in get_subnets_from_fixed_ips
2026-04-24 04:11:20.987 16 ERROR neutron.plugins.ml2.managers subnets.append(context._plugin.get_subnet(
2026-04-24 04:11:20.987 16 ERROR neutron.plugins.ml2.managers ^^^^^^^^^^^^^^^^^^^^^^^^^^^
2026-04-24 04:11:20.987 16 ERROR neutron.plugins.ml2.managers
File "/var/lib/openstack/lib/python3.12/site-packages/neutron_lib/db/api.py", line 223, in wrapped
2026-04-24 04:11:20.987 16 ERROR neutron.plugins.ml2.managers return f_with_retry(*args, **kwargs,
2026-04-24 04:11:20.987 16 ERROR neutron.plugins.ml2.managers ^^^^^^^^^^^^^^^^^^^^^^^^^^^^^
2026-04-24 04:11:20.987 16 ERROR neutron.plugins.ml2.managers
File "/var/lib/openstack/lib/python3.12/site-packages/neutron_lib/db/api.py", line 137, in wrapped
2026-04-24 04:11:20.987 16 ERROR neutron.plugins.ml2.managers with excutils.save_and_reraise_exception():
2026-04-24 04:11:20.987 16 ERROR neutron.plugins.ml2.managers
File "/var/lib/openstack/lib/python3.12/site-packages/oslo_utils/excutils.py", line 227, in __exit__
2026-04-24 04:11:20.987 16 ERROR neutron.plugins.ml2.managers self.force_reraise()
2026-04-24 04:11:20.987 16 ERROR neutron.plugins.ml2.managers
File "/var/lib/openstack/lib/python3.12/site-packages/oslo_utils/excutils.py", line 200, in force_reraise
2026-04-24 04:11:20.987 16 ERROR neutron.plugins.ml2.managers raise self.value
2026-04-24 04:11:20.987 16 ERROR neutron.plugins.ml2.managers
File "/var/lib/openstack/lib/python3.12/site-packages/neutron_lib/db/api.py", line 135, in wrapped
2026-04-24 04:11:20.987 16 ERROR neutron.plugins.ml2.managers return f(*args, **kwargs)
2026-04-24 04:11:20.987 16 ERROR neutron.plugins.ml2.managers ^^^^^^^^^^^^^^^^^^
2026-04-24 04:11:20.987 16 ERROR neutron.plugins.ml2.managers
File "/var/lib/openstack/lib/python3.12/site-packages/oslo_db/api.py", line 144, in wrapper
2026-04-24 04:11:20.987 16 ERROR neutron.plugins.ml2.managers with excutils.save_and_reraise_exception() as ectxt:
2026-04-24 04:11:20.987 16 ERROR neutron.plugins.ml2.managers
File "/var/lib/openstack/lib/python3.12/site-packages/oslo_utils/excutils.py", line 227, in __exit__
2026-04-24 04:11:20.987 16 ERROR neutron.plugins.ml2.managers self.force_reraise()
2026-04-24 04:11:20.987 16 ERROR neutron.plugins.ml2.managers
File "/var/lib/openstack/lib/python3.12/site-packages/oslo_utils/excutils.py", line 200, in force_reraise
2026-04-24 04:11:20.987 16 ERROR neutron.plugins.ml2.managers raise self.value
2026-04-24 04:11:20.987 16 ERROR neutron.plugins.ml2.managers
File "/var/lib/openstack/lib/python3.12/site-packages/oslo_db/api.py", line 142, in wrapper
2026-04-24 04:11:20.987 16 ERROR neutron.plugins.ml2.managers return f(*args, **kwargs)
2026-04-24 04:11:20.987 16 ERROR neutron.plugins.ml2.managers ^^^^^^^^^^^^^^^^^^
2026-04-24 04:11:20.987 16 ERROR neutron.plugins.ml2.managers
File "/var/lib/openstack/lib/python3.12/site-packages/neutron_lib/db/api.py", line 183, in wrapped
2026-04-24 04:11:20.987 16 ERROR neutron.plugins.ml2.managers with excutils.save_and_reraise_exception():
2026-04-24 04:11:20.987 16 ERROR neutron.plugins.ml2.managers
File "/var/lib/openstack/lib/python3.12/site-packages/oslo_utils/excutils.py", line 227, in __exit__
2026-04-24 04:11:20.987 16 ERROR neutron.plugins.ml2.managers self.force_reraise()
2026-04-24 04:11:20.987 16 ERROR neutron.plugins.ml2.managers
File "/var/lib/openstack/lib/python3.12/site-packages/oslo_utils/excutils.py", line 200, in force_reraise
2026-04-24 04:11:20.987 16 ERROR neutron.plugins.ml2.managers raise self.value
2026-04-24 04:11:20.987 16 ERROR neutron.plugins.ml2.managers
File "/var/lib/openstack/lib/python3.12/site-packages/neutron_lib/db/api.py", line 181, in wrapped
2026-04-24 04:11:20.987 16 ERROR neutron.plugins.ml2.managers return f(*dup_args, **dup_kwargs)
2026-04-24 04:11:20.987 16 ERROR neutron.plugins.ml2.managers ^^^^^^^^^^^^^^^^^^^^^^^^^^
2026-04-24 04:11:20.987 16 ERROR neutron.plugins.ml2.managers
File "/var/lib/openstack/lib/python3.12/site-packages/neutron/db/db_base_plugin_v2.py", line 1202, in get_subnet
2026-04-24 04:11:20.987 16 ERROR neutron.plugins.ml2.managers subnet_obj = self._get_subnet_object(context, id)
2026-04-24 04:11:20.987 16 ERROR neutron.plugins.ml2.managers ^^^^^^^^^^^^^^^^^^^^^^^^^^^^^^^^^^^^
2026-04-24 04:11:20.987 16 ERROR neutron.plugins.ml2.managers
File "/var/lib/openstack/lib/python3.12/site-packages/neutron/db/db_base_plugin_common.py", line 279, in _get_subnet_object
2026-04-24 04:11:20.987 16 ERROR neutron.plugins.ml2.managers raise exceptions.SubnetNotFound(subnet_id=id)
2026-04-24 04:11:20.987 16 ERROR neutron.plugins.ml2.managers neutron_lib.exceptions.SubnetNotFound: Subnet c61e629f-dd0d-4103-a6d0-fe10d7268f0b could not be found.
2026-04-24 04:11:20.987 16 ERROR neutron.plugins.ml2.managers
2026-04-24 04:11:20.993 16 ERROR neutron.plugins.ml2.managers [None req-19f7b2cc-9ef2-4e22-83cf-a4a6f9e0fafb - - - - - -] Failed to bind port 1a3afba1-611b-4a2c-b671-1a691815ea46 on host instance for vnic_type normal using segments [{'id': '9657556c-44d5-43b3-9ec8-de95c34a440b', 'network_type': 'vxlan', 'physical_network': None, 'segmentation_id': 226, 'network_id': 'cfd9b25f-39e4-42f6-bdfd-2ffc85b535b3'}]
2026-04-24 04:11:23.133 13 INFO neutron.plugins.ml2.plugin [None req-9ecbbdb0-2218-403a-af50-3107afa9a4e7 - - - - - -] Attempt 1 to provision port 37c8aedb-fc04-44ee-b9c8-d1d33f0474e9
2026-04-24 04:11:25.136 16 INFO neutron.plugins.ml2.plugin [None req-9ecbbdb0-2218-403a-af50-3107afa9a4e7 - - - - - -] Attempt 1 to provision port 37c8aedb-fc04-44ee-b9c8-d1d33f0474e9
2026-04-24 04:11:27.336 16 INFO neutron.plugins.ml2.plugin [None req-9ecbbdb0-2218-403a-af50-3107afa9a4e7 - - - - - -] Attempt 1 to provision port 8aec6026-9abd-4723-b90c-4395fb180ded
2026-04-24 04:11:28.044 16 INFO neutron.plugins.ml2.plugin [None req-d5f9c5e0-5eba-4a32-b07e-55452c545ad7 - - - - - -] Attempt 1 to provision port 6a040f88-e1f0-4a35-a199-3df97349df37
2026-04-24 04:11:28.073 16 INFO neutron.plugins.ml2.plugin [None req-d5f9c5e0-5eba-4a32-b07e-55452c545ad7 - - - - - -] Attempt 1 to provision port 8aec6026-9abd-4723-b90c-4395fb180ded
2026-04-24 04:11:29.047 16 INFO neutron.plugins.ml2.plugin [None req-9ecbbdb0-2218-403a-af50-3107afa9a4e7 - - - - - -] Attempt 1 to provision port 8aec6026-9abd-4723-b90c-4395fb180ded
2026-04-24 04:11:33.599 13 INFO neutron.plugins.ml2.plugin [None req-aa8725ce-4b58-4d74-a3c5-897e8b4684fa - - - - - -] Attempt 1 to provision port 190f6b6a-3465-4538-8180-4c7d04172ebe
2026-04-24 04:11:36.216 16 INFO neutron.plugins.ml2.plugin [None req-9ecbbdb0-2218-403a-af50-3107afa9a4e7 - - - - - -] Attempt 1 to provision port b8ec5626-74bc-4b56-ae96-13f0446bf4e5
2026-04-24 04:11:36.349 16 INFO neutron.notifiers.nova [-] Nova event matching ['req-2afa81ec-8cb8-459c-ac40-6bf439487b96'] response: {'server_uuid': 'd2345d30-5951-44be-a7cd-2873091877f5', 'name': 'network-vif-plugged', 'status': 'completed', 'tag': 'b8ec5626-74bc-4b56-ae96-13f0446bf4e5', 'code': 200}
2026-04-24 04:11:37.533 16 INFO neutron.plugins.ml2.plugin [None req-9ecbbdb0-2218-403a-af50-3107afa9a4e7 - - - - - -] Attempt 1 to provision port b8ec5626-74bc-4b56-ae96-13f0446bf4e5
2026-04-24 04:11:38.926 16 INFO neutron.plugins.ml2.plugin [None req-31809608-5738-411f-b527-587bf701a7dd - - - - - -] Attempt 1 to provision port 6a040f88-e1f0-4a35-a199-3df97349df37
2026-04-24 04:11:39.071 16 INFO neutron.plugins.ml2.plugin [None req-31809608-5738-411f-b527-587bf701a7dd - - - - - -] Attempt 1 to provision port b8ec5626-74bc-4b56-ae96-13f0446bf4e5
2026-04-24 04:11:39.122 16 INFO neutron.plugins.ml2.plugin [None req-31809608-5738-411f-b527-587bf701a7dd - - - - - -] Attempt 1 to provision port 8aec6026-9abd-4723-b90c-4395fb180ded
2026-04-24 04:11:39.572 16 INFO neutron.plugins.ml2.plugin [None req-9ecbbdb0-2218-403a-af50-3107afa9a4e7 - - - - - -] Attempt 1 to provision port 190f6b6a-3465-4538-8180-4c7d04172ebe
2026-04-24 04:11:39.834 16 INFO neutron.plugins.ml2.plugin [None req-9ecbbdb0-2218-403a-af50-3107afa9a4e7 - - - - - -] Attempt 1 to provision port 6a040f88-e1f0-4a35-a199-3df97349df37
2026-04-24 04:11:41.515 13 INFO neutron.plugins.ml2.plugin [None req-9ecbbdb0-2218-403a-af50-3107afa9a4e7 - - - - - -] Attempt 1 to provision port 190f6b6a-3465-4538-8180-4c7d04172ebe
2026-04-24 04:11:44.040 16 INFO neutron.plugins.ml2.plugin [None req-af5b4261-592f-4efc-b346-e60a2b23d651 - - - - - -] Attempt 1 to provision port 6a040f88-e1f0-4a35-a199-3df97349df37
2026-04-24 04:11:55.547 16 INFO neutron.plugins.ml2.plugin [None req-9ecbbdb0-2218-403a-af50-3107afa9a4e7 - - - - - -] Attempt 1 to provision port ded5d6d2-68c1-458a-a3a3-cdcd51450c5b
2026-04-24 04:11:55.767 13 INFO neutron.plugins.ml2.plugin [None req-58b3fcdc-c7ae-4203-894c-526c363fe832 - - - - - -] Attempt 1 to provision port ded5d6d2-68c1-458a-a3a3-cdcd51450c5b
2026-04-24 04:11:57.625 13 INFO neutron.plugins.ml2.plugin [None req-9ecbbdb0-2218-403a-af50-3107afa9a4e7 - - - - - -] Attempt 1 to provision port 426d0a7f-0bd3-4026-9fd9-59a2df9a1823
2026-04-24 04:11:57.957 13 INFO neutron.plugins.ml2.plugin [None req-9ecbbdb0-2218-403a-af50-3107afa9a4e7 - - - - - -] Attempt 1 to provision port ded5d6d2-68c1-458a-a3a3-cdcd51450c5b
2026-04-24 04:11:58.506 16 INFO neutron.plugins.ml2.plugin [None req-e5cbf047-a52b-4c80-ac51-75bb7e4cebd1 - - - - - -] Attempt 1 to provision port 45d755d0-4e59-406a-bdc0-0373afb36821
2026-04-24 04:11:58.533 16 INFO neutron.plugins.ml2.plugin [None req-e5cbf047-a52b-4c80-ac51-75bb7e4cebd1 - - - - - -] Attempt 1 to provision port ded5d6d2-68c1-458a-a3a3-cdcd51450c5b
2026-04-24 04:11:59.509 13 INFO neutron.plugins.ml2.plugin [None req-9ecbbdb0-2218-403a-af50-3107afa9a4e7 - - - - - -] Attempt 1 to provision port 426d0a7f-0bd3-4026-9fd9-59a2df9a1823
2026-04-24 04:12:01.542 13 INFO neutron.plugins.ml2.plugin [None req-9ecbbdb0-2218-403a-af50-3107afa9a4e7 - - - - - -] Attempt 1 to provision port 9a7b8343-13ca-4e0a-8562-0c9f2ea56a85
2026-04-24 04:12:01.933 16 INFO neutron.plugins.ml2.plugin [None req-c8785ee7-edeb-4c12-840e-59e0f32f76f3 - - - - - -] Attempt 1 to provision port 76bae842-9e68-43ce-a867-79e1b8a9a978
2026-04-24 04:12:01.951 16 INFO neutron.plugins.ml2.plugin [None req-c8785ee7-edeb-4c12-840e-59e0f32f76f3 - - - - - -] Attempt 1 to provision port 45d755d0-4e59-406a-bdc0-0373afb36821
2026-04-24 04:12:02.006 16 INFO neutron.plugins.ml2.plugin [None req-c8785ee7-edeb-4c12-840e-59e0f32f76f3 - - - - - -] Attempt 1 to provision port c37c4d83-340d-4e13-839d-340bcf5ed346
2026-04-24 04:12:03.632 13 INFO neutron.plugins.ml2.plugin [None req-9ecbbdb0-2218-403a-af50-3107afa9a4e7 - - - - - -] Attempt 1 to provision port 9a7b8343-13ca-4e0a-8562-0c9f2ea56a85
2026-04-24 04:12:05.515 16 INFO neutron.plugins.ml2.plugin [None req-9ecbbdb0-2218-403a-af50-3107afa9a4e7 - - - - - -] Attempt 1 to provision port e69ef36d-315c-4987-95e4-bbd9e4d2308a
2026-04-24 04:12:06.263 16 INFO neutron.plugins.ml2.plugin [None req-fd9865cb-cc06-405d-9b0c-01bfd502ed07 - - - - - -] Attempt 1 to provision port e69ef36d-315c-4987-95e4-bbd9e4d2308a
2026-04-24 04:12:06.327 16 INFO neutron.plugins.ml2.plugin [None req-fd9865cb-cc06-405d-9b0c-01bfd502ed07 - - - - - -] Attempt 1 to provision port 12e647f3-aa83-4dd4-9015-8e3aef361914
2026-04-24 04:12:07.535 13 INFO neutron.plugins.ml2.plugin [None req-9ecbbdb0-2218-403a-af50-3107afa9a4e7 - - - - - -] Attempt 1 to provision port e69ef36d-315c-4987-95e4-bbd9e4d2308a
2026-04-24 04:12:07.985 16 INFO neutron.plugins.ml2.plugin [None req-066b668f-eda3-4799-b9f6-3929e6585795 - - - - - -] Attempt 1 to provision port 12e647f3-aa83-4dd4-9015-8e3aef361914
2026-04-24 04:12:09.720 13 INFO neutron.plugins.ml2.plugin [None req-45dd3fdd-3501-4278-9a3a-894c3b63b838 - - - - - -] Attempt 1 to provision port 12e647f3-aa83-4dd4-9015-8e3aef361914
2026-04-24 04:12:14.562 16 INFO neutron.plugins.ml2.plugin [None req-9ecbbdb0-2218-403a-af50-3107afa9a4e7 - - - - - -] Attempt 1 to provision port 09b5ec4a-3665-4eb3-ab75-620100b337bc
2026-04-24 04:12:14.680 16 INFO neutron.notifiers.nova [-] Nova event matching ['req-87812002-4240-41bc-9963-0325d312ec0e'] response: {'server_uuid': 'e052be4d-0fcd-4dc7-bfd5-1f950665272f', 'name': 'network-vif-plugged', 'status': 'completed', 'tag': '09b5ec4a-3665-4eb3-ab75-620100b337bc', 'code': 200}
2026-04-24 04:12:15.537 16 INFO neutron.plugins.ml2.plugin [None req-9ecbbdb0-2218-403a-af50-3107afa9a4e7 - - - - - -] Attempt 1 to provision port 09b5ec4a-3665-4eb3-ab75-620100b337bc
2026-04-24 04:12:16.750 16 INFO neutron.plugins.ml2.plugin [None req-8cf4aa09-de3e-4224-b5ee-d5b4d39f3daf - - - - - -] Attempt 1 to provision port ddada004-0119-4d9e-8028-da331fdf1363
2026-04-24 04:12:17.546 13 INFO neutron.plugins.ml2.plugin [None req-9ecbbdb0-2218-403a-af50-3107afa9a4e7 - - - - - -] Attempt 1 to provision port c37c4d83-340d-4e13-839d-340bcf5ed346
2026-04-24 04:12:17.802 13 INFO neutron.plugins.ml2.plugin [None req-9ecbbdb0-2218-403a-af50-3107afa9a4e7 - - - - - -] Attempt 1 to provision port 45d755d0-4e59-406a-bdc0-0373afb36821
2026-04-24 04:12:19.628 13 INFO neutron.plugins.ml2.plugin [None req-9ecbbdb0-2218-403a-af50-3107afa9a4e7 - - - - - -] Attempt 1 to provision port c37c4d83-340d-4e13-839d-340bcf5ed346
2026-04-24 04:12:19.819 13 INFO neutron.plugins.ml2.plugin [None req-9ecbbdb0-2218-403a-af50-3107afa9a4e7 - - - - - -] Attempt 1 to provision port 88db1ec9-abd0-4ae6-82e0-f88a1b8f88c4
2026-04-24 04:12:20.180 13 INFO neutron.plugins.ml2.plugin [None req-9ecbbdb0-2218-403a-af50-3107afa9a4e7 - - - - - -] Attempt 1 to provision port 45d755d0-4e59-406a-bdc0-0373afb36821
2026-04-24 04:12:21.846 16 INFO neutron.plugins.ml2.plugin [None req-9ecbbdb0-2218-403a-af50-3107afa9a4e7 - - - - - -] Attempt 1 to provision port 88db1ec9-abd0-4ae6-82e0-f88a1b8f88c4
2026-04-24 04:12:22.045 16 INFO neutron.plugins.ml2.plugin [None req-9ecbbdb0-2218-403a-af50-3107afa9a4e7 - - - - - -] Attempt 1 to provision port 92b6ec43-b166-4596-976b-edc330a0c0ab
2026-04-24 04:12:22.707 16 INFO neutron.plugins.ml2.plugin [None req-35364e7f-1882-492a-9a67-dd358504e3fc - - - - - -] Attempt 1 to provision port 92b6ec43-b166-4596-976b-edc330a0c0ab
2026-04-24 04:12:22.755 16 INFO neutron.plugins.ml2.plugin [None req-35364e7f-1882-492a-9a67-dd358504e3fc - - - - - -] Attempt 1 to provision port dbf8ae35-7319-488b-8c9f-1e30e6a221a0
2026-04-24 04:12:23.565 16 INFO neutron.plugins.ml2.plugin [None req-9ecbbdb0-2218-403a-af50-3107afa9a4e7 - - - - - -] Attempt 1 to provision port 92b6ec43-b166-4596-976b-edc330a0c0ab
2026-04-24 04:12:24.703 16 INFO neutron.plugins.ml2.plugin [None req-b18dc112-e5bc-4336-b806-0b6300be76b5 - - - - - -] Attempt 1 to provision port 92b6ec43-b166-4596-976b-edc330a0c0ab
2026-04-24 04:12:24.802 16 INFO neutron.plugins.ml2.plugin [None req-b18dc112-e5bc-4336-b806-0b6300be76b5 - - - - - -] Attempt 1 to provision port dbf8ae35-7319-488b-8c9f-1e30e6a221a0
2026-04-24 04:12:25.603 16 INFO neutron.plugins.ml2.plugin [None req-9ecbbdb0-2218-403a-af50-3107afa9a4e7 - - - - - -] Attempt 1 to provision port 12e647f3-aa83-4dd4-9015-8e3aef361914
2026-04-24 04:12:25.858 16 INFO neutron.plugins.ml2.plugin [None req-9ecbbdb0-2218-403a-af50-3107afa9a4e7 - - - - - -] Attempt 1 to provision port 76bae842-9e68-43ce-a867-79e1b8a9a978
2026-04-24 04:12:27.703 16 INFO neutron.plugins.ml2.plugin [None req-9ecbbdb0-2218-403a-af50-3107afa9a4e7 - - - - - -] Attempt 1 to provision port 7b5e4b78-f7ca-4486-a612-27281b1709ce
2026-04-24 04:12:28.089 16 INFO neutron.plugins.ml2.plugin [None req-9ecbbdb0-2218-403a-af50-3107afa9a4e7 - - - - - -] Attempt 1 to provision port 12e647f3-aa83-4dd4-9015-8e3aef361914
2026-04-24 04:12:28.363 16 INFO neutron.plugins.ml2.plugin [None req-9ecbbdb0-2218-403a-af50-3107afa9a4e7 - - - - - -] Attempt 1 to provision port 0b804afa-15e7-4c58-9e9b-81ce6fbe15fe
2026-04-24 04:12:28.984 16 INFO neutron.plugins.ml2.plugin [None req-9ecbbdb0-2218-403a-af50-3107afa9a4e7 - - - - - -] Attempt 1 to provision port 76bae842-9e68-43ce-a867-79e1b8a9a978
2026-04-24 04:12:29.432 13 INFO neutron.plugins.ml2.plugin [None req-9380ac4c-7b76-4d21-8eda-3ee263cabe3f - - - - - -] Attempt 1 to provision port dbf8ae35-7319-488b-8c9f-1e30e6a221a0
2026-04-24 04:12:29.473 13 INFO neutron.plugins.ml2.plugin [None req-9380ac4c-7b76-4d21-8eda-3ee263cabe3f - - - - - -] Attempt 1 to provision port 0b804afa-15e7-4c58-9e9b-81ce6fbe15fe
2026-04-24 04:12:30.230 16 INFO neutron.plugins.ml2.plugin [None req-9ecbbdb0-2218-403a-af50-3107afa9a4e7 - - - - - -] Attempt 1 to provision port 7b5e4b78-f7ca-4486-a612-27281b1709ce
2026-04-24 04:12:30.437 16 INFO neutron.plugins.ml2.plugin [None req-9ecbbdb0-2218-403a-af50-3107afa9a4e7 - - - - - -] Attempt 1 to provision port d42e7f28-3fa1-458d-9e2c-e3fd9d31a2fa
2026-04-24 04:12:30.609 16 INFO neutron.notifiers.nova [-] Nova event matching ['req-8200086f-aaa0-4a9f-a87b-23efbdf53c3e'] response: {'server_uuid': '48690ef6-b986-4090-ad2a-a7d131f8696b', 'name': 'network-vif-plugged', 'status': 'completed', 'tag': 'd42e7f28-3fa1-458d-9e2c-e3fd9d31a2fa', 'code': 200}
2026-04-24 04:12:30.889 16 INFO neutron.plugins.ml2.plugin [None req-9ecbbdb0-2218-403a-af50-3107afa9a4e7 - - - - - -] Attempt 1 to provision port 0b804afa-15e7-4c58-9e9b-81ce6fbe15fe
2026-04-24 04:12:31.567 13 INFO neutron.plugins.ml2.plugin [None req-9ecbbdb0-2218-403a-af50-3107afa9a4e7 - - - - - -] Attempt 1 to provision port d42e7f28-3fa1-458d-9e2c-e3fd9d31a2fa
2026-04-24 04:12:32.645 13 INFO neutron.plugins.ml2.plugin [None req-271e818d-37ff-4bd5-bcd8-d97ecb6b9039 - - - - - -] Attempt 1 to provision port d42e7f28-3fa1-458d-9e2c-e3fd9d31a2fa
2026-04-24 04:12:32.694 13 INFO neutron.plugins.ml2.plugin [None req-271e818d-37ff-4bd5-bcd8-d97ecb6b9039 - - - - - -] Attempt 1 to provision port 0db91ab9-806c-4891-b5c2-ec0ddd50eb09
2026-04-24 04:12:32.720 13 INFO neutron.plugins.ml2.plugin [None req-271e818d-37ff-4bd5-bcd8-d97ecb6b9039 - - - - - -] Attempt 1 to provision port 0b804afa-15e7-4c58-9e9b-81ce6fbe15fe
2026-04-24 04:12:32.764 13 INFO neutron.plugins.ml2.plugin [None req-271e818d-37ff-4bd5-bcd8-d97ecb6b9039 - - - - - -] Attempt 1 to provision port dbf8ae35-7319-488b-8c9f-1e30e6a221a0
2026-04-24 04:12:34.696 13 INFO neutron.plugins.ml2.plugin [None req-bb8246d7-af29-439d-b2ec-5b6c520a00b4 - - - - - -] Attempt 1 to provision port 0db91ab9-806c-4891-b5c2-ec0ddd50eb09
2026-04-24 04:12:35.669 13 INFO neutron.plugins.ml2.plugin [None req-9ecbbdb0-2218-403a-af50-3107afa9a4e7 - - - - - -] Attempt 1 to provision port dbf8ae35-7319-488b-8c9f-1e30e6a221a0
2026-04-24 04:12:35.915 13 INFO neutron.plugins.ml2.plugin [None req-9ecbbdb0-2218-403a-af50-3107afa9a4e7 - - - - - -] Attempt 1 to provision port ddada004-0119-4d9e-8028-da331fdf1363
2026-04-24 04:12:37.520 16 INFO neutron.plugins.ml2.plugin [None req-9ecbbdb0-2218-403a-af50-3107afa9a4e7 - - - - - -] Attempt 1 to provision port dbf8ae35-7319-488b-8c9f-1e30e6a221a0
2026-04-24 04:12:37.694 13 INFO neutron.plugins.ml2.plugin [None req-0c706898-8c90-4427-a89d-ccb0be041454 - - - - - -] Attempt 1 to provision port 344f367b-7ac6-47f4-9866-d19f5c4d837d
2026-04-24 04:12:37.697 16 INFO neutron.plugins.ml2.plugin [None req-9ecbbdb0-2218-403a-af50-3107afa9a4e7 - - - - - -] Attempt 1 to provision port ddada004-0119-4d9e-8028-da331fdf1363
2026-04-24 04:12:40.858 13 INFO neutron.plugins.ml2.plugin [None req-9ecbbdb0-2218-403a-af50-3107afa9a4e7 - - - - - -] Attempt 1 to provision port d168f9c2-e6cf-4007-8325-4efa6f4dbe46
2026-04-24 04:12:40.945 13 INFO neutron.notifiers.nova [-] Nova event matching ['req-8bce7236-2b75-4e3f-8329-de733f12ebaa'] response: {'server_uuid': 'fd6baa1e-0453-4601-9bdc-3d029a51ba0d', 'name': 'network-vif-plugged', 'status': 'completed', 'tag': 'd168f9c2-e6cf-4007-8325-4efa6f4dbe46', 'code': 200}
2026-04-24 04:12:41.567 13 INFO neutron.plugins.ml2.plugin [None req-9ecbbdb0-2218-403a-af50-3107afa9a4e7 - - - - - -] Attempt 1 to provision port d168f9c2-e6cf-4007-8325-4efa6f4dbe46
2026-04-24 04:12:45.557 13 INFO neutron.plugins.ml2.plugin [None req-9ecbbdb0-2218-403a-af50-3107afa9a4e7 - - - - - -] Attempt 1 to provision port 0db91ab9-806c-4891-b5c2-ec0ddd50eb09
2026-04-24 04:12:45.815 13 INFO neutron.plugins.ml2.plugin [None req-9ecbbdb0-2218-403a-af50-3107afa9a4e7 - - - - - -] Attempt 1 to provision port 344f367b-7ac6-47f4-9866-d19f5c4d837d
2026-04-24 04:12:47.597 16 INFO neutron.plugins.ml2.plugin [None req-9ecbbdb0-2218-403a-af50-3107afa9a4e7 - - - - - -] Attempt 1 to provision port 0db91ab9-806c-4891-b5c2-ec0ddd50eb09
2026-04-24 04:12:47.808 16 INFO neutron.plugins.ml2.plugin [None req-9ecbbdb0-2218-403a-af50-3107afa9a4e7 - - - - - -] Attempt 1 to provision port 344f367b-7ac6-47f4-9866-d19f5c4d837d
2026-04-24 04:13:10.083 16 INFO neutron.plugins.ml2.plugin [None req-9ecbbdb0-2218-403a-af50-3107afa9a4e7 - - - - - -] Attempt 1 to provision port 95ffecba-2f63-45ac-837f-5c8886fbd5a8
2026-04-24 04:13:10.232 16 INFO neutron.notifiers.nova [-] Nova event matching ['req-863591bc-7094-4e25-b057-918c02267825'] response: {'server_uuid': '928bb840-bb35-42b1-aa20-be8d9a2d8c56', 'name': 'network-vif-plugged', 'status': 'completed', 'tag': '95ffecba-2f63-45ac-837f-5c8886fbd5a8', 'code': 200}
2026-04-24 04:13:11.542 13 INFO neutron.plugins.ml2.plugin [None req-9ecbbdb0-2218-403a-af50-3107afa9a4e7 - - - - - -] Attempt 1 to provision port 95ffecba-2f63-45ac-837f-5c8886fbd5a8
2026-04-24 04:13:17.659 13 INFO neutron.plugins.ml2.plugin [None req-9ecbbdb0-2218-403a-af50-3107afa9a4e7 - - - - - -] Attempt 1 to provision port 0fcd61a8-18cf-4fec-82c9-f73db28c9ac3
2026-04-24 04:13:18.510 16 INFO neutron.plugins.ml2.plugin [None req-c4b699c2-9d63-47d3-ad4b-a021c0b6cbac - - - - - -] Attempt 1 to provision port 0fcd61a8-18cf-4fec-82c9-f73db28c9ac3
2026-04-24 04:13:19.525 16 INFO neutron.plugins.ml2.plugin [None req-9ecbbdb0-2218-403a-af50-3107afa9a4e7 - - - - - -] Attempt 1 to provision port 0fcd61a8-18cf-4fec-82c9-f73db28c9ac3
2026-04-24 04:13:21.627 13 INFO neutron.plugins.ml2.plugin [None req-9ecbbdb0-2218-403a-af50-3107afa9a4e7 - - - - - -] Attempt 1 to provision port 8c24061e-1b36-4382-a5d8-282eb76324a3
2026-04-24 04:13:21.981 13 INFO neutron.plugins.ml2.plugin [None req-9ecbbdb0-2218-403a-af50-3107afa9a4e7 - - - - - -] Attempt 1 to provision port 58786a7d-73e8-4392-bb2d-6a899e4fcd72
2026-04-24 04:13:23.635 13 INFO neutron.plugins.ml2.plugin [None req-9ecbbdb0-2218-403a-af50-3107afa9a4e7 - - - - - -] Attempt 1 to provision port 8c24061e-1b36-4382-a5d8-282eb76324a3
2026-04-24 04:13:23.831 13 INFO neutron.plugins.ml2.plugin [None req-9ecbbdb0-2218-403a-af50-3107afa9a4e7 - - - - - -] Attempt 1 to provision port 58786a7d-73e8-4392-bb2d-6a899e4fcd72
2026-04-24 04:13:25.579 13 INFO neutron.plugins.ml2.plugin [None req-9ecbbdb0-2218-403a-af50-3107afa9a4e7 - - - - - -] Attempt 1 to provision port 734701e2-4ee3-4b57-9127-b18fa58d9855
2026-04-24 04:13:27.608 16 INFO neutron.plugins.ml2.plugin [None req-9ecbbdb0-2218-403a-af50-3107afa9a4e7 - - - - - -] Attempt 1 to provision port 734701e2-4ee3-4b57-9127-b18fa58d9855
2026-04-24 04:13:28.520 16 INFO neutron.plugins.ml2.plugin [None req-16872182-d34c-4795-b916-21f16f70bd4f - - - - - -] Attempt 1 to provision port 211ac169-c0a2-4aa9-b4ae-393927736973
2026-04-24 04:13:28.565 16 INFO neutron.plugins.ml2.plugin [None req-16872182-d34c-4795-b916-21f16f70bd4f - - - - - -] Attempt 1 to provision port b05c4067-f2af-4859-a1c5-b50c13a274bb
2026-04-24 04:13:28.587 16 INFO neutron.plugins.ml2.plugin [None req-16872182-d34c-4795-b916-21f16f70bd4f - - - - - -] Attempt 1 to provision port 734701e2-4ee3-4b57-9127-b18fa58d9855
2026-04-24 04:13:28.644 16 INFO neutron.plugins.ml2.plugin [None req-16872182-d34c-4795-b916-21f16f70bd4f - - - - - -] Attempt 1 to provision port 8c24061e-1b36-4382-a5d8-282eb76324a3
2026-04-24 04:13:33.586 13 INFO neutron.plugins.ml2.plugin [None req-9ecbbdb0-2218-403a-af50-3107afa9a4e7 - - - - - -] Attempt 1 to provision port 0fcd61a8-18cf-4fec-82c9-f73db28c9ac3
2026-04-24 04:13:35.478 13 INFO neutron.plugins.ml2.plugin [None req-f1d3ddaf-c2c8-4c8f-aff9-5eabab400fae - - - - - -] Attempt 1 to provision port 211ac169-c0a2-4aa9-b4ae-393927736973
2026-04-24 04:13:35.506 13 INFO neutron.plugins.ml2.plugin [None req-f1d3ddaf-c2c8-4c8f-aff9-5eabab400fae - - - - - -] Attempt 1 to provision port 0fcd61a8-18cf-4fec-82c9-f73db28c9ac3
2026-04-24 04:13:35.555 13 INFO neutron.plugins.ml2.plugin [None req-f1d3ddaf-c2c8-4c8f-aff9-5eabab400fae - - - - - -] Attempt 1 to provision port c9dd0a6f-889b-4992-855f-bbc4435648c5
2026-04-24 04:13:35.575 13 INFO neutron.plugins.ml2.plugin [None req-f1d3ddaf-c2c8-4c8f-aff9-5eabab400fae - - - - - -] Attempt 1 to provision port 734701e2-4ee3-4b57-9127-b18fa58d9855
2026-04-24 04:13:35.874 13 INFO neutron.plugins.ml2.plugin [None req-f1d3ddaf-c2c8-4c8f-aff9-5eabab400fae - - - - - -] Attempt 1 to provision port 8c24061e-1b36-4382-a5d8-282eb76324a3
2026-04-24 04:13:35.919 13 INFO neutron.plugins.ml2.plugin [None req-f1d3ddaf-c2c8-4c8f-aff9-5eabab400fae - - - - - -] Attempt 1 to provision port c2770d41-3bc8-4911-8505-5f58202d009a
2026-04-24 04:13:36.085 13 INFO neutron.plugins.ml2.plugin [None req-9ecbbdb0-2218-403a-af50-3107afa9a4e7 - - - - - -] Attempt 1 to provision port 508fbd75-789e-4a3c-b5ab-e91e0edd5ca1
2026-04-24 04:13:36.202 13 INFO neutron.notifiers.nova [-] Nova event matching ['req-21ccaf35-b7da-4030-87fd-6a7331057705'] response: {'server_uuid': '484f1c5e-e8fa-4e12-91f4-8eb0cb288abd', 'name': 'network-vif-plugged', 'status': 'completed', 'tag': '508fbd75-789e-4a3c-b5ab-e91e0edd5ca1', 'code': 200}
2026-04-24 04:13:37.543 16 INFO neutron.plugins.ml2.plugin [None req-9ecbbdb0-2218-403a-af50-3107afa9a4e7 - - - - - -] Attempt 1 to provision port 508fbd75-789e-4a3c-b5ab-e91e0edd5ca1
2026-04-24 04:13:39.642 16 INFO neutron.plugins.ml2.plugin [None req-9ecbbdb0-2218-403a-af50-3107afa9a4e7 - - - - - -] Attempt 1 to provision port 211ac169-c0a2-4aa9-b4ae-393927736973
2026-04-24 04:13:39.922 16 INFO neutron.plugins.ml2.plugin [None req-9ecbbdb0-2218-403a-af50-3107afa9a4e7 - - - - - -] Attempt 1 to provision port b05c4067-f2af-4859-a1c5-b50c13a274bb
2026-04-24 04:13:40.179 16 INFO neutron.plugins.ml2.plugin [None req-9ecbbdb0-2218-403a-af50-3107afa9a4e7 - - - - - -] Attempt 1 to provision port c9dd0a6f-889b-4992-855f-bbc4435648c5
2026-04-24 04:13:40.501 16 INFO neutron.plugins.ml2.plugin [None req-9ecbbdb0-2218-403a-af50-3107afa9a4e7 - - - - - -] Attempt 1 to provision port c2770d41-3bc8-4911-8505-5f58202d009a
2026-04-24 04:13:41.101 13 INFO neutron.plugins.ml2.plugin [None req-f0cb5d14-32c7-4a9a-8a16-e25f1bf80bbb - - - - - -] Attempt 1 to provision port 211ac169-c0a2-4aa9-b4ae-393927736973
2026-04-24 04:13:41.158 13 INFO neutron.plugins.ml2.plugin [None req-f0cb5d14-32c7-4a9a-8a16-e25f1bf80bbb - - - - - -] Attempt 1 to provision port 508fbd75-789e-4a3c-b5ab-e91e0edd5ca1
2026-04-24 04:13:41.213 13 INFO neutron.plugins.ml2.plugin [None req-f0cb5d14-32c7-4a9a-8a16-e25f1bf80bbb - - - - - -] Attempt 1 to provision port 0fcd61a8-18cf-4fec-82c9-f73db28c9ac3
2026-04-24 04:13:41.266 13 INFO neutron.plugins.ml2.plugin [None req-f0cb5d14-32c7-4a9a-8a16-e25f1bf80bbb - - - - - -] Attempt 1 to provision port c9dd0a6f-889b-4992-855f-bbc4435648c5
2026-04-24 04:13:41.313 13 INFO neutron.plugins.ml2.plugin [None req-f0cb5d14-32c7-4a9a-8a16-e25f1bf80bbb - - - - - -] Attempt 1 to provision port 734701e2-4ee3-4b57-9127-b18fa58d9855
2026-04-24 04:13:41.364 13 INFO neutron.plugins.ml2.plugin [None req-f0cb5d14-32c7-4a9a-8a16-e25f1bf80bbb - - - - - -] Attempt 1 to provision port 8c24061e-1b36-4382-a5d8-282eb76324a3
2026-04-24 04:13:41.416 13 INFO neutron.plugins.ml2.plugin [None req-f0cb5d14-32c7-4a9a-8a16-e25f1bf80bbb - - - - - -] Attempt 1 to provision port c2770d41-3bc8-4911-8505-5f58202d009a
2026-04-24 04:13:41.807 13 INFO neutron.plugins.ml2.plugin [None req-9ecbbdb0-2218-403a-af50-3107afa9a4e7 - - - - - -] Attempt 1 to provision port 211ac169-c0a2-4aa9-b4ae-393927736973
2026-04-24 04:13:42.001 13 INFO neutron.plugins.ml2.plugin [None req-9ecbbdb0-2218-403a-af50-3107afa9a4e7 - - - - - -] Attempt 1 to provision port b05c4067-f2af-4859-a1c5-b50c13a274bb
2026-04-24 04:13:42.134 13 INFO neutron.plugins.ml2.plugin [None req-9ecbbdb0-2218-403a-af50-3107afa9a4e7 - - - - - -] Attempt 1 to provision port c9dd0a6f-889b-4992-855f-bbc4435648c5
2026-04-24 04:13:42.306 13 INFO neutron.plugins.ml2.plugin [None req-9ecbbdb0-2218-403a-af50-3107afa9a4e7 - - - - - -] Attempt 1 to provision port c2770d41-3bc8-4911-8505-5f58202d009a
2026-04-24 04:13:44.247 13 INFO neutron.plugins.ml2.plugin [None req-c4876ee4-0e44-4234-b92f-1d9b5a17c3ee - - - - - -] Attempt 1 to provision port 211ac169-c0a2-4aa9-b4ae-393927736973
2026-04-24 04:13:44.307 13 INFO neutron.plugins.ml2.plugin [None req-c4876ee4-0e44-4234-b92f-1d9b5a17c3ee - - - - - -] Attempt 1 to provision port c9dd0a6f-889b-4992-855f-bbc4435648c5
2026-04-24 04:13:44.351 13 INFO neutron.plugins.ml2.plugin [None req-c4876ee4-0e44-4234-b92f-1d9b5a17c3ee - - - - - -] Attempt 1 to provision port c2770d41-3bc8-4911-8505-5f58202d009a
2026-04-24 04:13:51.138 13 INFO neutron.plugins.ml2.plugin [None req-68f84d27-cfaa-47ea-bea5-9543ef42a557 - - - - - -] Attempt 1 to provision port 211ac169-c0a2-4aa9-b4ae-393927736973
2026-04-24 04:13:51.197 13 INFO neutron.plugins.ml2.plugin [None req-68f84d27-cfaa-47ea-bea5-9543ef42a557 - - - - - -] Attempt 1 to provision port 508fbd75-789e-4a3c-b5ab-e91e0edd5ca1
2026-04-24 04:13:51.244 13 INFO neutron.plugins.ml2.plugin [None req-68f84d27-cfaa-47ea-bea5-9543ef42a557 - - - - - -] Attempt 1 to provision port c9dd0a6f-889b-4992-855f-bbc4435648c5
2026-04-24 04:13:51.286 13 INFO neutron.plugins.ml2.plugin [None req-68f84d27-cfaa-47ea-bea5-9543ef42a557 - - - - - -] Attempt 1 to provision port c2770d41-3bc8-4911-8505-5f58202d009a
2026-04-24 04:13:53.613 16 INFO neutron.plugins.ml2.plugin [None req-9ecbbdb0-2218-403a-af50-3107afa9a4e7 - - - - - -] Attempt 1 to provision port 9f893cb6-5773-4ad8-8b64-9b5b728d224a
2026-04-24 04:13:53.708 16 INFO neutron.notifiers.nova [-] Nova event matching ['req-cb629e7a-044c-46bf-99bb-b3070b15e7e8'] response: {'server_uuid': '8a01d266-ae95-47c1-958d-8dd7f7c3e5f3', 'name': 'network-vif-plugged', 'status': 'completed', 'tag': '9f893cb6-5773-4ad8-8b64-9b5b728d224a', 'code': 200}
2026-04-24 04:13:55.559 13 INFO neutron.plugins.ml2.plugin [None req-9ecbbdb0-2218-403a-af50-3107afa9a4e7 - - - - - -] Attempt 1 to provision port 9f893cb6-5773-4ad8-8b64-9b5b728d224a
2026-04-24 04:14:19.552 13 INFO neutron.plugins.ml2.plugin [None req-9ecbbdb0-2218-403a-af50-3107afa9a4e7 - - - - - -] Attempt 1 to provision port 0806a47f-2132-4481-acc6-bbd8a99c6d89
2026-04-24 04:14:20.112 16 INFO neutron.plugins.ml2.plugin [None req-65b408dc-eedb-4c6a-a571-69b7fb60ea01 - - - - - -] Attempt 1 to provision port 0806a47f-2132-4481-acc6-bbd8a99c6d89
2026-04-24 04:14:24.020 13 INFO neutron.plugins.ml2.plugin [None req-84926be5-1dcb-4a19-aa4d-3f01d546e73a - - - - - -] Attempt 1 to provision port 57489471-18c1-4f04-9553-564489e23124
2026-04-24 04:14:40.164 13 INFO neutron.plugins.ml2.plugin [None req-9ecbbdb0-2218-403a-af50-3107afa9a4e7 - - - - - -] Attempt 1 to provision port 6477a86c-ecd9-4a84-88de-4d3d66812237
2026-04-24 04:14:40.304 13 INFO neutron.notifiers.nova [-] Nova event matching ['req-48c20543-7475-4a7a-80db-e1ac9837eaae'] response: {'server_uuid': '8d5c91c2-cfdd-4327-a743-c8fb9307e316', 'name': 'network-vif-plugged', 'status': 'completed', 'tag': '6477a86c-ecd9-4a84-88de-4d3d66812237', 'code': 200}
2026-04-24 04:14:41.583 16 INFO neutron.plugins.ml2.plugin [None req-9ecbbdb0-2218-403a-af50-3107afa9a4e7 - - - - - -] Attempt 1 to provision port 6477a86c-ecd9-4a84-88de-4d3d66812237
2026-04-24 04:15:16.941 13 INFO neutron.plugins.ml2.plugin [None req-4df3eb42-ebc3-497b-80e6-bd262ea3ce9f - - - - - -] Attempt 1 to provision port 3dac362a-cae3-45fb-b0d3-f29535347c9b
2026-04-24 04:15:23.627 16 INFO neutron.plugins.ml2.plugin [None req-9ecbbdb0-2218-403a-af50-3107afa9a4e7 - - - - - -] Attempt 1 to provision port 3dac362a-cae3-45fb-b0d3-f29535347c9b
2026-04-24 04:15:23.800 16 INFO neutron.notifiers.nova [-] Nova event matching ['req-d073492f-1051-4e70-a4e6-69ac2fb61fab'] response: {'server_uuid': '8d5c91c2-cfdd-4327-a743-c8fb9307e316', 'name': 'network-vif-plugged', 'status': 'completed', 'tag': '3dac362a-cae3-45fb-b0d3-f29535347c9b', 'code': 200}
2026-04-24 04:15:25.574 13 INFO neutron.plugins.ml2.plugin [None req-9ecbbdb0-2218-403a-af50-3107afa9a4e7 - - - - - -] Attempt 1 to provision port 3dac362a-cae3-45fb-b0d3-f29535347c9b
2026-04-24 04:15:28.099 13 INFO neutron.plugins.ml2.plugin [None req-9ecbbdb0-2218-403a-af50-3107afa9a4e7 - - - - - -] Attempt 1 to provision port 3dac362a-cae3-45fb-b0d3-f29535347c9b
2026-04-24 04:15:54.099 13 INFO neutron.plugins.ml2.plugin [None req-73427e8c-b782-49a2-8246-b6ab83b26f05 - - - - - -] Attempt 1 to provision port 40bdd270-2099-40e6-8172-e4e980ae962e
2026-04-24 04:16:01.147 13 INFO neutron.plugins.ml2.plugin [None req-9ecbbdb0-2218-403a-af50-3107afa9a4e7 - - - - - -] Attempt 1 to provision port 40bdd270-2099-40e6-8172-e4e980ae962e
2026-04-24 04:16:01.289 13 INFO neutron.notifiers.nova [-] Nova event matching ['req-c79c4256-699f-47ee-ad9e-2e6af5e29f6a'] response: {'server_uuid': '8d5c91c2-cfdd-4327-a743-c8fb9307e316', 'name': 'network-vif-plugged', 'status': 'completed', 'tag': '40bdd270-2099-40e6-8172-e4e980ae962e', 'code': 200}
2026-04-24 04:16:01.757 16 INFO neutron.plugins.ml2.plugin [None req-9ecbbdb0-2218-403a-af50-3107afa9a4e7 - - - - - -] Attempt 1 to provision port 40bdd270-2099-40e6-8172-e4e980ae962e
2026-04-24 04:16:14.945 16 INFO neutron.plugins.ml2.plugin [None req-5d47a8ed-a1bf-417d-974f-47afec9164e5 - - - - - -] Attempt 1 to provision port f8f65586-d18d-4c1f-a07a-59840682121d
2026-04-24 04:16:21.800 13 INFO neutron.plugins.ml2.plugin [None req-9ecbbdb0-2218-403a-af50-3107afa9a4e7 - - - - - -] Attempt 1 to provision port f8f65586-d18d-4c1f-a07a-59840682121d
2026-04-24 04:16:21.903 13 INFO neutron.notifiers.nova [-] Nova event matching ['req-d9c0f7af-d650-4a49-9f06-973b92f51b81'] response: {'server_uuid': '8d5c91c2-cfdd-4327-a743-c8fb9307e316', 'name': 'network-vif-plugged', 'status': 'completed', 'tag': 'f8f65586-d18d-4c1f-a07a-59840682121d', 'code': 200}
2026-04-24 04:16:23.778 16 INFO neutron.plugins.ml2.plugin [None req-9ecbbdb0-2218-403a-af50-3107afa9a4e7 - - - - - -] Attempt 1 to provision port f8f65586-d18d-4c1f-a07a-59840682121d
2026-04-24 04:16:25.163 16 INFO neutron.plugins.ml2.plugin [None req-709af909-2903-450b-a3c4-2727ff450fdc - - - - - -] Attempt 1 to provision port 40bdd270-2099-40e6-8172-e4e980ae962e
2026-04-24 04:16:25.797 13 INFO neutron.plugins.ml2.plugin [None req-9ecbbdb0-2218-403a-af50-3107afa9a4e7 - - - - - -] Attempt 1 to provision port 40bdd270-2099-40e6-8172-e4e980ae962e
2026-04-24 04:16:38.917 13 INFO neutron.plugins.ml2.plugin [None req-3aef251b-40e3-441d-8296-cafa028546ef - - - - - -] Attempt 1 to provision port f8f65586-d18d-4c1f-a07a-59840682121d
2026-04-24 04:16:39.840 13 INFO neutron.plugins.ml2.plugin [None req-9ecbbdb0-2218-403a-af50-3107afa9a4e7 - - - - - -] Attempt 1 to provision port f8f65586-d18d-4c1f-a07a-59840682121d
2026-04-24 04:16:40.259 16 INFO neutron.plugins.ml2.plugin [None req-02e2190f-f443-4b09-9eb9-ee408e0c5ab6 - - - - - -] Attempt 1 to provision port f8f65586-d18d-4c1f-a07a-59840682121d
2026-04-24 04:16:49.115 16 INFO neutron.plugins.ml2.plugin [None req-b9f54062-1590-48a7-89ff-87a7387ff77f - - - - - -] Attempt 1 to provision port 40bdd270-2099-40e6-8172-e4e980ae962e
2026-04-24 04:16:49.827 13 INFO neutron.plugins.ml2.plugin [None req-9ecbbdb0-2218-403a-af50-3107afa9a4e7 - - - - - -] Attempt 1 to provision port 40bdd270-2099-40e6-8172-e4e980ae962e
2026-04-24 04:16:51.904 16 INFO neutron.plugins.ml2.plugin [None req-9ecbbdb0-2218-403a-af50-3107afa9a4e7 - - - - - -] No ports have port_id starting with 40bdd270-2099-40e6-8172-e4e980ae962e
2026-04-24 04:17:21.963 13 INFO neutron.notifiers.nova [-] Nova event matching ['req-8e15e844-cc76-47a9-ab0b-cd9d73ce0cb7'] response: {'server_uuid': '8a01d266-ae95-47c1-958d-8dd7f7c3e5f3', 'name': 'network-vif-unplugged', 'status': 'completed', 'tag': '9f893cb6-5773-4ad8-8b64-9b5b728d224a', 'code': 200}