2026-09-08 17:07:40.192 7 INFO placement.requestlog [req-46d235a5-64fa-42cf-97be-f3313eef25c3 req-ca011a99-4e9a-4bd0-b2f0-dfee3af59fdc 8256cba4e9d749439996e2afa41a6621 f707caa40215444f9907d029809604e9 - - 3bb9226f004f4557a4fcdbdca74cd759 3bb9226f004f4557a4fcdbdca74cd759] 162.253.55.109 "DELETE /allocations/6d12f61d-f3d0-41c9-a653-f4cf53bb93de" status: 204 len: 0 microversion: 1.0 [pid: 7|app: 0|req: 391/782] 162.253.55.109 () {34 vars in 841 bytes} [Tue Sep 8 17:07:40 2026] DELETE /allocations/6d12f61d-f3d0-41c9-a653-f4cf53bb93de => generated 0 bytes in 32 msecs (HTTP/1.1 204) 5 headers in 198 bytes (1 switches on core 0)
2026-09-08 17:07:44.857 7 INFO placement.requestlog [None req-f01cdfa6-b3bf-4da8-8ad2-968c8fd105b5 cdcd1b9a75474621bec8987e02c8e373 f707caa40215444f9907d029809604e9 - - 3bb9226f004f4557a4fcdbdca74cd759 3bb9226f004f4557a4fcdbdca74cd759] 10.0.0.172 "GET /resource_providers/0554bbfc-2b94-4e4d-9088-8513a23050c4/aggregates" status: 404 len: 235 microversion: 1.1 [pid: 7|app: 0|req: 392/783] 10.0.0.172 () {32 vars in 816 bytes} [Tue Sep 8 17:07:44 2026] GET /resource_providers/0554bbfc-2b94-4e4d-9088-8513a23050c4/aggregates => generated 235 bytes in 15 msecs (HTTP/1.1 404) 5 headers in 202 bytes (1 switches on core 0)
2026-09-08 17:07:44.861 8 INFO placement.requestlog [None req-3668de13-0929-4c05-9041-88e7f1427096 cdcd1b9a75474621bec8987e02c8e373 f707caa40215444f9907d029809604e9 - - 3bb9226f004f4557a4fcdbdca74cd759 3bb9226f004f4557a4fcdbdca74cd759] 10.0.0.172 "GET /resource_providers/0554bbfc-2b94-4e4d-9088-8513a23050c4/aggregates" status: 404 len: 235 microversion: 1.1 [pid: 8|app: 0|req: 392/784] 10.0.0.172 () {32 vars in 816 bytes} [Tue Sep 8 17:07:44 2026] GET /resource_providers/0554bbfc-2b94-4e4d-9088-8513a23050c4/aggregates => generated 235 bytes in 21 msecs (HTTP/1.1 404) 5 headers in 202 bytes (1 switches on core 0)
2026-09-08 17:07:44.880 7 INFO placement.requestlog [None req-c26457a1-9232-448c-9d98-cc96d43de4cb cdcd1b9a75474621bec8987e02c8e373 f707caa40215444f9907d029809604e9 - - 3bb9226f004f4557a4fcdbdca74cd759 3bb9226f004f4557a4fcdbdca74cd759] 10.0.0.172 "DELETE /resource_providers/0554bbfc-2b94-4e4d-9088-8513a23050c4" status: 404 len: 246 microversion: 1.1 [pid: 7|app: 0|req: 393/785] 10.0.0.172 () {34 vars in 816 bytes} [Tue Sep 8 17:07:44 2026] DELETE /resource_providers/0554bbfc-2b94-4e4d-9088-8513a23050c4 => generated 246 bytes in 7 msecs (HTTP/1.1 404) 6 headers in 231 bytes (1 switches on core 0)
2026-09-08 17:07:44.890 8 INFO placement.requestlog [None req-7d44aa1b-5d00-4f22-ab43-00d960653ff0 cdcd1b9a75474621bec8987e02c8e373 f707caa40215444f9907d029809604e9 - - 3bb9226f004f4557a4fcdbdca74cd759 3bb9226f004f4557a4fcdbdca74cd759] 10.0.0.172 "DELETE /resource_providers/0554bbfc-2b94-4e4d-9088-8513a23050c4" status: 404 len: 246 microversion: 1.1 [pid: 8|app: 0|req: 393/786] 10.0.0.172 () {34 vars in 816 bytes} [Tue Sep 8 17:07:44 2026] DELETE /resource_providers/0554bbfc-2b94-4e4d-9088-8513a23050c4 => generated 246 bytes in 16 msecs (HTTP/1.1 404) 6 headers in 231 bytes (1 switches on core 0)
2026-09-08 17:07:45.113 7 INFO placement.requestlog [None req-3b3a80a7-6eae-4ece-bc18-ede8eea7c205 cdcd1b9a75474621bec8987e02c8e373 f707caa40215444f9907d029809604e9 - - 3bb9226f004f4557a4fcdbdca74cd759 3bb9226f004f4557a4fcdbdca74cd759] 10.0.0.172 "GET /resource_providers/0280463a-c7d6-4eb4-8d9c-4d237ce88f94/aggregates" status: 404 len: 235 microversion: 1.1 [pid: 7|app: 0|req: 394/787] 10.0.0.172 () {32 vars in 816 bytes} [Tue Sep 8 17:07:45 2026] GET /resource_providers/0280463a-c7d6-4eb4-8d9c-4d237ce88f94/aggregates => generated 235 bytes in 12 msecs (HTTP/1.1 404) 5 headers in 202 bytes (1 switches on core 0)
2026-09-08 17:07:45.116 8 INFO placement.requestlog [None req-4153895e-8950-4759-98d2-7a9f67aa7b51 cdcd1b9a75474621bec8987e02c8e373 f707caa40215444f9907d029809604e9 - - 3bb9226f004f4557a4fcdbdca74cd759 3bb9226f004f4557a4fcdbdca74cd759] 10.0.0.172 "GET /resource_providers/0280463a-c7d6-4eb4-8d9c-4d237ce88f94/aggregates" status: 404 len: 235 microversion: 1.1 [pid: 8|app: 0|req: 394/788] 10.0.0.172 () {32 vars in 816 bytes} [Tue Sep 8 17:07:45 2026] GET /resource_providers/0280463a-c7d6-4eb4-8d9c-4d237ce88f94/aggregates => generated 235 bytes in 12 msecs (HTTP/1.1 404) 5 headers in 202 bytes (1 switches on core 0)
2026-09-08 17:07:45.135 7 INFO placement.requestlog [None req-0de849d1-7be0-4a38-a407-fa1cd9ba3351 cdcd1b9a75474621bec8987e02c8e373 f707caa40215444f9907d029809604e9 - - 3bb9226f004f4557a4fcdbdca74cd759 3bb9226f004f4557a4fcdbdca74cd759] 10.0.0.172 "DELETE /resource_providers/0280463a-c7d6-4eb4-8d9c-4d237ce88f94" status: 404 len: 246 microversion: 1.1 [pid: 7|app: 0|req: 395/789] 10.0.0.172 () {34 vars in 816 bytes} [Tue Sep 8 17:07:45 2026] DELETE /resource_providers/0280463a-c7d6-4eb4-8d9c-4d237ce88f94 => generated 246 bytes in 11 msecs (HTTP/1.1 404) 6 headers in 231 bytes (1 switches on core 0)
2026-09-08 17:07:45.142 8 INFO placement.requestlog [None req-df57019d-11d2-4c19-a357-b8243e35f7ab cdcd1b9a75474621bec8987e02c8e373 f707caa40215444f9907d029809604e9 - - 3bb9226f004f4557a4fcdbdca74cd759 3bb9226f004f4557a4fcdbdca74cd759] 10.0.0.172 "DELETE /resource_providers/0280463a-c7d6-4eb4-8d9c-4d237ce88f94" status: 404 len: 246 microversion: 1.1 [pid: 8|app: 0|req: 395/790] 10.0.0.172 () {34 vars in 816 bytes} [Tue Sep 8 17:07:45 2026] DELETE /resource_providers/0280463a-c7d6-4eb4-8d9c-4d237ce88f94 => generated 246 bytes in 11 msecs (HTTP/1.1 404) 6 headers in 231 bytes (1 switches on core 0)
2026-09-08 17:07:45.341 7 INFO placement.requestlog [None req-b418974d-bc4a-4021-9c13-8c52da870d50 - - - - - -] 10.0.0.170 "GET /" status: 200 len: 136 microversion: 1.0
2026-09-08 17:07:45.342 8 INFO placement.requestlog [None req-a09a15a5-0273-48ec-b9a2-28dfe248a99d - - - - - -] 10.0.0.170 "GET /" status: 200 len: 136 microversion: 1.0
2026-09-08 17:07:53.508 7 INFO placement.requestlog [None req-bbf62cdc-d476-4002-88e6-8067025680e0 cdcd1b9a75474621bec8987e02c8e373 f707caa40215444f9907d029809604e9 - - 3bb9226f004f4557a4fcdbdca74cd759 3bb9226f004f4557a4fcdbdca74cd759] 10.0.0.172 "GET /resource_providers/7b56fb95-0256-4ea7-8f1d-0644a9cb3669/aggregates" status: 404 len: 235 microversion: 1.1 [pid: 7|app: 0|req: 397/793] 10.0.0.172 () {32 vars in 816 bytes} [Tue Sep 8 17:07:53 2026] GET /resource_providers/7b56fb95-0256-4ea7-8f1d-0644a9cb3669/aggregates => generated 235 bytes in 15 msecs (HTTP/1.1 404) 5 headers in 202 bytes (1 switches on core 0)
2026-09-08 17:07:53.510 8 INFO placement.requestlog [None req-09ace830-2f59-41c4-b754-da0fe19b16c9 cdcd1b9a75474621bec8987e02c8e373 f707caa40215444f9907d029809604e9 - - 3bb9226f004f4557a4fcdbdca74cd759 3bb9226f004f4557a4fcdbdca74cd759] 10.0.0.172 "GET /resource_providers/7b56fb95-0256-4ea7-8f1d-0644a9cb3669/aggregates" status: 404 len: 235 microversion: 1.1 [pid: 8|app: 0|req: 397/794] 10.0.0.172 () {32 vars in 816 bytes} [Tue Sep 8 17:07:53 2026] GET /resource_providers/7b56fb95-0256-4ea7-8f1d-0644a9cb3669/aggregates => generated 235 bytes in 15 msecs (HTTP/1.1 404) 5 headers in 202 bytes (1 switches on core 0)
2026-09-08 17:07:53.531 7 INFO placement.requestlog [None req-e91fc16e-1364-4914-9e60-d6a714c1aa31 cdcd1b9a75474621bec8987e02c8e373 f707caa40215444f9907d029809604e9 - - 3bb9226f004f4557a4fcdbdca74cd759 3bb9226f004f4557a4fcdbdca74cd759] 10.0.0.172 "DELETE /resource_providers/7b56fb95-0256-4ea7-8f1d-0644a9cb3669" status: 404 len: 246 microversion: 1.1 [pid: 7|app: 0|req: 398/795] 10.0.0.172 () {34 vars in 816 bytes} [Tue Sep 8 17:07:53 2026] DELETE /resource_providers/7b56fb95-0256-4ea7-8f1d-0644a9cb3669 => generated 246 bytes in 11 msecs (HTTP/1.1 404) 6 headers in 231 bytes (1 switches on core 0)
2026-09-08 17:07:53.533 8 INFO placement.requestlog [None req-3034c9a2-2772-4687-9d0d-fcb2ea5d9e14 cdcd1b9a75474621bec8987e02c8e373 f707caa40215444f9907d029809604e9 - - 3bb9226f004f4557a4fcdbdca74cd759 3bb9226f004f4557a4fcdbdca74cd759] 10.0.0.172 "DELETE /resource_providers/7b56fb95-0256-4ea7-8f1d-0644a9cb3669" status: 404 len: 246 microversion: 1.1 [pid: 8|app: 0|req: 398/796] 10.0.0.172 () {34 vars in 816 bytes} [Tue Sep 8 17:07:53 2026] DELETE /resource_providers/7b56fb95-0256-4ea7-8f1d-0644a9cb3669 => generated 246 bytes in 11 msecs (HTTP/1.1 404) 6 headers in 231 bytes (1 switches on core 0)
2026-09-08 17:07:55.341 7 INFO placement.requestlog [None req-9933b688-363a-4338-950e-a3909a9f8517 - - - - - -] 10.0.0.170 "GET /" status: 200 len: 136 microversion: 1.0
2026-09-08 17:07:55.341 8 INFO placement.requestlog [None req-e16b3a04-b5c3-49dc-82dc-d34455c190f0 - - - - - -] 10.0.0.170 "GET /" status: 200 len: 136 microversion: 1.0
2026-09-08 17:07:59.936 7 INFO placement.requestlog [req-3c6e8901-4ea9-46fc-8ae2-f4642dfe9447 req-252574d0-3f91-47f7-90ef-0a91722295fc 8256cba4e9d749439996e2afa41a6621 f707caa40215444f9907d029809604e9 - - 3bb9226f004f4557a4fcdbdca74cd759 3bb9226f004f4557a4fcdbdca74cd759] 10.0.0.121 "GET /allocation_candidates?limit=1000&resources=DISK_GB%3A1%2CMEMORY_MB%3A512%2CVCPU%3A1&root_required=%21COMPUTE_STATUS_DISABLED" status: 200 len: 2640 microversion: 1.36 [pid: 7|app: 0|req: 400/799] 10.0.0.121 () {34 vars in 1012 bytes} [Tue Sep 8 17:07:59 2026] GET /allocation_candidates?limit=1000&resources=DISK_GB%3A1%2CMEMORY_MB%3A512%2CVCPU%3A1&root_required=%21COMPUTE_STATUS_DISABLED => generated 2640 bytes in 66 msecs (HTTP/1.1 200) 8 headers in 297 bytes (1 switches on core 0)
2026-09-08 17:07:59.981 8 INFO placement.requestlog [req-3c6e8901-4ea9-46fc-8ae2-f4642dfe9447 req-15146116-80bd-44e2-b514-44a3ac8ea87b 8256cba4e9d749439996e2afa41a6621 f707caa40215444f9907d029809604e9 - - 3bb9226f004f4557a4fcdbdca74cd759 3bb9226f004f4557a4fcdbdca74cd759] 10.0.0.121 "GET /allocations/c48cda83-c80c-4d5b-b9cf-bda43b8345bd" status: 200 len: 19 microversion: 1.28 [pid: 8|app: 0|req: 400/800] 10.0.0.121 () {34 vars in 861 bytes} [Tue Sep 8 17:07:59 2026] GET /allocations/c48cda83-c80c-4d5b-b9cf-bda43b8345bd => generated 19 bytes in 12 msecs (HTTP/1.1 200) 8 headers in 295 bytes (1 switches on core 0)
2026-09-08 17:08:00.058 7 INFO placement.requestlog [req-3c6e8901-4ea9-46fc-8ae2-f4642dfe9447 req-558c0a3e-3a9a-4222-972d-a58c57f22a69 8256cba4e9d749439996e2afa41a6621 f707caa40215444f9907d029809604e9 - - 3bb9226f004f4557a4fcdbdca74cd759 3bb9226f004f4557a4fcdbdca74cd759] 10.0.0.121 "PUT /allocations/c48cda83-c80c-4d5b-b9cf-bda43b8345bd" status: 204 len: 0 microversion: 1.36 [pid: 7|app: 0|req: 401/801] 10.0.0.121 () {38 vars in 914 bytes} [Tue Sep 8 17:07:59 2026] PUT /allocations/c48cda83-c80c-4d5b-b9cf-bda43b8345bd => generated 0 bytes in 73 msecs (HTTP/1.1 204) 5 headers in 199 bytes (1 switches on core 0)
2026-09-08 17:08:01.708 8 INFO placement.requestlog [req-3c6e8901-4ea9-46fc-8ae2-f4642dfe9447 req-0af1a816-e67d-46ea-9de6-a69cc6309414 8256cba4e9d749439996e2afa41a6621 f707caa40215444f9907d029809604e9 - - 3bb9226f004f4557a4fcdbdca74cd759 3bb9226f004f4557a4fcdbdca74cd759] 162.253.55.109 "GET /allocations/c48cda83-c80c-4d5b-b9cf-bda43b8345bd" status: 200 len: 257 microversion: 1.28 [pid: 8|app: 0|req: 401/802] 162.253.55.109 () {34 vars in 863 bytes} [Tue Sep 8 17:08:01 2026] GET /allocations/c48cda83-c80c-4d5b-b9cf-bda43b8345bd => generated 257 bytes in 157 msecs (HTTP/1.1 200) 8 headers in 296 bytes (1 switches on core 0)
2026-09-08 17:08:02.747 7 INFO placement.requestlog [req-3c6e8901-4ea9-46fc-8ae2-f4642dfe9447 req-280fed18-8a01-46c1-9f47-467a5cacff87 8256cba4e9d749439996e2afa41a6621 f707caa40215444f9907d029809604e9 - - 3bb9226f004f4557a4fcdbdca74cd759 3bb9226f004f4557a4fcdbdca74cd759] 162.253.55.109 "GET /resource_providers?in_tree=91bd27ca-1b3b-424c-8fe1-a719d231df8c" status: 200 len: 797 microversion: 1.14 [pid: 7|app: 0|req: 402/803] 162.253.55.109 () {34 vars in 892 bytes} [Tue Sep 8 17:08:02 2026] GET /resource_providers?in_tree=91bd27ca-1b3b-424c-8fe1-a719d231df8c => generated 797 bytes in 15 msecs (HTTP/1.1 200) 6 headers in 225 bytes (1 switches on core 0)
2026-09-08 17:08:02.764 8 INFO placement.requestlog [req-3c6e8901-4ea9-46fc-8ae2-f4642dfe9447 req-7a60181e-e494-467f-ac38-11ed260d746d 8256cba4e9d749439996e2afa41a6621 f707caa40215444f9907d029809604e9 - - 3bb9226f004f4557a4fcdbdca74cd759 3bb9226f004f4557a4fcdbdca74cd759] 162.253.55.109 "GET /resource_providers/91bd27ca-1b3b-424c-8fe1-a719d231df8c/inventories" status: 200 len: 400 microversion: 1.0 [pid: 8|app: 0|req: 402/804] 162.253.55.109 () {32 vars in 857 bytes} [Tue Sep 8 17:08:02 2026] GET /resource_providers/91bd27ca-1b3b-424c-8fe1-a719d231df8c/inventories => generated 400 bytes in 14 msecs (HTTP/1.1 200) 6 headers in 224 bytes (1 switches on core 0)
2026-09-08 17:08:02.782 7 INFO placement.requestlog [req-3c6e8901-4ea9-46fc-8ae2-f4642dfe9447 req-cb01a5fb-4a0f-40f4-afe1-2cdbc5a04666 8256cba4e9d749439996e2afa41a6621 f707caa40215444f9907d029809604e9 - - 3bb9226f004f4557a4fcdbdca74cd759 3bb9226f004f4557a4fcdbdca74cd759] 162.253.55.109 "GET /resource_providers/91bd27ca-1b3b-424c-8fe1-a719d231df8c/aggregates" status: 200 len: 53 microversion: 1.19 [pid: 7|app: 0|req: 403/805] 162.253.55.109 () {34 vars in 899 bytes} [Tue Sep 8 17:08:02 2026] GET /resource_providers/91bd27ca-1b3b-424c-8fe1-a719d231df8c/aggregates => generated 53 bytes in 12 msecs (HTTP/1.1 200) 8 headers in 295 bytes (1 switches on core 0)
2026-09-08 17:08:02.806 8 INFO placement.requestlog [req-3c6e8901-4ea9-46fc-8ae2-f4642dfe9447 req-e23d0d20-269d-4784-95a0-373f3dc71b6e 8256cba4e9d749439996e2afa41a6621 f707caa40215444f9907d029809604e9 - - 3bb9226f004f4557a4fcdbdca74cd759 3bb9226f004f4557a4fcdbdca74cd759] 162.253.55.109 "GET /resource_providers/91bd27ca-1b3b-424c-8fe1-a719d231df8c/traits" status: 200 len: 2175 microversion: 1.6 [pid: 8|app: 0|req: 403/806] 162.253.55.109 () {34 vars in 890 bytes} [Tue Sep 8 17:08:02 2026] GET /resource_providers/91bd27ca-1b3b-424c-8fe1-a719d231df8c/traits => generated 2175 bytes in 20 msecs (HTTP/1.1 200) 6 headers in 225 bytes (1 switches on core 0)
2026-09-08 17:08:02.824 7 INFO placement.requestlog [req-3c6e8901-4ea9-46fc-8ae2-f4642dfe9447 req-990d95e7-47f4-45ad-99a1-1f945f1549bf 8256cba4e9d749439996e2afa41a6621 f707caa40215444f9907d029809604e9 - - 3bb9226f004f4557a4fcdbdca74cd759 3bb9226f004f4557a4fcdbdca74cd759] 162.253.55.109 "GET /resource_providers/91bd27ca-1b3b-424c-8fe1-a719d231df8c/allocations" status: 200 len: 152 microversion: 1.0 [pid: 7|app: 0|req: 404/807] 162.253.55.109 () {32 vars in 857 bytes} [Tue Sep 8 17:08:02 2026] GET /resource_providers/91bd27ca-1b3b-424c-8fe1-a719d231df8c/allocations => generated 152 bytes in 12 msecs (HTTP/1.1 200) 6 headers in 224 bytes (1 switches on core 0)
2026-09-08 17:08:02.840 8 INFO placement.requestlog [req-3c6e8901-4ea9-46fc-8ae2-f4642dfe9447 req-535aaa62-7442-4527-b22a-be4bc3b3f195 8256cba4e9d749439996e2afa41a6621 f707caa40215444f9907d029809604e9 - - 3bb9226f004f4557a4fcdbdca74cd759 3bb9226f004f4557a4fcdbdca74cd759] 162.253.55.109 "GET /allocations/c48cda83-c80c-4d5b-b9cf-bda43b8345bd" status: 200 len: 257 microversion: 1.28 [pid: 8|app: 0|req: 404/808] 162.253.55.109 () {34 vars in 863 bytes} [Tue Sep 8 17:08:02 2026] GET /allocations/c48cda83-c80c-4d5b-b9cf-bda43b8345bd => generated 257 bytes in 8 msecs (HTTP/1.1 200) 8 headers in 296 bytes (1 switches on core 0)
2026-09-08 17:08:05.341 7 INFO placement.requestlog [None req-58110c3e-7f4f-4b71-8cc1-4cb43830ca21 - - - - - -] 10.0.0.170 "GET /" status: 200 len: 136 microversion: 1.0
2026-09-08 17:08:05.341 8 INFO placement.requestlog [None req-5b60e9e2-abfd-40fa-a8c8-f941f02c16fe - - - - - -] 10.0.0.170 "GET /" status: 200 len: 136 microversion: 1.0
2026-09-08 17:08:07.645 7 INFO placement.requestlog [req-d561b858-4f3e-49ec-993c-0d823eba1942 req-1855b486-2e79-4673-85ec-1864345ee175 8256cba4e9d749439996e2afa41a6621 f707caa40215444f9907d029809604e9 - - 3bb9226f004f4557a4fcdbdca74cd759 3bb9226f004f4557a4fcdbdca74cd759] 162.253.55.109 "GET /resource_providers/91bd27ca-1b3b-424c-8fe1-a719d231df8c/allocations" status: 200 len: 152 microversion: 1.0 [pid: 7|app: 0|req: 406/811] 162.253.55.109 () {32 vars in 857 bytes} [Tue Sep 8 17:08:07 2026] GET /resource_providers/91bd27ca-1b3b-424c-8fe1-a719d231df8c/allocations => generated 152 bytes in 16 msecs (HTTP/1.1 200) 6 headers in 224 bytes (1 switches on core 0)
2026-09-08 17:08:07.662 8 INFO placement.requestlog [req-d561b858-4f3e-49ec-993c-0d823eba1942 req-64b36340-9880-4e89-a2af-a6b79514ed85 8256cba4e9d749439996e2afa41a6621 f707caa40215444f9907d029809604e9 - - 3bb9226f004f4557a4fcdbdca74cd759 3bb9226f004f4557a4fcdbdca74cd759] 162.253.55.109 "GET /resource_providers/91bd27ca-1b3b-424c-8fe1-a719d231df8c/allocations" status: 200 len: 152 microversion: 1.0 [pid: 8|app: 0|req: 406/812] 162.253.55.109 () {32 vars in 857 bytes} [Tue Sep 8 17:08:07 2026] GET /resource_providers/91bd27ca-1b3b-424c-8fe1-a719d231df8c/allocations => generated 152 bytes in 13 msecs (HTTP/1.1 200) 6 headers in 224 bytes (1 switches on core 0)
2026-09-08 17:08:07.676 7 INFO placement.requestlog [req-d561b858-4f3e-49ec-993c-0d823eba1942 req-c9dac675-7ccb-4099-bbca-2975a7cdc4fb 8256cba4e9d749439996e2afa41a6621 f707caa40215444f9907d029809604e9 - - 3bb9226f004f4557a4fcdbdca74cd759 3bb9226f004f4557a4fcdbdca74cd759] 162.253.55.109 "GET /allocations/c48cda83-c80c-4d5b-b9cf-bda43b8345bd" status: 200 len: 257 microversion: 1.28 [pid: 7|app: 0|req: 407/813] 162.253.55.109 () {34 vars in 863 bytes} [Tue Sep 8 17:08:07 2026] GET /allocations/c48cda83-c80c-4d5b-b9cf-bda43b8345bd => generated 257 bytes in 10 msecs (HTTP/1.1 200) 8 headers in 296 bytes (1 switches on core 0)
2026-09-08 17:08:11.429 8 INFO placement.requestlog [req-7b0242ab-511f-4ee9-a2c4-5a27f82380d4 req-8f654764-8144-429d-8451-ce7462458177 8256cba4e9d749439996e2afa41a6621 f707caa40215444f9907d029809604e9 - - 3bb9226f004f4557a4fcdbdca74cd759 3bb9226f004f4557a4fcdbdca74cd759] 10.0.0.121 "GET /allocation_candidates?limit=1000&resources=DISK_GB%3A1%2CMEMORY_MB%3A512%2CVCPU%3A1&root_required=%21COMPUTE_STATUS_DISABLED" status: 200 len: 2642 microversion: 1.36 [pid: 8|app: 0|req: 407/814] 10.0.0.121 () {34 vars in 1012 bytes} [Tue Sep 8 17:08:11 2026] GET /allocation_candidates?limit=1000&resources=DISK_GB%3A1%2CMEMORY_MB%3A512%2CVCPU%3A1&root_required=%21COMPUTE_STATUS_DISABLED => generated 2642 bytes in 63 msecs (HTTP/1.1 200) 8 headers in 297 bytes (1 switches on core 0)
2026-09-08 17:08:11.466 7 INFO placement.requestlog [req-7b0242ab-511f-4ee9-a2c4-5a27f82380d4 req-c7a599eb-ccf3-451e-a221-ffdf64ecb209 8256cba4e9d749439996e2afa41a6621 f707caa40215444f9907d029809604e9 - - 3bb9226f004f4557a4fcdbdca74cd759 3bb9226f004f4557a4fcdbdca74cd759] 10.0.0.121 "GET /allocations/07b3e106-70da-4327-b814-2b0451f8bce7" status: 200 len: 19 microversion: 1.28 [pid: 7|app: 0|req: 408/815] 10.0.0.121 () {34 vars in 861 bytes} [Tue Sep 8 17:08:11 2026] GET /allocations/07b3e106-70da-4327-b814-2b0451f8bce7 => generated 19 bytes in 13 msecs (HTTP/1.1 200) 8 headers in 295 bytes (1 switches on core 0)
2026-09-08 17:08:11.569 8 INFO placement.requestlog [req-7b0242ab-511f-4ee9-a2c4-5a27f82380d4 req-666d6966-a983-416d-9a56-df8c0bc03b04 8256cba4e9d749439996e2afa41a6621 f707caa40215444f9907d029809604e9 - - 3bb9226f004f4557a4fcdbdca74cd759 3bb9226f004f4557a4fcdbdca74cd759] 10.0.0.121 "PUT /allocations/07b3e106-70da-4327-b814-2b0451f8bce7" status: 204 len: 0 microversion: 1.36 [pid: 8|app: 0|req: 408/816] 10.0.0.121 () {38 vars in 914 bytes} [Tue Sep 8 17:08:11 2026] PUT /allocations/07b3e106-70da-4327-b814-2b0451f8bce7 => generated 0 bytes in 97 msecs (HTTP/1.1 204) 5 headers in 199 bytes (1 switches on core 0)
2026-09-08 17:08:12.997 7 INFO placement.requestlog [req-7b0242ab-511f-4ee9-a2c4-5a27f82380d4 req-3ae8fedf-c58e-4834-925d-722c38c69527 8256cba4e9d749439996e2afa41a6621 f707caa40215444f9907d029809604e9 - - 3bb9226f004f4557a4fcdbdca74cd759 3bb9226f004f4557a4fcdbdca74cd759] 162.253.55.109 "GET /allocations/07b3e106-70da-4327-b814-2b0451f8bce7" status: 200 len: 257 microversion: 1.28 [pid: 7|app: 0|req: 409/817] 162.253.55.109 () {34 vars in 863 bytes} [Tue Sep 8 17:08:12 2026] GET /allocations/07b3e106-70da-4327-b814-2b0451f8bce7 => generated 257 bytes in 15 msecs (HTTP/1.1 200) 8 headers in 296 bytes (1 switches on core 0)
2026-09-08 17:08:14.067 8 INFO placement.requestlog [req-7b0242ab-511f-4ee9-a2c4-5a27f82380d4 req-71a23627-5f0a-4be8-af9b-dabf6e83cb2f 8256cba4e9d749439996e2afa41a6621 f707caa40215444f9907d029809604e9 - - 3bb9226f004f4557a4fcdbdca74cd759 3bb9226f004f4557a4fcdbdca74cd759] 162.253.55.109 "GET /resource_providers/91bd27ca-1b3b-424c-8fe1-a719d231df8c/allocations" status: 200 len: 252 microversion: 1.0 [pid: 8|app: 0|req: 409/818] 162.253.55.109 () {32 vars in 857 bytes} [Tue Sep 8 17:08:14 2026] GET /resource_providers/91bd27ca-1b3b-424c-8fe1-a719d231df8c/allocations => generated 252 bytes in 47 msecs (HTTP/1.1 200) 6 headers in 224 bytes (1 switches on core 0)
2026-09-08 17:08:14.091 7 INFO placement.requestlog [req-7b0242ab-511f-4ee9-a2c4-5a27f82380d4 req-61f8b8d7-1e35-4a76-bd1e-eb1e0ea5fc9a 8256cba4e9d749439996e2afa41a6621 f707caa40215444f9907d029809604e9 - - 3bb9226f004f4557a4fcdbdca74cd759 3bb9226f004f4557a4fcdbdca74cd759] 162.253.55.109 "GET /allocations/c48cda83-c80c-4d5b-b9cf-bda43b8345bd" status: 200 len: 257 microversion: 1.28 [pid: 7|app: 0|req: 410/819] 162.253.55.109 () {34 vars in 863 bytes} [Tue Sep 8 17:08:14 2026] GET /allocations/c48cda83-c80c-4d5b-b9cf-bda43b8345bd => generated 257 bytes in 18 msecs (HTTP/1.1 200) 8 headers in 296 bytes (1 switches on core 0)
2026-09-08 17:08:14.113 8 INFO placement.requestlog [req-7b0242ab-511f-4ee9-a2c4-5a27f82380d4 req-aea4d741-7c23-432a-8bde-d2ad1b15806f 8256cba4e9d749439996e2afa41a6621 f707caa40215444f9907d029809604e9 - - 3bb9226f004f4557a4fcdbdca74cd759 3bb9226f004f4557a4fcdbdca74cd759] 162.253.55.109 "GET /allocations/07b3e106-70da-4327-b814-2b0451f8bce7" status: 200 len: 257 microversion: 1.28 [pid: 8|app: 0|req: 410/820] 162.253.55.109 () {34 vars in 863 bytes} [Tue Sep 8 17:08:14 2026] GET /allocations/07b3e106-70da-4327-b814-2b0451f8bce7 => generated 257 bytes in 14 msecs (HTTP/1.1 200) 8 headers in 296 bytes (1 switches on core 0)
2026-09-08 17:08:15.340 7 INFO placement.requestlog [None req-fd92570c-233e-4a2a-b519-fe2e2640d22e - - - - - -] 10.0.0.170 "GET /" status: 200 len: 136 microversion: 1.0
2026-09-08 17:08:15.341 8 INFO placement.requestlog [None req-41928644-f235-4f1f-add9-95084b5e6843 - - - - - -] 10.0.0.170 "GET /" status: 200 len: 136 microversion: 1.0
2026-09-08 17:08:19.219 7 INFO placement.requestlog [None req-1c266bbb-8a4e-497d-8954-87ccd33e0a1f cdcd1b9a75474621bec8987e02c8e373 f707caa40215444f9907d029809604e9 - - 3bb9226f004f4557a4fcdbdca74cd759 3bb9226f004f4557a4fcdbdca74cd759] 10.0.0.172 "GET /resource_providers/f4dfcf02-c6f9-443c-a235-27f5bcb9219b/aggregates" status: 404 len: 235 microversion: 1.1 [pid: 7|app: 0|req: 412/823] 10.0.0.172 () {32 vars in 816 bytes} [Tue Sep 8 17:08:19 2026] GET /resource_providers/f4dfcf02-c6f9-443c-a235-27f5bcb9219b/aggregates => generated 235 bytes in 10 msecs (HTTP/1.1 404) 5 headers in 202 bytes (1 switches on core 0)
2026-09-08 17:08:19.225 8 INFO placement.requestlog [None req-4402826d-e56b-44b1-b53e-71a1bb101046 cdcd1b9a75474621bec8987e02c8e373 f707caa40215444f9907d029809604e9 - - 3bb9226f004f4557a4fcdbdca74cd759 3bb9226f004f4557a4fcdbdca74cd759] 10.0.0.172 "GET /resource_providers/f4dfcf02-c6f9-443c-a235-27f5bcb9219b/aggregates" status: 404 len: 235 microversion: 1.1 [pid: 8|app: 0|req: 412/824] 10.0.0.172 () {32 vars in 816 bytes} [Tue Sep 8 17:08:19 2026] GET /resource_providers/f4dfcf02-c6f9-443c-a235-27f5bcb9219b/aggregates => generated 235 bytes in 13 msecs (HTTP/1.1 404) 5 headers in 202 bytes (1 switches on core 0)
2026-09-08 17:08:19.236 7 INFO placement.requestlog [None req-bcef31b0-56ad-4610-a4a5-f685ea80d265 cdcd1b9a75474621bec8987e02c8e373 f707caa40215444f9907d029809604e9 - - 3bb9226f004f4557a4fcdbdca74cd759 3bb9226f004f4557a4fcdbdca74cd759] 10.0.0.172 "DELETE /resource_providers/f4dfcf02-c6f9-443c-a235-27f5bcb9219b" status: 404 len: 246 microversion: 1.1 [pid: 7|app: 0|req: 413/825] 10.0.0.172 () {34 vars in 816 bytes} [Tue Sep 8 17:08:19 2026] DELETE /resource_providers/f4dfcf02-c6f9-443c-a235-27f5bcb9219b => generated 246 bytes in 8 msecs (HTTP/1.1 404) 6 headers in 231 bytes (1 switches on core 0)
2026-09-08 17:08:19.247 8 INFO placement.requestlog [None req-5bf2fa46-d5b9-4df2-897a-d99235215e39 cdcd1b9a75474621bec8987e02c8e373 f707caa40215444f9907d029809604e9 - - 3bb9226f004f4557a4fcdbdca74cd759 3bb9226f004f4557a4fcdbdca74cd759] 10.0.0.172 "DELETE /resource_providers/f4dfcf02-c6f9-443c-a235-27f5bcb9219b" status: 404 len: 246 microversion: 1.1 [pid: 8|app: 0|req: 413/826] 10.0.0.172 () {34 vars in 816 bytes} [Tue Sep 8 17:08:19 2026] DELETE /resource_providers/f4dfcf02-c6f9-443c-a235-27f5bcb9219b => generated 246 bytes in 12 msecs (HTTP/1.1 404) 6 headers in 231 bytes (1 switches on core 0)
2026-09-08 17:08:24.099 7 INFO placement.requestlog [None req-c445845c-62f7-43a4-a84a-74e96ba51fe2 cdcd1b9a75474621bec8987e02c8e373 f707caa40215444f9907d029809604e9 - - 3bb9226f004f4557a4fcdbdca74cd759 3bb9226f004f4557a4fcdbdca74cd759] 10.0.0.172 "GET /resource_providers/67b4e5fd-e798-4329-9681-4c5f3f08efcd/aggregates" status: 404 len: 235 microversion: 1.1 [pid: 7|app: 0|req: 414/827] 10.0.0.172 () {32 vars in 816 bytes} [Tue Sep 8 17:08:24 2026] GET /resource_providers/67b4e5fd-e798-4329-9681-4c5f3f08efcd/aggregates => generated 235 bytes in 11 msecs (HTTP/1.1 404) 5 headers in 202 bytes (1 switches on core 0)
2026-09-08 17:08:24.102 8 INFO placement.requestlog [None req-c9891f6f-2132-4040-b4b6-482a0a70583f cdcd1b9a75474621bec8987e02c8e373 f707caa40215444f9907d029809604e9 - - 3bb9226f004f4557a4fcdbdca74cd759 3bb9226f004f4557a4fcdbdca74cd759] 10.0.0.172 "GET /resource_providers/67b4e5fd-e798-4329-9681-4c5f3f08efcd/aggregates" status: 404 len: 235 microversion: 1.1 [pid: 8|app: 0|req: 414/828] 10.0.0.172 () {32 vars in 816 bytes} [Tue Sep 8 17:08:24 2026] GET /resource_providers/67b4e5fd-e798-4329-9681-4c5f3f08efcd/aggregates => generated 235 bytes in 14 msecs (HTTP/1.1 404) 5 headers in 202 bytes (1 switches on core 0)
2026-09-08 17:08:24.126 7 INFO placement.requestlog [None req-554f58bf-ed80-4d4a-955e-da63cdff6535 cdcd1b9a75474621bec8987e02c8e373 f707caa40215444f9907d029809604e9 - - 3bb9226f004f4557a4fcdbdca74cd759 3bb9226f004f4557a4fcdbdca74cd759] 10.0.0.172 "DELETE /resource_providers/67b4e5fd-e798-4329-9681-4c5f3f08efcd" status: 404 len: 246 microversion: 1.1 [pid: 7|app: 0|req: 415/829] 10.0.0.172 () {34 vars in 816 bytes} [Tue Sep 8 17:08:24 2026] DELETE /resource_providers/67b4e5fd-e798-4329-9681-4c5f3f08efcd => generated 246 bytes in 10 msecs (HTTP/1.1 404) 6 headers in 231 bytes (1 switches on core 0)
2026-09-08 17:08:24.132 8 INFO placement.requestlog [None req-cc9f09e6-0f71-4127-ab4a-5c5a76b3ecf2 cdcd1b9a75474621bec8987e02c8e373 f707caa40215444f9907d029809604e9 - - 3bb9226f004f4557a4fcdbdca74cd759 3bb9226f004f4557a4fcdbdca74cd759] 10.0.0.172 "DELETE /resource_providers/67b4e5fd-e798-4329-9681-4c5f3f08efcd" status: 404 len: 246 microversion: 1.1 [pid: 8|app: 0|req: 415/830] 10.0.0.172 () {34 vars in 816 bytes} [Tue Sep 8 17:08:24 2026] DELETE /resource_providers/67b4e5fd-e798-4329-9681-4c5f3f08efcd => generated 246 bytes in 16 msecs (HTTP/1.1 404) 6 headers in 231 bytes (1 switches on core 0)
2026-09-08 17:08:24.479 7 INFO placement.requestlog [None req-884b89bc-9370-403d-87e5-a0301979020c cdcd1b9a75474621bec8987e02c8e373 f707caa40215444f9907d029809604e9 - - 3bb9226f004f4557a4fcdbdca74cd759 3bb9226f004f4557a4fcdbdca74cd759] 10.0.0.172 "GET /resource_providers/8651dc46-a354-449b-bbf5-a0ab5e3b33e6/aggregates" status: 404 len: 235 microversion: 1.1 [pid: 7|app: 0|req: 416/831] 10.0.0.172 () {32 vars in 816 bytes} [Tue Sep 8 17:08:24 2026] GET /resource_providers/8651dc46-a354-449b-bbf5-a0ab5e3b33e6/aggregates => generated 235 bytes in 13 msecs (HTTP/1.1 404) 5 headers in 202 bytes (1 switches on core 0)
2026-09-08 17:08:24.482 8 INFO placement.requestlog [None req-eee749dd-f622-4f9c-a67a-92af365295f0 cdcd1b9a75474621bec8987e02c8e373 f707caa40215444f9907d029809604e9 - - 3bb9226f004f4557a4fcdbdca74cd759 3bb9226f004f4557a4fcdbdca74cd759] 10.0.0.172 "GET /resource_providers/8651dc46-a354-449b-bbf5-a0ab5e3b33e6/aggregates" status: 404 len: 235 microversion: 1.1 [pid: 8|app: 0|req: 416/832] 10.0.0.172 () {32 vars in 816 bytes} [Tue Sep 8 17:08:24 2026] GET /resource_providers/8651dc46-a354-449b-bbf5-a0ab5e3b33e6/aggregates => generated 235 bytes in 12 msecs (HTTP/1.1 404) 5 headers in 202 bytes (1 switches on core 0)
2026-09-08 17:08:24.502 8 INFO placement.requestlog [None req-e00cc9b2-dde6-4b23-8cfa-f8fdcea59fd6 cdcd1b9a75474621bec8987e02c8e373 f707caa40215444f9907d029809604e9 - - 3bb9226f004f4557a4fcdbdca74cd759 3bb9226f004f4557a4fcdbdca74cd759] 10.0.0.172 "DELETE /resource_providers/8651dc46-a354-449b-bbf5-a0ab5e3b33e6" status: 404 len: 246 microversion: 1.1 [pid: 8|app: 0|req: 417/833] 10.0.0.172 () {34 vars in 816 bytes} [Tue Sep 8 17:08:24 2026] DELETE /resource_providers/8651dc46-a354-449b-bbf5-a0ab5e3b33e6 => generated 246 bytes in 8 msecs (HTTP/1.1 404) 6 headers in 231 bytes (1 switches on core 0)
2026-09-08 17:08:24.507 7 INFO placement.requestlog [None req-0bf607f0-6aca-489d-b64b-14de32198d85 cdcd1b9a75474621bec8987e02c8e373 f707caa40215444f9907d029809604e9 - - 3bb9226f004f4557a4fcdbdca74cd759 3bb9226f004f4557a4fcdbdca74cd759] 10.0.0.172 "DELETE /resource_providers/8651dc46-a354-449b-bbf5-a0ab5e3b33e6" status: 404 len: 246 microversion: 1.1 [pid: 7|app: 0|req: 417/834] 10.0.0.172 () {34 vars in 816 bytes} [Tue Sep 8 17:08:24 2026] DELETE /resource_providers/8651dc46-a354-449b-bbf5-a0ab5e3b33e6 => generated 246 bytes in 16 msecs (HTTP/1.1 404) 6 headers in 231 bytes (1 switches on core 0)
2026-09-08 17:08:25.340 8 INFO placement.requestlog [None req-54929dcd-eaab-4ad3-987b-c4572c6c43cb - - - - - -] 10.0.0.170 "GET /" status: 200 len: 136 microversion: 1.0
2026-09-08 17:08:25.341 7 INFO placement.requestlog [None req-5b6a20f2-6f9e-4027-9fc1-27cb6d39a12b - - - - - -] 10.0.0.170 "GET /" status: 200 len: 136 microversion: 1.0
2026-09-08 17:08:29.894 8 INFO placement.requestlog [req-b3643b5d-cea4-4d78-85cc-cd71d7d7d37c req-a694331c-db4e-45ef-be2a-fab1645af258 8256cba4e9d749439996e2afa41a6621 f707caa40215444f9907d029809604e9 - - 3bb9226f004f4557a4fcdbdca74cd759 3bb9226f004f4557a4fcdbdca74cd759] 10.0.0.121 "GET /allocation_candidates?limit=1000&resources=DISK_GB%3A1%2CMEMORY_MB%3A512%2CVCPU%3A1&root_required=%21COMPUTE_STATUS_DISABLED" status: 200 len: 2643 microversion: 1.36 [pid: 8|app: 0|req: 419/837] 10.0.0.121 () {34 vars in 1012 bytes} [Tue Sep 8 17:08:29 2026] GET /allocation_candidates?limit=1000&resources=DISK_GB%3A1%2CMEMORY_MB%3A512%2CVCPU%3A1&root_required=%21COMPUTE_STATUS_DISABLED => generated 2643 bytes in 56 msecs (HTTP/1.1 200) 8 headers in 297 bytes (1 switches on core 0)
2026-09-08 17:08:29.931 7 INFO placement.requestlog [req-b3643b5d-cea4-4d78-85cc-cd71d7d7d37c req-fe59d149-bfdf-4242-a0f9-cb82f9c3aa6d 8256cba4e9d749439996e2afa41a6621 f707caa40215444f9907d029809604e9 - - 3bb9226f004f4557a4fcdbdca74cd759 3bb9226f004f4557a4fcdbdca74cd759] 10.0.0.121 "GET /allocations/6d439c00-a462-4539-8eb0-a2517a0fbb14" status: 200 len: 19 microversion: 1.28 [pid: 7|app: 0|req: 419/838] 10.0.0.121 () {34 vars in 861 bytes} [Tue Sep 8 17:08:29 2026] GET /allocations/6d439c00-a462-4539-8eb0-a2517a0fbb14 => generated 19 bytes in 13 msecs (HTTP/1.1 200) 8 headers in 295 bytes (1 switches on core 0)
2026-09-08 17:08:29.991 8 INFO placement.requestlog [req-b3643b5d-cea4-4d78-85cc-cd71d7d7d37c req-5e1d2605-b459-4b46-9316-c4c5defbb6d6 8256cba4e9d749439996e2afa41a6621 f707caa40215444f9907d029809604e9 - - 3bb9226f004f4557a4fcdbdca74cd759 3bb9226f004f4557a4fcdbdca74cd759] 10.0.0.121 "PUT /allocations/6d439c00-a462-4539-8eb0-a2517a0fbb14" status: 204 len: 0 microversion: 1.36 [pid: 8|app: 0|req: 420/839] 10.0.0.121 () {38 vars in 914 bytes} [Tue Sep 8 17:08:29 2026] PUT /allocations/6d439c00-a462-4539-8eb0-a2517a0fbb14 => generated 0 bytes in 53 msecs (HTTP/1.1 204) 5 headers in 199 bytes (1 switches on core 0)
2026-09-08 17:08:30.396 7 INFO placement.requestlog [None req-d9c3bf5f-cea2-42b8-b015-ee9f21ced028 cdcd1b9a75474621bec8987e02c8e373 f707caa40215444f9907d029809604e9 - - 3bb9226f004f4557a4fcdbdca74cd759 3bb9226f004f4557a4fcdbdca74cd759] 10.0.0.172 "GET /resource_providers/71fd4670-1ac3-4311-abef-286e32ebdddf/aggregates" status: 404 len: 235 microversion: 1.1 [pid: 7|app: 0|req: 420/840] 10.0.0.172 () {32 vars in 816 bytes} [Tue Sep 8 17:08:30 2026] GET /resource_providers/71fd4670-1ac3-4311-abef-286e32ebdddf/aggregates => generated 235 bytes in 8 msecs (HTTP/1.1 404) 5 headers in 202 bytes (1 switches on core 0)
2026-09-08 17:08:30.400 8 INFO placement.requestlog [None req-fa2c89eb-b6bc-4360-82e1-70219ef55e8f cdcd1b9a75474621bec8987e02c8e373 f707caa40215444f9907d029809604e9 - - 3bb9226f004f4557a4fcdbdca74cd759 3bb9226f004f4557a4fcdbdca74cd759] 10.0.0.172 "GET /resource_providers/71fd4670-1ac3-4311-abef-286e32ebdddf/aggregates" status: 404 len: 235 microversion: 1.1 [pid: 8|app: 0|req: 421/841] 10.0.0.172 () {32 vars in 816 bytes} [Tue Sep 8 17:08:30 2026] GET /resource_providers/71fd4670-1ac3-4311-abef-286e32ebdddf/aggregates => generated 235 bytes in 11 msecs (HTTP/1.1 404) 5 headers in 202 bytes (1 switches on core 0)
2026-09-08 17:08:30.419 7 INFO placement.requestlog [None req-d419991a-6664-4434-8ef4-483a66d3cff2 cdcd1b9a75474621bec8987e02c8e373 f707caa40215444f9907d029809604e9 - - 3bb9226f004f4557a4fcdbdca74cd759 3bb9226f004f4557a4fcdbdca74cd759] 10.0.0.172 "DELETE /resource_providers/71fd4670-1ac3-4311-abef-286e32ebdddf" status: 404 len: 246 microversion: 1.1 [pid: 7|app: 0|req: 421/842] 10.0.0.172 () {34 vars in 816 bytes} [Tue Sep 8 17:08:30 2026] DELETE /resource_providers/71fd4670-1ac3-4311-abef-286e32ebdddf => generated 246 bytes in 9 msecs (HTTP/1.1 404) 6 headers in 231 bytes (1 switches on core 0)
2026-09-08 17:08:30.450 8 INFO placement.requestlog [None req-4f15bd6e-e7c8-45b0-8f2f-930e5c571243 cdcd1b9a75474621bec8987e02c8e373 f707caa40215444f9907d029809604e9 - - 3bb9226f004f4557a4fcdbdca74cd759 3bb9226f004f4557a4fcdbdca74cd759] 10.0.0.172 "DELETE /resource_providers/71fd4670-1ac3-4311-abef-286e32ebdddf" status: 404 len: 246 microversion: 1.1 [pid: 8|app: 0|req: 422/843] 10.0.0.172 () {34 vars in 816 bytes} [Tue Sep 8 17:08:30 2026] DELETE /resource_providers/71fd4670-1ac3-4311-abef-286e32ebdddf => generated 246 bytes in 34 msecs (HTTP/1.1 404) 6 headers in 231 bytes (1 switches on core 0)
2026-09-08 17:08:30.828 8 INFO placement.requestlog [None req-0cd608fe-145f-410b-b3f4-15d32a3038f3 cdcd1b9a75474621bec8987e02c8e373 f707caa40215444f9907d029809604e9 - - 3bb9226f004f4557a4fcdbdca74cd759 3bb9226f004f4557a4fcdbdca74cd759] 10.0.0.172 "GET /resource_providers/c7149d34-709d-4929-b67a-73680824c0fd/aggregates" status: 404 len: 235 microversion: 1.1 [pid: 8|app: 0|req: 423/844] 10.0.0.172 () {32 vars in 816 bytes} [Tue Sep 8 17:08:30 2026] GET /resource_providers/c7149d34-709d-4929-b67a-73680824c0fd/aggregates => generated 235 bytes in 15 msecs (HTTP/1.1 404) 5 headers in 202 bytes (1 switches on core 0)
2026-09-08 17:08:30.838 7 INFO placement.requestlog [None req-ed370868-efcc-4ae9-a2fe-b928beea46a4 cdcd1b9a75474621bec8987e02c8e373 f707caa40215444f9907d029809604e9 - - 3bb9226f004f4557a4fcdbdca74cd759 3bb9226f004f4557a4fcdbdca74cd759] 10.0.0.172 "GET /resource_providers/c7149d34-709d-4929-b67a-73680824c0fd/aggregates" status: 404 len: 235 microversion: 1.1 [pid: 7|app: 0|req: 422/845] 10.0.0.172 () {32 vars in 816 bytes} [Tue Sep 8 17:08:30 2026] GET /resource_providers/c7149d34-709d-4929-b67a-73680824c0fd/aggregates => generated 235 bytes in 28 msecs (HTTP/1.1 404) 5 headers in 202 bytes (1 switches on core 0)
2026-09-08 17:08:30.865 8 INFO placement.requestlog [None req-d701e306-1352-42c5-bc12-02e1f81736cc cdcd1b9a75474621bec8987e02c8e373 f707caa40215444f9907d029809604e9 - - 3bb9226f004f4557a4fcdbdca74cd759 3bb9226f004f4557a4fcdbdca74cd759] 10.0.0.172 "DELETE /resource_providers/c7149d34-709d-4929-b67a-73680824c0fd" status: 404 len: 246 microversion: 1.1 [pid: 8|app: 0|req: 424/846] 10.0.0.172 () {34 vars in 816 bytes} [Tue Sep 8 17:08:30 2026] DELETE /resource_providers/c7149d34-709d-4929-b67a-73680824c0fd => generated 246 bytes in 9 msecs (HTTP/1.1 404) 6 headers in 231 bytes (1 switches on core 0)
2026-09-08 17:08:30.871 7 INFO placement.requestlog [None req-a79a5894-5d3a-4282-8329-515ae75d7f34 cdcd1b9a75474621bec8987e02c8e373 f707caa40215444f9907d029809604e9 - - 3bb9226f004f4557a4fcdbdca74cd759 3bb9226f004f4557a4fcdbdca74cd759] 10.0.0.172 "DELETE /resource_providers/c7149d34-709d-4929-b67a-73680824c0fd" status: 404 len: 246 microversion: 1.1 [pid: 7|app: 0|req: 423/847] 10.0.0.172 () {34 vars in 816 bytes} [Tue Sep 8 17:08:30 2026] DELETE /resource_providers/c7149d34-709d-4929-b67a-73680824c0fd => generated 246 bytes in 13 msecs (HTTP/1.1 404) 6 headers in 231 bytes (1 switches on core 0)
2026-09-08 17:08:31.501 8 INFO placement.requestlog [req-b3643b5d-cea4-4d78-85cc-cd71d7d7d37c req-e4b0adde-2927-4e3c-ac78-05d4b8f6c0e0 8256cba4e9d749439996e2afa41a6621 f707caa40215444f9907d029809604e9 - - 3bb9226f004f4557a4fcdbdca74cd759 3bb9226f004f4557a4fcdbdca74cd759] 162.253.55.109 "GET /allocations/6d439c00-a462-4539-8eb0-a2517a0fbb14" status: 200 len: 258 microversion: 1.28 [pid: 8|app: 0|req: 425/848] 162.253.55.109 () {34 vars in 863 bytes} [Tue Sep 8 17:08:31 2026] GET /allocations/6d439c00-a462-4539-8eb0-a2517a0fbb14 => generated 258 bytes in 15 msecs (HTTP/1.1 200) 8 headers in 296 bytes (1 switches on core 0)
2026-09-08 17:08:32.435 7 INFO placement.requestlog [None req-9ec0d921-0cc4-42cd-99d1-792dfac26569 cdcd1b9a75474621bec8987e02c8e373 f707caa40215444f9907d029809604e9 - - 3bb9226f004f4557a4fcdbdca74cd759 3bb9226f004f4557a4fcdbdca74cd759] 10.0.0.172 "GET /resource_providers/75230ba0-0dbe-490a-810f-d8d87528ab04/aggregates" status: 404 len: 235 microversion: 1.1 [pid: 7|app: 0|req: 424/849] 10.0.0.172 () {32 vars in 816 bytes} [Tue Sep 8 17:08:32 2026] GET /resource_providers/75230ba0-0dbe-490a-810f-d8d87528ab04/aggregates => generated 235 bytes in 9 msecs (HTTP/1.1 404) 5 headers in 202 bytes (1 switches on core 0)
2026-09-08 17:08:32.461 8 INFO placement.requestlog [None req-822e6934-2a49-4e93-abc3-5e28d3f4eef3 cdcd1b9a75474621bec8987e02c8e373 f707caa40215444f9907d029809604e9 - - 3bb9226f004f4557a4fcdbdca74cd759 3bb9226f004f4557a4fcdbdca74cd759] 10.0.0.172 "DELETE /resource_providers/75230ba0-0dbe-490a-810f-d8d87528ab04" status: 404 len: 246 microversion: 1.1 [pid: 8|app: 0|req: 426/850] 10.0.0.172 () {34 vars in 816 bytes} [Tue Sep 8 17:08:32 2026] DELETE /resource_providers/75230ba0-0dbe-490a-810f-d8d87528ab04 => generated 246 bytes in 17 msecs (HTTP/1.1 404) 6 headers in 231 bytes (1 switches on core 0)
2026-09-08 17:08:32.473 7 INFO placement.requestlog [None req-89c3da6e-d728-4066-b533-21745e3086c8 cdcd1b9a75474621bec8987e02c8e373 f707caa40215444f9907d029809604e9 - - 3bb9226f004f4557a4fcdbdca74cd759 3bb9226f004f4557a4fcdbdca74cd759] 10.0.0.172 "GET /resource_providers/75230ba0-0dbe-490a-810f-d8d87528ab04/aggregates" status: 404 len: 235 microversion: 1.1 [pid: 7|app: 0|req: 425/851] 10.0.0.172 () {32 vars in 816 bytes} [Tue Sep 8 17:08:32 2026] GET /resource_providers/75230ba0-0dbe-490a-810f-d8d87528ab04/aggregates => generated 235 bytes in 10 msecs (HTTP/1.1 404) 5 headers in 202 bytes (1 switches on core 0)
2026-09-08 17:08:32.489 8 INFO placement.requestlog [None req-09b547b6-4fb0-4a1c-be8f-1583bf2df1d9 cdcd1b9a75474621bec8987e02c8e373 f707caa40215444f9907d029809604e9 - - 3bb9226f004f4557a4fcdbdca74cd759 3bb9226f004f4557a4fcdbdca74cd759] 10.0.0.172 "DELETE /resource_providers/75230ba0-0dbe-490a-810f-d8d87528ab04" status: 404 len: 246 microversion: 1.1 [pid: 8|app: 0|req: 427/852] 10.0.0.172 () {34 vars in 816 bytes} [Tue Sep 8 17:08:32 2026] DELETE /resource_providers/75230ba0-0dbe-490a-810f-d8d87528ab04 => generated 246 bytes in 8 msecs (HTTP/1.1 404) 6 headers in 231 bytes (1 switches on core 0)
2026-09-08 17:08:32.550 7 INFO placement.requestlog [req-b3643b5d-cea4-4d78-85cc-cd71d7d7d37c req-86b697fd-d58a-4931-bc13-523726225f4a 8256cba4e9d749439996e2afa41a6621 f707caa40215444f9907d029809604e9 - - 3bb9226f004f4557a4fcdbdca74cd759 3bb9226f004f4557a4fcdbdca74cd759] 162.253.55.109 "GET /resource_providers/91bd27ca-1b3b-424c-8fe1-a719d231df8c/allocations" status: 200 len: 353 microversion: 1.0 [pid: 7|app: 0|req: 426/853] 162.253.55.109 () {32 vars in 857 bytes} [Tue Sep 8 17:08:32 2026] GET /resource_providers/91bd27ca-1b3b-424c-8fe1-a719d231df8c/allocations => generated 353 bytes in 20 msecs (HTTP/1.1 200) 6 headers in 224 bytes (1 switches on core 0)
2026-09-08 17:08:32.578 8 INFO placement.requestlog [req-b3643b5d-cea4-4d78-85cc-cd71d7d7d37c req-7a920b6e-7752-449f-a986-4c4b37f3801e 8256cba4e9d749439996e2afa41a6621 f707caa40215444f9907d029809604e9 - - 3bb9226f004f4557a4fcdbdca74cd759 3bb9226f004f4557a4fcdbdca74cd759] 162.253.55.109 "GET /allocations/c48cda83-c80c-4d5b-b9cf-bda43b8345bd" status: 200 len: 258 microversion: 1.28 [pid: 8|app: 0|req: 428/854] 162.253.55.109 () {34 vars in 863 bytes} [Tue Sep 8 17:08:32 2026] GET /allocations/c48cda83-c80c-4d5b-b9cf-bda43b8345bd => generated 258 bytes in 21 msecs (HTTP/1.1 200) 8 headers in 296 bytes (1 switches on core 0)
2026-09-08 17:08:32.604 7 INFO placement.requestlog [req-b3643b5d-cea4-4d78-85cc-cd71d7d7d37c req-984f8010-65dc-4d5c-9a94-35b446d96d81 8256cba4e9d749439996e2afa41a6621 f707caa40215444f9907d029809604e9 - - 3bb9226f004f4557a4fcdbdca74cd759 3bb9226f004f4557a4fcdbdca74cd759] 162.253.55.109 "GET /allocations/07b3e106-70da-4327-b814-2b0451f8bce7" status: 200 len: 258 microversion: 1.28 [pid: 7|app: 0|req: 427/855] 162.253.55.109 () {34 vars in 863 bytes} [Tue Sep 8 17:08:32 2026] GET /allocations/07b3e106-70da-4327-b814-2b0451f8bce7 => generated 258 bytes in 19 msecs (HTTP/1.1 200) 8 headers in 296 bytes (1 switches on core 0)
2026-09-08 17:08:32.627 8 INFO placement.requestlog [req-b3643b5d-cea4-4d78-85cc-cd71d7d7d37c req-d087e998-6028-4b61-a1b0-5e4218adad90 8256cba4e9d749439996e2afa41a6621 f707caa40215444f9907d029809604e9 - - 3bb9226f004f4557a4fcdbdca74cd759 3bb9226f004f4557a4fcdbdca74cd759] 162.253.55.109 "GET /allocations/6d439c00-a462-4539-8eb0-a2517a0fbb14" status: 200 len: 258 microversion: 1.28 [pid: 8|app: 0|req: 429/856] 162.253.55.109 () {34 vars in 863 bytes} [Tue Sep 8 17:08:32 2026] GET /allocations/6d439c00-a462-4539-8eb0-a2517a0fbb14 => generated 258 bytes in 17 msecs (HTTP/1.1 200) 8 headers in 296 bytes (1 switches on core 0)
2026-09-08 17:08:32.902 7 INFO placement.requestlog [None req-b32bba6e-f491-4ab0-8d38-ced2419d8ed1 cdcd1b9a75474621bec8987e02c8e373 f707caa40215444f9907d029809604e9 - - 3bb9226f004f4557a4fcdbdca74cd759 3bb9226f004f4557a4fcdbdca74cd759] 10.0.0.172 "GET /resource_providers/8fec19f3-f6f3-4402-baa6-6fa4455ac440/aggregates" status: 404 len: 235 microversion: 1.1 [pid: 7|app: 0|req: 428/857] 10.0.0.172 () {32 vars in 816 bytes} [Tue Sep 8 17:08:32 2026] GET /resource_providers/8fec19f3-f6f3-4402-baa6-6fa4455ac440/aggregates => generated 235 bytes in 15 msecs (HTTP/1.1 404) 5 headers in 202 bytes (1 switches on core 0)
2026-09-08 17:08:32.907 8 INFO placement.requestlog [None req-888a5b78-d95c-4e14-a8f2-e3d699e1d00e cdcd1b9a75474621bec8987e02c8e373 f707caa40215444f9907d029809604e9 - - 3bb9226f004f4557a4fcdbdca74cd759 3bb9226f004f4557a4fcdbdca74cd759] 10.0.0.172 "GET /resource_providers/8fec19f3-f6f3-4402-baa6-6fa4455ac440/aggregates" status: 404 len: 235 microversion: 1.1 [pid: 8|app: 0|req: 430/858] 10.0.0.172 () {32 vars in 816 bytes} [Tue Sep 8 17:08:32 2026] GET /resource_providers/8fec19f3-f6f3-4402-baa6-6fa4455ac440/aggregates => generated 235 bytes in 16 msecs (HTTP/1.1 404) 5 headers in 202 bytes (1 switches on core 0)
2026-09-08 17:08:32.929 7 INFO placement.requestlog [None req-9b065dca-bfba-428f-857a-514fd3da0c63 cdcd1b9a75474621bec8987e02c8e373 f707caa40215444f9907d029809604e9 - - 3bb9226f004f4557a4fcdbdca74cd759 3bb9226f004f4557a4fcdbdca74cd759] 10.0.0.172 "DELETE /resource_providers/8fec19f3-f6f3-4402-baa6-6fa4455ac440" status: 404 len: 246 microversion: 1.1 [pid: 7|app: 0|req: 429/859] 10.0.0.172 () {34 vars in 816 bytes} [Tue Sep 8 17:08:32 2026] DELETE /resource_providers/8fec19f3-f6f3-4402-baa6-6fa4455ac440 => generated 246 bytes in 11 msecs (HTTP/1.1 404) 6 headers in 231 bytes (1 switches on core 0)
2026-09-08 17:08:32.932 8 INFO placement.requestlog [None req-60c2badd-b604-4a1a-bbae-7d47f6fdaf95 cdcd1b9a75474621bec8987e02c8e373 f707caa40215444f9907d029809604e9 - - 3bb9226f004f4557a4fcdbdca74cd759 3bb9226f004f4557a4fcdbdca74cd759] 10.0.0.172 "DELETE /resource_providers/8fec19f3-f6f3-4402-baa6-6fa4455ac440" status: 404 len: 246 microversion: 1.1 [pid: 8|app: 0|req: 431/860] 10.0.0.172 () {34 vars in 816 bytes} [Tue Sep 8 17:08:32 2026] DELETE /resource_providers/8fec19f3-f6f3-4402-baa6-6fa4455ac440 => generated 246 bytes in 11 msecs (HTTP/1.1 404) 6 headers in 231 bytes (1 switches on core 0)
2026-09-08 17:08:35.340 7 INFO placement.requestlog [None req-973b89bb-6b72-498f-b66e-5f87fd8832fa - - - - - -] 10.0.0.170 "GET /" status: 200 len: 136 microversion: 1.0
2026-09-08 17:08:35.341 8 INFO placement.requestlog [None req-3080dbcd-8600-4c2f-9c85-898c96c2fcfa - - - - - -] 10.0.0.170 "GET /" status: 200 len: 136 microversion: 1.0
2026-09-08 17:08:38.932 7 INFO placement.requestlog [None req-dbc48f5c-911f-467a-b562-80ed9b873a6c cdcd1b9a75474621bec8987e02c8e373 f707caa40215444f9907d029809604e9 - - 3bb9226f004f4557a4fcdbdca74cd759 3bb9226f004f4557a4fcdbdca74cd759] 10.0.0.172 "GET /resource_providers/2ca4a4b4-389c-443f-8342-991bf37b097a/aggregates" status: 404 len: 235 microversion: 1.1 [pid: 7|app: 0|req: 431/863] 10.0.0.172 () {32 vars in 816 bytes} [Tue Sep 8 17:08:38 2026] GET /resource_providers/2ca4a4b4-389c-443f-8342-991bf37b097a/aggregates => generated 235 bytes in 13 msecs (HTTP/1.1 404) 5 headers in 202 bytes (1 switches on core 0)
2026-09-08 17:08:38.936 8 INFO placement.requestlog [None req-f72a61fa-ea8c-4af9-8268-d282289895d6 cdcd1b9a75474621bec8987e02c8e373 f707caa40215444f9907d029809604e9 - - 3bb9226f004f4557a4fcdbdca74cd759 3bb9226f004f4557a4fcdbdca74cd759] 10.0.0.172 "GET /resource_providers/2ca4a4b4-389c-443f-8342-991bf37b097a/aggregates" status: 404 len: 235 microversion: 1.1 [pid: 8|app: 0|req: 433/864] 10.0.0.172 () {32 vars in 816 bytes} [Tue Sep 8 17:08:38 2026] GET /resource_providers/2ca4a4b4-389c-443f-8342-991bf37b097a/aggregates => generated 235 bytes in 16 msecs (HTTP/1.1 404) 5 headers in 202 bytes (1 switches on core 0)
2026-09-08 17:08:38.961 7 INFO placement.requestlog [None req-8f0b9b34-0179-421e-b19a-47b4eb2b6a17 cdcd1b9a75474621bec8987e02c8e373 f707caa40215444f9907d029809604e9 - - 3bb9226f004f4557a4fcdbdca74cd759 3bb9226f004f4557a4fcdbdca74cd759] 10.0.0.172 "DELETE /resource_providers/2ca4a4b4-389c-443f-8342-991bf37b097a" status: 404 len: 246 microversion: 1.1 [pid: 7|app: 0|req: 432/865] 10.0.0.172 () {34 vars in 816 bytes} [Tue Sep 8 17:08:38 2026] DELETE /resource_providers/2ca4a4b4-389c-443f-8342-991bf37b097a => generated 246 bytes in 9 msecs (HTTP/1.1 404) 6 headers in 231 bytes (1 switches on core 0)
2026-09-08 17:08:38.966 8 INFO placement.requestlog [None req-3d11789e-eb75-42f2-8d13-b13f2cb8959d cdcd1b9a75474621bec8987e02c8e373 f707caa40215444f9907d029809604e9 - - 3bb9226f004f4557a4fcdbdca74cd759 3bb9226f004f4557a4fcdbdca74cd759] 10.0.0.172 "DELETE /resource_providers/2ca4a4b4-389c-443f-8342-991bf37b097a" status: 404 len: 246 microversion: 1.1 [pid: 8|app: 0|req: 434/866] 10.0.0.172 () {34 vars in 816 bytes} [Tue Sep 8 17:08:38 2026] DELETE /resource_providers/2ca4a4b4-389c-443f-8342-991bf37b097a => generated 246 bytes in 11 msecs (HTTP/1.1 404) 6 headers in 231 bytes (1 switches on core 0)
2026-09-08 17:08:41.008 8 INFO placement.requestlog [None req-2b8b142d-8cab-438e-a49d-8e224583c6a5 cdcd1b9a75474621bec8987e02c8e373 f707caa40215444f9907d029809604e9 - - 3bb9226f004f4557a4fcdbdca74cd759 3bb9226f004f4557a4fcdbdca74cd759] 10.0.0.172 "GET /resource_providers/d4500f2e-67d9-46a3-821b-b9456f0112c9/aggregates" status: 404 len: 235 microversion: 1.1 [pid: 8|app: 0|req: 435/867] 10.0.0.172 () {32 vars in 816 bytes} [Tue Sep 8 17:08:40 2026] GET /resource_providers/d4500f2e-67d9-46a3-821b-b9456f0112c9/aggregates => generated 235 bytes in 17 msecs (HTTP/1.1 404) 5 headers in 202 bytes (1 switches on core 0)
2026-09-08 17:08:41.010 7 INFO placement.requestlog [None req-125be6ef-0e56-49cb-8bd3-b0c33746b457 cdcd1b9a75474621bec8987e02c8e373 f707caa40215444f9907d029809604e9 - - 3bb9226f004f4557a4fcdbdca74cd759 3bb9226f004f4557a4fcdbdca74cd759] 10.0.0.172 "GET /resource_providers/d4500f2e-67d9-46a3-821b-b9456f0112c9/aggregates" status: 404 len: 235 microversion: 1.1 [pid: 7|app: 0|req: 433/868] 10.0.0.172 () {32 vars in 816 bytes} [Tue Sep 8 17:08:40 2026] GET /resource_providers/d4500f2e-67d9-46a3-821b-b9456f0112c9/aggregates => generated 235 bytes in 21 msecs (HTTP/1.1 404) 5 headers in 202 bytes (1 switches on core 0)
2026-09-08 17:08:41.050 8 INFO placement.requestlog [None req-ffd46f22-42f2-4377-840b-00f010ca56c9 cdcd1b9a75474621bec8987e02c8e373 f707caa40215444f9907d029809604e9 - - 3bb9226f004f4557a4fcdbdca74cd759 3bb9226f004f4557a4fcdbdca74cd759] 10.0.0.172 "DELETE /resource_providers/d4500f2e-67d9-46a3-821b-b9456f0112c9" status: 404 len: 246 microversion: 1.1 [pid: 8|app: 0|req: 436/869] 10.0.0.172 () {34 vars in 816 bytes} [Tue Sep 8 17:08:41 2026] DELETE /resource_providers/d4500f2e-67d9-46a3-821b-b9456f0112c9 => generated 246 bytes in 10 msecs (HTTP/1.1 404) 6 headers in 231 bytes (1 switches on core 0)
