+ COMMAND=start + start + exec neutron-rpc-server --config-file /etc/neutron/neutron.conf --config-file /etc/neutron/plugins/ml2/ml2_conf.ini /var/lib/openstack/lib/python3.10/site-packages/munch/__init__.py:24: UserWarning: pkg_resources is deprecated as an API. See https://setuptools.pypa.io/en/latest/pkg_resources.html. The pkg_resources package is slated for removal as early as 2025-11-30. Refrain from using this package or pin to Setuptools<81. import pkg_resources
2026-05-12 17:06:09.870 1 INFO neutron.common.config [-] Logging enabled!
2026-05-12 17:06:09.870 1 INFO neutron.common.config [-] /var/lib/openstack/bin/neutron-rpc-server version 21.2.2.dev24
2026-05-12 17:06:09.871 1 INFO neutron.server.rpc_eventlet [-] Eventlet based AMQP RPC server starting...
2026-05-12 17:06:09.871 1 INFO neutron.manager [-] Loading core plugin: ml2
2026-05-12 17:06:10.640 1 INFO neutron.plugins.ml2.managers [-] Configured type driver names: ['flat', 'gre', 'vlan', 'vxlan']
2026-05-12 17:06:10.642 1 INFO neutron.plugins.ml2.drivers.type_flat [-] Arbitrary flat physical_network names allowed
2026-05-12 17:06:10.645 1 INFO neutron.plugins.ml2.drivers.type_vlan [-] Network VLAN ranges: OrderedDict([('external', [(1, 4094)])])
2026-05-12 17:06:10.646 1 INFO neutron.plugins.ml2.managers [-] Loaded type driver names: ['flat', 'gre', 'vlan', 'vxlan']
2026-05-12 17:06:10.646 1 INFO neutron.plugins.ml2.managers [-] Registered types: dict_keys(['flat', 'gre', 'vlan', 'vxlan'])
2026-05-12 17:06:10.646 1 INFO neutron.plugins.ml2.managers [-] Tenant network_types: ['vxlan']
2026-05-12 17:06:10.646 1 INFO neutron.plugins.ml2.managers [-] Configured extension driver names: ['dns_domain_ports', 'port_security', 'qos']
2026-05-12 17:06:10.652 1 INFO neutron.plugins.ml2.managers [-] Loaded extension driver names: ['dns_domain_ports', 'port_security', 'qos']
2026-05-12 17:06:10.652 1 INFO neutron.plugins.ml2.managers [-] Registered extension drivers: ['dns_domain_ports', 'port_security', 'qos']
2026-05-12 17:06:10.652 1 INFO neutron.plugins.ml2.managers [-] Configured mechanism driver names: ['openvswitch', 'l2population']
2026-05-12 17:06:10.670 1 INFO neutron.plugins.ml2.drivers.mech_agent [-] Open vSwitch agent's supported_vnic_types: ['normal', 'direct', 'smart-nic', 'vdpa']
2026-05-12 17:06:10.671 1 INFO neutron.plugins.ml2.managers [-] Loaded mechanism driver names: ['openvswitch', 'l2population']
2026-05-12 17:06:10.671 1 INFO neutron.plugins.ml2.managers [-] Registered mechanism drivers: ['openvswitch', 'l2population']
2026-05-12 17:06:10.702 1 INFO neutron.plugins.ml2.managers [-] Initializing driver for type 'flat'
2026-05-12 17:06:10.702 1 INFO neutron.plugins.ml2.drivers.type_flat [-] ML2 FlatTypeDriver initialization complete
2026-05-12 17:06:10.702 1 INFO neutron.plugins.ml2.managers [-] Initializing driver for type 'gre'
2026-05-12 17:06:10.702 1 INFO neutron.plugins.ml2.drivers.type_tunnel [-] gre ID ranges: [(1, 1000)]
2026-05-12 17:06:10.944 1 INFO neutron.plugins.ml2.managers [None req-b98c403b-49a6-4e3a-a4d3-5dbe9cdfbb63 - - - - - -] Initializing driver for type 'vlan'
2026-05-12 17:06:11.199 1 INFO neutron.plugins.ml2.drivers.type_vlan [None req-b98c403b-49a6-4e3a-a4d3-5dbe9cdfbb63 - - - - - -] VlanTypeDriver initialization complete
2026-05-12 17:06:11.199 1 INFO neutron.plugins.ml2.managers [None req-b98c403b-49a6-4e3a-a4d3-5dbe9cdfbb63 - - - - - -] Initializing driver for type 'vxlan'
2026-05-12 17:06:11.200 1 INFO neutron.plugins.ml2.drivers.type_tunnel [None req-b98c403b-49a6-4e3a-a4d3-5dbe9cdfbb63 - - - - - -] vxlan ID ranges: [(1, 1000)]
2026-05-12 17:06:11.244 1 INFO neutron.plugins.ml2.managers [None req-b98c403b-49a6-4e3a-a4d3-5dbe9cdfbb63 - - - - - -] Initializing extension driver 'dns_domain_ports'
2026-05-12 17:06:11.245 1 INFO neutron.plugins.ml2.extensions.dns_integration [None req-b98c403b-49a6-4e3a-a4d3-5dbe9cdfbb63 - - - - - -] DNSDomainPortsExtensionDriver initialization complete
2026-05-12 17:06:11.245 1 INFO neutron.plugins.ml2.managers [None req-b98c403b-49a6-4e3a-a4d3-5dbe9cdfbb63 - - - - - -] Initializing extension driver 'port_security'
2026-05-12 17:06:11.245 1 INFO neutron.plugins.ml2.extensions.port_security [None req-b98c403b-49a6-4e3a-a4d3-5dbe9cdfbb63 - - - - - -] PortSecurityExtensionDriver initialization complete
2026-05-12 17:06:11.245 1 INFO neutron.plugins.ml2.managers [None req-b98c403b-49a6-4e3a-a4d3-5dbe9cdfbb63 - - - - - -] Initializing extension driver 'qos'
2026-05-12 17:06:11.246 1 INFO neutron.plugins.ml2.managers [None req-b98c403b-49a6-4e3a-a4d3-5dbe9cdfbb63 - - - - - -] Initializing mechanism driver 'openvswitch'
2026-05-12 17:06:11.246 1 INFO neutron.plugins.ml2.managers [None req-b98c403b-49a6-4e3a-a4d3-5dbe9cdfbb63 - - - - - -] Initializing mechanism driver 'l2population'
2026-05-12 17:06:11.260 1 INFO neutron.quota [None req-1821805b-3369-45bc-9959-b28d84497a87 - - - - - -] Loaded quota_driver: .
2026-05-12 17:06:11.260 1 INFO neutron.plugins.ml2.plugin [None req-1821805b-3369-45bc-9959-b28d84497a87 - - - - - -] Modular L2 Plugin initialization complete
2026-05-12 17:06:11.260 1 INFO neutron.plugins.ml2.managers [None req-1821805b-3369-45bc-9959-b28d84497a87 - - - - - -] Got dns-integration extension from driver 'dns_domain_ports'
2026-05-12 17:06:11.260 1 INFO neutron.plugins.ml2.managers [None req-1821805b-3369-45bc-9959-b28d84497a87 - - - - - -] Got dns-domain-ports extension from driver 'dns_domain_ports'
2026-05-12 17:06:11.261 1 INFO neutron.plugins.ml2.managers [None req-1821805b-3369-45bc-9959-b28d84497a87 - - - - - -] Got port-security extension from driver 'port_security'
2026-05-12 17:06:11.261 1 INFO neutron.extensions.vlantransparent [None req-1821805b-3369-45bc-9959-b28d84497a87 - - - - - -] Disabled vlantransparent extension.
2026-05-12 17:06:11.261 1 INFO neutron.manager [None req-1821805b-3369-45bc-9959-b28d84497a87 - - - - - -] Loading Plugin: qos
2026-05-12 17:06:11.270 1 INFO neutron.manager [None req-1821805b-3369-45bc-9959-b28d84497a87 - - - - - -] Loading Plugin: router
2026-05-12 17:06:11.298 1 INFO neutron.services.service_base [None req-1821805b-3369-45bc-9959-b28d84497a87 - - - - - -] Default provider is not specified for service type L3_ROUTER_NAT
2026-05-12 17:06:11.298 1 INFO neutron.manager [None req-1821805b-3369-45bc-9959-b28d84497a87 - - - - - -] Loading Plugin: segments
2026-05-12 17:06:11.361 1 INFO neutron.manager [None req-1821805b-3369-45bc-9959-b28d84497a87 - - - - - -] Loading Plugin: trunk
2026-05-12 17:06:11.409 1 INFO neutron.manager [None req-1821805b-3369-45bc-9959-b28d84497a87 - - - - - -] Loading Plugin: vpnaas
2026-05-12 17:06:11.443 1 WARNING stevedore.named [None req-1821805b-3369-45bc-9959-b28d84497a87 - - - - - -] Could not load neutron_vpnaas.services.vpn.service_drivers.ipsec.IPsecVPNDriver
2026-05-12 17:06:11.498 1 INFO neutron_vpnaas.services.vpn.plugin [None req-1821805b-3369-45bc-9959-b28d84497a87 - - - - - -] VPN plugin using service drivers: dict_keys(['strongswan']), default: strongswan
2026-05-12 17:06:11.498 1 INFO neutron.common.utils [None req-1821805b-3369-45bc-9959-b28d84497a87 - - - - - -] Disable filter validation extension by service plugin VPNDriverPlugin.
2026-05-12 17:06:11.498 1 INFO neutron.manager [None req-1821805b-3369-45bc-9959-b28d84497a87 - - - - - -] Loading Plugin: auto_allocate
2026-05-12 17:06:11.503 1 INFO neutron.manager [None req-1821805b-3369-45bc-9959-b28d84497a87 - - - - - -] Loading Plugin: tag
2026-05-12 17:06:11.508 1 INFO neutron.manager [None req-1821805b-3369-45bc-9959-b28d84497a87 - - - - - -] Loading Plugin: timestamp
2026-05-12 17:06:11.510 1 INFO neutron.manager [None req-1821805b-3369-45bc-9959-b28d84497a87 - - - - - -] Loading Plugin: network_ip_availability
2026-05-12 17:06:11.513 1 INFO neutron.manager [None req-1821805b-3369-45bc-9959-b28d84497a87 - - - - - -] Loading Plugin: flavors
2026-05-12 17:06:11.516 1 INFO neutron.manager [None req-1821805b-3369-45bc-9959-b28d84497a87 - - - - - -] Loading Plugin: revisions
2026-05-12 17:06:11.518 1 INFO neutron.api.extensions [None req-1821805b-3369-45bc-9959-b28d84497a87 - - - - - -] Initializing extension manager.
2026-05-12 17:06:11.519 1 INFO neutron.api.extensions [None req-1821805b-3369-45bc-9959-b28d84497a87 - - - - - -] Loaded extension: address-group
2026-05-12 17:06:11.520 1 INFO neutron.api.extensions [None req-1821805b-3369-45bc-9959-b28d84497a87 - - - - - -] Loaded extension: address-scope
2026-05-12 17:06:11.520 1 INFO neutron.api.extensions [None req-1821805b-3369-45bc-9959-b28d84497a87 - - - - - -] Loaded extension: router-admin-state-down-before-update
2026-05-12 17:06:11.521 1 INFO neutron.api.extensions [None req-1821805b-3369-45bc-9959-b28d84497a87 - - - - - -] Loaded extension: agent
2026-05-12 17:06:11.521 1 INFO neutron.api.extensions [None req-1821805b-3369-45bc-9959-b28d84497a87 - - - - - -] Loaded extension: agent-resources-synced
2026-05-12 17:06:11.522 1 INFO neutron.api.extensions [None req-1821805b-3369-45bc-9959-b28d84497a87 - - - - - -] Loaded extension: allowed-address-pairs
2026-05-12 17:06:11.523 1 INFO neutron.api.extensions [None req-1821805b-3369-45bc-9959-b28d84497a87 - - - - - -] Loaded extension: auto-allocated-topology
2026-05-12 17:06:11.524 1 INFO neutron.api.extensions [None req-1821805b-3369-45bc-9959-b28d84497a87 - - - - - -] Loaded extension: availability_zone
2026-05-12 17:06:11.524 1 INFO neutron.api.extensions [None req-1821805b-3369-45bc-9959-b28d84497a87 - - - - - -] Loaded extension: availability_zone_filter
2026-05-12 17:06:11.524 1 INFO neutron.api.extensions [None req-1821805b-3369-45bc-9959-b28d84497a87 - - - - - -] Extension data-plane-status not supported by any of loaded plugins
2026-05-12 17:06:11.525 1 INFO neutron.api.extensions [None req-1821805b-3369-45bc-9959-b28d84497a87 - - - - - -] Loaded extension: default-subnetpools
2026-05-12 17:06:11.526 1 INFO neutron.api.extensions [None req-1821805b-3369-45bc-9959-b28d84497a87 - - - - - -] Loaded extension: dhcp_agent_scheduler
2026-05-12 17:06:11.526 1 INFO neutron.api.extensions [None req-1821805b-3369-45bc-9959-b28d84497a87 - - - - - -] Loaded extension: dns-integration
2026-05-12 17:06:11.527 1 INFO neutron.api.extensions [None req-1821805b-3369-45bc-9959-b28d84497a87 - - - - - -] Loaded extension: dns-domain-ports
2026-05-12 17:06:11.527 1 INFO neutron.api.extensions [None req-1821805b-3369-45bc-9959-b28d84497a87 - - - - - -] Extension dns-integration-domain-keywords not supported by any of loaded plugins
2026-05-12 17:06:11.528 1 INFO neutron.api.extensions [None req-1821805b-3369-45bc-9959-b28d84497a87 - - - - - -] Loaded extension: dvr
2026-05-12 17:06:11.528 1 INFO neutron.api.extensions [None req-1821805b-3369-45bc-9959-b28d84497a87 - - - - - -] Extension ecmp_routes not supported by any of loaded plugins
2026-05-12 17:06:11.529 1 INFO neutron.api.extensions [None req-1821805b-3369-45bc-9959-b28d84497a87 - - - - - -] Loaded extension: empty-string-filtering
2026-05-12 17:06:11.529 1 INFO neutron.api.extensions [None req-1821805b-3369-45bc-9959-b28d84497a87 - - - - - -] Extension expose-l3-conntrack-helper not supported by any of loaded plugins
2026-05-12 17:06:11.530 1 INFO neutron.api.extensions [None req-1821805b-3369-45bc-9959-b28d84497a87 - - - - - -] Extension expose-port-forwarding-in-fip not supported by any of loaded plugins
2026-05-12 17:06:11.530 1 INFO neutron.api.extensions [None req-1821805b-3369-45bc-9959-b28d84497a87 - - - - - -] Loaded extension: external-net
2026-05-12 17:06:11.531 1 INFO neutron.api.extensions [None req-1821805b-3369-45bc-9959-b28d84497a87 - - - - - -] Loaded extension: extra_dhcp_opt
2026-05-12 17:06:11.531 1 INFO neutron.api.extensions [None req-1821805b-3369-45bc-9959-b28d84497a87 - - - - - -] Loaded extension: extraroute
2026-05-12 17:06:11.532 1 INFO neutron.api.extensions [None req-1821805b-3369-45bc-9959-b28d84497a87 - - - - - -] Loaded extension: extraroute-atomic
2026-05-12 17:06:11.532 1 INFO neutron.api.extensions [None req-1821805b-3369-45bc-9959-b28d84497a87 - - - - - -] Extension filter-validation not supported by any of loaded plugins
2026-05-12 17:06:11.533 1 INFO neutron.api.extensions [None req-1821805b-3369-45bc-9959-b28d84497a87 - - - - - -] Extension floating-ip-port-forwarding-description not supported by any of loaded plugins
2026-05-12 17:06:11.533 1 INFO neutron.api.extensions [None req-1821805b-3369-45bc-9959-b28d84497a87 - - - - - -] Loaded extension: floating-ip-port-forwarding-detail
2026-05-12 17:06:11.534 1 INFO neutron.api.extensions [None req-1821805b-3369-45bc-9959-b28d84497a87 - - - - - -] Extension floating-ip-port-forwarding-port-ranges not supported by any of loaded plugins
2026-05-12 17:06:11.534 1 INFO neutron.api.extensions [None req-1821805b-3369-45bc-9959-b28d84497a87 - - - - - -] Loaded extension: fip-port-details
2026-05-12 17:06:11.535 1 INFO neutron.api.extensions [None req-1821805b-3369-45bc-9959-b28d84497a87 - - - - - -] Loaded extension: flavors
2026-05-12 17:06:11.535 1 INFO neutron.api.extensions [None req-1821805b-3369-45bc-9959-b28d84497a87 - - - - - -] Extension floating-ip-port-forwarding not supported by any of loaded plugins
2026-05-12 17:06:11.536 1 INFO neutron.api.extensions [None req-1821805b-3369-45bc-9959-b28d84497a87 - - - - - -] Loaded extension: floatingip-pools
2026-05-12 17:06:11.536 1 INFO neutron.api.extensions [None req-1821805b-3369-45bc-9959-b28d84497a87 - - - - - -] Loaded extension: ip_allocation
2026-05-12 17:06:11.537 1 INFO neutron.api.extensions [None req-1821805b-3369-45bc-9959-b28d84497a87 - - - - - -] Loaded extension: ip-substring-filtering
2026-05-12 17:06:11.537 1 INFO neutron.api.extensions [None req-1821805b-3369-45bc-9959-b28d84497a87 - - - - - -] Loaded extension: l2_adjacency
2026-05-12 17:06:11.538 1 INFO neutron.api.extensions [None req-1821805b-3369-45bc-9959-b28d84497a87 - - - - - -] Loaded extension: router
2026-05-12 17:06:11.540 1 INFO neutron.api.extensions [None req-1821805b-3369-45bc-9959-b28d84497a87 - - - - - -] Extension l3-conntrack-helper not supported by any of loaded plugins
2026-05-12 17:06:11.540 1 INFO neutron.api.extensions [None req-1821805b-3369-45bc-9959-b28d84497a87 - - - - - -] Loaded extension: ext-gw-mode
2026-05-12 17:06:11.541 1 INFO neutron.api.extensions [None req-1821805b-3369-45bc-9959-b28d84497a87 - - - - - -] Loaded extension: l3-ha
2026-05-12 17:06:11.541 1 INFO neutron.api.extensions [None req-1821805b-3369-45bc-9959-b28d84497a87 - - - - - -] Extension l3-ext-ndp-proxy not supported by any of loaded plugins
2026-05-12 17:06:11.542 1 INFO neutron.api.extensions [None req-1821805b-3369-45bc-9959-b28d84497a87 - - - - - -] Loaded extension: l3-flavors
2026-05-12 17:06:11.542 1 INFO neutron.api.extensions [None req-1821805b-3369-45bc-9959-b28d84497a87 - - - - - -] Extension l3-ndp-proxy not supported by any of loaded plugins
2026-05-12 17:06:11.543 1 INFO neutron.api.extensions [None req-1821805b-3369-45bc-9959-b28d84497a87 - - - - - -] Loaded extension: l3-port-ip-change-not-allowed
2026-05-12 17:06:11.544 1 INFO neutron.api.extensions [None req-1821805b-3369-45bc-9959-b28d84497a87 - - - - - -] Loaded extension: l3_agent_scheduler
2026-05-12 17:06:11.545 1 INFO neutron.api.extensions [None req-1821805b-3369-45bc-9959-b28d84497a87 - - - - - -] Extension local_ip not supported by any of loaded plugins
2026-05-12 17:06:11.548 1 INFO neutron.api.extensions [None req-1821805b-3369-45bc-9959-b28d84497a87 - - - - - -] Extension logging not supported by any of loaded plugins
2026-05-12 17:06:11.549 1 INFO neutron.api.extensions [None req-1821805b-3369-45bc-9959-b28d84497a87 - - - - - -] Extension metering not supported by any of loaded plugins
2026-05-12 17:06:11.549 1 INFO neutron.api.extensions [None req-1821805b-3369-45bc-9959-b28d84497a87 - - - - - -] Extension metering_source_and_destination_fields not supported by any of loaded plugins
2026-05-12 17:06:11.550 1 INFO neutron.api.extensions [None req-1821805b-3369-45bc-9959-b28d84497a87 - - - - - -] Loaded extension: multi-provider
2026-05-12 17:06:11.550 1 INFO neutron.api.extensions [None req-1821805b-3369-45bc-9959-b28d84497a87 - - - - - -] Loaded extension: net-mtu
2026-05-12 17:06:11.551 1 INFO neutron.api.extensions [None req-1821805b-3369-45bc-9959-b28d84497a87 - - - - - -] Loaded extension: net-mtu-writable
2026-05-12 17:06:11.551 1 INFO neutron.api.extensions [None req-1821805b-3369-45bc-9959-b28d84497a87 - - - - - -] Loaded extension: network_availability_zone
2026-05-12 17:06:11.552 1 INFO neutron.api.extensions [None req-1821805b-3369-45bc-9959-b28d84497a87 - - - - - -] Loaded extension: network-ip-availability
2026-05-12 17:06:11.553 1 INFO neutron.api.extensions [None req-1821805b-3369-45bc-9959-b28d84497a87 - - - - - -] Extension network-segment-range not supported by any of loaded plugins
2026-05-12 17:06:11.553 1 INFO neutron.api.extensions [None req-1821805b-3369-45bc-9959-b28d84497a87 - - - - - -] Loaded extension: pagination
2026-05-12 17:06:11.553 1 INFO neutron.api.extensions [None req-1821805b-3369-45bc-9959-b28d84497a87 - - - - - -] Loaded extension: port-device-profile
2026-05-12 17:06:11.554 1 INFO neutron.api.extensions [None req-1821805b-3369-45bc-9959-b28d84497a87 - - - - - -] Loaded extension: port-mac-override
2026-05-12 17:06:11.554 1 INFO neutron.api.extensions [None req-1821805b-3369-45bc-9959-b28d84497a87 - - - - - -] Loaded extension: port-mac-address-regenerate
2026-05-12 17:06:11.555 1 INFO neutron.api.extensions [None req-1821805b-3369-45bc-9959-b28d84497a87 - - - - - -] Loaded extension: port-numa-affinity-policy
2026-05-12 17:06:11.555 1 INFO neutron.api.extensions [None req-1821805b-3369-45bc-9959-b28d84497a87 - - - - - -] Loaded extension: port-resource-request
2026-05-12 17:06:11.556 1 INFO neutron.api.extensions [None req-1821805b-3369-45bc-9959-b28d84497a87 - - - - - -] Loaded extension: port-resource-request-groups
2026-05-12 17:06:11.556 1 INFO neutron.api.extensions [None req-1821805b-3369-45bc-9959-b28d84497a87 - - - - - -] Loaded extension: binding
2026-05-12 17:06:11.557 1 INFO neutron.api.extensions [None req-1821805b-3369-45bc-9959-b28d84497a87 - - - - - -] Loaded extension: binding-extended
2026-05-12 17:06:11.557 1 INFO neutron.api.extensions [None req-1821805b-3369-45bc-9959-b28d84497a87 - - - - - -] Loaded extension: port-security
2026-05-12 17:06:11.558 1 INFO neutron.api.extensions [None req-1821805b-3369-45bc-9959-b28d84497a87 - - - - - -] Loaded extension: project-id
2026-05-12 17:06:11.558 1 INFO neutron.api.extensions [None req-1821805b-3369-45bc-9959-b28d84497a87 - - - - - -] Loaded extension: provider
2026-05-12 17:06:11.560 1 INFO neutron.api.extensions [None req-1821805b-3369-45bc-9959-b28d84497a87 - - - - - -] Loaded extension: qos
2026-05-12 17:06:11.560 1 INFO neutron.api.extensions [None req-1821805b-3369-45bc-9959-b28d84497a87 - - - - - -] Loaded extension: qos-bw-limit-direction
2026-05-12 17:06:11.561 1 INFO neutron.api.extensions [None req-1821805b-3369-45bc-9959-b28d84497a87 - - - - - -] Loaded extension: qos-bw-minimum-ingress
2026-05-12 17:06:11.561 1 INFO neutron.api.extensions [None req-1821805b-3369-45bc-9959-b28d84497a87 - - - - - -] Loaded extension: qos-default
2026-05-12 17:06:11.562 1 INFO neutron.api.extensions [None req-1821805b-3369-45bc-9959-b28d84497a87 - - - - - -] Loaded extension: qos-fip
2026-05-12 17:06:11.562 1 INFO neutron.api.extensions [None req-1821805b-3369-45bc-9959-b28d84497a87 - - - - - -] Extension qos-fip-network-policy not supported by any of loaded plugins
2026-05-12 17:06:11.563 1 INFO neutron.api.extensions [None req-1821805b-3369-45bc-9959-b28d84497a87 - - - - - -] Loaded extension: qos-gateway-ip
2026-05-12 17:06:11.563 1 INFO neutron.api.extensions [None req-1821805b-3369-45bc-9959-b28d84497a87 - - - - - -] Loaded extension: qos-port-network-policy
2026-05-12 17:06:11.564 1 INFO neutron.api.extensions [None req-1821805b-3369-45bc-9959-b28d84497a87 - - - - - -] Loaded extension: qos-pps-minimum
2026-05-12 17:06:11.564 1 INFO neutron.api.extensions [None req-1821805b-3369-45bc-9959-b28d84497a87 - - - - - -] Loaded extension: qos-pps-minimum-rule-alias
2026-05-12 17:06:11.565 1 INFO neutron.api.extensions [None req-1821805b-3369-45bc-9959-b28d84497a87 - - - - - -] Loaded extension: qos-pps
2026-05-12 17:06:11.565 1 INFO neutron.api.extensions [None req-1821805b-3369-45bc-9959-b28d84497a87 - - - - - -] Loaded extension: qos-rule-type-details
2026-05-12 17:06:11.566 1 INFO neutron.api.extensions [None req-1821805b-3369-45bc-9959-b28d84497a87 - - - - - -] Loaded extension: qos-rule-type-filter
2026-05-12 17:06:11.566 1 INFO neutron.api.extensions [None req-1821805b-3369-45bc-9959-b28d84497a87 - - - - - -] Loaded extension: qos-rules-alias
2026-05-12 17:06:11.567 1 INFO neutron.api.extensions [None req-1821805b-3369-45bc-9959-b28d84497a87 - - - - - -] Loaded extension: quota-check-limit
2026-05-12 17:06:11.568 1 INFO neutron.api.extensions [None req-1821805b-3369-45bc-9959-b28d84497a87 - - - - - -] Loaded extension: quotas
2026-05-12 17:06:11.570 1 INFO neutron.api.extensions [None req-1821805b-3369-45bc-9959-b28d84497a87 - - - - - -] Loaded extension: quota_details
2026-05-12 17:06:11.571 1 INFO neutron.api.extensions [None req-1821805b-3369-45bc-9959-b28d84497a87 - - - - - -] Loaded extension: rbac-policies
2026-05-12 17:06:11.572 1 INFO neutron.api.extensions [None req-1821805b-3369-45bc-9959-b28d84497a87 - - - - - -] Loaded extension: rbac-address-group
2026-05-12 17:06:11.572 1 INFO neutron.api.extensions [None req-1821805b-3369-45bc-9959-b28d84497a87 - - - - - -] Loaded extension: rbac-address-scope
2026-05-12 17:06:11.573 1 INFO neutron.api.extensions [None req-1821805b-3369-45bc-9959-b28d84497a87 - - - - - -] Loaded extension: rbac-security-groups
2026-05-12 17:06:11.573 1 INFO neutron.api.extensions [None req-1821805b-3369-45bc-9959-b28d84497a87 - - - - - -] Loaded extension: rbac-subnetpool
2026-05-12 17:06:11.574 1 INFO neutron.api.extensions [None req-1821805b-3369-45bc-9959-b28d84497a87 - - - - - -] Loaded extension: revision-if-match
2026-05-12 17:06:11.574 1 INFO neutron.api.extensions [None req-1821805b-3369-45bc-9959-b28d84497a87 - - - - - -] Loaded extension: standard-attr-revisions
2026-05-12 17:06:11.575 1 INFO neutron.api.extensions [None req-1821805b-3369-45bc-9959-b28d84497a87 - - - - - -] Loaded extension: router_availability_zone
2026-05-12 17:06:11.576 1 INFO neutron.api.extensions [None req-1821805b-3369-45bc-9959-b28d84497a87 - - - - - -] Extension router-service-type not supported by any of loaded plugins
2026-05-12 17:06:11.576 1 INFO neutron.api.extensions [None req-1821805b-3369-45bc-9959-b28d84497a87 - - - - - -] Loaded extension: security-groups-normalized-cidr
2026-05-12 17:06:11.577 1 INFO neutron.api.extensions [None req-1821805b-3369-45bc-9959-b28d84497a87 - - - - - -] Loaded extension: port-security-groups-filtering
2026-05-12 17:06:11.577 1 INFO neutron.api.extensions [None req-1821805b-3369-45bc-9959-b28d84497a87 - - - - - -] Loaded extension: security-groups-remote-address-group
2026-05-12 17:06:11.577 1 INFO neutron.api.extensions [None req-1821805b-3369-45bc-9959-b28d84497a87 - - - - - -] Loaded extension: security-groups-shared-filtering
2026-05-12 17:06:11.583 1 INFO neutron.api.extensions [None req-1821805b-3369-45bc-9959-b28d84497a87 - - - - - -] Loaded extension: security-group
2026-05-12 17:06:11.584 1 INFO neutron.api.extensions [None req-1821805b-3369-45bc-9959-b28d84497a87 - - - - - -] Loaded extension: segment
2026-05-12 17:06:11.585 1 INFO neutron.api.extensions [None req-1821805b-3369-45bc-9959-b28d84497a87 - - - - - -] Loaded extension: segments-peer-subnet-host-routes
2026-05-12 17:06:11.585 1 INFO neutron.api.extensions [None req-1821805b-3369-45bc-9959-b28d84497a87 - - - - - -] Loaded extension: service-type
2026-05-12 17:06:11.586 1 INFO neutron.api.extensions [None req-1821805b-3369-45bc-9959-b28d84497a87 - - - - - -] Loaded extension: sorting
2026-05-12 17:06:11.586 1 INFO neutron.api.extensions [None req-1821805b-3369-45bc-9959-b28d84497a87 - - - - - -] Loaded extension: standard-attr-segment
2026-05-12 17:06:11.587 1 INFO neutron.api.extensions [None req-1821805b-3369-45bc-9959-b28d84497a87 - - - - - -] Loaded extension: standard-attr-description
2026-05-12 17:06:11.587 1 INFO neutron.api.extensions [None req-1821805b-3369-45bc-9959-b28d84497a87 - - - - - -] Loaded extension: stateful-security-group
2026-05-12 17:06:11.588 1 WARNING neutron.api.extensions [None req-1821805b-3369-45bc-9959-b28d84497a87 - - - - - -] Did not find expected name "Stdattrs_common" in /var/lib/openstack/lib/python3.10/site-packages/neutron/extensions/stdattrs_common.py
2026-05-12 17:06:11.588 1 INFO neutron.api.extensions [None req-1821805b-3369-45bc-9959-b28d84497a87 - - - - - -] Extension subnet-dns-publish-fixed-ip not supported by any of loaded plugins
2026-05-12 17:06:11.589 1 INFO neutron.api.extensions [None req-1821805b-3369-45bc-9959-b28d84497a87 - - - - - -] Loaded extension: subnet_onboard
2026-05-12 17:06:11.589 1 INFO neutron.api.extensions [None req-1821805b-3369-45bc-9959-b28d84497a87 - - - - - -] Loaded extension: subnet-segmentid-writable
2026-05-12 17:06:11.590 1 INFO neutron.api.extensions [None req-1821805b-3369-45bc-9959-b28d84497a87 - - - - - -] Loaded extension: subnet-service-types
2026-05-12 17:06:11.590 1 INFO neutron.api.extensions [None req-1821805b-3369-45bc-9959-b28d84497a87 - - - - - -] Loaded extension: subnet_allocation
2026-05-12 17:06:11.591 1 INFO neutron.api.extensions [None req-1821805b-3369-45bc-9959-b28d84497a87 - - - - - -] Loaded extension: subnetpool-prefix-ops
2026-05-12 17:06:11.591 1 INFO neutron.api.extensions [None req-1821805b-3369-45bc-9959-b28d84497a87 - - - - - -] Extension tag-ports-during-bulk-creation not supported by any of loaded plugins
2026-05-12 17:06:11.593 1 INFO neutron.api.extensions [None req-1821805b-3369-45bc-9959-b28d84497a87 - - - - - -] Loaded extension: standard-attr-tag
2026-05-12 17:06:11.593 1 INFO neutron.api.extensions [None req-1821805b-3369-45bc-9959-b28d84497a87 - - - - - -] Loaded extension: standard-attr-timestamp
2026-05-12 17:06:11.594 1 INFO neutron.api.extensions [None req-1821805b-3369-45bc-9959-b28d84497a87 - - - - - -] Loaded extension: trunk
2026-05-12 17:06:11.594 1 INFO neutron.api.extensions [None req-1821805b-3369-45bc-9959-b28d84497a87 - - - - - -] Loaded extension: trunk-details
2026-05-12 17:06:11.595 1 INFO neutron.api.extensions [None req-1821805b-3369-45bc-9959-b28d84497a87 - - - - - -] Extension uplink-status-propagation not supported by any of loaded plugins
2026-05-12 17:06:11.596 1 INFO neutron.api.extensions [None req-1821805b-3369-45bc-9959-b28d84497a87 - - - - - -] Extension vlan-transparent not supported by any of loaded plugins
2026-05-12 17:06:11.596 1 INFO neutron.api.extensions [None req-1821805b-3369-45bc-9959-b28d84497a87 - - - - - -] Loaded extension: vpn-endpoint-groups
2026-05-12 17:06:11.597 1 INFO neutron.api.extensions [None req-1821805b-3369-45bc-9959-b28d84497a87 - - - - - -] Loaded extension: vpn-flavors
2026-05-12 17:06:11.598 1 INFO neutron.api.extensions [None req-1821805b-3369-45bc-9959-b28d84497a87 - - - - - -] Loaded extension: vpnaas
2026-05-12 17:06:11.600 1 INFO oslo_service.service [None req-1821805b-3369-45bc-9959-b28d84497a87 - - - - - -] Starting 2 workers
2026-05-12 17:06:11.604 1 INFO oslo_service.service [None req-1821805b-3369-45bc-9959-b28d84497a87 - - - - - -] Starting 1 workers
2026-05-12 17:06:54.598 10 INFO neutron.db.l3_hamode_db [None req-20ee666f-fcab-4247-91ba-a5a6238b8344 - - - - - -] Number of active agents lower than max_l3_agents_per_router. L3 agents available: 1
2026-05-12 17:07:03.420 10 INFO neutron.plugins.ml2.plugin [None req-91dcfbed-953c-4c22-9efc-44fce6d0fa09 - - - - - -] Attempt 1 to provision port 01f91e0e-47fc-4268-a4e8-06b5dfecb281
2026-05-12 17:07:04.338 10 INFO neutron.plugins.ml2.plugin [None req-980b4cd1-1dfb-45a5-b40f-ad395e0040cb - - - - - -] Attempt 1 to provision port 01f91e0e-47fc-4268-a4e8-06b5dfecb281
2026-05-12 17:07:04.620 9 INFO neutron.plugins.ml2.plugin [None req-e634cfdd-78bc-4908-835d-6428e764adf5 - - - - - -] Attempt 1 to provision port 01f91e0e-47fc-4268-a4e8-06b5dfecb281
2026-05-12 17:07:05.354 10 INFO neutron.plugins.ml2.plugin [None req-91dcfbed-953c-4c22-9efc-44fce6d0fa09 - - - - - -] Attempt 1 to provision port 01f91e0e-47fc-4268-a4e8-06b5dfecb281
2026-05-12 17:13:29.643 10 INFO neutron.plugins.ml2.plugin [None req-91dcfbed-953c-4c22-9efc-44fce6d0fa09 - - - - - -] Attempt 1 to provision port 40675721-6e72-4937-b499-9ae30efa1ab6
2026-05-12 17:13:31.617 9 INFO neutron.plugins.ml2.plugin [None req-91dcfbed-953c-4c22-9efc-44fce6d0fa09 - - - - - -] Attempt 1 to provision port 40675721-6e72-4937-b499-9ae30efa1ab6
2026-05-12 17:13:31.923 9 INFO neutron.plugins.ml2.plugin [None req-d065d298-1271-48e8-900c-716c594445f3 - - - - - -] Attempt 1 to provision port 40675721-6e72-4937-b499-9ae30efa1ab6
2026-05-12 17:13:32.195 10 INFO neutron.plugins.ml2.plugin [None req-54605145-ada6-430c-96ba-d85bcd34eddb - - - - - -] Attempt 1 to provision port 40675721-6e72-4937-b499-9ae30efa1ab6
2026-05-12 17:13:36.604 9 INFO neutron.plugins.ml2.plugin [None req-9290d094-468c-4870-ae36-7084b8700742 - - - - - -] Attempt 1 to provision port 51a7dfbf-f3e9-4c01-b5af-536401fe7000
2026-05-12 17:18:15.899 9 INFO neutron.plugins.ml2.plugin [None req-91dcfbed-953c-4c22-9efc-44fce6d0fa09 - - - - - -] Attempt 1 to provision port 51a7dfbf-f3e9-4c01-b5af-536401fe7000
2026-05-12 17:18:17.813 10 INFO neutron.plugins.ml2.plugin [None req-91dcfbed-953c-4c22-9efc-44fce6d0fa09 - - - - - -] Attempt 1 to provision port 51a7dfbf-f3e9-4c01-b5af-536401fe7000
2026-05-12 17:25:54.147 9 INFO neutron.plugins.ml2.plugin [None req-91dcfbed-953c-4c22-9efc-44fce6d0fa09 - - - - - -] Attempt 1 to provision port 1bc40c0c-0cdf-4bae-8849-d2fef9f6636f
2026-05-12 17:25:56.111 10 INFO neutron.plugins.ml2.plugin [None req-91dcfbed-953c-4c22-9efc-44fce6d0fa09 - - - - - -] Attempt 1 to provision port 1bc40c0c-0cdf-4bae-8849-d2fef9f6636f
2026-05-12 17:40:58.954 10 INFO neutron.plugins.ml2.plugin [None req-91dcfbed-953c-4c22-9efc-44fce6d0fa09 - - - - - -] Attempt 1 to provision port 95f7621e-8cb5-4b0d-b4e7-a796aff51d21
2026-05-12 17:40:59.206 9 INFO neutron.plugins.ml2.plugin [None req-96c98302-10fe-442b-95a8-0aa26b0b30e1 - - - - - -] Attempt 1 to provision port 998066ac-c5b8-4271-ae92-41c205e8e986
2026-05-12 17:40:59.856 10 INFO neutron.plugins.ml2.plugin [None req-10ccb171-7260-4126-8bb9-ef0d48fb8310 - - - - - -] Attempt 1 to provision port 1c7422e1-681f-4ae1-9b95-b5782e9dc619
2026-05-12 17:41:00.841 9 INFO neutron.plugins.ml2.plugin [None req-91dcfbed-953c-4c22-9efc-44fce6d0fa09 - - - - - -] Attempt 1 to provision port 95f7621e-8cb5-4b0d-b4e7-a796aff51d21
2026-05-12 17:41:00.862 9 INFO neutron.plugins.ml2.plugin [None req-bc2e0566-27b4-402b-a2de-a16a3c1a50bd - - - - - -] Attempt 1 to provision port 95f7621e-8cb5-4b0d-b4e7-a796aff51d21
2026-05-12 17:41:01.181 10 INFO neutron.plugins.ml2.plugin [None req-c4c7a528-4da9-47a4-b908-a80425b4d4c9 - - - - - -] Attempt 1 to provision port c571a17f-8a52-4d23-9cbb-9a13017f4dec
2026-05-12 17:41:01.642 9 INFO neutron.plugins.ml2.plugin [None req-91dcfbed-953c-4c22-9efc-44fce6d0fa09 - - - - - -] Attempt 1 to provision port b8e6f55f-a9e7-4e94-b644-847dfbea8bac
2026-05-12 17:41:01.976 9 INFO neutron.plugins.ml2.plugin [None req-4f0457ba-8c59-4f07-8ef8-5308f51192bb - - - - - -] Attempt 1 to provision port b8e6f55f-a9e7-4e94-b644-847dfbea8bac
2026-05-12 17:41:02.241 9 INFO neutron.plugins.ml2.plugin [None req-4f0457ba-8c59-4f07-8ef8-5308f51192bb - - - - - -] Attempt 1 to provision port c571a17f-8a52-4d23-9cbb-9a13017f4dec
2026-05-12 17:41:02.435 9 INFO neutron.plugins.ml2.plugin [None req-4f0457ba-8c59-4f07-8ef8-5308f51192bb - - - - - -] Attempt 1 to provision port 95f7621e-8cb5-4b0d-b4e7-a796aff51d21
2026-05-12 17:41:02.660 9 INFO neutron.plugins.ml2.plugin [None req-91dcfbed-953c-4c22-9efc-44fce6d0fa09 - - - - - -] Attempt 1 to provision port c571a17f-8a52-4d23-9cbb-9a13017f4dec
2026-05-12 17:41:02.697 10 INFO neutron.plugins.ml2.plugin [None req-4a0d5ea4-cb35-4f40-aa2a-d98d05c37eee - - - - - -] Attempt 1 to provision port e4ed19dc-75e7-4bca-a675-d4ffaefa7dd2
2026-05-12 17:41:02.734 10 INFO neutron.plugins.ml2.plugin [None req-4a0d5ea4-cb35-4f40-aa2a-d98d05c37eee - - - - - -] Attempt 1 to provision port 19bfc5b6-a465-4cfa-ad80-d398f1f874c6
2026-05-12 17:41:03.065 9 INFO neutron.plugins.ml2.plugin [None req-91dcfbed-953c-4c22-9efc-44fce6d0fa09 - - - - - -] Attempt 1 to provision port b8e6f55f-a9e7-4e94-b644-847dfbea8bac
2026-05-12 17:41:03.079 10 INFO neutron.plugins.ml2.plugin [None req-f86e4264-11aa-48c4-bd07-831b6e054308 - - - - - -] Attempt 1 to provision port e4ed19dc-75e7-4bca-a675-d4ffaefa7dd2
2026-05-12 17:41:03.549 9 INFO neutron.plugins.ml2.plugin [None req-91dcfbed-953c-4c22-9efc-44fce6d0fa09 - - - - - -] Attempt 1 to provision port c571a17f-8a52-4d23-9cbb-9a13017f4dec
2026-05-12 17:41:04.327 9 INFO neutron.plugins.ml2.plugin [None req-5fc8f1c9-7718-4199-b7a5-ad65cd6793d0 - - - - - -] Attempt 1 to provision port 95f4a4e0-120c-4c1b-a60f-ec2f0222b296
2026-05-12 17:41:04.981 9 INFO neutron.plugins.ml2.plugin [None req-94468093-6817-47ae-b9a9-ee67ae9b7203 - - - - - -] Attempt 1 to provision port 95f4a4e0-120c-4c1b-a60f-ec2f0222b296
2026-05-12 17:41:05.326 10 INFO neutron.plugins.ml2.plugin [None req-07dd516d-e669-497e-9db5-1c25fb05cb3c - - - - - -] Attempt 1 to provision port 7b250b4f-d4a1-471e-b436-26ba15a6bd11
2026-05-12 17:41:05.889 10 INFO neutron.plugins.ml2.plugin [None req-9abe577e-32d5-46e7-90f3-34a738aa562c - - - - - -] Attempt 1 to provision port 7b250b4f-d4a1-471e-b436-26ba15a6bd11
2026-05-12 17:41:06.950 9 INFO neutron.plugins.ml2.plugin [None req-1baf5586-f60f-430c-be35-e160eba3545b - - - - - -] Attempt 1 to provision port 5780ceb4-60d4-462d-9a27-b21ee1959d0c
2026-05-12 17:41:07.093 10 INFO neutron.plugins.ml2.plugin [None req-91dcfbed-953c-4c22-9efc-44fce6d0fa09 - - - - - -] Attempt 1 to provision port 37bfedc0-a663-4db2-93ce-aedc5549eba6
2026-05-12 17:41:08.265 10 INFO neutron.plugins.ml2.plugin [None req-5cfc11cb-29d3-4e61-a683-506d5c8348e1 - - - - - -] Attempt 1 to provision port 37bfedc0-a663-4db2-93ce-aedc5549eba6
2026-05-12 17:41:08.606 9 INFO neutron.plugins.ml2.plugin [None req-92e50eb1-720f-4f50-853c-0fe4de13c6b9 - - - - - -] Attempt 1 to provision port 37bfedc0-a663-4db2-93ce-aedc5549eba6
2026-05-12 17:41:09.090 10 INFO neutron.plugins.ml2.plugin [None req-91dcfbed-953c-4c22-9efc-44fce6d0fa09 - - - - - -] Attempt 1 to provision port 37bfedc0-a663-4db2-93ce-aedc5549eba6
2026-05-12 17:41:09.701 9 INFO neutron.plugins.ml2.plugin [None req-cd09c083-a444-45e7-aaab-bdfb7aa5b712 - - - - - -] Attempt 1 to provision port 76f6fc36-0e37-403e-a62d-db5205ec19cd
2026-05-12 17:41:10.265 10 INFO neutron.plugins.ml2.plugin [None req-718c05ed-0310-4333-9dcc-3e4f6f8f207c - - - - - -] Attempt 1 to provision port 76f6fc36-0e37-403e-a62d-db5205ec19cd
2026-05-12 17:41:11.191 9 INFO neutron.plugins.ml2.plugin [None req-91dcfbed-953c-4c22-9efc-44fce6d0fa09 - - - - - -] Attempt 1 to provision port c05b6988-71e1-489a-ac55-60cc7376643a
2026-05-12 17:41:11.857 9 INFO neutron.plugins.ml2.plugin [None req-91dcfbed-953c-4c22-9efc-44fce6d0fa09 - - - - - -] Attempt 1 to provision port e4608ae6-abb2-424d-8768-f511eb29f16c
2026-05-12 17:41:12.404 9 INFO neutron.plugins.ml2.plugin [None req-91dcfbed-953c-4c22-9efc-44fce6d0fa09 - - - - - -] Attempt 1 to provision port 0293a20b-1f64-4b4e-92f2-ca6e15e614b1
2026-05-12 17:41:12.951 9 INFO neutron.plugins.ml2.plugin [None req-91dcfbed-953c-4c22-9efc-44fce6d0fa09 - - - - - -] Attempt 1 to provision port 7d07b03f-214b-4dcd-b6c2-cdd986c900bd
2026-05-12 17:41:13.442 10 INFO neutron.plugins.ml2.plugin [None req-e8b76e98-0f49-4d74-9260-0bad447c0cd9 - - - - - -] Attempt 1 to provision port 0d89ea1d-3c93-46c5-a29e-c3790c3f278b
2026-05-12 17:41:13.653 9 INFO neutron.plugins.ml2.plugin [None req-91dcfbed-953c-4c22-9efc-44fce6d0fa09 - - - - - -] Attempt 1 to provision port 7d07b03f-214b-4dcd-b6c2-cdd986c900bd
2026-05-12 17:41:13.900 10 INFO neutron.plugins.ml2.plugin [None req-ec4d9f86-d9a5-4448-ac6e-3250e82bae0c - - - - - -] Attempt 1 to provision port 0264c807-08ef-4f78-8496-77665b18b25d
2026-05-12 17:41:13.912 9 INFO neutron.plugins.ml2.plugin [None req-91dcfbed-953c-4c22-9efc-44fce6d0fa09 - - - - - -] Attempt 1 to provision port 0293a20b-1f64-4b4e-92f2-ca6e15e614b1
2026-05-12 17:41:14.237 9 INFO neutron.plugins.ml2.plugin [None req-91dcfbed-953c-4c22-9efc-44fce6d0fa09 - - - - - -] Attempt 1 to provision port e4608ae6-abb2-424d-8768-f511eb29f16c
2026-05-12 17:41:17.376 9 INFO neutron.plugins.ml2.plugin [None req-2877a126-e19c-4050-91b0-c9deb4395429 - - - - - -] Attempt 1 to provision port 275aff02-c677-4f17-b875-2b6876880d2f
2026-05-12 17:41:19.741 9 INFO neutron.plugins.ml2.plugin [None req-1c55eb22-b663-4e52-a8da-cf12e318806b - - - - - -] Attempt 1 to provision port e251a952-db90-412c-a464-91f77bfdc72b
2026-05-12 17:41:19.857 10 INFO neutron.plugins.ml2.plugin [None req-91dcfbed-953c-4c22-9efc-44fce6d0fa09 - - - - - -] Attempt 1 to provision port b4ccdff8-ff7a-49bc-bb33-a4dbadb69a65
2026-05-12 17:41:20.433 10 INFO neutron.plugins.ml2.plugin [None req-91dcfbed-953c-4c22-9efc-44fce6d0fa09 - - - - - -] Attempt 1 to provision port 0d89ea1d-3c93-46c5-a29e-c3790c3f278b
2026-05-12 17:41:20.884 10 INFO neutron.plugins.ml2.plugin [None req-91dcfbed-953c-4c22-9efc-44fce6d0fa09 - - - - - -] Attempt 1 to provision port 0264c807-08ef-4f78-8496-77665b18b25d
2026-05-12 17:41:21.066 10 INFO neutron.notifiers.nova [-] Nova event matching ['req-eff53106-8d44-4957-ab19-6410fb8cb511'] response: {'server_uuid': '05ca3ffb-7f86-47fc-b6b4-e73aca4cb532', 'name': 'network-vif-plugged', 'status': 'completed', 'tag': '0d89ea1d-3c93-46c5-a29e-c3790c3f278b', 'code': 200}
2026-05-12 17:41:21.517 10 INFO neutron.plugins.ml2.plugin [None req-91dcfbed-953c-4c22-9efc-44fce6d0fa09 - - - - - -] Attempt 1 to provision port 275aff02-c677-4f17-b875-2b6876880d2f
2026-05-12 17:41:21.631 10 INFO neutron.plugins.ml2.plugin [None req-106c4d22-6804-4808-958e-d982f708ae02 - - - - - -] Attempt 1 to provision port b4ccdff8-ff7a-49bc-bb33-a4dbadb69a65
2026-05-12 17:41:22.002 9 INFO neutron.plugins.ml2.plugin [None req-c8a27754-1881-4c59-bfc6-d5c17f3ca21f - - - - - -] Attempt 1 to provision port b4ccdff8-ff7a-49bc-bb33-a4dbadb69a65
2026-05-12 17:41:22.428 10 INFO neutron.plugins.ml2.plugin [None req-91dcfbed-953c-4c22-9efc-44fce6d0fa09 - - - - - -] Attempt 1 to provision port b4ccdff8-ff7a-49bc-bb33-a4dbadb69a65
2026-05-12 17:41:22.554 9 INFO neutron.plugins.ml2.plugin [None req-8a8673a6-52e8-4e8c-b5e2-9c72800bad5a - - - - - -] Attempt 1 to provision port d8be1fcc-e203-4e16-ab31-87baf76e4027
2026-05-12 17:41:22.722 10 INFO neutron.plugins.ml2.plugin [None req-91dcfbed-953c-4c22-9efc-44fce6d0fa09 - - - - - -] Attempt 1 to provision port 0d89ea1d-3c93-46c5-a29e-c3790c3f278b
2026-05-12 17:41:22.972 10 INFO neutron.plugins.ml2.plugin [None req-91dcfbed-953c-4c22-9efc-44fce6d0fa09 - - - - - -] Attempt 1 to provision port 0264c807-08ef-4f78-8496-77665b18b25d
2026-05-12 17:41:23.246 10 INFO neutron.plugins.ml2.plugin [None req-730e3bb7-abe5-4f3f-928a-e18b93f01811 - - - - - -] Attempt 1 to provision port d8be1fcc-e203-4e16-ab31-87baf76e4027
2026-05-12 17:41:23.276 10 INFO neutron.plugins.ml2.plugin [None req-91dcfbed-953c-4c22-9efc-44fce6d0fa09 - - - - - -] Attempt 1 to provision port 275aff02-c677-4f17-b875-2b6876880d2f
2026-05-12 17:41:23.375 10 INFO neutron.notifiers.nova [-] Nova event matching ['req-eb6ce74b-6314-45f8-a86c-cac924597d04'] response: {'server_uuid': '79a2186e-6132-4ec7-92b9-db534c92f9dd', 'name': 'network-vif-plugged', 'status': 'completed', 'tag': '0264c807-08ef-4f78-8496-77665b18b25d', 'code': 200}
2026-05-12 17:41:23.376 10 INFO neutron.notifiers.nova [-] Nova event matching ['req-eb6ce74b-6314-45f8-a86c-cac924597d04'] response: {'server_uuid': 'e3cd6010-70f2-41a8-909d-ecaef137296f', 'name': 'network-vif-plugged', 'status': 'completed', 'tag': '275aff02-c677-4f17-b875-2b6876880d2f', 'code': 200}
2026-05-12 17:41:24.256 10 INFO neutron.plugins.ml2.plugin [None req-91dcfbed-953c-4c22-9efc-44fce6d0fa09 - - - - - -] Attempt 1 to provision port 2bde388b-5e7b-4caa-8e6b-295e85e115f9
2026-05-12 17:41:26.286 9 INFO neutron.plugins.ml2.plugin [None req-91dcfbed-953c-4c22-9efc-44fce6d0fa09 - - - - - -] Attempt 1 to provision port 2bde388b-5e7b-4caa-8e6b-295e85e115f9
2026-05-12 17:41:29.019 9 INFO neutron.notifiers.nova [-] Nova event matching ['req-9d2059a6-9b1d-4c11-b12b-9e683a7a459a'] response: {'server_uuid': 'e3cd6010-70f2-41a8-909d-ecaef137296f', 'name': 'network-vif-unplugged', 'status': 'completed', 'tag': '275aff02-c677-4f17-b875-2b6876880d2f', 'code': 200} /var/lib/openstack/lib/python3.10/site-packages/oslo_db/sqlalchemy/enginefacade.py:676: SAWarning: DELETE statement on table 'portsecuritybindings' expected to delete 1 row(s); 0 were matched. Please set confirm_deleted_rows=False within the mapper configuration to prevent this warning. self.session.flush() /var/lib/openstack/lib/python3.10/site-packages/oslo_db/sqlalchemy/enginefacade.py:676: SAWarning: DELETE statement on table 'ml2_port_bindings' expected to delete 1 row(s); 0 were matched. Please set confirm_deleted_rows=False within the mapper configuration to prevent this warning. self.session.flush() /var/lib/openstack/lib/python3.10/site-packages/oslo_db/sqlalchemy/enginefacade.py:676: SAWarning: DELETE statement on table 'ml2_port_binding_levels' expected to delete 1 row(s); 0 were matched. Please set confirm_deleted_rows=False within the mapper configuration to prevent this warning. self.session.flush() /var/lib/openstack/lib/python3.10/site-packages/oslo_db/sqlalchemy/enginefacade.py:676: SAWarning: DELETE statement on table 'ports' expected to delete 1 row(s); 0 were matched. Please set confirm_deleted_rows=False within the mapper configuration to prevent this warning. self.session.flush()
2026-05-12 17:41:38.255 9 INFO neutron.plugins.ml2.plugin [None req-91dcfbed-953c-4c22-9efc-44fce6d0fa09 - - - - - -] Attempt 1 to provision port 998066ac-c5b8-4271-ae92-41c205e8e986
2026-05-12 17:41:38.562 9 INFO neutron.plugins.ml2.plugin [None req-91dcfbed-953c-4c22-9efc-44fce6d0fa09 - - - - - -] Attempt 1 to provision port e4ed19dc-75e7-4bca-a675-d4ffaefa7dd2
2026-05-12 17:41:39.922 10 INFO neutron.plugins.ml2.plugin [None req-fdbd14c7-c757-45cf-926c-acb9d5eeed40 - - - - - -] Attempt 1 to provision port 0d89ea1d-3c93-46c5-a29e-c3790c3f278b
2026-05-12 17:41:40.256 9 INFO neutron.plugins.ml2.plugin [None req-91dcfbed-953c-4c22-9efc-44fce6d0fa09 - - - - - -] Attempt 1 to provision port 0d89ea1d-3c93-46c5-a29e-c3790c3f278b
2026-05-12 17:41:40.740 9 INFO neutron.plugins.ml2.plugin [None req-91dcfbed-953c-4c22-9efc-44fce6d0fa09 - - - - - -] Attempt 1 to provision port 998066ac-c5b8-4271-ae92-41c205e8e986
2026-05-12 17:41:40.987 9 INFO neutron.plugins.ml2.plugin [None req-91dcfbed-953c-4c22-9efc-44fce6d0fa09 - - - - - -] Attempt 1 to provision port e4ed19dc-75e7-4bca-a675-d4ffaefa7dd2
2026-05-12 17:41:42.136 9 INFO neutron.plugins.ml2.plugin [None req-509ef670-19d1-4925-9ffc-2c4d3a4cab62 - - - - - -] Attempt 1 to provision port 0d89ea1d-3c93-46c5-a29e-c3790c3f278b
2026-05-12 17:41:42.298 10 INFO neutron.plugins.ml2.plugin [None req-91dcfbed-953c-4c22-9efc-44fce6d0fa09 - - - - - -] Attempt 1 to provision port 19bfc5b6-a465-4cfa-ad80-d398f1f874c6
2026-05-12 17:41:42.655 10 INFO neutron.plugins.ml2.plugin [None req-91dcfbed-953c-4c22-9efc-44fce6d0fa09 - - - - - -] Attempt 1 to provision port 0d89ea1d-3c93-46c5-a29e-c3790c3f278b
2026-05-12 17:41:42.954 10 INFO neutron.plugins.ml2.plugin [None req-91dcfbed-953c-4c22-9efc-44fce6d0fa09 - - - - - -] Attempt 1 to provision port 7b250b4f-d4a1-471e-b436-26ba15a6bd11
2026-05-12 17:41:44.208 9 INFO neutron.plugins.ml2.plugin [None req-91dcfbed-953c-4c22-9efc-44fce6d0fa09 - - - - - -] Attempt 1 to provision port 19bfc5b6-a465-4cfa-ad80-d398f1f874c6
2026-05-12 17:41:44.401 9 INFO neutron.plugins.ml2.plugin [None req-91dcfbed-953c-4c22-9efc-44fce6d0fa09 - - - - - -] Attempt 1 to provision port 7b250b4f-d4a1-471e-b436-26ba15a6bd11
2026-05-12 17:41:50.282 10 INFO neutron.notifiers.nova [-] Nova event matching ['req-0bfffde0-895e-498d-8d11-be5aaf97c290'] response: {'server_uuid': '79a2186e-6132-4ec7-92b9-db534c92f9dd', 'name': 'network-vif-unplugged', 'status': 'completed', 'tag': '0264c807-08ef-4f78-8496-77665b18b25d', 'code': 200}
2026-05-12 17:41:50.943 9 INFO neutron.plugins.ml2.plugin [None req-91dcfbed-953c-4c22-9efc-44fce6d0fa09 - - - - - -] Attempt 1 to provision port 0264c807-08ef-4f78-8496-77665b18b25d
2026-05-12 17:41:51.055 9 INFO neutron.notifiers.nova [-] Nova event matching ['req-10364fbc-758b-425e-960b-63071581a9ab'] response: {'server_uuid': '79a2186e-6132-4ec7-92b9-db534c92f9dd', 'name': 'network-vif-plugged', 'status': 'completed', 'tag': '0264c807-08ef-4f78-8496-77665b18b25d', 'code': 200}
2026-05-12 17:41:52.104 10 INFO neutron.plugins.ml2.plugin [None req-3fbe884b-3fb6-4c64-9496-45ee57cb8429 - - - - - -] Attempt 1 to provision port dcb81344-3747-4e27-80e5-5a0a352e8176
2026-05-12 17:41:52.211 9 INFO neutron.plugins.ml2.plugin [None req-91dcfbed-953c-4c22-9efc-44fce6d0fa09 - - - - - -] Attempt 1 to provision port 0264c807-08ef-4f78-8496-77665b18b25d
2026-05-12 17:41:55.193 10 INFO neutron.plugins.ml2.plugin [None req-731dd901-9c33-40cc-be20-18cb4887a92f - - - - - -] Attempt 1 to provision port e6e2cef8-b754-4e54-a29f-7c0332626c60
2026-05-12 17:41:56.328 9 INFO neutron.plugins.ml2.plugin [None req-91dcfbed-953c-4c22-9efc-44fce6d0fa09 - - - - - -] Attempt 1 to provision port 7047f78f-0dd7-471c-b8be-40c347e3e7a8
2026-05-12 17:41:56.816 9 INFO neutron.plugins.ml2.plugin [None req-91dcfbed-953c-4c22-9efc-44fce6d0fa09 - - - - - -] Attempt 1 to provision port 47066b1e-b51a-4a1b-baa1-20d336b289ee
2026-05-12 17:41:56.838 9 INFO neutron.plugins.ml2.plugin [None req-f55353d9-df1a-4f6a-a139-a970e844e6e0 - - - - - -] Attempt 1 to provision port 47066b1e-b51a-4a1b-baa1-20d336b289ee
2026-05-12 17:41:57.646 9 INFO neutron.plugins.ml2.plugin [None req-372b0a39-ac20-41f2-b053-b92370624a54 - - - - - -] Attempt 1 to provision port 48366aa0-d35e-4674-a936-5a5ff9f7e035
2026-05-12 17:41:57.686 9 INFO neutron.plugins.ml2.plugin [None req-372b0a39-ac20-41f2-b053-b92370624a54 - - - - - -] Attempt 1 to provision port 47066b1e-b51a-4a1b-baa1-20d336b289ee
2026-05-12 17:41:57.772 9 INFO neutron.plugins.ml2.plugin [None req-372b0a39-ac20-41f2-b053-b92370624a54 - - - - - -] Attempt 1 to provision port 7047f78f-0dd7-471c-b8be-40c347e3e7a8
2026-05-12 17:41:58.364 10 INFO neutron.plugins.ml2.plugin [None req-0fb751bb-930b-4ab5-a822-f0b0a1affc09 - - - - - -] Attempt 1 to provision port 48366aa0-d35e-4674-a936-5a5ff9f7e035
2026-05-12 17:41:58.584 9 INFO neutron.plugins.ml2.plugin [None req-91dcfbed-953c-4c22-9efc-44fce6d0fa09 - - - - - -] Attempt 1 to provision port 19cd63b4-6f88-44d5-b8e9-4748e06a0ed7
2026-05-12 17:41:59.133 9 INFO neutron.plugins.ml2.plugin [None req-91dcfbed-953c-4c22-9efc-44fce6d0fa09 - - - - - -] Attempt 1 to provision port 7047f78f-0dd7-471c-b8be-40c347e3e7a8
2026-05-12 17:41:59.450 9 INFO neutron.plugins.ml2.plugin [None req-91dcfbed-953c-4c22-9efc-44fce6d0fa09 - - - - - -] Attempt 1 to provision port 47066b1e-b51a-4a1b-baa1-20d336b289ee
2026-05-12 17:42:00.351 10 INFO neutron.plugins.ml2.plugin [None req-91dcfbed-953c-4c22-9efc-44fce6d0fa09 - - - - - -] Attempt 1 to provision port 19cd63b4-6f88-44d5-b8e9-4748e06a0ed7
2026-05-12 17:42:06.455 10 INFO neutron.plugins.ml2.plugin [None req-91dcfbed-953c-4c22-9efc-44fce6d0fa09 - - - - - -] Attempt 1 to provision port 025bd775-05b5-45ea-8643-1be5250d90a3
2026-05-12 17:42:06.907 10 INFO neutron.plugins.ml2.plugin [None req-91dcfbed-953c-4c22-9efc-44fce6d0fa09 - - - - - -] Attempt 1 to provision port f71fda64-5218-4bf4-b22f-8aff3e628ef3
2026-05-12 17:42:08.237 9 INFO neutron.plugins.ml2.plugin [None req-91dcfbed-953c-4c22-9efc-44fce6d0fa09 - - - - - -] Attempt 1 to provision port 025bd775-05b5-45ea-8643-1be5250d90a3
2026-05-12 17:42:08.493 9 INFO neutron.plugins.ml2.plugin [None req-f75378e1-1b5c-4a75-b892-1640da43abfb - - - - - -] Attempt 1 to provision port 025bd775-05b5-45ea-8643-1be5250d90a3
2026-05-12 17:42:08.644 9 INFO neutron.plugins.ml2.plugin [None req-91dcfbed-953c-4c22-9efc-44fce6d0fa09 - - - - - -] Attempt 1 to provision port f71fda64-5218-4bf4-b22f-8aff3e628ef3
2026-05-12 17:42:08.805 9 INFO neutron.plugins.ml2.plugin [None req-b8db6bb4-75de-4d66-82aa-163f3ebf5c1b - - - - - -] Attempt 1 to provision port f71fda64-5218-4bf4-b22f-8aff3e628ef3
2026-05-12 17:42:09.010 10 INFO neutron.plugins.ml2.plugin [None req-5ee9130d-c73b-451c-9cd1-b401ad0faf27 - - - - - -] Attempt 1 to provision port 025bd775-05b5-45ea-8643-1be5250d90a3
2026-05-12 17:42:09.100 10 INFO neutron.plugins.ml2.plugin [None req-5ee9130d-c73b-451c-9cd1-b401ad0faf27 - - - - - -] Attempt 1 to provision port b293c9af-7e14-424a-9be8-9e546037dba5
2026-05-12 17:42:09.282 9 INFO neutron.plugins.ml2.plugin [None req-483d6526-de39-40b5-b726-66a1840a35e6 - - - - - -] Attempt 1 to provision port f71fda64-5218-4bf4-b22f-8aff3e628ef3
2026-05-12 17:42:09.478 10 INFO neutron.plugins.ml2.plugin [None req-0e02bac5-3670-454e-a3fc-718774058874 - - - - - -] Attempt 1 to provision port b293c9af-7e14-424a-9be8-9e546037dba5
2026-05-12 17:42:09.730 9 INFO neutron.plugins.ml2.plugin [None req-7673dc04-11f0-4a5c-9a4c-07a99ba91ce5 - - - - - -] Attempt 1 to provision port b293c9af-7e14-424a-9be8-9e546037dba5
2026-05-12 17:42:09.969 10 INFO neutron.plugins.ml2.plugin [None req-17b685f4-dc01-4252-91e4-a9ddfbc940c8 - - - - - -] Attempt 1 to provision port e422e73a-ef54-4569-a4ad-32c6ca5dc4b5
