2026-05-12 17:44:22.245 9 ERROR neutron.plugins.ml2.managers driver.obj.bind_port(context)
2026-05-12 17:44:22.245 9 ERROR neutron.plugins.ml2.managers
File "/var/lib/openstack/lib/python3.10/site-packages/neutron/plugins/ml2/drivers/openvswitch/mech_driver/mech_openvswitch.py", line 133, in bind_port
2026-05-12 17:44:22.245 9 ERROR neutron.plugins.ml2.managers super(OpenvswitchMechanismDriver, self).bind_port(context)
2026-05-12 17:44:22.245 9 ERROR neutron.plugins.ml2.managers
File "/var/lib/openstack/lib/python3.10/site-packages/neutron/plugins/ml2/drivers/mech_agent.py", line 104, in bind_port
2026-05-12 17:44:22.245 9 ERROR neutron.plugins.ml2.managers subnets = self.get_subnets_from_fixed_ips(context)
2026-05-12 17:44:22.245 9 ERROR neutron.plugins.ml2.managers
File "/var/lib/openstack/lib/python3.10/site-packages/neutron/plugins/ml2/drivers/mech_agent.py", line 149, in get_subnets_from_fixed_ips
2026-05-12 17:44:22.245 9 ERROR neutron.plugins.ml2.managers subnets.append(context._plugin.get_subnet(
2026-05-12 17:44:22.245 9 ERROR neutron.plugins.ml2.managers
File "/var/lib/openstack/lib/python3.10/site-packages/neutron_lib/db/api.py", line 226, in wrapped
2026-05-12 17:44:22.245 9 ERROR neutron.plugins.ml2.managers return f_with_retry(*args, **kwargs,
2026-05-12 17:44:22.245 9 ERROR neutron.plugins.ml2.managers
File "/var/lib/openstack/lib/python3.10/site-packages/neutron_lib/db/api.py", line 140, in wrapped
2026-05-12 17:44:22.245 9 ERROR neutron.plugins.ml2.managers with excutils.save_and_reraise_exception():
2026-05-12 17:44:22.245 9 ERROR neutron.plugins.ml2.managers
File "/var/lib/openstack/lib/python3.10/site-packages/oslo_utils/excutils.py", line 227, in __exit__
2026-05-12 17:44:22.245 9 ERROR neutron.plugins.ml2.managers self.force_reraise()
2026-05-12 17:44:22.245 9 ERROR neutron.plugins.ml2.managers
File "/var/lib/openstack/lib/python3.10/site-packages/oslo_utils/excutils.py", line 200, in force_reraise
2026-05-12 17:44:22.245 9 ERROR neutron.plugins.ml2.managers raise self.value
2026-05-12 17:44:22.245 9 ERROR neutron.plugins.ml2.managers
File "/var/lib/openstack/lib/python3.10/site-packages/neutron_lib/db/api.py", line 138, in wrapped
2026-05-12 17:44:22.245 9 ERROR neutron.plugins.ml2.managers return f(*args, **kwargs)
2026-05-12 17:44:22.245 9 ERROR neutron.plugins.ml2.managers
File "/var/lib/openstack/lib/python3.10/site-packages/oslo_db/api.py", line 144, in wrapper
2026-05-12 17:44:22.245 9 ERROR neutron.plugins.ml2.managers with excutils.save_and_reraise_exception() as ectxt:
2026-05-12 17:44:22.245 9 ERROR neutron.plugins.ml2.managers
File "/var/lib/openstack/lib/python3.10/site-packages/oslo_utils/excutils.py", line 227, in __exit__
2026-05-12 17:44:22.245 9 ERROR neutron.plugins.ml2.managers self.force_reraise()
2026-05-12 17:44:22.245 9 ERROR neutron.plugins.ml2.managers
File "/var/lib/openstack/lib/python3.10/site-packages/oslo_utils/excutils.py", line 200, in force_reraise
2026-05-12 17:44:22.245 9 ERROR neutron.plugins.ml2.managers raise self.value
2026-05-12 17:44:22.245 9 ERROR neutron.plugins.ml2.managers
File "/var/lib/openstack/lib/python3.10/site-packages/oslo_db/api.py", line 142, in wrapper
2026-05-12 17:44:22.245 9 ERROR neutron.plugins.ml2.managers return f(*args, **kwargs)
2026-05-12 17:44:22.245 9 ERROR neutron.plugins.ml2.managers
File "/var/lib/openstack/lib/python3.10/site-packages/neutron_lib/db/api.py", line 186, in wrapped
2026-05-12 17:44:22.245 9 ERROR neutron.plugins.ml2.managers with excutils.save_and_reraise_exception():
2026-05-12 17:44:22.245 9 ERROR neutron.plugins.ml2.managers
File "/var/lib/openstack/lib/python3.10/site-packages/oslo_utils/excutils.py", line 227, in __exit__
2026-05-12 17:44:22.245 9 ERROR neutron.plugins.ml2.managers self.force_reraise()
2026-05-12 17:44:22.245 9 ERROR neutron.plugins.ml2.managers
File "/var/lib/openstack/lib/python3.10/site-packages/oslo_utils/excutils.py", line 200, in force_reraise
2026-05-12 17:44:22.245 9 ERROR neutron.plugins.ml2.managers raise self.value
2026-05-12 17:44:22.245 9 ERROR neutron.plugins.ml2.managers
File "/var/lib/openstack/lib/python3.10/site-packages/neutron_lib/db/api.py", line 184, in wrapped
2026-05-12 17:44:22.245 9 ERROR neutron.plugins.ml2.managers return f(*dup_args, **dup_kwargs)
2026-05-12 17:44:22.245 9 ERROR neutron.plugins.ml2.managers
File "/var/lib/openstack/lib/python3.10/site-packages/neutron/db/db_base_plugin_v2.py", line 1121, in get_subnet
2026-05-12 17:44:22.245 9 ERROR neutron.plugins.ml2.managers subnet_obj = self._get_subnet_object(context, id)
2026-05-12 17:44:22.245 9 ERROR neutron.plugins.ml2.managers
File "/var/lib/openstack/lib/python3.10/site-packages/neutron/db/db_base_plugin_common.py", line 279, in _get_subnet_object
2026-05-12 17:44:22.245 9 ERROR neutron.plugins.ml2.managers raise exceptions.SubnetNotFound(subnet_id=id)
2026-05-12 17:44:22.245 9 ERROR neutron.plugins.ml2.managers neutron_lib.exceptions.SubnetNotFound: Subnet 3e089f3b-920a-4ecc-9c0e-59ed26f0bf9b could not be found.
2026-05-12 17:44:22.245 9 ERROR neutron.plugins.ml2.managers 
2026-05-12 17:44:22.246 9 ERROR neutron.plugins.ml2.managers [None req-92618d3b-9fb6-4e3b-bf4d-ca6fc1cda164 - - - - - -] Failed to bind port 5acb4db0-55ef-47b0-8088-0f5b297ca2f9 on host instance for vnic_type normal using segments [{'id': 'f439a435-311a-4763-829a-e993f695fabd', 'network_type': 'vxlan', 'physical_network': None, 'segmentation_id': 235, 'network_id': 'd34e779f-6524-4464-b49b-2e476892675f'}]
2026-05-12 17:44:22.246 9 INFO neutron.plugins.ml2.plugin [None req-92618d3b-9fb6-4e3b-bf4d-ca6fc1cda164 - - - - - -] Attempt 10 to bind port 5acb4db0-55ef-47b0-8088-0f5b297ca2f9
2026-05-12 17:44:22.265 9 ERROR neutron.plugins.ml2.managers [None req-92618d3b-9fb6-4e3b-bf4d-ca6fc1cda164 - - - - - -] Mechanism driver openvswitch failed in bind_port: neutron_lib.exceptions.SubnetNotFound: Subnet 3e089f3b-920a-4ecc-9c0e-59ed26f0bf9b could not be found.
2026-05-12 17:44:22.265 9 ERROR neutron.plugins.ml2.managers
Traceback (most recent call last):
2026-05-12 17:44:22.265 9 ERROR neutron.plugins.ml2.managers
File "/var/lib/openstack/lib/python3.10/site-packages/neutron/plugins/ml2/managers.py", line 866, in _bind_port_level
2026-05-12 17:44:22.265 9 ERROR neutron.plugins.ml2.managers driver.obj.bind_port(context)
2026-05-12 17:44:22.265 9 ERROR neutron.plugins.ml2.managers
File "/var/lib/openstack/lib/python3.10/site-packages/neutron/plugins/ml2/drivers/openvswitch/mech_driver/mech_openvswitch.py", line 133, in bind_port
2026-05-12 17:44:22.265 9 ERROR neutron.plugins.ml2.managers super(OpenvswitchMechanismDriver, self).bind_port(context)
2026-05-12 17:44:22.265 9 ERROR neutron.plugins.ml2.managers
File "/var/lib/openstack/lib/python3.10/site-packages/neutron/plugins/ml2/drivers/mech_agent.py", line 104, in bind_port
2026-05-12 17:44:22.265 9 ERROR neutron.plugins.ml2.managers subnets = self.get_subnets_from_fixed_ips(context)
2026-05-12 17:44:22.265 9 ERROR neutron.plugins.ml2.managers
File "/var/lib/openstack/lib/python3.10/site-packages/neutron/plugins/ml2/drivers/mech_agent.py", line 149, in get_subnets_from_fixed_ips
2026-05-12 17:44:22.265 9 ERROR neutron.plugins.ml2.managers subnets.append(context._plugin.get_subnet(
2026-05-12 17:44:22.265 9 ERROR neutron.plugins.ml2.managers
File "/var/lib/openstack/lib/python3.10/site-packages/neutron_lib/db/api.py", line 226, in wrapped
2026-05-12 17:44:22.265 9 ERROR neutron.plugins.ml2.managers return f_with_retry(*args, **kwargs,
2026-05-12 17:44:22.265 9 ERROR neutron.plugins.ml2.managers
File "/var/lib/openstack/lib/python3.10/site-packages/neutron_lib/db/api.py", line 140, in wrapped
2026-05-12 17:44:22.265 9 ERROR neutron.plugins.ml2.managers with excutils.save_and_reraise_exception():
2026-05-12 17:44:22.265 9 ERROR neutron.plugins.ml2.managers
File "/var/lib/openstack/lib/python3.10/site-packages/oslo_utils/excutils.py", line 227, in __exit__
2026-05-12 17:44:22.265 9 ERROR neutron.plugins.ml2.managers self.force_reraise()
2026-05-12 17:44:22.265 9 ERROR neutron.plugins.ml2.managers
File "/var/lib/openstack/lib/python3.10/site-packages/oslo_utils/excutils.py", line 200, in force_reraise
2026-05-12 17:44:22.265 9 ERROR neutron.plugins.ml2.managers raise self.value
2026-05-12 17:44:22.265 9 ERROR neutron.plugins.ml2.managers
File "/var/lib/openstack/lib/python3.10/site-packages/neutron_lib/db/api.py", line 138, in wrapped
2026-05-12 17:44:22.265 9 ERROR neutron.plugins.ml2.managers return f(*args, **kwargs)
2026-05-12 17:44:22.265 9 ERROR neutron.plugins.ml2.managers
File "/var/lib/openstack/lib/python3.10/site-packages/oslo_db/api.py", line 144, in wrapper
2026-05-12 17:44:22.265 9 ERROR neutron.plugins.ml2.managers with excutils.save_and_reraise_exception() as ectxt:
2026-05-12 17:44:22.265 9 ERROR neutron.plugins.ml2.managers
File "/var/lib/openstack/lib/python3.10/site-packages/oslo_utils/excutils.py", line 227, in __exit__
2026-05-12 17:44:22.265 9 ERROR neutron.plugins.ml2.managers self.force_reraise()
2026-05-12 17:44:22.265 9 ERROR neutron.plugins.ml2.managers
File "/var/lib/openstack/lib/python3.10/site-packages/oslo_utils/excutils.py", line 200, in force_reraise
2026-05-12 17:44:22.265 9 ERROR neutron.plugins.ml2.managers raise self.value
2026-05-12 17:44:22.265 9 ERROR neutron.plugins.ml2.managers
File "/var/lib/openstack/lib/python3.10/site-packages/oslo_db/api.py", line 142, in wrapper
2026-05-12 17:44:22.265 9 ERROR neutron.plugins.ml2.managers return f(*args, **kwargs)
2026-05-12 17:44:22.265 9 ERROR neutron.plugins.ml2.managers
File "/var/lib/openstack/lib/python3.10/site-packages/neutron_lib/db/api.py", line 186, in wrapped
2026-05-12 17:44:22.265 9 ERROR neutron.plugins.ml2.managers with excutils.save_and_reraise_exception():
2026-05-12 17:44:22.265 9 ERROR neutron.plugins.ml2.managers
File "/var/lib/openstack/lib/python3.10/site-packages/oslo_utils/excutils.py", line 227, in __exit__
2026-05-12 17:44:22.265 9 ERROR neutron.plugins.ml2.managers self.force_reraise()
2026-05-12 17:44:22.265 9 ERROR neutron.plugins.ml2.managers
File "/var/lib/openstack/lib/python3.10/site-packages/oslo_utils/excutils.py", line 200, in force_reraise
2026-05-12 17:44:22.265 9 ERROR neutron.plugins.ml2.managers raise self.value
2026-05-12 17:44:22.265 9 ERROR neutron.plugins.ml2.managers
File "/var/lib/openstack/lib/python3.10/site-packages/neutron_lib/db/api.py", line 184, in wrapped
2026-05-12 17:44:22.265 9 ERROR neutron.plugins.ml2.managers return f(*dup_args, **dup_kwargs)
2026-05-12 17:44:22.265 9 ERROR neutron.plugins.ml2.managers
File "/var/lib/openstack/lib/python3.10/site-packages/neutron/db/db_base_plugin_v2.py", line 1121, in get_subnet
2026-05-12 17:44:22.265 9 ERROR neutron.plugins.ml2.managers subnet_obj = self._get_subnet_object(context, id)
2026-05-12 17:44:22.265 9 ERROR neutron.plugins.ml2.managers
File "/var/lib/openstack/lib/python3.10/site-packages/neutron/db/db_base_plugin_common.py", line 279, in _get_subnet_object
2026-05-12 17:44:22.265 9 ERROR neutron.plugins.ml2.managers raise exceptions.SubnetNotFound(subnet_id=id)
2026-05-12 17:44:22.265 9 ERROR neutron.plugins.ml2.managers neutron_lib.exceptions.SubnetNotFound: Subnet 3e089f3b-920a-4ecc-9c0e-59ed26f0bf9b could not be found.
2026-05-12 17:44:22.265 9 ERROR neutron.plugins.ml2.managers 
2026-05-12 17:44:22.266 9 ERROR neutron.plugins.ml2.managers [None req-92618d3b-9fb6-4e3b-bf4d-ca6fc1cda164 - - - - - -] Failed to bind port 5acb4db0-55ef-47b0-8088-0f5b297ca2f9 on host instance for vnic_type normal using segments [{'id': 'f439a435-311a-4763-829a-e993f695fabd', 'network_type': 'vxlan', 'physical_network': None, 'segmentation_id': 235, 'network_id': 'd34e779f-6524-4464-b49b-2e476892675f'}]
2026-05-12 17:44:26.936 10 INFO neutron.plugins.ml2.plugin [None req-43d0b44f-2038-4da5-a887-6a62ab36a70f - - - - - -] Attempt 1 to provision port 2cf2d507-02dc-4640-a679-3b72e9738212
2026-05-12 17:44:28.657 9 INFO neutron.plugins.ml2.plugin [None req-91dcfbed-953c-4c22-9efc-44fce6d0fa09 - - - - - -] Attempt 1 to provision port 2cf2d507-02dc-4640-a679-3b72e9738212
2026-05-12 17:44:28.771 9 INFO neutron.notifiers.nova [-] Nova event matching ['req-139398ec-76fc-4ff1-a0eb-870c98ae4195'] response: {'server_uuid': '2f418e42-ad83-4d7e-a6ad-ca96187eb797', 'name': 'network-vif-plugged', 'status': 'completed', 'tag': '2cf2d507-02dc-4640-a679-3b72e9738212', 'code': 200}
2026-05-12 17:44:30.584 9 INFO neutron.plugins.ml2.plugin [None req-91dcfbed-953c-4c22-9efc-44fce6d0fa09 - - - - - -] Attempt 1 to provision port 2cf2d507-02dc-4640-a679-3b72e9738212
2026-05-12 17:44:36.817 10 INFO neutron.plugins.ml2.plugin [None req-91dcfbed-953c-4c22-9efc-44fce6d0fa09 - - - - - -] Attempt 1 to provision port 014e19aa-4cf1-4a34-aa5e-cefe9235a0a4
2026-05-12 17:44:37.405 9 INFO neutron.plugins.ml2.plugin [None req-42a0a382-585d-47a2-af80-0f6efa9c093e - - - - - -] Attempt 1 to provision port 014e19aa-4cf1-4a34-aa5e-cefe9235a0a4
2026-05-12 17:44:37.608 10 INFO neutron.plugins.ml2.plugin [None req-91dcfbed-953c-4c22-9efc-44fce6d0fa09 - - - - - -] Attempt 1 to provision port 1cc15a0e-9758-4603-9c9f-8465df6c2f6d
2026-05-12 17:44:37.827 10 INFO neutron.plugins.ml2.plugin [None req-e0be9e62-12a0-4868-833e-a660b47beca9 - - - - - -] Attempt 1 to provision port 014e19aa-4cf1-4a34-aa5e-cefe9235a0a4
2026-05-12 17:44:38.139 10 INFO neutron.plugins.ml2.plugin [None req-91dcfbed-953c-4c22-9efc-44fce6d0fa09 - - - - - -] Attempt 1 to provision port 09c2e80a-a436-4643-be75-4117c18a6614
2026-05-12 17:44:38.223 9 INFO neutron.plugins.ml2.plugin [None req-70972906-4fa7-456f-9b99-675892f9314a - - - - - -] Attempt 1 to provision port 1cc15a0e-9758-4603-9c9f-8465df6c2f6d
2026-05-12 17:44:38.629 10 INFO neutron.plugins.ml2.plugin [None req-fc7b52eb-dcef-4afa-9e61-b64efee15d8a - - - - - -] Attempt 1 to provision port 1cc15a0e-9758-4603-9c9f-8465df6c2f6d
2026-05-12 17:44:38.880 9 INFO neutron.plugins.ml2.plugin [None req-91dcfbed-953c-4c22-9efc-44fce6d0fa09 - - - - - -] Attempt 1 to provision port 09c2e80a-a436-4643-be75-4117c18a6614
2026-05-12 17:44:39.182 9 INFO neutron.plugins.ml2.plugin [None req-91dcfbed-953c-4c22-9efc-44fce6d0fa09 - - - - - -] Attempt 1 to provision port 014e19aa-4cf1-4a34-aa5e-cefe9235a0a4
2026-05-12 17:44:39.488 9 INFO neutron.plugins.ml2.plugin [None req-8138f9c7-1a9f-48da-ae88-19884dd4a5d6 - - - - - -] Attempt 1 to provision port 09c2e80a-a436-4643-be75-4117c18a6614
2026-05-12 17:44:39.808 9 INFO neutron.plugins.ml2.plugin [None req-91dcfbed-953c-4c22-9efc-44fce6d0fa09 - - - - - -] Attempt 1 to provision port c1652ff1-c83b-42e6-957b-2b31867e9420
2026-05-12 17:44:39.856 10 INFO neutron.plugins.ml2.plugin [None req-cf69c566-0532-4574-9a95-14ffd76e067b - - - - - -] Attempt 1 to provision port 31f49717-5a2f-4854-967c-a5ff594f176f
2026-05-12 17:44:40.295 10 INFO neutron.plugins.ml2.plugin [None req-3d8a6238-7bca-431b-abab-5f4a319ff379 - - - - - -] Attempt 1 to provision port 31f49717-5a2f-4854-967c-a5ff594f176f
2026-05-12 17:44:40.527 10 INFO neutron.plugins.ml2.plugin [None req-d7a4ced9-ec6f-4571-a081-5fc6c9896172 - - - - - -] Attempt 1 to provision port c1652ff1-c83b-42e6-957b-2b31867e9420
2026-05-12 17:44:57.853 9 INFO neutron.plugins.ml2.plugin [None req-26a1efee-c96b-427a-a127-da3091286b89 - - - - - -] Attempt 1 to provision port ad6d51e3-57b9-4f3e-b11d-dfa017cd1d14
2026-05-12 17:44:58.771 10 INFO neutron.plugins.ml2.plugin [None req-91dcfbed-953c-4c22-9efc-44fce6d0fa09 - - - - - -] Attempt 1 to provision port c7f50102-1e90-4a63-bce9-24fe574bfb91
2026-05-12 17:44:59.302 9 INFO neutron.plugins.ml2.plugin [None req-b882e8ce-e63f-4ef7-8799-9fb3b2d56f79 - - - - - -] Attempt 1 to provision port c7f50102-1e90-4a63-bce9-24fe574bfb91
2026-05-12 17:44:59.594 10 INFO neutron.plugins.ml2.plugin [None req-5f125574-6145-44f8-90c0-24f64c488dc7 - - - - - -] Attempt 1 to provision port c7f50102-1e90-4a63-bce9-24fe574bfb91
2026-05-12 17:45:00.812 9 INFO neutron.plugins.ml2.plugin [None req-91dcfbed-953c-4c22-9efc-44fce6d0fa09 - - - - - -] Attempt 1 to provision port c7f50102-1e90-4a63-bce9-24fe574bfb91
2026-05-12 17:45:00.883 10 INFO neutron.plugins.ml2.plugin [None req-77f64b18-f271-4e5e-a83b-735964b977b3 - - - - - -] Attempt 1 to provision port ee40a618-c5b4-479f-bf82-c09733697ce4
2026-05-12 17:45:01.551 9 INFO neutron.plugins.ml2.plugin [None req-ed8397b5-8c37-4c06-99d9-eab072527d7e - - - - - -] Attempt 1 to provision port ee40a618-c5b4-479f-bf82-c09733697ce4
2026-05-12 17:45:02.791 10 INFO neutron.plugins.ml2.plugin [None req-91dcfbed-953c-4c22-9efc-44fce6d0fa09 - - - - - -] Attempt 1 to provision port ab9b4df5-d8f6-461b-8cc7-802ae1057574
2026-05-12 17:45:04.630 9 INFO neutron.plugins.ml2.plugin [None req-c46d983e-04d9-4765-9c4f-255aee195dd1 - - - - - -] Attempt 1 to provision port 82969cdc-0690-491d-a151-8eda9ee79a4d
2026-05-12 17:45:04.856 10 INFO neutron.plugins.ml2.plugin [None req-91dcfbed-953c-4c22-9efc-44fce6d0fa09 - - - - - -] Attempt 1 to provision port 9db9369c-6764-4eca-b8d8-2a791a8e2773
2026-05-12 17:45:05.471 10 INFO neutron.plugins.ml2.plugin [None req-91dcfbed-953c-4c22-9efc-44fce6d0fa09 - - - - - -] Attempt 1 to provision port ab9b4df5-d8f6-461b-8cc7-802ae1057574
2026-05-12 17:45:06.082 10 INFO neutron.plugins.ml2.plugin [None req-07c42ffa-e404-4c8d-ac1f-469cf5fb8ab3 - - - - - -] Attempt 1 to provision port 9db9369c-6764-4eca-b8d8-2a791a8e2773
2026-05-12 17:45:06.445 10 INFO neutron.plugins.ml2.plugin [None req-1b490108-5154-426b-8a78-dfbe3600bcae - - - - - -] Attempt 1 to provision port 9db9369c-6764-4eca-b8d8-2a791a8e2773
2026-05-12 17:45:06.906 9 INFO neutron.plugins.ml2.plugin [None req-91dcfbed-953c-4c22-9efc-44fce6d0fa09 - - - - - -] Attempt 1 to provision port 9db9369c-6764-4eca-b8d8-2a791a8e2773
2026-05-12 17:45:07.368 10 INFO neutron.plugins.ml2.plugin [None req-358cdc09-73cd-4dc6-857c-5981f45312a0 - - - - - -] Attempt 1 to provision port ae6490b2-9dab-4a5e-8119-d38746121aa0
2026-05-12 17:45:08.223 10 INFO neutron.plugins.ml2.plugin [None req-92348ad6-ea8e-4e39-b874-78f153280e92 - - - - - -] Attempt 1 to provision port ae6490b2-9dab-4a5e-8119-d38746121aa0
2026-05-12 17:45:08.855 9 INFO neutron.plugins.ml2.plugin [None req-91dcfbed-953c-4c22-9efc-44fce6d0fa09 - - - - - -] Attempt 1 to provision port 01b7d6c3-d0c2-4462-9619-6d1f194190d6
2026-05-12 17:45:09.583 10 INFO neutron.plugins.ml2.plugin [None req-7a1198e6-80e2-453f-a15e-5e62faa36b1e - - - - - -] Attempt 1 to provision port 01b7d6c3-d0c2-4462-9619-6d1f194190d6
2026-05-12 17:45:09.597 9 INFO neutron.plugins.ml2.plugin [None req-91dcfbed-953c-4c22-9efc-44fce6d0fa09 - - - - - -] Attempt 1 to provision port fce30df7-a285-4aad-b492-9a35d19ac098
2026-05-12 17:45:10.747 9 INFO neutron.plugins.ml2.plugin [None req-1ab8c572-d3bb-47ad-b1a7-871cce0113ee - - - - - -] Attempt 1 to provision port 01b7d6c3-d0c2-4462-9619-6d1f194190d6
2026-05-12 17:45:10.875 9 INFO neutron.plugins.ml2.plugin [None req-91dcfbed-953c-4c22-9efc-44fce6d0fa09 - - - - - -] Attempt 1 to provision port b5de8e2d-a568-43f8-b6c0-5b3554156000
2026-05-12 17:45:10.958 9 INFO neutron.plugins.ml2.plugin [None req-c5bcc166-849e-41e6-932d-368538d90684 - - - - - -] Attempt 1 to provision port b5de8e2d-a568-43f8-b6c0-5b3554156000
2026-05-12 17:45:11.561 9 INFO neutron.plugins.ml2.plugin [None req-91dcfbed-953c-4c22-9efc-44fce6d0fa09 - - - - - -] Attempt 1 to provision port ae3f64b1-a932-46da-b574-143f55358de4
2026-05-12 17:45:11.724 9 INFO neutron.plugins.ml2.plugin [None req-bd9a26c1-eddb-4eaa-9286-ac6e7e6e848c - - - - - -] Attempt 1 to provision port 01b7d6c3-d0c2-4462-9619-6d1f194190d6
2026-05-12 17:45:11.857 9 INFO neutron.plugins.ml2.plugin [None req-bd9a26c1-eddb-4eaa-9286-ac6e7e6e848c - - - - - -] Attempt 1 to provision port 86a8c3a7-a2e4-4b7b-ba50-f266af13549e
2026-05-12 17:45:12.091 9 INFO neutron.plugins.ml2.plugin [None req-91dcfbed-953c-4c22-9efc-44fce6d0fa09 - - - - - -] Attempt 1 to provision port 01b7d6c3-d0c2-4462-9619-6d1f194190d6
2026-05-12 17:45:12.216 10 INFO neutron.plugins.ml2.plugin [None req-73963a82-872f-428f-8841-509b02e03857 - - - - - -] Attempt 1 to provision port b5de8e2d-a568-43f8-b6c0-5b3554156000
2026-05-12 17:45:12.434 9 INFO neutron.plugins.ml2.plugin [None req-91dcfbed-953c-4c22-9efc-44fce6d0fa09 - - - - - -] Attempt 1 to provision port fce30df7-a285-4aad-b492-9a35d19ac098
2026-05-12 17:45:12.715 9 INFO neutron.plugins.ml2.plugin [None req-feb430ca-d0c6-42dd-bf4c-9eba412fe1db - - - - - -] Attempt 1 to provision port b5de8e2d-a568-43f8-b6c0-5b3554156000
2026-05-12 17:45:12.797 9 INFO neutron.plugins.ml2.plugin [None req-feb430ca-d0c6-42dd-bf4c-9eba412fe1db - - - - - -] Attempt 1 to provision port ae3f64b1-a932-46da-b574-143f55358de4
2026-05-12 17:45:13.028 9 INFO neutron.plugins.ml2.plugin [None req-91dcfbed-953c-4c22-9efc-44fce6d0fa09 - - - - - -] Attempt 1 to provision port b5de8e2d-a568-43f8-b6c0-5b3554156000
2026-05-12 17:45:13.567 9 INFO neutron.plugins.ml2.plugin [None req-91dcfbed-953c-4c22-9efc-44fce6d0fa09 - - - - - -] Attempt 1 to provision port ae3f64b1-a932-46da-b574-143f55358de4
2026-05-12 17:45:13.991 10 INFO neutron.plugins.ml2.plugin [None req-2c23ffa8-fbbc-43f8-99a4-f4d304fb1cd3 - - - - - -] Attempt 1 to provision port ae3f64b1-a932-46da-b574-143f55358de4
2026-05-12 17:45:14.086 10 INFO neutron.plugins.ml2.plugin [None req-2c23ffa8-fbbc-43f8-99a4-f4d304fb1cd3 - - - - - -] Attempt 1 to provision port 1d2ef87b-f471-4ee8-8dee-1ae5c31fc0db
2026-05-12 17:45:14.640 10 INFO neutron.plugins.ml2.plugin [None req-0ff49606-13ce-4d94-a120-56c487841055 - - - - - -] Attempt 1 to provision port e02ea85f-025e-452d-8641-38d39d618d82
2026-05-12 17:45:14.791 9 INFO neutron.plugins.ml2.plugin [None req-1bcb5656-36e5-4b25-8c9a-0c0fcad1c5ba - - - - - -] Attempt 1 to provision port ae3f64b1-a932-46da-b574-143f55358de4
2026-05-12 17:45:14.918 10 INFO neutron.plugins.ml2.plugin [None req-91dcfbed-953c-4c22-9efc-44fce6d0fa09 - - - - - -] Attempt 1 to provision port ae3f64b1-a932-46da-b574-143f55358de4
2026-05-12 17:45:14.988 9 INFO neutron.plugins.ml2.plugin [None req-30b91338-c4bb-4531-802b-44f83596ef4d - - - - - -] Attempt 1 to provision port 1d2ef87b-f471-4ee8-8dee-1ae5c31fc0db
2026-05-12 17:45:15.207 10 INFO neutron.plugins.ml2.plugin [None req-91dcfbed-953c-4c22-9efc-44fce6d0fa09 - - - - - -] Attempt 1 to provision port dec552bb-7e4b-4cbb-b92e-31aef3b2508c
2026-05-12 17:45:16.349 10 INFO neutron.plugins.ml2.plugin [None req-4cf35629-3ed8-4fe3-a0b2-c5e179393f68 - - - - - -] Attempt 1 to provision port 479047f0-48e7-4e3b-823f-062759d04352
2026-05-12 17:45:16.952 9 INFO neutron.plugins.ml2.plugin [None req-91dcfbed-953c-4c22-9efc-44fce6d0fa09 - - - - - -] Attempt 1 to provision port e02ea85f-025e-452d-8641-38d39d618d82
2026-05-12 17:45:17.091 9 INFO neutron.notifiers.nova [-] Nova event matching ['req-ea4479f7-26d2-4107-afe2-da596002e567'] response: {'server_uuid': '504a72dc-835c-40b5-837e-f8f14ebdf729', 'name': 'network-vif-plugged', 'status': 'completed', 'tag': 'e02ea85f-025e-452d-8641-38d39d618d82', 'code': 200}
2026-05-12 17:45:17.126 10 INFO neutron.plugins.ml2.plugin [None req-ecd47b3c-6133-409f-976e-7178be14fee8 - - - - - -] Attempt 1 to provision port 479047f0-48e7-4e3b-823f-062759d04352
2026-05-12 17:45:17.574 9 INFO neutron.plugins.ml2.plugin [None req-91dcfbed-953c-4c22-9efc-44fce6d0fa09 - - - - - -] Attempt 1 to provision port dec552bb-7e4b-4cbb-b92e-31aef3b2508c
2026-05-12 17:45:18.394 9 INFO neutron.plugins.ml2.plugin [None req-04bb8385-6c1b-4b95-aeb8-8f2ec8e6a65a - - - - - -] Attempt 1 to provision port 48753a45-fcde-4856-88bf-15773dc33324
2026-05-12 17:45:18.945 10 INFO neutron.plugins.ml2.plugin [None req-91dcfbed-953c-4c22-9efc-44fce6d0fa09 - - - - - -] Attempt 1 to provision port e02ea85f-025e-452d-8641-38d39d618d82
2026-05-12 17:45:19.460 9 INFO neutron.plugins.ml2.plugin [None req-72d4c702-86ed-4de3-bd49-6afcd2df3cc7 - - - - - -] Attempt 1 to provision port 48753a45-fcde-4856-88bf-15773dc33324
2026-05-12 17:45:20.924 10 INFO neutron.plugins.ml2.plugin [None req-91dcfbed-953c-4c22-9efc-44fce6d0fa09 - - - - - -] Attempt 1 to provision port ee40a618-c5b4-479f-bf82-c09733697ce4
2026-05-12 17:45:21.281 10 INFO neutron.plugins.ml2.plugin [None req-91dcfbed-953c-4c22-9efc-44fce6d0fa09 - - - - - -] Attempt 1 to provision port ad6d51e3-57b9-4f3e-b11d-dfa017cd1d14
2026-05-12 17:45:22.841 9 INFO neutron.plugins.ml2.plugin [None req-91dcfbed-953c-4c22-9efc-44fce6d0fa09 - - - - - -] Attempt 1 to provision port ee40a618-c5b4-479f-bf82-c09733697ce4
2026-05-12 17:45:23.249 9 INFO neutron.plugins.ml2.plugin [None req-91dcfbed-953c-4c22-9efc-44fce6d0fa09 - - - - - -] Attempt 1 to provision port ad6d51e3-57b9-4f3e-b11d-dfa017cd1d14
2026-05-12 17:45:23.813 10 INFO neutron.plugins.ml2.plugin [None req-479a1534-7dbf-49e5-9671-fa42d6eba757 - - - - - -] Attempt 1 to provision port 0317286d-963a-48f4-be90-a7d6d994043a
2026-05-12 17:45:27.041 10 INFO neutron.plugins.ml2.plugin [None req-91dcfbed-953c-4c22-9efc-44fce6d0fa09 - - - - - -] Attempt 1 to provision port 0317286d-963a-48f4-be90-a7d6d994043a
2026-05-12 17:45:27.198 10 INFO neutron.notifiers.nova [-] Nova event matching ['req-0a71113e-9b4a-411d-856d-bfd539afdd1c'] response: {'server_uuid': '4aad8ba2-756c-4cc5-8b4f-c0805305f934', 'name': 'network-vif-plugged', 'status': 'completed', 'tag': '0317286d-963a-48f4-be90-a7d6d994043a', 'code': 200}
2026-05-12 17:45:27.621 10 INFO neutron.plugins.ml2.plugin [None req-91dcfbed-953c-4c22-9efc-44fce6d0fa09 - - - - - -] Attempt 1 to provision port 82969cdc-0690-491d-a151-8eda9ee79a4d
2026-05-12 17:45:27.971 10 INFO neutron.plugins.ml2.plugin [None req-91dcfbed-953c-4c22-9efc-44fce6d0fa09 - - - - - -] Attempt 1 to provision port ae6490b2-9dab-4a5e-8119-d38746121aa0
2026-05-12 17:45:28.862 9 INFO neutron.plugins.ml2.plugin [None req-91dcfbed-953c-4c22-9efc-44fce6d0fa09 - - - - - -] Attempt 1 to provision port 0317286d-963a-48f4-be90-a7d6d994043a
2026-05-12 17:45:29.157 9 INFO neutron.plugins.ml2.plugin [None req-91dcfbed-953c-4c22-9efc-44fce6d0fa09 - - - - - -] Attempt 1 to provision port 82969cdc-0690-491d-a151-8eda9ee79a4d
2026-05-12 17:45:29.373 9 INFO neutron.plugins.ml2.plugin [None req-91dcfbed-953c-4c22-9efc-44fce6d0fa09 - - - - - -] Attempt 1 to provision port ae6490b2-9dab-4a5e-8119-d38746121aa0
2026-05-12 17:45:33.044 9 INFO neutron.notifiers.nova [-] Nova event matching ['req-5cec278f-9160-48cf-8ef7-8c8740793aa4'] response: {'server_uuid': '504a72dc-835c-40b5-837e-f8f14ebdf729', 'name': 'network-vif-unplugged', 'status': 'completed', 'tag': 'e02ea85f-025e-452d-8641-38d39d618d82', 'code': 200}
2026-05-12 17:45:34.962 10 INFO neutron.plugins.ml2.plugin [None req-91dcfbed-953c-4c22-9efc-44fce6d0fa09 - - - - - -] Attempt 1 to provision port 1d2ef87b-f471-4ee8-8dee-1ae5c31fc0db
2026-05-12 17:45:35.622 10 INFO neutron.plugins.ml2.plugin [None req-91dcfbed-953c-4c22-9efc-44fce6d0fa09 - - - - - -] Attempt 1 to provision port 479047f0-48e7-4e3b-823f-062759d04352
2026-05-12 17:45:36.313 10 INFO neutron.plugins.ml2.plugin [None req-91dcfbed-953c-4c22-9efc-44fce6d0fa09 - - - - - -] Attempt 1 to provision port 48753a45-fcde-4856-88bf-15773dc33324
2026-05-12 17:45:37.054 9 INFO neutron.plugins.ml2.plugin [None req-91dcfbed-953c-4c22-9efc-44fce6d0fa09 - - - - - -] Attempt 1 to provision port 86a8c3a7-a2e4-4b7b-ba50-f266af13549e
2026-05-12 17:45:37.467 9 INFO neutron.plugins.ml2.plugin [None req-91dcfbed-953c-4c22-9efc-44fce6d0fa09 - - - - - -] Attempt 1 to provision port 479047f0-48e7-4e3b-823f-062759d04352
2026-05-12 17:45:37.817 9 INFO neutron.plugins.ml2.plugin [None req-91dcfbed-953c-4c22-9efc-44fce6d0fa09 - - - - - -] Attempt 1 to provision port 1d2ef87b-f471-4ee8-8dee-1ae5c31fc0db
2026-05-12 17:45:38.183 9 INFO neutron.plugins.ml2.plugin [None req-91dcfbed-953c-4c22-9efc-44fce6d0fa09 - - - - - -] Attempt 1 to provision port 48753a45-fcde-4856-88bf-15773dc33324
2026-05-12 17:45:38.691 9 INFO neutron.plugins.ml2.plugin [None req-17ac0d2d-9a08-4bae-889d-b825c3191cac - - - - - -] Attempt 1 to provision port c9ab07f1-e80a-4b61-82fb-624a7977f989
2026-05-12 17:45:38.898 9 INFO neutron.plugins.ml2.plugin [None req-91dcfbed-953c-4c22-9efc-44fce6d0fa09 - - - - - -] Attempt 1 to provision port 86a8c3a7-a2e4-4b7b-ba50-f266af13549e /var/lib/openstack/lib/python3.10/site-packages/oslo_db/sqlalchemy/enginefacade.py:676: SAWarning: DELETE statement on table 'portsecuritybindings' expected to delete 1 row(s); 0 were matched. Please set confirm_deleted_rows=False within the mapper configuration to prevent this warning. self.session.flush() /var/lib/openstack/lib/python3.10/site-packages/oslo_db/sqlalchemy/enginefacade.py:676: SAWarning: DELETE statement on table 'ml2_port_bindings' expected to delete 1 row(s); 0 were matched. Please set confirm_deleted_rows=False within the mapper configuration to prevent this warning. self.session.flush() /var/lib/openstack/lib/python3.10/site-packages/oslo_db/sqlalchemy/enginefacade.py:676: SAWarning: DELETE statement on table 'ml2_port_binding_levels' expected to delete 1 row(s); 0 were matched. Please set confirm_deleted_rows=False within the mapper configuration to prevent this warning. self.session.flush() /var/lib/openstack/lib/python3.10/site-packages/oslo_db/sqlalchemy/enginefacade.py:676: SAWarning: DELETE statement on table 'ports' expected to delete 1 row(s); 0 were matched. Please set confirm_deleted_rows=False within the mapper configuration to prevent this warning. self.session.flush()
2026-05-12 17:45:41.083 9 INFO neutron.plugins.ml2.plugin [None req-91dcfbed-953c-4c22-9efc-44fce6d0fa09 - - - - - -] Attempt 1 to provision port c9ab07f1-e80a-4b61-82fb-624a7977f989
2026-05-12 17:45:41.282 9 INFO neutron.notifiers.nova [-] Nova event matching ['req-f9a4be83-6dc5-401f-ac3a-4020d7130e25'] response: {'server_uuid': '5dee9f2e-98bd-45ba-9bbe-5e0216b0feb8', 'name': 'network-vif-plugged', 'status': 'completed', 'tag': 'c9ab07f1-e80a-4b61-82fb-624a7977f989', 'code': 200} /var/lib/openstack/lib/python3.10/site-packages/oslo_db/sqlalchemy/enginefacade.py:676: SAWarning: DELETE statement on table 'portsecuritybindings' expected to delete 1 row(s); 0 were matched. Please set confirm_deleted_rows=False within the mapper configuration to prevent this warning. self.session.flush() /var/lib/openstack/lib/python3.10/site-packages/oslo_db/sqlalchemy/enginefacade.py:676: SAWarning: DELETE statement on table 'ml2_port_bindings' expected to delete 1 row(s); 0 were matched. Please set confirm_deleted_rows=False within the mapper configuration to prevent this warning. self.session.flush() /var/lib/openstack/lib/python3.10/site-packages/oslo_db/sqlalchemy/enginefacade.py:676: SAWarning: DELETE statement on table 'ml2_port_binding_levels' expected to delete 1 row(s); 0 were matched. Please set confirm_deleted_rows=False within the mapper configuration to prevent this warning. self.session.flush() /var/lib/openstack/lib/python3.10/site-packages/oslo_db/sqlalchemy/enginefacade.py:676: SAWarning: DELETE statement on table 'ports' expected to delete 1 row(s); 0 were matched. Please set confirm_deleted_rows=False within the mapper configuration to prevent this warning. self.session.flush()
2026-05-12 17:45:42.884 10 INFO neutron.plugins.ml2.plugin [None req-91dcfbed-953c-4c22-9efc-44fce6d0fa09 - - - - - -] Attempt 1 to provision port c9ab07f1-e80a-4b61-82fb-624a7977f989
2026-05-12 17:45:59.610 10 INFO neutron.plugins.ml2.plugin [None req-363a6867-756a-4ce6-92ce-0c27fe42c773 - - - - - -] Attempt 1 to provision port bd2d8724-6c50-45d5-a0f6-9a451e06080c
2026-05-12 17:46:11.539 9 INFO neutron.plugins.ml2.plugin [None req-4b72a061-c433-425b-8450-865cfdc46029 - - - - - -] Attempt 1 to provision port c9814b7b-3667-4eac-ac93-b223dfd62595
2026-05-12 17:46:12.961 9 INFO neutron.plugins.ml2.plugin [None req-91dcfbed-953c-4c22-9efc-44fce6d0fa09 - - - - - -] Attempt 1 to provision port c9814b7b-3667-4eac-ac93-b223dfd62595
2026-05-12 17:46:13.096 9 INFO neutron.notifiers.nova [-] Nova event matching ['req-779d9aca-a45d-43ff-8399-986f28dad71b'] response: {'server_uuid': 'c49ab591-a1d1-4517-aa28-b6ba957de949', 'name': 'network-vif-plugged', 'status': 'completed', 'tag': 'c9814b7b-3667-4eac-ac93-b223dfd62595', 'code': 200}
2026-05-12 17:46:14.878 10 INFO neutron.plugins.ml2.plugin [None req-91dcfbed-953c-4c22-9efc-44fce6d0fa09 - - - - - -] Attempt 1 to provision port c9814b7b-3667-4eac-ac93-b223dfd62595
2026-05-12 17:46:49.519 10 INFO neutron.plugins.ml2.plugin [None req-f3f39f70-ebae-4f69-b268-285edc53857b - - - - - -] Attempt 1 to provision port c401b3d7-ca63-4da2-b325-d59854d18534
2026-05-12 17:46:52.948 10 INFO neutron.plugins.ml2.plugin [None req-91dcfbed-953c-4c22-9efc-44fce6d0fa09 - - - - - -] Attempt 1 to provision port c401b3d7-ca63-4da2-b325-d59854d18534
2026-05-12 17:46:53.131 10 INFO neutron.notifiers.nova [-] Nova event matching ['req-6ee254b8-ba8d-491b-a218-1ac3b23067cd'] response: {'server_uuid': 'c49ab591-a1d1-4517-aa28-b6ba957de949', 'name': 'network-vif-plugged', 'status': 'completed', 'tag': 'c401b3d7-ca63-4da2-b325-d59854d18534', 'code': 200}
2026-05-12 17:46:54.908 9 INFO neutron.plugins.ml2.plugin [None req-91dcfbed-953c-4c22-9efc-44fce6d0fa09 - - - - - -] Attempt 1 to provision port c401b3d7-ca63-4da2-b325-d59854d18534
2026-05-12 17:47:15.865 10 INFO neutron.plugins.ml2.plugin [None req-4ebe00d8-ebc7-4143-8c26-d77bec744aae - - - - - -] Attempt 1 to provision port 49371560-2897-4dd3-a156-8db3419ddd1a
2026-05-12 17:47:19.052 9 INFO neutron.plugins.ml2.plugin [None req-91dcfbed-953c-4c22-9efc-44fce6d0fa09 - - - - - -] Attempt 1 to provision port 49371560-2897-4dd3-a156-8db3419ddd1a
2026-05-12 17:47:19.358 9 INFO neutron.notifiers.nova [-] Nova event matching ['req-3c50a375-f08c-44af-a0e3-23bca257e9cb'] response: {'server_uuid': 'c49ab591-a1d1-4517-aa28-b6ba957de949', 'name': 'network-vif-plugged', 'status': 'completed', 'tag': '49371560-2897-4dd3-a156-8db3419ddd1a', 'code': 200}
2026-05-12 17:47:20.927 10 INFO neutron.plugins.ml2.plugin [None req-91dcfbed-953c-4c22-9efc-44fce6d0fa09 - - - - - -] Attempt 1 to provision port 49371560-2897-4dd3-a156-8db3419ddd1a
2026-05-12 17:47:26.521 9 INFO neutron.plugins.ml2.plugin [None req-479e352f-8219-48e9-ac90-241b327795e3 - - - - - -] Attempt 1 to provision port a1590912-10b0-4fe2-9c0f-76a7ec1c7524
2026-05-12 17:47:28.970 10 INFO neutron.plugins.ml2.plugin [None req-91dcfbed-953c-4c22-9efc-44fce6d0fa09 - - - - - -] Attempt 1 to provision port a1590912-10b0-4fe2-9c0f-76a7ec1c7524
2026-05-12 17:47:29.391 9 INFO neutron.plugins.ml2.plugin [None req-02fae53f-1e95-421f-8520-0f14efc1a33a - - - - - -] Attempt 1 to provision port a1590912-10b0-4fe2-9c0f-76a7ec1c7524
2026-05-12 17:47:29.513 9 INFO neutron.notifiers.nova [-] Nova event matching ['req-f0f8a936-6502-47c9-b215-351cc2ad1a28'] response: {'server_uuid': 'c49ab591-a1d1-4517-aa28-b6ba957de949', 'name': 'network-vif-plugged', 'status': 'completed', 'tag': 'a1590912-10b0-4fe2-9c0f-76a7ec1c7524', 'code': 200}
2026-05-12 17:47:30.980 10 INFO neutron.plugins.ml2.plugin [None req-91dcfbed-953c-4c22-9efc-44fce6d0fa09 - - - - - -] Attempt 1 to provision port a1590912-10b0-4fe2-9c0f-76a7ec1c7524
2026-05-12 17:47:40.361 9 INFO neutron.plugins.ml2.plugin [None req-5b0e9bf2-98c3-4001-9ec4-c1c79961f874 - - - - - -] Attempt 1 to provision port a1590912-10b0-4fe2-9c0f-76a7ec1c7524
2026-05-12 17:47:45.369 9 INFO neutron.plugins.ml2.plugin [None req-8b3a4886-66b0-4a6d-a542-ac2c41abe986 - - - - - -] Attempt 1 to provision port 49371560-2897-4dd3-a156-8db3419ddd1a