Jul 25 00:57:01.656146 np0000186713 nova-conductor[109184]: DEBUG cotyledon.oslo_config_glue [-] vendordata_dynamic_auth.timeout = None {{(pid=109184) log_opt_values /opt/stack/data/venv/lib/python3.12/site-packages/oslo_config/cfg.py:3253}}
Jul 25 00:57:01.656146 np0000186713 nova-conductor[109184]: DEBUG cotyledon.oslo_config_glue [-] vmware.api_retry_count = 10 {{(pid=109184) log_opt_values /opt/stack/data/venv/lib/python3.12/site-packages/oslo_config/cfg.py:3253}}
Jul 25 00:57:01.656146 np0000186713 nova-conductor[109184]: DEBUG cotyledon.oslo_config_glue [-] vmware.ca_file = None {{(pid=109184) log_opt_values /opt/stack/data/venv/lib/python3.12/site-packages/oslo_config/cfg.py:3253}}
Jul 25 00:57:01.656146 np0000186713 nova-conductor[109184]: DEBUG cotyledon.oslo_config_glue [-] vmware.cache_prefix = None {{(pid=109184) log_opt_values /opt/stack/data/venv/lib/python3.12/site-packages/oslo_config/cfg.py:3253}}
Jul 25 00:57:01.656146 np0000186713 nova-conductor[109184]: DEBUG cotyledon.oslo_config_glue [-] vmware.cluster_name = None {{(pid=109184) log_opt_values /opt/stack/data/venv/lib/python3.12/site-packages/oslo_config/cfg.py:3253}}
Jul 25 00:57:01.656146 np0000186713 nova-conductor[109184]: DEBUG cotyledon.oslo_config_glue [-] vmware.connection_pool_size = 10 {{(pid=109184) log_opt_values /opt/stack/data/venv/lib/python3.12/site-packages/oslo_config/cfg.py:3253}}
Jul 25 00:57:01.656146 np0000186713 nova-conductor[109184]: DEBUG cotyledon.oslo_config_glue [-] vmware.console_delay_seconds = None {{(pid=109184) log_opt_values /opt/stack/data/venv/lib/python3.12/site-packages/oslo_config/cfg.py:3253}}
Jul 25 00:57:01.656146 np0000186713 nova-conductor[109184]: DEBUG cotyledon.oslo_config_glue [-] vmware.datastore_regex = None {{(pid=109184) log_opt_values /opt/stack/data/venv/lib/python3.12/site-packages/oslo_config/cfg.py:3253}}
Jul 25 00:57:01.656366 np0000186713 nova-conductor[109184]: DEBUG cotyledon.oslo_config_glue [-] vmware.host_ip = None {{(pid=109184) log_opt_values /opt/stack/data/venv/lib/python3.12/site-packages/oslo_config/cfg.py:3253}}
Jul 25 00:57:01.656366 np0000186713 nova-conductor[109184]: DEBUG cotyledon.oslo_config_glue [-] vmware.host_password = **** {{(pid=109184) log_opt_values /opt/stack/data/venv/lib/python3.12/site-packages/oslo_config/cfg.py:3253}}
Jul 25 00:57:01.656366 np0000186713 nova-conductor[109184]: DEBUG cotyledon.oslo_config_glue [-] vmware.host_port = 443 {{(pid=109184) log_opt_values /opt/stack/data/venv/lib/python3.12/site-packages/oslo_config/cfg.py:3253}}
Jul 25 00:57:01.656366 np0000186713 nova-conductor[109184]: DEBUG cotyledon.oslo_config_glue [-] vmware.host_username = None {{(pid=109184) log_opt_values /opt/stack/data/venv/lib/python3.12/site-packages/oslo_config/cfg.py:3253}}
Jul 25 00:57:01.656366 np0000186713 nova-conductor[109184]: DEBUG cotyledon.oslo_config_glue [-] vmware.insecure = False {{(pid=109184) log_opt_values /opt/stack/data/venv/lib/python3.12/site-packages/oslo_config/cfg.py:3253}}
Jul 25 00:57:01.656366 np0000186713 nova-conductor[109184]: DEBUG cotyledon.oslo_config_glue [-] vmware.integration_bridge = None {{(pid=109184) log_opt_values /opt/stack/data/venv/lib/python3.12/site-packages/oslo_config/cfg.py:3253}}
Jul 25 00:57:01.656366 np0000186713 nova-conductor[109184]: DEBUG cotyledon.oslo_config_glue [-] vmware.maximum_objects = 100 {{(pid=109184) log_opt_values /opt/stack/data/venv/lib/python3.12/site-packages/oslo_config/cfg.py:3253}}
Jul 25 00:57:01.656366 np0000186713 nova-conductor[109184]: DEBUG cotyledon.oslo_config_glue [-] vmware.pbm_default_policy = None {{(pid=109184) log_opt_values /opt/stack/data/venv/lib/python3.12/site-packages/oslo_config/cfg.py:3253}}
Jul 25 00:57:01.656366 np0000186713 nova-conductor[109184]: DEBUG cotyledon.oslo_config_glue [-] vmware.pbm_enabled = False {{(pid=109184) log_opt_values /opt/stack/data/venv/lib/python3.12/site-packages/oslo_config/cfg.py:3253}}
Jul 25 00:57:01.656575 np0000186713 nova-conductor[109184]: DEBUG cotyledon.oslo_config_glue [-] vmware.pbm_wsdl_location = None {{(pid=109184) log_opt_values /opt/stack/data/venv/lib/python3.12/site-packages/oslo_config/cfg.py:3253}}
Jul 25 00:57:01.656575 np0000186713 nova-conductor[109184]: DEBUG cotyledon.oslo_config_glue [-] vmware.serial_log_dir = /opt/vmware/vspc {{(pid=109184) log_opt_values /opt/stack/data/venv/lib/python3.12/site-packages/oslo_config/cfg.py:3253}}
Jul 25 00:57:01.656575 np0000186713 nova-conductor[109184]: DEBUG cotyledon.oslo_config_glue [-] vmware.serial_port_proxy_uri = None {{(pid=109184) log_opt_values /opt/stack/data/venv/lib/python3.12/site-packages/oslo_config/cfg.py:3253}}
Jul 25 00:57:01.656575 np0000186713 nova-conductor[109184]: DEBUG cotyledon.oslo_config_glue [-] vmware.serial_port_service_uri = None {{(pid=109184) log_opt_values /opt/stack/data/venv/lib/python3.12/site-packages/oslo_config/cfg.py:3253}}
Jul 25 00:57:01.656575 np0000186713 nova-conductor[109184]: DEBUG cotyledon.oslo_config_glue [-] vmware.task_poll_interval = 0.5 {{(pid=109184) log_opt_values /opt/stack/data/venv/lib/python3.12/site-packages/oslo_config/cfg.py:3253}}
Jul 25 00:57:01.656575 np0000186713 nova-conductor[109184]: DEBUG cotyledon.oslo_config_glue [-] vmware.use_linked_clone = True {{(pid=109184) log_opt_values /opt/stack/data/venv/lib/python3.12/site-packages/oslo_config/cfg.py:3253}}
Jul 25 00:57:01.656575 np0000186713 nova-conductor[109184]: DEBUG cotyledon.oslo_config_glue [-] vmware.vnc_keymap = en-us {{(pid=109184) log_opt_values /opt/stack/data/venv/lib/python3.12/site-packages/oslo_config/cfg.py:3253}}
Jul 25 00:57:01.656575 np0000186713 nova-conductor[109184]: DEBUG cotyledon.oslo_config_glue [-] vmware.vnc_port = 5900 {{(pid=109184) log_opt_values /opt/stack/data/venv/lib/python3.12/site-packages/oslo_config/cfg.py:3253}}
Jul 25 00:57:01.656575 np0000186713 nova-conductor[109184]: DEBUG cotyledon.oslo_config_glue [-] vmware.vnc_port_total = 10000 {{(pid=109184) log_opt_values /opt/stack/data/venv/lib/python3.12/site-packages/oslo_config/cfg.py:3253}}
Jul 25 00:57:01.656823 np0000186713 nova-conductor[109191]: INFO nova.service [-] Starting conductor node (version 33.1.0)
Jul 25 00:57:01.656850 np0000186713 nova-conductor[109184]: DEBUG cotyledon.oslo_config_glue [-] vnc.auth_schemes = ['none'] {{(pid=109184) log_opt_values /opt/stack/data/venv/lib/python3.12/site-packages/oslo_config/cfg.py:3253}}
Jul 25 00:57:01.656850 np0000186713 nova-conductor[109184]: DEBUG cotyledon.oslo_config_glue [-] vnc.enabled = True {{(pid=109184) log_opt_values /opt/stack/data/venv/lib/python3.12/site-packages/oslo_config/cfg.py:3253}}
Jul 25 00:57:01.656850 np0000186713 nova-conductor[109184]: DEBUG cotyledon.oslo_config_glue [-] vnc.novncproxy_base_url = http://127.0.0.1:6080/vnc_auto.html {{(pid=109184) log_opt_values /opt/stack/data/venv/lib/python3.12/site-packages/oslo_config/cfg.py:3253}}
Jul 25 00:57:01.656850 np0000186713 nova-conductor[109184]: DEBUG cotyledon.oslo_config_glue [-] vnc.novncproxy_host = 0.0.0.0 {{(pid=109184) log_opt_values /opt/stack/data/venv/lib/python3.12/site-packages/oslo_config/cfg.py:3253}}
Jul 25 00:57:01.656850 np0000186713 nova-conductor[109184]: DEBUG cotyledon.oslo_config_glue [-] vnc.novncproxy_port = 6080 {{(pid=109184) log_opt_values /opt/stack/data/venv/lib/python3.12/site-packages/oslo_config/cfg.py:3253}}
Jul 25 00:57:01.656850 np0000186713 nova-conductor[109184]: DEBUG cotyledon.oslo_config_glue [-] vnc.server_listen = 127.0.0.1 {{(pid=109184) log_opt_values /opt/stack/data/venv/lib/python3.12/site-packages/oslo_config/cfg.py:3253}}
Jul 25 00:57:01.656850 np0000186713 nova-conductor[109184]: DEBUG cotyledon.oslo_config_glue [-] vnc.server_proxyclient_address = 127.0.0.1 {{(pid=109184) log_opt_values /opt/stack/data/venv/lib/python3.12/site-packages/oslo_config/cfg.py:3253}}
Jul 25 00:57:01.656850 np0000186713 nova-conductor[109184]: DEBUG cotyledon.oslo_config_glue [-] vnc.vencrypt_ca_certs = None {{(pid=109184) log_opt_values /opt/stack/data/venv/lib/python3.12/site-packages/oslo_config/cfg.py:3253}}
Jul 25 00:57:01.656850 np0000186713 nova-conductor[109184]: DEBUG cotyledon.oslo_config_glue [-] vnc.vencrypt_client_cert = None {{(pid=109184) log_opt_values /opt/stack/data/venv/lib/python3.12/site-packages/oslo_config/cfg.py:3253}}
Jul 25 00:57:01.657060 np0000186713 nova-conductor[109184]: DEBUG cotyledon.oslo_config_glue [-] vnc.vencrypt_client_key = None {{(pid=109184) log_opt_values /opt/stack/data/venv/lib/python3.12/site-packages/oslo_config/cfg.py:3253}}
Jul 25 00:57:01.657060 np0000186713 nova-conductor[109184]: DEBUG cotyledon.oslo_config_glue [-] workarounds.disable_compute_service_check_for_ffu = False {{(pid=109184) log_opt_values /opt/stack/data/venv/lib/python3.12/site-packages/oslo_config/cfg.py:3253}}
Jul 25 00:57:01.657060 np0000186713 nova-conductor[109184]: DEBUG cotyledon.oslo_config_glue [-] workarounds.disable_deep_image_inspection = False {{(pid=109184) log_opt_values /opt/stack/data/venv/lib/python3.12/site-packages/oslo_config/cfg.py:3253}}
Jul 25 00:57:01.657060 np0000186713 nova-conductor[109184]: DEBUG cotyledon.oslo_config_glue [-] workarounds.disable_fallback_pcpu_query = False {{(pid=109184) log_opt_values /opt/stack/data/venv/lib/python3.12/site-packages/oslo_config/cfg.py:3253}}
Jul 25 00:57:01.657060 np0000186713 nova-conductor[109184]: DEBUG cotyledon.oslo_config_glue [-] workarounds.disable_group_policy_check_upcall = False {{(pid=109184) log_opt_values /opt/stack/data/venv/lib/python3.12/site-packages/oslo_config/cfg.py:3253}}
Jul 25 00:57:01.657060 np0000186713 nova-conductor[109184]: DEBUG cotyledon.oslo_config_glue [-] workarounds.disable_libvirt_livesnapshot = False {{(pid=109184) log_opt_values /opt/stack/data/venv/lib/python3.12/site-packages/oslo_config/cfg.py:3253}}
Jul 25 00:57:01.657060 np0000186713 nova-conductor[109184]: DEBUG cotyledon.oslo_config_glue [-] workarounds.disable_rootwrap = False {{(pid=109184) log_opt_values /opt/stack/data/venv/lib/python3.12/site-packages/oslo_config/cfg.py:3253}}
Jul 25 00:57:01.657060 np0000186713 nova-conductor[109184]: DEBUG cotyledon.oslo_config_glue [-] workarounds.enable_numa_live_migration = False {{(pid=109184) log_opt_values /opt/stack/data/venv/lib/python3.12/site-packages/oslo_config/cfg.py:3253}}
Jul 25 00:57:01.657060 np0000186713 nova-conductor[109184]: DEBUG cotyledon.oslo_config_glue [-] workarounds.enable_qemu_monitor_announce_self = False {{(pid=109184) log_opt_values /opt/stack/data/venv/lib/python3.12/site-packages/oslo_config/cfg.py:3253}}
Jul 25 00:57:01.657280 np0000186713 nova-conductor[109184]: DEBUG cotyledon.oslo_config_glue [-] workarounds.ensure_libvirt_rbd_instance_dir_cleanup = False {{(pid=109184) log_opt_values /opt/stack/data/venv/lib/python3.12/site-packages/oslo_config/cfg.py:3253}}
Jul 25 00:57:01.657280 np0000186713 nova-conductor[109184]: DEBUG cotyledon.oslo_config_glue [-] workarounds.handle_virt_lifecycle_events = True {{(pid=109184) log_opt_values /opt/stack/data/venv/lib/python3.12/site-packages/oslo_config/cfg.py:3253}}
Jul 25 00:57:01.657280 np0000186713 nova-conductor[109184]: DEBUG cotyledon.oslo_config_glue [-] workarounds.libvirt_disable_apic = False {{(pid=109184) log_opt_values /opt/stack/data/venv/lib/python3.12/site-packages/oslo_config/cfg.py:3253}}
Jul 25 00:57:01.657280 np0000186713 nova-conductor[109184]: DEBUG cotyledon.oslo_config_glue [-] workarounds.never_download_image_if_on_rbd = False {{(pid=109184) log_opt_values /opt/stack/data/venv/lib/python3.12/site-packages/oslo_config/cfg.py:3253}}
Jul 25 00:57:01.657280 np0000186713 nova-conductor[109184]: DEBUG cotyledon.oslo_config_glue [-] workarounds.qemu_monitor_announce_self_count = 3 {{(pid=109184) log_opt_values /opt/stack/data/venv/lib/python3.12/site-packages/oslo_config/cfg.py:3253}}
Jul 25 00:57:01.657280 np0000186713 nova-conductor[109184]: DEBUG cotyledon.oslo_config_glue [-] workarounds.qemu_monitor_announce_self_interval = 1 {{(pid=109184) log_opt_values /opt/stack/data/venv/lib/python3.12/site-packages/oslo_config/cfg.py:3253}}
Jul 25 00:57:01.657280 np0000186713 nova-conductor[109184]: DEBUG cotyledon.oslo_config_glue [-] workarounds.reserve_disk_resource_for_image_cache = False {{(pid=109184) log_opt_values /opt/stack/data/venv/lib/python3.12/site-packages/oslo_config/cfg.py:3253}}
Jul 25 00:57:01.657280 np0000186713 nova-conductor[109184]: DEBUG cotyledon.oslo_config_glue [-] workarounds.skip_cpu_compare_at_startup = False {{(pid=109184) log_opt_values /opt/stack/data/venv/lib/python3.12/site-packages/oslo_config/cfg.py:3253}}
Jul 25 00:57:01.657280 np0000186713 nova-conductor[109184]: DEBUG cotyledon.oslo_config_glue [-] workarounds.skip_cpu_compare_on_dest = False {{(pid=109184) log_opt_values /opt/stack/data/venv/lib/python3.12/site-packages/oslo_config/cfg.py:3253}}
Jul 25 00:57:01.657499 np0000186713 nova-conductor[109184]: DEBUG cotyledon.oslo_config_glue [-] workarounds.skip_hypervisor_version_check_on_lm = False {{(pid=109184) log_opt_values /opt/stack/data/venv/lib/python3.12/site-packages/oslo_config/cfg.py:3253}}
Jul 25 00:57:01.657499 np0000186713 nova-conductor[109184]: DEBUG cotyledon.oslo_config_glue [-] workarounds.skip_reserve_in_use_ironic_nodes = False {{(pid=109184) log_opt_values /opt/stack/data/venv/lib/python3.12/site-packages/oslo_config/cfg.py:3253}}
Jul 25 00:57:01.657499 np0000186713 nova-conductor[109184]: DEBUG cotyledon.oslo_config_glue [-] workarounds.unified_limits_count_pcpu_as_vcpu = False {{(pid=109184) log_opt_values /opt/stack/data/venv/lib/python3.12/site-packages/oslo_config/cfg.py:3253}}
Jul 25 00:57:01.657499 np0000186713 nova-conductor[109184]: DEBUG cotyledon.oslo_config_glue [-] workarounds.wait_for_vif_plugged_event_during_hard_reboot = [] {{(pid=109184) log_opt_values /opt/stack/data/venv/lib/python3.12/site-packages/oslo_config/cfg.py:3253}}
Jul 25 00:57:01.657499 np0000186713 nova-conductor[109184]: DEBUG cotyledon.oslo_config_glue [-] wsgi.api_paste_config = /etc/nova/api-paste.ini {{(pid=109184) log_opt_values /opt/stack/data/venv/lib/python3.12/site-packages/oslo_config/cfg.py:3253}}
Jul 25 00:57:01.657499 np0000186713 nova-conductor[109184]: DEBUG cotyledon.oslo_config_glue [-] wsgi.secure_proxy_ssl_header = None {{(pid=109184) log_opt_values /opt/stack/data/venv/lib/python3.12/site-packages/oslo_config/cfg.py:3253}}
Jul 25 00:57:01.657499 np0000186713 nova-conductor[109184]: DEBUG cotyledon.oslo_config_glue [-] zvm.ca_file = None {{(pid=109184) log_opt_values /opt/stack/data/venv/lib/python3.12/site-packages/oslo_config/cfg.py:3253}}
Jul 25 00:57:01.657499 np0000186713 nova-conductor[109184]: DEBUG cotyledon.oslo_config_glue [-] zvm.cloud_connector_url = None {{(pid=109184) log_opt_values /opt/stack/data/venv/lib/python3.12/site-packages/oslo_config/cfg.py:3253}}
Jul 25 00:57:01.657499 np0000186713 nova-conductor[109184]: DEBUG cotyledon.oslo_config_glue [-] zvm.image_tmp_path = /opt/stack/data/nova/images {{(pid=109184) log_opt_values /opt/stack/data/venv/lib/python3.12/site-packages/oslo_config/cfg.py:3253}}
Jul 25 00:57:01.657707 np0000186713 nova-conductor[109184]: DEBUG cotyledon.oslo_config_glue [-] zvm.reachable_timeout = 300 {{(pid=109184) log_opt_values /opt/stack/data/venv/lib/python3.12/site-packages/oslo_config/cfg.py:3253}}
Jul 25 00:57:01.657707 np0000186713 nova-conductor[109184]: DEBUG cotyledon.oslo_config_glue [-] oslo_versionedobjects.fatal_exception_format_errors = False {{(pid=109184) log_opt_values /opt/stack/data/venv/lib/python3.12/site-packages/oslo_config/cfg.py:3253}}
Jul 25 00:57:01.657707 np0000186713 nova-conductor[109184]: DEBUG cotyledon.oslo_config_glue [-] oslo_middleware.http_basic_auth_user_file = /etc/htpasswd {{(pid=109184) log_opt_values /opt/stack/data/venv/lib/python3.12/site-packages/oslo_config/cfg.py:3253}}
Jul 25 00:57:01.657707 np0000186713 nova-conductor[109184]: DEBUG cotyledon.oslo_config_glue [-] profiler.connection_string = messaging:// {{(pid=109184) log_opt_values /opt/stack/data/venv/lib/python3.12/site-packages/oslo_config/cfg.py:3253}}
Jul 25 00:57:01.657707 np0000186713 nova-conductor[109184]: DEBUG cotyledon.oslo_config_glue [-] profiler.enabled = False {{(pid=109184) log_opt_values /opt/stack/data/venv/lib/python3.12/site-packages/oslo_config/cfg.py:3253}}
Jul 25 00:57:01.657707 np0000186713 nova-conductor[109184]: DEBUG cotyledon.oslo_config_glue [-] profiler.es_doc_type = notification {{(pid=109184) log_opt_values /opt/stack/data/venv/lib/python3.12/site-packages/oslo_config/cfg.py:3253}}
Jul 25 00:57:01.657707 np0000186713 nova-conductor[109184]: DEBUG cotyledon.oslo_config_glue [-] profiler.es_scroll_size = 10000 {{(pid=109184) log_opt_values /opt/stack/data/venv/lib/python3.12/site-packages/oslo_config/cfg.py:3253}}
Jul 25 00:57:01.657707 np0000186713 nova-conductor[109184]: DEBUG cotyledon.oslo_config_glue [-] profiler.es_scroll_time = 2m {{(pid=109184) log_opt_values /opt/stack/data/venv/lib/python3.12/site-packages/oslo_config/cfg.py:3253}}
Jul 25 00:57:01.657707 np0000186713 nova-conductor[109184]: DEBUG cotyledon.oslo_config_glue [-] profiler.filter_error_trace = False {{(pid=109184) log_opt_values /opt/stack/data/venv/lib/python3.12/site-packages/oslo_config/cfg.py:3253}}
Jul 25 00:57:01.658070 np0000186713 nova-conductor[109184]: DEBUG cotyledon.oslo_config_glue [-] profiler.hmac_keys = **** {{(pid=109184) log_opt_values /opt/stack/data/venv/lib/python3.12/site-packages/oslo_config/cfg.py:3253}}
Jul 25 00:57:01.658070 np0000186713 nova-conductor[109184]: DEBUG cotyledon.oslo_config_glue [-] profiler.sentinel_service_name = mymaster {{(pid=109184) log_opt_values /opt/stack/data/venv/lib/python3.12/site-packages/oslo_config/cfg.py:3253}}
Jul 25 00:57:01.658070 np0000186713 nova-conductor[109184]: DEBUG cotyledon.oslo_config_glue [-] profiler.socket_timeout = 0.1 {{(pid=109184) log_opt_values /opt/stack/data/venv/lib/python3.12/site-packages/oslo_config/cfg.py:3253}}
Jul 25 00:57:01.658070 np0000186713 nova-conductor[109184]: DEBUG cotyledon.oslo_config_glue [-] profiler.trace_requests = False {{(pid=109184) log_opt_values /opt/stack/data/venv/lib/python3.12/site-packages/oslo_config/cfg.py:3253}}
Jul 25 00:57:01.658070 np0000186713 nova-conductor[109184]: DEBUG cotyledon.oslo_config_glue [-] profiler.trace_sqlalchemy = False {{(pid=109184) log_opt_values /opt/stack/data/venv/lib/python3.12/site-packages/oslo_config/cfg.py:3253}}
Jul 25 00:57:01.658070 np0000186713 nova-conductor[109184]: DEBUG cotyledon.oslo_config_glue [-] profiler_jaeger.process_tags = {} {{(pid=109184) log_opt_values /opt/stack/data/venv/lib/python3.12/site-packages/oslo_config/cfg.py:3253}}
Jul 25 00:57:01.658070 np0000186713 nova-conductor[109184]: DEBUG cotyledon.oslo_config_glue [-] profiler_jaeger.service_name_prefix = None {{(pid=109184) log_opt_values /opt/stack/data/venv/lib/python3.12/site-packages/oslo_config/cfg.py:3253}}
Jul 25 00:57:01.658070 np0000186713 nova-conductor[109184]: DEBUG cotyledon.oslo_config_glue [-] profiler_otlp.service_name_prefix = None {{(pid=109184) log_opt_values /opt/stack/data/venv/lib/python3.12/site-packages/oslo_config/cfg.py:3253}}
Jul 25 00:57:01.658070 np0000186713 nova-conductor[109184]: DEBUG cotyledon.oslo_config_glue [-] oslo_messaging_rabbit.amqp_auto_delete = False {{(pid=109184) log_opt_values /opt/stack/data/venv/lib/python3.12/site-packages/oslo_config/cfg.py:3253}}
Jul 25 00:57:01.658363 np0000186713 nova-conductor[109184]: DEBUG cotyledon.oslo_config_glue [-] oslo_messaging_rabbit.amqp_durable_queues = False {{(pid=109184) log_opt_values /opt/stack/data/venv/lib/python3.12/site-packages/oslo_config/cfg.py:3253}}
Jul 25 00:57:01.658363 np0000186713 nova-conductor[109184]: DEBUG cotyledon.oslo_config_glue [-] oslo_messaging_rabbit.conn_pool_min_size = 2 {{(pid=109184) log_opt_values /opt/stack/data/venv/lib/python3.12/site-packages/oslo_config/cfg.py:3253}}
Jul 25 00:57:01.658363 np0000186713 nova-conductor[109184]: DEBUG cotyledon.oslo_config_glue [-] oslo_messaging_rabbit.conn_pool_ttl = 1200 {{(pid=109184) log_opt_values /opt/stack/data/venv/lib/python3.12/site-packages/oslo_config/cfg.py:3253}}
Jul 25 00:57:01.658363 np0000186713 nova-conductor[109184]: DEBUG cotyledon.oslo_config_glue [-] oslo_messaging_rabbit.direct_mandatory_flag = True {{(pid=109184) log_opt_values /opt/stack/data/venv/lib/python3.12/site-packages/oslo_config/cfg.py:3253}}
Jul 25 00:57:01.658363 np0000186713 nova-conductor[109184]: DEBUG cotyledon.oslo_config_glue [-] oslo_messaging_rabbit.enable_cancel_on_failover = False {{(pid=109184) log_opt_values /opt/stack/data/venv/lib/python3.12/site-packages/oslo_config/cfg.py:3253}}
Jul 25 00:57:01.658363 np0000186713 nova-conductor[109184]: DEBUG cotyledon.oslo_config_glue [-] oslo_messaging_rabbit.heartbeat_rate = 3 {{(pid=109184) log_opt_values /opt/stack/data/venv/lib/python3.12/site-packages/oslo_config/cfg.py:3253}}
Jul 25 00:57:01.658363 np0000186713 nova-conductor[109184]: DEBUG cotyledon.oslo_config_glue [-] oslo_messaging_rabbit.heartbeat_timeout_threshold = 60 {{(pid=109184) log_opt_values /opt/stack/data/venv/lib/python3.12/site-packages/oslo_config/cfg.py:3253}}
Jul 25 00:57:01.658363 np0000186713 nova-conductor[109184]: DEBUG cotyledon.oslo_config_glue [-] oslo_messaging_rabbit.hostname = np0000186713 {{(pid=109184) log_opt_values /opt/stack/data/venv/lib/python3.12/site-packages/oslo_config/cfg.py:3253}}
Jul 25 00:57:01.658363 np0000186713 nova-conductor[109184]: DEBUG cotyledon.oslo_config_glue [-] oslo_messaging_rabbit.kombu_compression = None {{(pid=109184) log_opt_values /opt/stack/data/venv/lib/python3.12/site-packages/oslo_config/cfg.py:3253}}
Jul 25 00:57:01.658583 np0000186713 nova-conductor[109184]: DEBUG cotyledon.oslo_config_glue [-] oslo_messaging_rabbit.kombu_failover_strategy = round-robin {{(pid=109184) log_opt_values /opt/stack/data/venv/lib/python3.12/site-packages/oslo_config/cfg.py:3253}}
Jul 25 00:57:01.658583 np0000186713 nova-conductor[109184]: DEBUG cotyledon.oslo_config_glue [-] oslo_messaging_rabbit.kombu_missing_consumer_retry_timeout = 60 {{(pid=109184) log_opt_values /opt/stack/data/venv/lib/python3.12/site-packages/oslo_config/cfg.py:3253}}
Jul 25 00:57:01.658583 np0000186713 nova-conductor[109184]: DEBUG cotyledon.oslo_config_glue [-] oslo_messaging_rabbit.kombu_reconnect_delay = 1.0 {{(pid=109184) log_opt_values /opt/stack/data/venv/lib/python3.12/site-packages/oslo_config/cfg.py:3253}}
Jul 25 00:57:01.658583 np0000186713 nova-conductor[109184]: DEBUG cotyledon.oslo_config_glue [-] oslo_messaging_rabbit.kombu_reconnect_splay = 0.0 {{(pid=109184) log_opt_values /opt/stack/data/venv/lib/python3.12/site-packages/oslo_config/cfg.py:3253}}
Jul 25 00:57:01.658583 np0000186713 nova-conductor[109184]: DEBUG cotyledon.oslo_config_glue [-] oslo_messaging_rabbit.processname = nova-conductor {{(pid=109184) log_opt_values /opt/stack/data/venv/lib/python3.12/site-packages/oslo_config/cfg.py:3253}}
Jul 25 00:57:01.658583 np0000186713 nova-conductor[109184]: DEBUG cotyledon.oslo_config_glue [-] oslo_messaging_rabbit.rabbit_ha_queues = False {{(pid=109184) log_opt_values /opt/stack/data/venv/lib/python3.12/site-packages/oslo_config/cfg.py:3253}}
Jul 25 00:57:01.658583 np0000186713 nova-conductor[109184]: DEBUG cotyledon.oslo_config_glue [-] oslo_messaging_rabbit.rabbit_interval_max = 30 {{(pid=109184) log_opt_values /opt/stack/data/venv/lib/python3.12/site-packages/oslo_config/cfg.py:3253}}
Jul 25 00:57:01.658583 np0000186713 nova-conductor[109184]: DEBUG cotyledon.oslo_config_glue [-] oslo_messaging_rabbit.rabbit_login_method = AMQPLAIN {{(pid=109184) log_opt_values /opt/stack/data/venv/lib/python3.12/site-packages/oslo_config/cfg.py:3253}}
Jul 25 00:57:01.658767 np0000186713 nova-conductor[109184]: DEBUG cotyledon.oslo_config_glue [-] oslo_messaging_rabbit.rabbit_qos_prefetch_count = 0 {{(pid=109184) log_opt_values /opt/stack/data/venv/lib/python3.12/site-packages/oslo_config/cfg.py:3253}}
Jul 25 00:57:01.658767 np0000186713 nova-conductor[109184]: DEBUG cotyledon.oslo_config_glue [-] oslo_messaging_rabbit.rabbit_quorum_delivery_limit = 0 {{(pid=109184) log_opt_values /opt/stack/data/venv/lib/python3.12/site-packages/oslo_config/cfg.py:3253}}
Jul 25 00:57:01.658767 np0000186713 nova-conductor[109184]: DEBUG cotyledon.oslo_config_glue [-] oslo_messaging_rabbit.rabbit_quorum_max_memory_bytes = 0 {{(pid=109184) log_opt_values /opt/stack/data/venv/lib/python3.12/site-packages/oslo_config/cfg.py:3253}}
Jul 25 00:57:01.658767 np0000186713 nova-conductor[109184]: DEBUG cotyledon.oslo_config_glue [-] oslo_messaging_rabbit.rabbit_quorum_max_memory_length = 0 {{(pid=109184) log_opt_values /opt/stack/data/venv/lib/python3.12/site-packages/oslo_config/cfg.py:3253}}
Jul 25 00:57:01.658767 np0000186713 nova-conductor[109184]: DEBUG cotyledon.oslo_config_glue [-] oslo_messaging_rabbit.rabbit_quorum_queue = False {{(pid=109184) log_opt_values /opt/stack/data/venv/lib/python3.12/site-packages/oslo_config/cfg.py:3253}}
Jul 25 00:57:01.658767 np0000186713 nova-conductor[109184]: DEBUG cotyledon.oslo_config_glue [-] oslo_messaging_rabbit.rabbit_retry_backoff = 2 {{(pid=109184) log_opt_values /opt/stack/data/venv/lib/python3.12/site-packages/oslo_config/cfg.py:3253}}
Jul 25 00:57:01.658767 np0000186713 nova-conductor[109184]: DEBUG cotyledon.oslo_config_glue [-] oslo_messaging_rabbit.rabbit_retry_interval = 1 {{(pid=109184) log_opt_values /opt/stack/data/venv/lib/python3.12/site-packages/oslo_config/cfg.py:3253}}
Jul 25 00:57:01.658767 np0000186713 nova-conductor[109184]: DEBUG cotyledon.oslo_config_glue [-] oslo_messaging_rabbit.rabbit_stream_fanout = False {{(pid=109184) log_opt_values /opt/stack/data/venv/lib/python3.12/site-packages/oslo_config/cfg.py:3253}}
Jul 25 00:57:01.658953 np0000186713 nova-conductor[109184]: DEBUG cotyledon.oslo_config_glue [-] oslo_messaging_rabbit.rabbit_transient_queues_ttl = 1800 {{(pid=109184) log_opt_values /opt/stack/data/venv/lib/python3.12/site-packages/oslo_config/cfg.py:3253}}
Jul 25 00:57:01.658953 np0000186713 nova-conductor[109184]: DEBUG cotyledon.oslo_config_glue [-] oslo_messaging_rabbit.rabbit_transient_quorum_queue = False {{(pid=109184) log_opt_values /opt/stack/data/venv/lib/python3.12/site-packages/oslo_config/cfg.py:3253}}
Jul 25 00:57:01.658953 np0000186713 nova-conductor[109184]: DEBUG cotyledon.oslo_config_glue [-] oslo_messaging_rabbit.rpc_conn_pool_size = 30 {{(pid=109184) log_opt_values /opt/stack/data/venv/lib/python3.12/site-packages/oslo_config/cfg.py:3253}}
Jul 25 00:57:01.658953 np0000186713 nova-conductor[109184]: DEBUG cotyledon.oslo_config_glue [-] oslo_messaging_rabbit.ssl = False {{(pid=109184) log_opt_values /opt/stack/data/venv/lib/python3.12/site-packages/oslo_config/cfg.py:3253}}
Jul 25 00:57:01.658953 np0000186713 nova-conductor[109184]: DEBUG cotyledon.oslo_config_glue [-] oslo_messaging_rabbit.ssl_ca_file = {{(pid=109184) log_opt_values /opt/stack/data/venv/lib/python3.12/site-packages/oslo_config/cfg.py:3253}}
Jul 25 00:57:01.658953 np0000186713 nova-conductor[109184]: DEBUG cotyledon.oslo_config_glue [-] oslo_messaging_rabbit.ssl_cert_file = {{(pid=109184) log_opt_values /opt/stack/data/venv/lib/python3.12/site-packages/oslo_config/cfg.py:3253}}
Jul 25 00:57:01.658953 np0000186713 nova-conductor[109184]: DEBUG cotyledon.oslo_config_glue [-] oslo_messaging_rabbit.ssl_enforce_fips_mode = False {{(pid=109184) log_opt_values /opt/stack/data/venv/lib/python3.12/site-packages/oslo_config/cfg.py:3253}}
Jul 25 00:57:01.658953 np0000186713 nova-conductor[109184]: DEBUG cotyledon.oslo_config_glue [-] oslo_messaging_rabbit.ssl_enforce_hostname_verification = True {{(pid=109184) log_opt_values /opt/stack/data/venv/lib/python3.12/site-packages/oslo_config/cfg.py:3253}}
Jul 25 00:57:01.658953 np0000186713 nova-conductor[109184]: DEBUG cotyledon.oslo_config_glue [-] oslo_messaging_rabbit.ssl_key_file = {{(pid=109184) log_opt_values /opt/stack/data/venv/lib/python3.12/site-packages/oslo_config/cfg.py:3253}}
Jul 25 00:57:01.659170 np0000186713 nova-conductor[109184]: DEBUG cotyledon.oslo_config_glue [-] oslo_messaging_rabbit.ssl_version = {{(pid=109184) log_opt_values /opt/stack/data/venv/lib/python3.12/site-packages/oslo_config/cfg.py:3253}}
Jul 25 00:57:01.659170 np0000186713 nova-conductor[109184]: DEBUG cotyledon.oslo_config_glue [-] oslo_messaging_rabbit.use_queue_manager = False {{(pid=109184) log_opt_values /opt/stack/data/venv/lib/python3.12/site-packages/oslo_config/cfg.py:3253}}
Jul 25 00:57:01.659170 np0000186713 nova-conductor[109184]: DEBUG cotyledon.oslo_config_glue [-] oslo_messaging_notifications.driver = ['messagingv2'] {{(pid=109184) log_opt_values /opt/stack/data/venv/lib/python3.12/site-packages/oslo_config/cfg.py:3253}}
Jul 25 00:57:01.659170 np0000186713 nova-conductor[109184]: DEBUG cotyledon.oslo_config_glue [-] oslo_messaging_notifications.retry = -1 {{(pid=109184) log_opt_values /opt/stack/data/venv/lib/python3.12/site-packages/oslo_config/cfg.py:3253}}
Jul 25 00:57:01.659170 np0000186713 nova-conductor[109184]: DEBUG cotyledon.oslo_config_glue [-] oslo_messaging_notifications.topics = ['notifications'] {{(pid=109184) log_opt_values /opt/stack/data/venv/lib/python3.12/site-packages/oslo_config/cfg.py:3253}}
Jul 25 00:57:01.659170 np0000186713 nova-conductor[109184]: DEBUG cotyledon.oslo_config_glue [-] oslo_messaging_notifications.transport_url = **** {{(pid=109184) log_opt_values /opt/stack/data/venv/lib/python3.12/site-packages/oslo_config/cfg.py:3253}}
Jul 25 00:57:01.659170 np0000186713 nova-conductor[109184]: DEBUG cotyledon.oslo_config_glue [-] oslo_limit.auth_section = None {{(pid=109184) log_opt_values /opt/stack/data/venv/lib/python3.12/site-packages/oslo_config/cfg.py:3253}}
Jul 25 00:57:01.659170 np0000186713 nova-conductor[109184]: DEBUG cotyledon.oslo_config_glue [-] oslo_limit.auth_type = None {{(pid=109184) log_opt_values /opt/stack/data/venv/lib/python3.12/site-packages/oslo_config/cfg.py:3253}}
Jul 25 00:57:01.659170 np0000186713 nova-conductor[109184]: DEBUG cotyledon.oslo_config_glue [-] oslo_limit.cafile = None {{(pid=109184) log_opt_values /opt/stack/data/venv/lib/python3.12/site-packages/oslo_config/cfg.py:3253}}
Jul 25 00:57:01.659479 np0000186713 nova-conductor[109184]: DEBUG cotyledon.oslo_config_glue [-] oslo_limit.certfile = None {{(pid=109184) log_opt_values /opt/stack/data/venv/lib/python3.12/site-packages/oslo_config/cfg.py:3253}}
Jul 25 00:57:01.659479 np0000186713 nova-conductor[109184]: DEBUG cotyledon.oslo_config_glue [-] oslo_limit.collect_timing = False {{(pid=109184) log_opt_values /opt/stack/data/venv/lib/python3.12/site-packages/oslo_config/cfg.py:3253}}
Jul 25 00:57:01.659479 np0000186713 nova-conductor[109184]: DEBUG cotyledon.oslo_config_glue [-] oslo_limit.connect_retries = None {{(pid=109184) log_opt_values /opt/stack/data/venv/lib/python3.12/site-packages/oslo_config/cfg.py:3253}}
Jul 25 00:57:01.659479 np0000186713 nova-conductor[109184]: DEBUG cotyledon.oslo_config_glue [-] oslo_limit.connect_retry_delay = None {{(pid=109184) log_opt_values /opt/stack/data/venv/lib/python3.12/site-packages/oslo_config/cfg.py:3253}}
Jul 25 00:57:01.659479 np0000186713 nova-conductor[109184]: DEBUG cotyledon.oslo_config_glue [-] oslo_limit.endpoint_id = None {{(pid=109184) log_opt_values /opt/stack/data/venv/lib/python3.12/site-packages/oslo_config/cfg.py:3253}}
Jul 25 00:57:01.659479 np0000186713 nova-conductor[109184]: DEBUG cotyledon.oslo_config_glue [-] oslo_limit.endpoint_interface = public {{(pid=109184) log_opt_values /opt/stack/data/venv/lib/python3.12/site-packages/oslo_config/cfg.py:3253}}
Jul 25 00:57:01.659479 np0000186713 nova-conductor[109184]: DEBUG cotyledon.oslo_config_glue [-] oslo_limit.endpoint_override = None {{(pid=109184) log_opt_values /opt/stack/data/venv/lib/python3.12/site-packages/oslo_config/cfg.py:3253}}
Jul 25 00:57:01.659479 np0000186713 nova-conductor[109184]: DEBUG cotyledon.oslo_config_glue [-] oslo_limit.endpoint_region_name = None {{(pid=109184) log_opt_values /opt/stack/data/venv/lib/python3.12/site-packages/oslo_config/cfg.py:3253}}
Jul 25 00:57:01.659479 np0000186713 nova-conductor[109184]: DEBUG cotyledon.oslo_config_glue [-] oslo_limit.endpoint_service_name = None {{(pid=109184) log_opt_values /opt/stack/data/venv/lib/python3.12/site-packages/oslo_config/cfg.py:3253}}
Jul 25 00:57:01.659698 np0000186713 nova-conductor[109184]: DEBUG cotyledon.oslo_config_glue [-] oslo_limit.endpoint_service_type = None {{(pid=109184) log_opt_values /opt/stack/data/venv/lib/python3.12/site-packages/oslo_config/cfg.py:3253}}
Jul 25 00:57:01.659698 np0000186713 nova-conductor[109184]: DEBUG cotyledon.oslo_config_glue [-] oslo_limit.insecure = False {{(pid=109184) log_opt_values /opt/stack/data/venv/lib/python3.12/site-packages/oslo_config/cfg.py:3253}}
Jul 25 00:57:01.659698 np0000186713 nova-conductor[109184]: DEBUG cotyledon.oslo_config_glue [-] oslo_limit.keyfile = None {{(pid=109184) log_opt_values /opt/stack/data/venv/lib/python3.12/site-packages/oslo_config/cfg.py:3253}}
Jul 25 00:57:01.659698 np0000186713 nova-conductor[109184]: DEBUG cotyledon.oslo_config_glue [-] oslo_limit.max_version = None {{(pid=109184) log_opt_values /opt/stack/data/venv/lib/python3.12/site-packages/oslo_config/cfg.py:3253}}
Jul 25 00:57:01.659698 np0000186713 nova-conductor[109184]: DEBUG cotyledon.oslo_config_glue [-] oslo_limit.min_version = None {{(pid=109184) log_opt_values /opt/stack/data/venv/lib/python3.12/site-packages/oslo_config/cfg.py:3253}}
Jul 25 00:57:01.659698 np0000186713 nova-conductor[109184]: DEBUG cotyledon.oslo_config_glue [-] oslo_limit.region_name = None {{(pid=109184) log_opt_values /opt/stack/data/venv/lib/python3.12/site-packages/oslo_config/cfg.py:3253}}
Jul 25 00:57:01.659698 np0000186713 nova-conductor[109184]: DEBUG cotyledon.oslo_config_glue [-] oslo_limit.retriable_status_codes = None {{(pid=109184) log_opt_values /opt/stack/data/venv/lib/python3.12/site-packages/oslo_config/cfg.py:3253}}
Jul 25 00:57:01.659698 np0000186713 nova-conductor[109184]: DEBUG cotyledon.oslo_config_glue [-] oslo_limit.service_name = None {{(pid=109184) log_opt_values /opt/stack/data/venv/lib/python3.12/site-packages/oslo_config/cfg.py:3253}}
Jul 25 00:57:01.659698 np0000186713 nova-conductor[109184]: DEBUG cotyledon.oslo_config_glue [-] oslo_limit.service_type = None {{(pid=109184) log_opt_values /opt/stack/data/venv/lib/python3.12/site-packages/oslo_config/cfg.py:3253}}
Jul 25 00:57:01.659894 np0000186713 nova-conductor[109184]: DEBUG cotyledon.oslo_config_glue [-] oslo_limit.split_loggers = False {{(pid=109184) log_opt_values /opt/stack/data/venv/lib/python3.12/site-packages/oslo_config/cfg.py:3253}}
Jul 25 00:57:01.659894 np0000186713 nova-conductor[109184]: DEBUG cotyledon.oslo_config_glue [-] oslo_limit.status_code_retries = None {{(pid=109184) log_opt_values /opt/stack/data/venv/lib/python3.12/site-packages/oslo_config/cfg.py:3253}}
Jul 25 00:57:01.659894 np0000186713 nova-conductor[109184]: DEBUG cotyledon.oslo_config_glue [-] oslo_limit.status_code_retry_delay = None {{(pid=109184) log_opt_values /opt/stack/data/venv/lib/python3.12/site-packages/oslo_config/cfg.py:3253}}
Jul 25 00:57:01.659894 np0000186713 nova-conductor[109184]: DEBUG cotyledon.oslo_config_glue [-] oslo_limit.timeout = None {{(pid=109184) log_opt_values /opt/stack/data/venv/lib/python3.12/site-packages/oslo_config/cfg.py:3253}}
Jul 25 00:57:01.659894 np0000186713 nova-conductor[109184]: DEBUG cotyledon.oslo_config_glue [-] oslo_limit.valid_interfaces = None {{(pid=109184) log_opt_values /opt/stack/data/venv/lib/python3.12/site-packages/oslo_config/cfg.py:3253}}
Jul 25 00:57:01.659894 np0000186713 nova-conductor[109184]: DEBUG cotyledon.oslo_config_glue [-] oslo_limit.version = None {{(pid=109184) log_opt_values /opt/stack/data/venv/lib/python3.12/site-packages/oslo_config/cfg.py:3253}}
Jul 25 00:57:01.659894 np0000186713 nova-conductor[109184]: DEBUG cotyledon.oslo_config_glue [-] oslo_reports.file_event_handler = None {{(pid=109184) log_opt_values /opt/stack/data/venv/lib/python3.12/site-packages/oslo_config/cfg.py:3253}}
Jul 25 00:57:01.659894 np0000186713 nova-conductor[109184]: DEBUG cotyledon.oslo_config_glue [-] oslo_reports.file_event_handler_interval = 1 {{(pid=109184) log_opt_values /opt/stack/data/venv/lib/python3.12/site-packages/oslo_config/cfg.py:3253}}
Jul 25 00:57:01.660075 np0000186713 nova-conductor[109191]: INFO dbcounter [None req-a38c91f4-b75e-47b0-9350-195a81fa1f75 None None] Registered counter for database nova_cell0
Jul 25 00:57:01.660101 np0000186713 nova-conductor[109184]: DEBUG cotyledon.oslo_config_glue [-] oslo_reports.log_dir = None {{(pid=109184) log_opt_values /opt/stack/data/venv/lib/python3.12/site-packages/oslo_config/cfg.py:3253}}
Jul 25 00:57:01.660101 np0000186713 nova-conductor[109184]: DEBUG cotyledon.oslo_config_glue [-] ******************************************************************************** {{(pid=109184) log_opt_values /opt/stack/data/venv/lib/python3.12/site-packages/oslo_config/cfg.py:3260}}
Jul 25 00:57:01.660101 np0000186713 nova-conductor[109184]: DEBUG cotyledon._service_worker [-] Run service ServiceWrapper(2) [109184] {{(pid=109184) wait_forever /opt/stack/data/venv/lib/python3.12/site-packages/cotyledon/_service_worker.py:218}}
Jul 25 00:57:01.660101 np0000186713 nova-conductor[109184]: INFO nova.service [-] Starting conductor node (version 33.1.0)
Jul 25 00:57:01.660190 np0000186713 nova-conductor[109178]: DEBUG oslo_db.sqlalchemy.engines [None req-2d4c2891-1c57-46d0-a55b-402f122bcc4c None None] MySQL server mode set to STRICT_TRANS_TABLES,STRICT_ALL_TABLES,NO_ZERO_IN_DATE,NO_ZERO_DATE,ERROR_FOR_DIVISION_BY_ZERO,TRADITIONAL,NO_ENGINE_SUBSTITUTION {{(pid=109178) _check_effective_sql_mode /opt/stack/data/venv/lib/python3.12/site-packages/oslo_db/sqlalchemy/engines.py:325}}
Jul 25 00:57:01.660222 np0000186713 nova-conductor[109184]: INFO dbcounter [None req-55b8e198-56ac-41e8-99fe-b775025e795b None None] Registered counter for database nova_cell0
Jul 25 00:57:01.660277 np0000186713 nova-conductor[109178]: DEBUG dbcounter [-] [109178] Writer thread running {{(pid=109178) stat_writer /opt/stack/data/venv/lib/python3.12/site-packages/dbcounter.py:102}}
Jul 25 00:57:01.672639 np0000186713 nova-conductor[109172]: DEBUG oslo_db.sqlalchemy.engines [None req-69bd6cdb-bdb0-4967-9353-0ae736e43f82 None None] MySQL server mode set to STRICT_TRANS_TABLES,STRICT_ALL_TABLES,NO_ZERO_IN_DATE,NO_ZERO_DATE,ERROR_FOR_DIVISION_BY_ZERO,TRADITIONAL,NO_ENGINE_SUBSTITUTION {{(pid=109172) _check_effective_sql_mode /opt/stack/data/venv/lib/python3.12/site-packages/oslo_db/sqlalchemy/engines.py:325}}
Jul 25 00:57:01.675535 np0000186713 nova-conductor[109178]: DEBUG nova.service [None req-2d4c2891-1c57-46d0-a55b-402f122bcc4c None None] Creating RPC server for service: nova-conductor on topic: conductor {{(pid=109178) start /opt/stack/nova/nova/service.py:196}}
Jul 25 00:57:01.685028 np0000186713 nova-conductor[109172]: DEBUG dbcounter [-] [109172] Writer thread running {{(pid=109172) stat_writer /opt/stack/data/venv/lib/python3.12/site-packages/dbcounter.py:102}}
Jul 25 00:57:01.685322 np0000186713 nova-conductor[109191]: DEBUG oslo_db.sqlalchemy.engines [None req-a38c91f4-b75e-47b0-9350-195a81fa1f75 None None] MySQL server mode set to STRICT_TRANS_TABLES,STRICT_ALL_TABLES,NO_ZERO_IN_DATE,NO_ZERO_DATE,ERROR_FOR_DIVISION_BY_ZERO,TRADITIONAL,NO_ENGINE_SUBSTITUTION {{(pid=109191) _check_effective_sql_mode /opt/stack/data/venv/lib/python3.12/site-packages/oslo_db/sqlalchemy/engines.py:325}}
Jul 25 00:57:01.687747 np0000186713 nova-conductor[109172]: DEBUG nova.service [None req-69bd6cdb-bdb0-4967-9353-0ae736e43f82 None None] Creating RPC server for service: nova-conductor on topic: conductor {{(pid=109172) start /opt/stack/nova/nova/service.py:196}}
Jul 25 00:57:01.692396 np0000186713 nova-conductor[109184]: DEBUG oslo_db.sqlalchemy.engines [None req-55b8e198-56ac-41e8-99fe-b775025e795b None None] MySQL server mode set to STRICT_TRANS_TABLES,STRICT_ALL_TABLES,NO_ZERO_IN_DATE,NO_ZERO_DATE,ERROR_FOR_DIVISION_BY_ZERO,TRADITIONAL,NO_ENGINE_SUBSTITUTION {{(pid=109184) _check_effective_sql_mode /opt/stack/data/venv/lib/python3.12/site-packages/oslo_db/sqlalchemy/engines.py:325}}
Jul 25 00:57:01.697354 np0000186713 nova-conductor[109191]: DEBUG dbcounter [-] [109191] Writer thread running {{(pid=109191) stat_writer /opt/stack/data/venv/lib/python3.12/site-packages/dbcounter.py:102}}
Jul 25 00:57:01.700887 np0000186713 nova-conductor[109191]: DEBUG nova.service [None req-a38c91f4-b75e-47b0-9350-195a81fa1f75 None None] Creating RPC server for service: nova-conductor on topic: conductor {{(pid=109191) start /opt/stack/nova/nova/service.py:196}}
Jul 25 00:57:01.704845 np0000186713 nova-conductor[109184]: DEBUG dbcounter [-] [109184] Writer thread running {{(pid=109184) stat_writer /opt/stack/data/venv/lib/python3.12/site-packages/dbcounter.py:102}}
Jul 25 00:57:01.705335 np0000186713 nova-conductor[109172]: DEBUG nova.service [None req-69bd6cdb-bdb0-4967-9353-0ae736e43f82 None None] Join ServiceGroup membership for this service conductor {{(pid=109172) start /opt/stack/nova/nova/service.py:222}}
Jul 25 00:57:01.705565 np0000186713 nova-conductor[109172]: DEBUG nova.servicegroup.drivers.db [None req-69bd6cdb-bdb0-4967-9353-0ae736e43f82 None None] DB_Driver: join new ServiceGroup member np0000186713 to the conductor group, service = {{(pid=109172) join /opt/stack/nova/nova/servicegroup/drivers/db.py:44}}
Jul 25 00:57:01.706092 np0000186713 nova-conductor[109178]: DEBUG nova.service [None req-2d4c2891-1c57-46d0-a55b-402f122bcc4c None None] Join ServiceGroup membership for this service conductor {{(pid=109178) start /opt/stack/nova/nova/service.py:222}}
Jul 25 00:57:01.706390 np0000186713 nova-conductor[109178]: DEBUG nova.servicegroup.drivers.db [None req-2d4c2891-1c57-46d0-a55b-402f122bcc4c None None] DB_Driver: join new ServiceGroup member np0000186713 to the conductor group, service = {{(pid=109178) join /opt/stack/nova/nova/servicegroup/drivers/db.py:44}}
Jul 25 00:57:01.707063 np0000186713 nova-conductor[109184]: DEBUG nova.service [None req-55b8e198-56ac-41e8-99fe-b775025e795b None None] Creating RPC server for service: nova-conductor on topic: conductor {{(pid=109184) start /opt/stack/nova/nova/service.py:196}}
Jul 25 00:57:01.718732 np0000186713 nova-conductor[109191]: DEBUG nova.service [None req-a38c91f4-b75e-47b0-9350-195a81fa1f75 None None] Join ServiceGroup membership for this service conductor {{(pid=109191) start /opt/stack/nova/nova/service.py:222}}
Jul 25 00:57:01.719051 np0000186713 nova-conductor[109191]: DEBUG nova.servicegroup.drivers.db [None req-a38c91f4-b75e-47b0-9350-195a81fa1f75 None None] DB_Driver: join new ServiceGroup member np0000186713 to the conductor group, service = {{(pid=109191) join /opt/stack/nova/nova/servicegroup/drivers/db.py:44}}
Jul 25 00:57:01.727154 np0000186713 nova-conductor[109184]: DEBUG nova.service [None req-55b8e198-56ac-41e8-99fe-b775025e795b None None] Join ServiceGroup membership for this service conductor {{(pid=109184) start /opt/stack/nova/nova/service.py:222}}
Jul 25 00:57:01.727566 np0000186713 nova-conductor[109184]: DEBUG nova.servicegroup.drivers.db [None req-55b8e198-56ac-41e8-99fe-b775025e795b None None] DB_Driver: join new ServiceGroup member np0000186713 to the conductor group, service = {{(pid=109184) join /opt/stack/nova/nova/servicegroup/drivers/db.py:44}}
Jul 25 00:57:06.728773 np0000186713 nova-conductor[109172]: DEBUG oslo.service.backend._threading.loopingcall [-] Fixed interval looping call 'nova.servicegroup.drivers.db.DbDriver._report_state' sleeping for 119.98 seconds {{(pid=109172) _run_loop /opt/stack/data/venv/lib/python3.12/site-packages/oslo_service/backend/_threading/loopingcall.py:125}}
Jul 25 00:57:06.733141 np0000186713 nova-conductor[109178]: DEBUG oslo.service.backend._threading.loopingcall [-] Fixed interval looping call 'nova.servicegroup.drivers.db.DbDriver._report_state' sleeping for 119.98 seconds {{(pid=109178) _run_loop /opt/stack/data/venv/lib/python3.12/site-packages/oslo_service/backend/_threading/loopingcall.py:125}}
Jul 25 00:57:06.734957 np0000186713 nova-conductor[109191]: DEBUG oslo.service.backend._threading.loopingcall [-] Fixed interval looping call 'nova.servicegroup.drivers.db.DbDriver._report_state' sleeping for 119.99 seconds {{(pid=109191) _run_loop /opt/stack/data/venv/lib/python3.12/site-packages/oslo_service/backend/_threading/loopingcall.py:125}}
Jul 25 00:57:06.743697 np0000186713 nova-conductor[109184]: DEBUG oslo.service.backend._threading.loopingcall [-] Fixed interval looping call 'nova.servicegroup.drivers.db.DbDriver._report_state' sleeping for 119.99 seconds {{(pid=109184) _run_loop /opt/stack/data/venv/lib/python3.12/site-packages/oslo_service/backend/_threading/loopingcall.py:125}}
Jul 25 00:57:10.257766 np0000186713 nova-conductor[108429]: DEBUG dbcounter [-] [108429] Writing DB stats nova_api:SELECT=1 {{(pid=108429) stat_writer /opt/stack/data/venv/lib/python3.12/site-packages/dbcounter.py:115}}
Jul 25 00:57:10.395683 np0000186713 nova-conductor[108429]: DEBUG dbcounter [-] [108429] Writing DB stats nova_cell0:SELECT=1 {{(pid=108429) stat_writer /opt/stack/data/venv/lib/python3.12/site-packages/dbcounter.py:115}}
Jul 25 00:57:10.403533 np0000186713 nova-conductor[108429]: DEBUG dbcounter [-] [108429] Writing DB stats nova_cell1:SELECT=1 {{(pid=108429) stat_writer /opt/stack/data/venv/lib/python3.12/site-packages/dbcounter.py:115}}
Jul 25 00:57:15.721629 np0000186713 nova-conductor[109191]: DEBUG oslo.service.backend._threading.loopingcall [None req-6c6d509c-eea8-4ef5-b154-611c681bc78b None None] Dynamic interval looping call 'nova.service.Service.periodic_tasks' sleeping for 60.00 seconds {{(pid=109191) _run_loop /opt/stack/data/venv/lib/python3.12/site-packages/oslo_service/backend/_threading/loopingcall.py:125}}
Jul 25 00:57:16.722850 np0000186713 nova-conductor[109172]: DEBUG dbcounter [-] [109172] Writing DB stats nova_cell0:SELECT=3,nova_cell0:UPDATE=1 {{(pid=109172) stat_writer /opt/stack/data/venv/lib/python3.12/site-packages/dbcounter.py:115}}
Jul 25 00:57:16.723982 np0000186713 nova-conductor[109178]: DEBUG dbcounter [-] [109178] Writing DB stats nova_cell0:SELECT=4,nova_cell0:INSERT=1,nova_cell0:UPDATE=1 {{(pid=109178) stat_writer /opt/stack/data/venv/lib/python3.12/site-packages/dbcounter.py:115}}
Jul 25 00:57:16.732100 np0000186713 nova-conductor[109191]: DEBUG dbcounter [-] [109191] Writing DB stats nova_cell0:SELECT=3 {{(pid=109191) stat_writer /opt/stack/data/venv/lib/python3.12/site-packages/dbcounter.py:115}}
Jul 25 00:57:16.741111 np0000186713 nova-conductor[109184]: DEBUG dbcounter [-] [109184] Writing DB stats nova_cell0:SELECT=3 {{(pid=109184) stat_writer /opt/stack/data/venv/lib/python3.12/site-packages/dbcounter.py:115}}
Jul 25 00:57:21.709671 np0000186713 nova-conductor[109178]: DEBUG oslo.service.backend._threading.loopingcall [None req-38114340-f62f-46b3-be52-2d4e00b19386 None None] Dynamic interval looping call 'nova.service.Service.periodic_tasks' sleeping for 60.00 seconds {{(pid=109178) _run_loop /opt/stack/data/venv/lib/python3.12/site-packages/oslo_service/backend/_threading/loopingcall.py:125}}
Jul 25 00:57:23.730779 np0000186713 nova-conductor[109184]: DEBUG oslo.service.backend._threading.loopingcall [None req-1b70af74-331a-49c3-8065-7e94ad55253d None None] Dynamic interval looping call 'nova.service.Service.periodic_tasks' sleeping for 60.00 seconds {{(pid=109184) _run_loop /opt/stack/data/venv/lib/python3.12/site-packages/oslo_service/backend/_threading/loopingcall.py:125}}
Jul 25 00:57:30.708483 np0000186713 nova-conductor[109172]: DEBUG oslo.service.backend._threading.loopingcall [None req-d7fdaa07-86e3-4b28-9ae6-22f30b196ac3 None None] Dynamic interval looping call 'nova.service.Service.periodic_tasks' sleeping for 60.00 seconds {{(pid=109172) _run_loop /opt/stack/data/venv/lib/python3.12/site-packages/oslo_service/backend/_threading/loopingcall.py:125}}
Jul 25 00:58:15.722472 np0000186713 nova-conductor[109191]: DEBUG oslo.service.backend._threading.loopingcall [None req-6c6d509c-eea8-4ef5-b154-611c681bc78b None None] Dynamic interval looping call 'nova.service.Service.periodic_tasks' sleeping for 60.00 seconds {{(pid=109191) _run_loop /opt/stack/data/venv/lib/python3.12/site-packages/oslo_service/backend/_threading/loopingcall.py:125}}
Jul 25 00:58:21.710573 np0000186713 nova-conductor[109178]: DEBUG oslo.service.backend._threading.loopingcall [None req-38114340-f62f-46b3-be52-2d4e00b19386 None None] Dynamic interval looping call 'nova.service.Service.periodic_tasks' sleeping for 60.00 seconds {{(pid=109178) _run_loop /opt/stack/data/venv/lib/python3.12/site-packages/oslo_service/backend/_threading/loopingcall.py:125}}
Jul 25 00:58:23.731644 np0000186713 nova-conductor[109184]: DEBUG oslo.service.backend._threading.loopingcall [None req-1b70af74-331a-49c3-8065-7e94ad55253d None None] Dynamic interval looping call 'nova.service.Service.periodic_tasks' sleeping for 60.00 seconds {{(pid=109184) _run_loop /opt/stack/data/venv/lib/python3.12/site-packages/oslo_service/backend/_threading/loopingcall.py:125}}
Jul 25 00:58:30.709168 np0000186713 nova-conductor[109172]: DEBUG oslo.service.backend._threading.loopingcall [None req-d7fdaa07-86e3-4b28-9ae6-22f30b196ac3 None None] Dynamic interval looping call 'nova.service.Service.periodic_tasks' sleeping for 60.00 seconds {{(pid=109172) _run_loop /opt/stack/data/venv/lib/python3.12/site-packages/oslo_service/backend/_threading/loopingcall.py:125}}
Jul 25 00:59:06.721911 np0000186713 nova-conductor[109172]: DEBUG oslo.service.backend._threading.loopingcall [-] Fixed interval looping call 'nova.servicegroup.drivers.db.DbDriver._report_state' sleeping for 119.99 seconds {{(pid=109172) _run_loop /opt/stack/data/venv/lib/python3.12/site-packages/oslo_service/backend/_threading/loopingcall.py:125}}
