2026-04-25 12:11:05.715 8 INFO placement.requestlog [None req-4f456652-cce5-44d4-b2f5-55ebe6231409 edb86702644d49a283e9c68ad81c4b73 57617924f42a482bbee86b045a9b86a8 - - 391fb717537f4965859905fe0d54555f 391fb717537f4965859905fe0d54555f] 10.0.0.254 "DELETE /resource_providers/05486c28-b688-4b83-a1b8-4cb0af9fa79f" status: 404 len: 246 microversion: 1.1 [pid: 8|app: 0|req: 297/591] 10.0.0.254 () {34 vars in 816 bytes} [Sat Apr 25 12:11:05 2026] DELETE /resource_providers/05486c28-b688-4b83-a1b8-4cb0af9fa79f => generated 246 bytes in 10 msecs (HTTP/1.1 404) 6 headers in 231 bytes (1 switches on core 0)
2026-04-25 12:11:05.730 7 INFO placement.requestlog [None req-27c60164-f04f-40c2-bf93-783ec79b9b84 edb86702644d49a283e9c68ad81c4b73 57617924f42a482bbee86b045a9b86a8 - - 391fb717537f4965859905fe0d54555f 391fb717537f4965859905fe0d54555f] 10.0.0.254 "DELETE /resource_providers/05486c28-b688-4b83-a1b8-4cb0af9fa79f" status: 404 len: 246 microversion: 1.1 [pid: 7|app: 0|req: 295/592] 10.0.0.254 () {34 vars in 816 bytes} [Sat Apr 25 12:11:05 2026] DELETE /resource_providers/05486c28-b688-4b83-a1b8-4cb0af9fa79f => generated 246 bytes in 10 msecs (HTTP/1.1 404) 6 headers in 231 bytes (1 switches on core 0)
2026-04-25 12:11:05.914 7 INFO placement.requestlog [None req-a35c08ac-386e-4c3a-b76a-41f6aeeb3ae9 - - - - - -] 10.0.0.30 "GET /" status: 200 len: 136 microversion: 1.0
2026-04-25 12:11:05.916 8 INFO placement.requestlog [None req-006b5dba-a660-4cd4-b6c9-02833bc5c077 - - - - - -] 10.0.0.30 "GET /" status: 200 len: 136 microversion: 1.0
2026-04-25 12:11:06.249 7 INFO placement.requestlog [req-09bd7301-6754-489c-930a-62eabc62773b req-27fd37e1-36a2-43b9-9d7e-b345f125cf7c beee2bc99fd54a179ddea1727494c540 57617924f42a482bbee86b045a9b86a8 - - 391fb717537f4965859905fe0d54555f 391fb717537f4965859905fe0d54555f] 199.204.45.33 "GET /resource_providers/ed07b440-fead-4c40-acdd-dbe8cd51edce/allocations" status: 200 len: 352 microversion: 1.0 [pid: 7|app: 0|req: 297/595] 199.204.45.33 () {32 vars in 856 bytes} [Sat Apr 25 12:11:06 2026] GET /resource_providers/ed07b440-fead-4c40-acdd-dbe8cd51edce/allocations => generated 352 bytes in 19 msecs (HTTP/1.1 200) 6 headers in 224 bytes (1 switches on core 0)
2026-04-25 12:11:06.267 8 INFO placement.requestlog [req-09bd7301-6754-489c-930a-62eabc62773b req-f31aa41c-d485-402a-ad51-3e0e292c32d5 beee2bc99fd54a179ddea1727494c540 57617924f42a482bbee86b045a9b86a8 - - 391fb717537f4965859905fe0d54555f 391fb717537f4965859905fe0d54555f] 199.204.45.33 "GET /allocations/d66b4c39-0911-4a70-beaa-2d4389271294" status: 200 len: 257 microversion: 1.28 [pid: 8|app: 0|req: 299/596] 199.204.45.33 () {34 vars in 862 bytes} [Sat Apr 25 12:11:06 2026] GET /allocations/d66b4c39-0911-4a70-beaa-2d4389271294 => generated 257 bytes in 14 msecs (HTTP/1.1 200) 8 headers in 296 bytes (1 switches on core 0)
2026-04-25 12:11:06.294 7 INFO placement.requestlog [req-09bd7301-6754-489c-930a-62eabc62773b req-8e1644dc-920c-46af-b29d-3c495d5d307f beee2bc99fd54a179ddea1727494c540 57617924f42a482bbee86b045a9b86a8 - - 391fb717537f4965859905fe0d54555f 391fb717537f4965859905fe0d54555f] 199.204.45.33 "GET /allocations/a5ca2da8-26af-4013-8918-8bd09a8b7cdf" status: 200 len: 257 microversion: 1.28 [pid: 7|app: 0|req: 298/597] 199.204.45.33 () {34 vars in 862 bytes} [Sat Apr 25 12:11:06 2026] GET /allocations/a5ca2da8-26af-4013-8918-8bd09a8b7cdf => generated 257 bytes in 15 msecs (HTTP/1.1 200) 8 headers in 296 bytes (1 switches on core 0)
2026-04-25 12:11:06.316 8 INFO placement.requestlog [req-09bd7301-6754-489c-930a-62eabc62773b req-f3a07e77-a463-481c-b8ce-46c400562ee0 beee2bc99fd54a179ddea1727494c540 57617924f42a482bbee86b045a9b86a8 - - 391fb717537f4965859905fe0d54555f 391fb717537f4965859905fe0d54555f] 199.204.45.33 "GET /allocations/5d7e99d3-c542-4829-9588-e6d8372dc2ca" status: 200 len: 257 microversion: 1.28 [pid: 8|app: 0|req: 300/598] 199.204.45.33 () {34 vars in 862 bytes} [Sat Apr 25 12:11:06 2026] GET /allocations/5d7e99d3-c542-4829-9588-e6d8372dc2ca => generated 257 bytes in 14 msecs (HTTP/1.1 200) 8 headers in 296 bytes (1 switches on core 0)
2026-04-25 12:11:14.689 7 INFO placement.requestlog [None req-969c0177-a799-4ed3-9215-d2fc19a9a47a edb86702644d49a283e9c68ad81c4b73 57617924f42a482bbee86b045a9b86a8 - - 391fb717537f4965859905fe0d54555f 391fb717537f4965859905fe0d54555f] 10.0.0.254 "GET /resource_providers/6bb4e9c2-e724-41bc-a77f-21e65879186c/aggregates" status: 404 len: 235 microversion: 1.1 [pid: 7|app: 0|req: 299/599] 10.0.0.254 () {32 vars in 816 bytes} [Sat Apr 25 12:11:14 2026] GET /resource_providers/6bb4e9c2-e724-41bc-a77f-21e65879186c/aggregates => generated 235 bytes in 16 msecs (HTTP/1.1 404) 5 headers in 202 bytes (1 switches on core 0)
2026-04-25 12:11:14.698 8 INFO placement.requestlog [None req-7a2333a9-17b2-4e3d-b7c5-52912c65450b edb86702644d49a283e9c68ad81c4b73 57617924f42a482bbee86b045a9b86a8 - - 391fb717537f4965859905fe0d54555f 391fb717537f4965859905fe0d54555f] 10.0.0.254 "GET /resource_providers/6bb4e9c2-e724-41bc-a77f-21e65879186c/aggregates" status: 404 len: 235 microversion: 1.1 [pid: 8|app: 0|req: 301/600] 10.0.0.254 () {32 vars in 816 bytes} [Sat Apr 25 12:11:14 2026] GET /resource_providers/6bb4e9c2-e724-41bc-a77f-21e65879186c/aggregates => generated 235 bytes in 19 msecs (HTTP/1.1 404) 5 headers in 202 bytes (1 switches on core 0)
2026-04-25 12:11:14.715 7 INFO placement.requestlog [None req-8732d876-4c8a-4946-a42d-f2f4abbfaf24 edb86702644d49a283e9c68ad81c4b73 57617924f42a482bbee86b045a9b86a8 - - 391fb717537f4965859905fe0d54555f 391fb717537f4965859905fe0d54555f] 10.0.0.254 "DELETE /resource_providers/6bb4e9c2-e724-41bc-a77f-21e65879186c" status: 404 len: 246 microversion: 1.1 [pid: 7|app: 0|req: 300/601] 10.0.0.254 () {34 vars in 816 bytes} [Sat Apr 25 12:11:14 2026] DELETE /resource_providers/6bb4e9c2-e724-41bc-a77f-21e65879186c => generated 246 bytes in 18 msecs (HTTP/1.1 404) 6 headers in 231 bytes (1 switches on core 0)
2026-04-25 12:11:14.724 8 INFO placement.requestlog [None req-a9b78ecd-4767-4471-b561-1a788902f487 edb86702644d49a283e9c68ad81c4b73 57617924f42a482bbee86b045a9b86a8 - - 391fb717537f4965859905fe0d54555f 391fb717537f4965859905fe0d54555f] 10.0.0.254 "DELETE /resource_providers/6bb4e9c2-e724-41bc-a77f-21e65879186c" status: 404 len: 246 microversion: 1.1 [pid: 8|app: 0|req: 302/602] 10.0.0.254 () {34 vars in 816 bytes} [Sat Apr 25 12:11:14 2026] DELETE /resource_providers/6bb4e9c2-e724-41bc-a77f-21e65879186c => generated 246 bytes in 16 msecs (HTTP/1.1 404) 6 headers in 231 bytes (1 switches on core 0)
2026-04-25 12:11:15.915 7 INFO placement.requestlog [None req-191dde96-c6e4-4046-b0be-17707b137124 - - - - - -] 10.0.0.30 "GET /" status: 200 len: 136 microversion: 1.0
2026-04-25 12:11:15.915 8 INFO placement.requestlog [None req-439f238d-d52d-4bd0-9284-daa602e0deb3 - - - - - -] 10.0.0.30 "GET /" status: 200 len: 136 microversion: 1.0
2026-04-25 12:11:16.313 7 INFO placement.requestlog [req-242aa642-0c28-4e7e-aadf-5a3e929c3c4d req-6920e0a8-9c30-4605-8783-a475221a895b beee2bc99fd54a179ddea1727494c540 57617924f42a482bbee86b045a9b86a8 - - 391fb717537f4965859905fe0d54555f 391fb717537f4965859905fe0d54555f] 199.204.45.33 "GET /resource_providers/ed07b440-fead-4c40-acdd-dbe8cd51edce/allocations" status: 200 len: 352 microversion: 1.0 [pid: 7|app: 0|req: 302/605] 199.204.45.33 () {32 vars in 856 bytes} [Sat Apr 25 12:11:16 2026] GET /resource_providers/ed07b440-fead-4c40-acdd-dbe8cd51edce/allocations => generated 352 bytes in 15 msecs (HTTP/1.1 200) 6 headers in 224 bytes (1 switches on core 0)
2026-04-25 12:11:16.337 8 INFO placement.requestlog [req-242aa642-0c28-4e7e-aadf-5a3e929c3c4d req-5bc389af-14cc-49e9-bb65-7e8a161fe2c5 beee2bc99fd54a179ddea1727494c540 57617924f42a482bbee86b045a9b86a8 - - 391fb717537f4965859905fe0d54555f 391fb717537f4965859905fe0d54555f] 199.204.45.33 "GET /allocations/d66b4c39-0911-4a70-beaa-2d4389271294" status: 200 len: 257 microversion: 1.28 [pid: 8|app: 0|req: 304/606] 199.204.45.33 () {34 vars in 862 bytes} [Sat Apr 25 12:11:16 2026] GET /allocations/d66b4c39-0911-4a70-beaa-2d4389271294 => generated 257 bytes in 17 msecs (HTTP/1.1 200) 8 headers in 296 bytes (1 switches on core 0)
2026-04-25 12:11:16.363 7 INFO placement.requestlog [req-242aa642-0c28-4e7e-aadf-5a3e929c3c4d req-063ee8c3-11dc-4eb8-bef4-467c0418b7f1 beee2bc99fd54a179ddea1727494c540 57617924f42a482bbee86b045a9b86a8 - - 391fb717537f4965859905fe0d54555f 391fb717537f4965859905fe0d54555f] 199.204.45.33 "GET /allocations/a5ca2da8-26af-4013-8918-8bd09a8b7cdf" status: 200 len: 257 microversion: 1.28 [pid: 7|app: 0|req: 303/607] 199.204.45.33 () {34 vars in 862 bytes} [Sat Apr 25 12:11:16 2026] GET /allocations/a5ca2da8-26af-4013-8918-8bd09a8b7cdf => generated 257 bytes in 16 msecs (HTTP/1.1 200) 8 headers in 296 bytes (1 switches on core 0)
2026-04-25 12:11:16.387 8 INFO placement.requestlog [req-242aa642-0c28-4e7e-aadf-5a3e929c3c4d req-48ecc8be-6b6a-4cc2-bb02-0258d61afd0b beee2bc99fd54a179ddea1727494c540 57617924f42a482bbee86b045a9b86a8 - - 391fb717537f4965859905fe0d54555f 391fb717537f4965859905fe0d54555f] 199.204.45.33 "GET /allocations/5d7e99d3-c542-4829-9588-e6d8372dc2ca" status: 200 len: 257 microversion: 1.28 [pid: 8|app: 0|req: 305/608] 199.204.45.33 () {34 vars in 862 bytes} [Sat Apr 25 12:11:16 2026] GET /allocations/5d7e99d3-c542-4829-9588-e6d8372dc2ca => generated 257 bytes in 18 msecs (HTTP/1.1 200) 8 headers in 296 bytes (1 switches on core 0)
2026-04-25 12:11:17.444 7 INFO placement.requestlog [req-242aa642-0c28-4e7e-aadf-5a3e929c3c4d req-df65d1e5-347f-472d-b540-f6f0504cc369 beee2bc99fd54a179ddea1727494c540 57617924f42a482bbee86b045a9b86a8 - - 391fb717537f4965859905fe0d54555f 391fb717537f4965859905fe0d54555f] 199.204.45.33 "DELETE /allocations/a5ca2da8-26af-4013-8918-8bd09a8b7cdf" status: 204 len: 0 microversion: 1.0 [pid: 7|app: 0|req: 304/609] 199.204.45.33 () {34 vars in 840 bytes} [Sat Apr 25 12:11:17 2026] DELETE /allocations/a5ca2da8-26af-4013-8918-8bd09a8b7cdf => generated 0 bytes in 24 msecs (HTTP/1.1 204) 5 headers in 198 bytes (1 switches on core 0)
2026-04-25 12:11:20.903 8 INFO placement.requestlog [None req-1bc4b13c-2be7-4f05-aea2-03b84bf79f2e edb86702644d49a283e9c68ad81c4b73 57617924f42a482bbee86b045a9b86a8 - - 391fb717537f4965859905fe0d54555f 391fb717537f4965859905fe0d54555f] 10.0.0.254 "GET /resource_providers/6c58631e-8857-49c3-90b9-ca345bd6bd62/aggregates" status: 404 len: 235 microversion: 1.1
2026-04-25 12:11:20.903 7 INFO placement.requestlog [None req-889ff353-5a2b-4ba4-9b6e-335b307b7f0a edb86702644d49a283e9c68ad81c4b73 57617924f42a482bbee86b045a9b86a8 - - 391fb717537f4965859905fe0d54555f 391fb717537f4965859905fe0d54555f] 10.0.0.254 "GET /resource_providers/6c58631e-8857-49c3-90b9-ca345bd6bd62/aggregates" status: 404 len: 235 microversion: 1.1 [pid: 8|app: 0|req: 306/610] 10.0.0.254 () {32 vars in 816 bytes} [Sat Apr 25 12:11:20 2026] GET /resource_providers/6c58631e-8857-49c3-90b9-ca345bd6bd62/aggregates => generated 235 bytes in 13 msecs (HTTP/1.1 404) 5 headers in 202 bytes (1 switches on core 0) [pid: 7|app: 0|req: 305/611] 10.0.0.254 () {32 vars in 816 bytes} [Sat Apr 25 12:11:20 2026] GET /resource_providers/6c58631e-8857-49c3-90b9-ca345bd6bd62/aggregates => generated 235 bytes in 12 msecs (HTTP/1.1 404) 5 headers in 202 bytes (1 switches on core 0)
2026-04-25 12:11:20.926 8 INFO placement.requestlog [None req-5bd8fdf4-6694-46a5-9162-52ffcc667eac edb86702644d49a283e9c68ad81c4b73 57617924f42a482bbee86b045a9b86a8 - - 391fb717537f4965859905fe0d54555f 391fb717537f4965859905fe0d54555f] 10.0.0.254 "DELETE /resource_providers/6c58631e-8857-49c3-90b9-ca345bd6bd62" status: 404 len: 246 microversion: 1.1 [pid: 8|app: 0|req: 307/612] 10.0.0.254 () {34 vars in 816 bytes} [Sat Apr 25 12:11:20 2026] DELETE /resource_providers/6c58631e-8857-49c3-90b9-ca345bd6bd62 => generated 246 bytes in 8 msecs (HTTP/1.1 404) 6 headers in 231 bytes (1 switches on core 0)
2026-04-25 12:11:20.930 7 INFO placement.requestlog [None req-74a22399-0448-4dc4-bffd-5beba62ec858 edb86702644d49a283e9c68ad81c4b73 57617924f42a482bbee86b045a9b86a8 - - 391fb717537f4965859905fe0d54555f 391fb717537f4965859905fe0d54555f] 10.0.0.254 "DELETE /resource_providers/6c58631e-8857-49c3-90b9-ca345bd6bd62" status: 404 len: 246 microversion: 1.1 [pid: 7|app: 0|req: 306/613] 10.0.0.254 () {34 vars in 816 bytes} [Sat Apr 25 12:11:20 2026] DELETE /resource_providers/6c58631e-8857-49c3-90b9-ca345bd6bd62 => generated 246 bytes in 8 msecs (HTTP/1.1 404) 6 headers in 231 bytes (1 switches on core 0)
2026-04-25 12:11:21.881 8 INFO placement.requestlog [req-db36ded2-1e6a-4d39-8cee-090c4995de42 req-b18478ee-557a-4d8b-aa4d-51f22ae40895 beee2bc99fd54a179ddea1727494c540 57617924f42a482bbee86b045a9b86a8 - - 391fb717537f4965859905fe0d54555f 391fb717537f4965859905fe0d54555f] 199.204.45.33 "GET /resource_providers/ed07b440-fead-4c40-acdd-dbe8cd51edce/allocations" status: 200 len: 252 microversion: 1.0 [pid: 8|app: 0|req: 308/614] 199.204.45.33 () {32 vars in 856 bytes} [Sat Apr 25 12:11:21 2026] GET /resource_providers/ed07b440-fead-4c40-acdd-dbe8cd51edce/allocations => generated 252 bytes in 13 msecs (HTTP/1.1 200) 6 headers in 224 bytes (1 switches on core 0)
2026-04-25 12:11:21.900 7 INFO placement.requestlog [req-db36ded2-1e6a-4d39-8cee-090c4995de42 req-88367955-443e-42d4-b4b7-5246b477a4c8 beee2bc99fd54a179ddea1727494c540 57617924f42a482bbee86b045a9b86a8 - - 391fb717537f4965859905fe0d54555f 391fb717537f4965859905fe0d54555f] 199.204.45.33 "GET /allocations/d66b4c39-0911-4a70-beaa-2d4389271294" status: 200 len: 257 microversion: 1.28 [pid: 7|app: 0|req: 307/615] 199.204.45.33 () {34 vars in 862 bytes} [Sat Apr 25 12:11:21 2026] GET /allocations/d66b4c39-0911-4a70-beaa-2d4389271294 => generated 257 bytes in 14 msecs (HTTP/1.1 200) 8 headers in 296 bytes (1 switches on core 0)
2026-04-25 12:11:21.918 8 INFO placement.requestlog [req-db36ded2-1e6a-4d39-8cee-090c4995de42 req-6dc2c390-3890-4db9-a96a-630ce047729a beee2bc99fd54a179ddea1727494c540 57617924f42a482bbee86b045a9b86a8 - - 391fb717537f4965859905fe0d54555f 391fb717537f4965859905fe0d54555f] 199.204.45.33 "GET /allocations/5d7e99d3-c542-4829-9588-e6d8372dc2ca" status: 200 len: 257 microversion: 1.28 [pid: 8|app: 0|req: 309/616] 199.204.45.33 () {34 vars in 862 bytes} [Sat Apr 25 12:11:21 2026] GET /allocations/5d7e99d3-c542-4829-9588-e6d8372dc2ca => generated 257 bytes in 10 msecs (HTTP/1.1 200) 8 headers in 296 bytes (1 switches on core 0)
2026-04-25 12:11:22.956 8 INFO placement.requestlog [None req-5a7e25fa-edfe-4942-acc1-b2fe42e533a0 edb86702644d49a283e9c68ad81c4b73 57617924f42a482bbee86b045a9b86a8 - - 391fb717537f4965859905fe0d54555f 391fb717537f4965859905fe0d54555f] 10.0.0.254 "GET /resource_providers/4aaa175b-bfc5-4d53-9614-287839aff24c/aggregates" status: 404 len: 235 microversion: 1.1 [pid: 8|app: 0|req: 310/617] 10.0.0.254 () {32 vars in 816 bytes} [Sat Apr 25 12:11:22 2026] GET /resource_providers/4aaa175b-bfc5-4d53-9614-287839aff24c/aggregates => generated 235 bytes in 17 msecs (HTTP/1.1 404) 5 headers in 202 bytes (1 switches on core 0)
2026-04-25 12:11:22.962 7 INFO placement.requestlog [None req-af79cfb1-46f7-4ba4-bbd1-2d1473af6bc6 edb86702644d49a283e9c68ad81c4b73 57617924f42a482bbee86b045a9b86a8 - - 391fb717537f4965859905fe0d54555f 391fb717537f4965859905fe0d54555f] 10.0.0.254 "GET /resource_providers/4aaa175b-bfc5-4d53-9614-287839aff24c/aggregates" status: 404 len: 235 microversion: 1.1 [pid: 7|app: 0|req: 308/618] 10.0.0.254 () {32 vars in 816 bytes} [Sat Apr 25 12:11:22 2026] GET /resource_providers/4aaa175b-bfc5-4d53-9614-287839aff24c/aggregates => generated 235 bytes in 24 msecs (HTTP/1.1 404) 5 headers in 202 bytes (1 switches on core 0)
2026-04-25 12:11:22.981 8 INFO placement.requestlog [req-db36ded2-1e6a-4d39-8cee-090c4995de42 req-809d140f-4be8-4abd-9305-a88d33e152cb beee2bc99fd54a179ddea1727494c540 57617924f42a482bbee86b045a9b86a8 - - 391fb717537f4965859905fe0d54555f 391fb717537f4965859905fe0d54555f] 199.204.45.33 "DELETE /allocations/d66b4c39-0911-4a70-beaa-2d4389271294" status: 204 len: 0 microversion: 1.0
2026-04-25 12:11:22.981 7 INFO placement.requestlog [None req-90db5731-e825-45c4-8435-12123e5a6386 edb86702644d49a283e9c68ad81c4b73 57617924f42a482bbee86b045a9b86a8 - - 391fb717537f4965859905fe0d54555f 391fb717537f4965859905fe0d54555f] 10.0.0.254 "DELETE /resource_providers/4aaa175b-bfc5-4d53-9614-287839aff24c" status: 404 len: 246 microversion: 1.1 [pid: 7|app: 0|req: 309/619] 10.0.0.254 () {34 vars in 816 bytes} [Sat Apr 25 12:11:22 2026] DELETE /resource_providers/4aaa175b-bfc5-4d53-9614-287839aff24c => generated 246 bytes in 13 msecs (HTTP/1.1 404) 6 headers in 231 bytes (1 switches on core 0) [pid: 8|app: 0|req: 311/620] 199.204.45.33 () {34 vars in 840 bytes} [Sat Apr 25 12:11:22 2026] DELETE /allocations/d66b4c39-0911-4a70-beaa-2d4389271294 => generated 0 bytes in 24 msecs (HTTP/1.1 204) 5 headers in 198 bytes (1 switches on core 0)
2026-04-25 12:11:22.988 7 INFO placement.requestlog [None req-747cf946-f899-4e23-ad8e-bfd25ef9e4e5 edb86702644d49a283e9c68ad81c4b73 57617924f42a482bbee86b045a9b86a8 - - 391fb717537f4965859905fe0d54555f 391fb717537f4965859905fe0d54555f] 10.0.0.254 "DELETE /resource_providers/4aaa175b-bfc5-4d53-9614-287839aff24c" status: 404 len: 246 microversion: 1.1 [pid: 7|app: 0|req: 310/621] 10.0.0.254 () {34 vars in 816 bytes} [Sat Apr 25 12:11:22 2026] DELETE /resource_providers/4aaa175b-bfc5-4d53-9614-287839aff24c => generated 246 bytes in 7 msecs (HTTP/1.1 404) 6 headers in 231 bytes (1 switches on core 0)
2026-04-25 12:11:25.913 8 INFO placement.requestlog [None req-b329a068-66fe-4797-aebd-9355da1c6a7f - - - - - -] 10.0.0.30 "GET /" status: 200 len: 136 microversion: 1.0
2026-04-25 12:11:25.913 7 INFO placement.requestlog [None req-78c08731-87c0-4b00-a034-a861d8b03fde - - - - - -] 10.0.0.30 "GET /" status: 200 len: 136 microversion: 1.0
2026-04-25 12:11:27.503 8 INFO placement.requestlog [None req-88c8ff13-8e18-4bc8-86a2-af1d02627d4b edb86702644d49a283e9c68ad81c4b73 57617924f42a482bbee86b045a9b86a8 - - 391fb717537f4965859905fe0d54555f 391fb717537f4965859905fe0d54555f] 10.0.0.254 "GET /resource_providers/d8fdf854-7cec-400d-8144-17a8d0952727/aggregates" status: 404 len: 235 microversion: 1.1 [pid: 8|app: 0|req: 313/624] 10.0.0.254 () {32 vars in 816 bytes} [Sat Apr 25 12:11:27 2026] GET /resource_providers/d8fdf854-7cec-400d-8144-17a8d0952727/aggregates => generated 235 bytes in 9 msecs (HTTP/1.1 404) 5 headers in 202 bytes (1 switches on core 0)
2026-04-25 12:11:27.507 7 INFO placement.requestlog [None req-5d2e5715-b373-4248-b7a6-ae7b138c7500 edb86702644d49a283e9c68ad81c4b73 57617924f42a482bbee86b045a9b86a8 - - 391fb717537f4965859905fe0d54555f 391fb717537f4965859905fe0d54555f] 10.0.0.254 "GET /resource_providers/d8fdf854-7cec-400d-8144-17a8d0952727/aggregates" status: 404 len: 235 microversion: 1.1 [pid: 7|app: 0|req: 312/625] 10.0.0.254 () {32 vars in 816 bytes} [Sat Apr 25 12:11:27 2026] GET /resource_providers/d8fdf854-7cec-400d-8144-17a8d0952727/aggregates => generated 235 bytes in 12 msecs (HTTP/1.1 404) 5 headers in 202 bytes (1 switches on core 0)
2026-04-25 12:11:27.522 8 INFO placement.requestlog [None req-1368e1c6-f48b-4a35-b8c1-6356589a4961 edb86702644d49a283e9c68ad81c4b73 57617924f42a482bbee86b045a9b86a8 - - 391fb717537f4965859905fe0d54555f 391fb717537f4965859905fe0d54555f] 10.0.0.254 "DELETE /resource_providers/d8fdf854-7cec-400d-8144-17a8d0952727" status: 404 len: 246 microversion: 1.1 [pid: 8|app: 0|req: 314/626] 10.0.0.254 () {34 vars in 816 bytes} [Sat Apr 25 12:11:27 2026] DELETE /resource_providers/d8fdf854-7cec-400d-8144-17a8d0952727 => generated 246 bytes in 8 msecs (HTTP/1.1 404) 6 headers in 231 bytes (1 switches on core 0)
2026-04-25 12:11:27.529 7 INFO placement.requestlog [None req-57eb7084-eb9c-4343-8df5-5b43d1f10ea7 edb86702644d49a283e9c68ad81c4b73 57617924f42a482bbee86b045a9b86a8 - - 391fb717537f4965859905fe0d54555f 391fb717537f4965859905fe0d54555f] 10.0.0.254 "DELETE /resource_providers/d8fdf854-7cec-400d-8144-17a8d0952727" status: 404 len: 246 microversion: 1.1 [pid: 7|app: 0|req: 313/627] 10.0.0.254 () {34 vars in 816 bytes} [Sat Apr 25 12:11:27 2026] DELETE /resource_providers/d8fdf854-7cec-400d-8144-17a8d0952727 => generated 246 bytes in 9 msecs (HTTP/1.1 404) 6 headers in 231 bytes (1 switches on core 0)
2026-04-25 12:11:28.040 8 INFO placement.requestlog [None req-f02a2453-abb6-4988-9fb6-fae6a1721f7e edb86702644d49a283e9c68ad81c4b73 57617924f42a482bbee86b045a9b86a8 - - 391fb717537f4965859905fe0d54555f 391fb717537f4965859905fe0d54555f] 10.0.0.254 "GET /resource_providers/63a3b744-366f-4e0f-bbc4-937abe2a308b/aggregates" status: 404 len: 235 microversion: 1.1 [pid: 8|app: 0|req: 315/628] 10.0.0.254 () {32 vars in 816 bytes} [Sat Apr 25 12:11:28 2026] GET /resource_providers/63a3b744-366f-4e0f-bbc4-937abe2a308b/aggregates => generated 235 bytes in 10 msecs (HTTP/1.1 404) 5 headers in 202 bytes (1 switches on core 0)
2026-04-25 12:11:28.042 7 INFO placement.requestlog [None req-a2fcd276-dab7-417b-9c4a-21ed379e4455 edb86702644d49a283e9c68ad81c4b73 57617924f42a482bbee86b045a9b86a8 - - 391fb717537f4965859905fe0d54555f 391fb717537f4965859905fe0d54555f] 10.0.0.254 "GET /resource_providers/63a3b744-366f-4e0f-bbc4-937abe2a308b/aggregates" status: 404 len: 235 microversion: 1.1 [pid: 7|app: 0|req: 314/629] 10.0.0.254 () {32 vars in 816 bytes} [Sat Apr 25 12:11:28 2026] GET /resource_providers/63a3b744-366f-4e0f-bbc4-937abe2a308b/aggregates => generated 235 bytes in 9 msecs (HTTP/1.1 404) 5 headers in 202 bytes (1 switches on core 0)
2026-04-25 12:11:28.065 8 INFO placement.requestlog [None req-2e7ad5d5-cb55-42e7-a67e-87f12856c909 edb86702644d49a283e9c68ad81c4b73 57617924f42a482bbee86b045a9b86a8 - - 391fb717537f4965859905fe0d54555f 391fb717537f4965859905fe0d54555f] 10.0.0.254 "DELETE /resource_providers/63a3b744-366f-4e0f-bbc4-937abe2a308b" status: 404 len: 246 microversion: 1.1 [pid: 8|app: 0|req: 316/630] 10.0.0.254 () {34 vars in 816 bytes} [Sat Apr 25 12:11:28 2026] DELETE /resource_providers/63a3b744-366f-4e0f-bbc4-937abe2a308b => generated 246 bytes in 10 msecs (HTTP/1.1 404) 6 headers in 231 bytes (1 switches on core 0)
2026-04-25 12:11:28.071 7 INFO placement.requestlog [None req-59df5b9b-fc62-4080-baf8-57016aacf70d edb86702644d49a283e9c68ad81c4b73 57617924f42a482bbee86b045a9b86a8 - - 391fb717537f4965859905fe0d54555f 391fb717537f4965859905fe0d54555f] 10.0.0.254 "DELETE /resource_providers/63a3b744-366f-4e0f-bbc4-937abe2a308b" status: 404 len: 246 microversion: 1.1 [pid: 7|app: 0|req: 315/631] 10.0.0.254 () {34 vars in 816 bytes} [Sat Apr 25 12:11:28 2026] DELETE /resource_providers/63a3b744-366f-4e0f-bbc4-937abe2a308b => generated 246 bytes in 10 msecs (HTTP/1.1 404) 6 headers in 231 bytes (1 switches on core 0)
2026-04-25 12:11:29.544 8 INFO placement.requestlog [None req-700fc39d-5382-44cf-9a4a-903b820e6638 edb86702644d49a283e9c68ad81c4b73 57617924f42a482bbee86b045a9b86a8 - - 391fb717537f4965859905fe0d54555f 391fb717537f4965859905fe0d54555f] 10.0.0.254 "GET /resource_providers/01e9c345-fa16-49b9-9375-fa92d90e0687/aggregates" status: 404 len: 235 microversion: 1.1 [pid: 8|app: 0|req: 317/632] 10.0.0.254 () {32 vars in 816 bytes} [Sat Apr 25 12:11:29 2026] GET /resource_providers/01e9c345-fa16-49b9-9375-fa92d90e0687/aggregates => generated 235 bytes in 8 msecs (HTTP/1.1 404) 5 headers in 202 bytes (1 switches on core 0)
2026-04-25 12:11:29.550 7 INFO placement.requestlog [None req-5520b395-7138-4581-ad2d-33b41ec6631b edb86702644d49a283e9c68ad81c4b73 57617924f42a482bbee86b045a9b86a8 - - 391fb717537f4965859905fe0d54555f 391fb717537f4965859905fe0d54555f] 10.0.0.254 "GET /resource_providers/01e9c345-fa16-49b9-9375-fa92d90e0687/aggregates" status: 404 len: 235 microversion: 1.1 [pid: 7|app: 0|req: 316/633] 10.0.0.254 () {32 vars in 816 bytes} [Sat Apr 25 12:11:29 2026] GET /resource_providers/01e9c345-fa16-49b9-9375-fa92d90e0687/aggregates => generated 235 bytes in 9 msecs (HTTP/1.1 404) 5 headers in 202 bytes (1 switches on core 0)
2026-04-25 12:11:29.560 8 INFO placement.requestlog [None req-369e73f9-8775-4e49-9467-7a5ca41db93f edb86702644d49a283e9c68ad81c4b73 57617924f42a482bbee86b045a9b86a8 - - 391fb717537f4965859905fe0d54555f 391fb717537f4965859905fe0d54555f] 10.0.0.254 "DELETE /resource_providers/01e9c345-fa16-49b9-9375-fa92d90e0687" status: 404 len: 246 microversion: 1.1 [pid: 8|app: 0|req: 318/634] 10.0.0.254 () {34 vars in 816 bytes} [Sat Apr 25 12:11:29 2026] DELETE /resource_providers/01e9c345-fa16-49b9-9375-fa92d90e0687 => generated 246 bytes in 6 msecs (HTTP/1.1 404) 6 headers in 231 bytes (1 switches on core 0)
2026-04-25 12:11:29.565 7 INFO placement.requestlog [None req-2590170f-459c-445c-b4ad-5cc025beb066 edb86702644d49a283e9c68ad81c4b73 57617924f42a482bbee86b045a9b86a8 - - 391fb717537f4965859905fe0d54555f 391fb717537f4965859905fe0d54555f] 10.0.0.254 "DELETE /resource_providers/01e9c345-fa16-49b9-9375-fa92d90e0687" status: 404 len: 246 microversion: 1.1 [pid: 7|app: 0|req: 317/635] 10.0.0.254 () {34 vars in 816 bytes} [Sat Apr 25 12:11:29 2026] DELETE /resource_providers/01e9c345-fa16-49b9-9375-fa92d90e0687 => generated 246 bytes in 7 msecs (HTTP/1.1 404) 6 headers in 231 bytes (1 switches on core 0)
2026-04-25 12:11:33.608 7 INFO placement.requestlog [None req-531a2c6d-723f-43c6-866a-a1130eae15a9 edb86702644d49a283e9c68ad81c4b73 57617924f42a482bbee86b045a9b86a8 - - 391fb717537f4965859905fe0d54555f 391fb717537f4965859905fe0d54555f] 10.0.0.254 "GET /resource_providers/0147f917-076f-4d7e-af1a-f01db2912993/aggregates" status: 404 len: 235 microversion: 1.1 [pid: 7|app: 0|req: 318/636] 10.0.0.254 () {32 vars in 816 bytes} [Sat Apr 25 12:11:33 2026] GET /resource_providers/0147f917-076f-4d7e-af1a-f01db2912993/aggregates => generated 235 bytes in 7 msecs (HTTP/1.1 404) 5 headers in 202 bytes (1 switches on core 0)
2026-04-25 12:11:33.613 8 INFO placement.requestlog [None req-37dcf087-1619-4681-b7a7-5e1a9853fc24 edb86702644d49a283e9c68ad81c4b73 57617924f42a482bbee86b045a9b86a8 - - 391fb717537f4965859905fe0d54555f 391fb717537f4965859905fe0d54555f] 10.0.0.254 "GET /resource_providers/0147f917-076f-4d7e-af1a-f01db2912993/aggregates" status: 404 len: 235 microversion: 1.1 [pid: 8|app: 0|req: 319/637] 10.0.0.254 () {32 vars in 816 bytes} [Sat Apr 25 12:11:33 2026] GET /resource_providers/0147f917-076f-4d7e-af1a-f01db2912993/aggregates => generated 235 bytes in 12 msecs (HTTP/1.1 404) 5 headers in 202 bytes (1 switches on core 0)
2026-04-25 12:11:33.624 7 INFO placement.requestlog [None req-2157773d-5a05-4297-86f3-29383ba67179 edb86702644d49a283e9c68ad81c4b73 57617924f42a482bbee86b045a9b86a8 - - 391fb717537f4965859905fe0d54555f 391fb717537f4965859905fe0d54555f] 10.0.0.254 "DELETE /resource_providers/0147f917-076f-4d7e-af1a-f01db2912993" status: 404 len: 246 microversion: 1.1 [pid: 7|app: 0|req: 319/638] 10.0.0.254 () {34 vars in 816 bytes} [Sat Apr 25 12:11:33 2026] DELETE /resource_providers/0147f917-076f-4d7e-af1a-f01db2912993 => generated 246 bytes in 6 msecs (HTTP/1.1 404) 6 headers in 231 bytes (1 switches on core 0)
2026-04-25 12:11:33.632 8 INFO placement.requestlog [None req-64e5b852-173d-4ca1-8b0f-a06d1190fbea edb86702644d49a283e9c68ad81c4b73 57617924f42a482bbee86b045a9b86a8 - - 391fb717537f4965859905fe0d54555f 391fb717537f4965859905fe0d54555f] 10.0.0.254 "DELETE /resource_providers/0147f917-076f-4d7e-af1a-f01db2912993" status: 404 len: 246 microversion: 1.1 [pid: 8|app: 0|req: 320/639] 10.0.0.254 () {34 vars in 816 bytes} [Sat Apr 25 12:11:33 2026] DELETE /resource_providers/0147f917-076f-4d7e-af1a-f01db2912993 => generated 246 bytes in 8 msecs (HTTP/1.1 404) 6 headers in 231 bytes (1 switches on core 0)
2026-04-25 12:11:35.651 7 INFO placement.requestlog [None req-21fe772d-c042-450a-a3c5-4eb028248a7d edb86702644d49a283e9c68ad81c4b73 57617924f42a482bbee86b045a9b86a8 - - 391fb717537f4965859905fe0d54555f 391fb717537f4965859905fe0d54555f] 10.0.0.254 "GET /resource_providers/d45581b4-7a9d-42ad-9ccf-829f35a7ab20/aggregates" status: 404 len: 235 microversion: 1.1 [pid: 7|app: 0|req: 320/640] 10.0.0.254 () {32 vars in 816 bytes} [Sat Apr 25 12:11:35 2026] GET /resource_providers/d45581b4-7a9d-42ad-9ccf-829f35a7ab20/aggregates => generated 235 bytes in 13 msecs (HTTP/1.1 404) 5 headers in 202 bytes (1 switches on core 0)
2026-04-25 12:11:35.653 8 INFO placement.requestlog [None req-0ede516d-b6a6-4c38-ae3f-96312fc8c98c edb86702644d49a283e9c68ad81c4b73 57617924f42a482bbee86b045a9b86a8 - - 391fb717537f4965859905fe0d54555f 391fb717537f4965859905fe0d54555f] 10.0.0.254 "GET /resource_providers/d45581b4-7a9d-42ad-9ccf-829f35a7ab20/aggregates" status: 404 len: 235 microversion: 1.1 [pid: 8|app: 0|req: 321/641] 10.0.0.254 () {32 vars in 816 bytes} [Sat Apr 25 12:11:35 2026] GET /resource_providers/d45581b4-7a9d-42ad-9ccf-829f35a7ab20/aggregates => generated 235 bytes in 9 msecs (HTTP/1.1 404) 5 headers in 202 bytes (1 switches on core 0)
2026-04-25 12:11:35.668 7 INFO placement.requestlog [None req-55d4b695-c6b2-4127-8ded-33a41893bea5 edb86702644d49a283e9c68ad81c4b73 57617924f42a482bbee86b045a9b86a8 - - 391fb717537f4965859905fe0d54555f 391fb717537f4965859905fe0d54555f] 10.0.0.254 "DELETE /resource_providers/d45581b4-7a9d-42ad-9ccf-829f35a7ab20" status: 404 len: 246 microversion: 1.1 [pid: 7|app: 0|req: 321/642] 10.0.0.254 () {34 vars in 816 bytes} [Sat Apr 25 12:11:35 2026] DELETE /resource_providers/d45581b4-7a9d-42ad-9ccf-829f35a7ab20 => generated 246 bytes in 12 msecs (HTTP/1.1 404) 6 headers in 231 bytes (1 switches on core 0)
2026-04-25 12:11:35.670 8 INFO placement.requestlog [None req-8f4f9656-95b2-43ea-95a5-a74e5b2f8644 edb86702644d49a283e9c68ad81c4b73 57617924f42a482bbee86b045a9b86a8 - - 391fb717537f4965859905fe0d54555f 391fb717537f4965859905fe0d54555f] 10.0.0.254 "DELETE /resource_providers/d45581b4-7a9d-42ad-9ccf-829f35a7ab20" status: 404 len: 246 microversion: 1.1 [pid: 8|app: 0|req: 322/643] 10.0.0.254 () {34 vars in 816 bytes} [Sat Apr 25 12:11:35 2026] DELETE /resource_providers/d45581b4-7a9d-42ad-9ccf-829f35a7ab20 => generated 246 bytes in 7 msecs (HTTP/1.1 404) 6 headers in 231 bytes (1 switches on core 0)
2026-04-25 12:11:35.913 7 INFO placement.requestlog [None req-34e14ada-f7f6-4d11-bbec-dfa771d7c26f - - - - - -] 10.0.0.30 "GET /" status: 200 len: 136 microversion: 1.0
2026-04-25 12:11:35.914 8 INFO placement.requestlog [None req-638bc938-7140-4fde-b1c8-2287ca897e8e - - - - - -] 10.0.0.30 "GET /" status: 200 len: 136 microversion: 1.0
2026-04-25 12:11:36.689 7 INFO placement.requestlog [None req-0cc129ec-58fb-417d-a50e-de1422deb755 edb86702644d49a283e9c68ad81c4b73 57617924f42a482bbee86b045a9b86a8 - - 391fb717537f4965859905fe0d54555f 391fb717537f4965859905fe0d54555f] 10.0.0.254 "GET /resource_providers/af230b18-2ddb-464a-9b10-52152d93b89c/aggregates" status: 404 len: 235 microversion: 1.1 [pid: 7|app: 0|req: 323/646] 10.0.0.254 () {32 vars in 816 bytes} [Sat Apr 25 12:11:36 2026] GET /resource_providers/af230b18-2ddb-464a-9b10-52152d93b89c/aggregates => generated 235 bytes in 9 msecs (HTTP/1.1 404) 5 headers in 202 bytes (1 switches on core 0)
2026-04-25 12:11:36.692 8 INFO placement.requestlog [None req-c9163fd6-8409-4bb8-b536-427894dbe2aa edb86702644d49a283e9c68ad81c4b73 57617924f42a482bbee86b045a9b86a8 - - 391fb717537f4965859905fe0d54555f 391fb717537f4965859905fe0d54555f] 10.0.0.254 "GET /resource_providers/af230b18-2ddb-464a-9b10-52152d93b89c/aggregates" status: 404 len: 235 microversion: 1.1 [pid: 8|app: 0|req: 324/647] 10.0.0.254 () {32 vars in 816 bytes} [Sat Apr 25 12:11:36 2026] GET /resource_providers/af230b18-2ddb-464a-9b10-52152d93b89c/aggregates => generated 235 bytes in 8 msecs (HTTP/1.1 404) 5 headers in 202 bytes (1 switches on core 0)
2026-04-25 12:11:36.706 7 INFO placement.requestlog [None req-85f43327-2c26-4989-b181-ea23fdfb0afd edb86702644d49a283e9c68ad81c4b73 57617924f42a482bbee86b045a9b86a8 - - 391fb717537f4965859905fe0d54555f 391fb717537f4965859905fe0d54555f] 10.0.0.254 "DELETE /resource_providers/af230b18-2ddb-464a-9b10-52152d93b89c" status: 404 len: 246 microversion: 1.1 [pid: 7|app: 0|req: 324/648] 10.0.0.254 () {34 vars in 816 bytes} [Sat Apr 25 12:11:36 2026] DELETE /resource_providers/af230b18-2ddb-464a-9b10-52152d93b89c => generated 246 bytes in 6 msecs (HTTP/1.1 404) 6 headers in 231 bytes (1 switches on core 0)
2026-04-25 12:11:36.715 8 INFO placement.requestlog [None req-57b65f76-7d36-4744-933d-0d0568a27a08 edb86702644d49a283e9c68ad81c4b73 57617924f42a482bbee86b045a9b86a8 - - 391fb717537f4965859905fe0d54555f 391fb717537f4965859905fe0d54555f] 10.0.0.254 "DELETE /resource_providers/af230b18-2ddb-464a-9b10-52152d93b89c" status: 404 len: 246 microversion: 1.1 [pid: 8|app: 0|req: 325/649] 10.0.0.254 () {34 vars in 816 bytes} [Sat Apr 25 12:11:36 2026] DELETE /resource_providers/af230b18-2ddb-464a-9b10-52152d93b89c => generated 246 bytes in 7 msecs (HTTP/1.1 404) 6 headers in 231 bytes (1 switches on core 0)
2026-04-25 12:11:37.690 8 INFO placement.requestlog [None req-9c839c46-997c-47dc-a245-d7aa8c61a9b1 edb86702644d49a283e9c68ad81c4b73 57617924f42a482bbee86b045a9b86a8 - - 391fb717537f4965859905fe0d54555f 391fb717537f4965859905fe0d54555f] 10.0.0.254 "GET /resource_providers/552eab21-def3-4dbf-a107-37dfae341f7d/aggregates" status: 404 len: 235 microversion: 1.1
2026-04-25 12:11:37.690 7 INFO placement.requestlog [None req-8eba874d-bd42-4d3c-9f8b-effb58903378 edb86702644d49a283e9c68ad81c4b73 57617924f42a482bbee86b045a9b86a8 - - 391fb717537f4965859905fe0d54555f 391fb717537f4965859905fe0d54555f] 10.0.0.254 "GET /resource_providers/552eab21-def3-4dbf-a107-37dfae341f7d/aggregates" status: 404 len: 235 microversion: 1.1 [pid: 8|app: 0|req: 326/650] 10.0.0.254 () {32 vars in 816 bytes} [Sat Apr 25 12:11:37 2026] GET /resource_providers/552eab21-def3-4dbf-a107-37dfae341f7d/aggregates => generated 235 bytes in 11 msecs (HTTP/1.1 404) 5 headers in 202 bytes (1 switches on core 0) [pid: 7|app: 0|req: 325/651] 10.0.0.254 () {32 vars in 816 bytes} [Sat Apr 25 12:11:37 2026] GET /resource_providers/552eab21-def3-4dbf-a107-37dfae341f7d/aggregates => generated 235 bytes in 12 msecs (HTTP/1.1 404) 5 headers in 202 bytes (1 switches on core 0)
2026-04-25 12:11:37.707 8 INFO placement.requestlog [None req-c135ffe8-cec2-49d9-8466-43c7c6d00829 edb86702644d49a283e9c68ad81c4b73 57617924f42a482bbee86b045a9b86a8 - - 391fb717537f4965859905fe0d54555f 391fb717537f4965859905fe0d54555f] 10.0.0.254 "DELETE /resource_providers/552eab21-def3-4dbf-a107-37dfae341f7d" status: 404 len: 246 microversion: 1.1 [pid: 8|app: 0|req: 327/652] 10.0.0.254 () {34 vars in 816 bytes} [Sat Apr 25 12:11:37 2026] DELETE /resource_providers/552eab21-def3-4dbf-a107-37dfae341f7d => generated 246 bytes in 7 msecs (HTTP/1.1 404) 6 headers in 231 bytes (1 switches on core 0)
2026-04-25 12:11:37.708 7 INFO placement.requestlog [None req-497af1a7-919f-4b6f-a99d-4d47c8126398 edb86702644d49a283e9c68ad81c4b73 57617924f42a482bbee86b045a9b86a8 - - 391fb717537f4965859905fe0d54555f 391fb717537f4965859905fe0d54555f] 10.0.0.254 "DELETE /resource_providers/552eab21-def3-4dbf-a107-37dfae341f7d" status: 404 len: 246 microversion: 1.1 [pid: 7|app: 0|req: 326/653] 10.0.0.254 () {34 vars in 816 bytes} [Sat Apr 25 12:11:37 2026] DELETE /resource_providers/552eab21-def3-4dbf-a107-37dfae341f7d => generated 246 bytes in 6 msecs (HTTP/1.1 404) 6 headers in 231 bytes (1 switches on core 0)
2026-04-25 12:11:40.187 8 INFO placement.requestlog [None req-417435e8-bd7f-4c1b-8326-439189f55afd edb86702644d49a283e9c68ad81c4b73 57617924f42a482bbee86b045a9b86a8 - - 391fb717537f4965859905fe0d54555f 391fb717537f4965859905fe0d54555f] 10.0.0.254 "GET /resource_providers/65e85bf2-bb8d-409e-9765-0a82c279b711/aggregates" status: 404 len: 235 microversion: 1.1 [pid: 8|app: 0|req: 328/654] 10.0.0.254 () {32 vars in 816 bytes} [Sat Apr 25 12:11:40 2026] GET /resource_providers/65e85bf2-bb8d-409e-9765-0a82c279b711/aggregates => generated 235 bytes in 8 msecs (HTTP/1.1 404) 5 headers in 202 bytes (1 switches on core 0)
2026-04-25 12:11:40.196 7 INFO placement.requestlog [None req-f4adcde2-ed15-4120-a12d-4b0c42c4d00f edb86702644d49a283e9c68ad81c4b73 57617924f42a482bbee86b045a9b86a8 - - 391fb717537f4965859905fe0d54555f 391fb717537f4965859905fe0d54555f] 10.0.0.254 "GET /resource_providers/65e85bf2-bb8d-409e-9765-0a82c279b711/aggregates" status: 404 len: 235 microversion: 1.1 [pid: 7|app: 0|req: 327/655] 10.0.0.254 () {32 vars in 816 bytes} [Sat Apr 25 12:11:40 2026] GET /resource_providers/65e85bf2-bb8d-409e-9765-0a82c279b711/aggregates => generated 235 bytes in 14 msecs (HTTP/1.1 404) 5 headers in 202 bytes (1 switches on core 0)
2026-04-25 12:11:40.208 8 INFO placement.requestlog [None req-549ca349-4477-4320-b2dd-c45dbc690d6d edb86702644d49a283e9c68ad81c4b73 57617924f42a482bbee86b045a9b86a8 - - 391fb717537f4965859905fe0d54555f 391fb717537f4965859905fe0d54555f] 10.0.0.254 "DELETE /resource_providers/65e85bf2-bb8d-409e-9765-0a82c279b711" status: 404 len: 246 microversion: 1.1 [pid: 8|app: 0|req: 329/656] 10.0.0.254 () {34 vars in 816 bytes} [Sat Apr 25 12:11:40 2026] DELETE /resource_providers/65e85bf2-bb8d-409e-9765-0a82c279b711 => generated 246 bytes in 8 msecs (HTTP/1.1 404) 6 headers in 231 bytes (1 switches on core 0)
2026-04-25 12:11:40.220 7 INFO placement.requestlog [None req-1b1d195f-3745-47e9-9943-1d9130cd531a edb86702644d49a283e9c68ad81c4b73 57617924f42a482bbee86b045a9b86a8 - - 391fb717537f4965859905fe0d54555f 391fb717537f4965859905fe0d54555f] 10.0.0.254 "DELETE /resource_providers/65e85bf2-bb8d-409e-9765-0a82c279b711" status: 404 len: 246 microversion: 1.1 [pid: 7|app: 0|req: 328/657] 10.0.0.254 () {34 vars in 816 bytes} [Sat Apr 25 12:11:40 2026] DELETE /resource_providers/65e85bf2-bb8d-409e-9765-0a82c279b711 => generated 246 bytes in 15 msecs (HTTP/1.1 404) 6 headers in 231 bytes (1 switches on core 0)
2026-04-25 12:11:40.339 8 INFO placement.requestlog [None req-9cc60240-1428-442f-b8d1-e6ec3deb7bbf edb86702644d49a283e9c68ad81c4b73 57617924f42a482bbee86b045a9b86a8 - - 391fb717537f4965859905fe0d54555f 391fb717537f4965859905fe0d54555f] 10.0.0.254 "GET /resource_providers/e6008682-cbea-4084-9d75-059eecddba8f/aggregates" status: 404 len: 235 microversion: 1.1 [pid: 8|app: 0|req: 330/658] 10.0.0.254 () {32 vars in 816 bytes} [Sat Apr 25 12:11:40 2026] GET /resource_providers/e6008682-cbea-4084-9d75-059eecddba8f/aggregates => generated 235 bytes in 11 msecs (HTTP/1.1 404) 5 headers in 202 bytes (1 switches on core 0)
2026-04-25 12:11:40.343 7 INFO placement.requestlog [None req-73ac7df1-c04c-47f5-b1db-e5379156b849 edb86702644d49a283e9c68ad81c4b73 57617924f42a482bbee86b045a9b86a8 - - 391fb717537f4965859905fe0d54555f 391fb717537f4965859905fe0d54555f] 10.0.0.254 "GET /resource_providers/e6008682-cbea-4084-9d75-059eecddba8f/aggregates" status: 404 len: 235 microversion: 1.1 [pid: 7|app: 0|req: 329/659] 10.0.0.254 () {32 vars in 816 bytes} [Sat Apr 25 12:11:40 2026] GET /resource_providers/e6008682-cbea-4084-9d75-059eecddba8f/aggregates => generated 235 bytes in 15 msecs (HTTP/1.1 404) 5 headers in 202 bytes (1 switches on core 0)
2026-04-25 12:11:40.363 8 INFO placement.requestlog [None req-66b4ea9d-cf0f-4b7c-9b8f-8d6f4c2ea7e1 edb86702644d49a283e9c68ad81c4b73 57617924f42a482bbee86b045a9b86a8 - - 391fb717537f4965859905fe0d54555f 391fb717537f4965859905fe0d54555f] 10.0.0.254 "DELETE /resource_providers/e6008682-cbea-4084-9d75-059eecddba8f" status: 404 len: 246 microversion: 1.1 [pid: 8|app: 0|req: 331/660] 10.0.0.254 () {34 vars in 816 bytes} [Sat Apr 25 12:11:40 2026] DELETE /resource_providers/e6008682-cbea-4084-9d75-059eecddba8f => generated 246 bytes in 12 msecs (HTTP/1.1 404) 6 headers in 231 bytes (1 switches on core 0)
2026-04-25 12:11:40.364 7 INFO placement.requestlog [None req-942fe3c7-8911-4c21-9055-310c394b43b0 edb86702644d49a283e9c68ad81c4b73 57617924f42a482bbee86b045a9b86a8 - - 391fb717537f4965859905fe0d54555f 391fb717537f4965859905fe0d54555f] 10.0.0.254 "DELETE /resource_providers/e6008682-cbea-4084-9d75-059eecddba8f" status: 404 len: 246 microversion: 1.1 [pid: 7|app: 0|req: 330/661] 10.0.0.254 () {34 vars in 816 bytes} [Sat Apr 25 12:11:40 2026] DELETE /resource_providers/e6008682-cbea-4084-9d75-059eecddba8f => generated 246 bytes in 12 msecs (HTTP/1.1 404) 6 headers in 231 bytes (1 switches on core 0)
2026-04-25 12:11:41.943 8 INFO placement.requestlog [req-49865d6a-e61c-4ff6-acda-9e62025d31eb req-8fe5690f-7fdc-483a-9154-391b0d5999f2 beee2bc99fd54a179ddea1727494c540 57617924f42a482bbee86b045a9b86a8 - - 391fb717537f4965859905fe0d54555f 391fb717537f4965859905fe0d54555f] 199.204.45.33 "GET /resource_providers/ed07b440-fead-4c40-acdd-dbe8cd51edce/allocations" status: 200 len: 152 microversion: 1.0 [pid: 8|app: 0|req: 332/662] 199.204.45.33 () {32 vars in 856 bytes} [Sat Apr 25 12:11:41 2026] GET /resource_providers/ed07b440-fead-4c40-acdd-dbe8cd51edce/allocations => generated 152 bytes in 27 msecs (HTTP/1.1 200) 6 headers in 224 bytes (1 switches on core 0)
2026-04-25 12:11:41.968 7 INFO placement.requestlog [req-49865d6a-e61c-4ff6-acda-9e62025d31eb req-d732b045-6850-4de4-92d6-f5b969f8708a beee2bc99fd54a179ddea1727494c540 57617924f42a482bbee86b045a9b86a8 - - 391fb717537f4965859905fe0d54555f 391fb717537f4965859905fe0d54555f] 199.204.45.33 "GET /resource_providers/ed07b440-fead-4c40-acdd-dbe8cd51edce/allocations" status: 200 len: 152 microversion: 1.0 [pid: 7|app: 0|req: 331/663] 199.204.45.33 () {32 vars in 856 bytes} [Sat Apr 25 12:11:41 2026] GET /resource_providers/ed07b440-fead-4c40-acdd-dbe8cd51edce/allocations => generated 152 bytes in 17 msecs (HTTP/1.1 200) 6 headers in 224 bytes (1 switches on core 0)
2026-04-25 12:11:41.989 8 INFO placement.requestlog [req-49865d6a-e61c-4ff6-acda-9e62025d31eb req-eae2819a-6c5a-4555-9bdd-b6ad63884fba beee2bc99fd54a179ddea1727494c540 57617924f42a482bbee86b045a9b86a8 - - 391fb717537f4965859905fe0d54555f 391fb717537f4965859905fe0d54555f] 199.204.45.33 "GET /allocations/5d7e99d3-c542-4829-9588-e6d8372dc2ca" status: 200 len: 257 microversion: 1.28 [pid: 8|app: 0|req: 333/664] 199.204.45.33 () {34 vars in 862 bytes} [Sat Apr 25 12:11:41 2026] GET /allocations/5d7e99d3-c542-4829-9588-e6d8372dc2ca => generated 257 bytes in 13 msecs (HTTP/1.1 200) 8 headers in 296 bytes (1 switches on core 0)
2026-04-25 12:11:42.227 7 INFO placement.requestlog [None req-562bbcf6-d698-4731-abdc-1569cc9505f5 edb86702644d49a283e9c68ad81c4b73 57617924f42a482bbee86b045a9b86a8 - - 391fb717537f4965859905fe0d54555f 391fb717537f4965859905fe0d54555f] 10.0.0.254 "GET /resource_providers/284deaed-c659-4edb-a482-65bb82da6621/aggregates" status: 404 len: 235 microversion: 1.1 [pid: 7|app: 0|req: 332/665] 10.0.0.254 () {32 vars in 816 bytes} [Sat Apr 25 12:11:42 2026] GET /resource_providers/284deaed-c659-4edb-a482-65bb82da6621/aggregates => generated 235 bytes in 11 msecs (HTTP/1.1 404) 5 headers in 202 bytes (1 switches on core 0)
2026-04-25 12:11:42.241 8 INFO placement.requestlog [None req-d9da256c-e2d1-44f8-af1e-9efa52768aca edb86702644d49a283e9c68ad81c4b73 57617924f42a482bbee86b045a9b86a8 - - 391fb717537f4965859905fe0d54555f 391fb717537f4965859905fe0d54555f] 10.0.0.254 "GET /resource_providers/284deaed-c659-4edb-a482-65bb82da6621/aggregates" status: 404 len: 235 microversion: 1.1 [pid: 8|app: 0|req: 334/666] 10.0.0.254 () {32 vars in 816 bytes} [Sat Apr 25 12:11:42 2026] GET /resource_providers/284deaed-c659-4edb-a482-65bb82da6621/aggregates => generated 235 bytes in 8 msecs (HTTP/1.1 404) 5 headers in 202 bytes (1 switches on core 0)
2026-04-25 12:11:42.246 7 INFO placement.requestlog [None req-98098d34-14f1-4683-95b6-ca01b6b5aa17 edb86702644d49a283e9c68ad81c4b73 57617924f42a482bbee86b045a9b86a8 - - 391fb717537f4965859905fe0d54555f 391fb717537f4965859905fe0d54555f] 10.0.0.254 "DELETE /resource_providers/284deaed-c659-4edb-a482-65bb82da6621" status: 404 len: 246 microversion: 1.1 [pid: 7|app: 0|req: 333/667] 10.0.0.254 () {34 vars in 816 bytes} [Sat Apr 25 12:11:42 2026] DELETE /resource_providers/284deaed-c659-4edb-a482-65bb82da6621 => generated 246 bytes in 10 msecs (HTTP/1.1 404) 6 headers in 231 bytes (1 switches on core 0)
2026-04-25 12:11:42.260 8 INFO placement.requestlog [None req-a33f449a-37b2-4de5-9e53-5e369c46590d edb86702644d49a283e9c68ad81c4b73 57617924f42a482bbee86b045a9b86a8 - - 391fb717537f4965859905fe0d54555f 391fb717537f4965859905fe0d54555f] 10.0.0.254 "DELETE /resource_providers/284deaed-c659-4edb-a482-65bb82da6621" status: 404 len: 246 microversion: 1.1 [pid: 8|app: 0|req: 335/668] 10.0.0.254 () {34 vars in 816 bytes} [Sat Apr 25 12:11:42 2026] DELETE /resource_providers/284deaed-c659-4edb-a482-65bb82da6621 => generated 246 bytes in 11 msecs (HTTP/1.1 404) 6 headers in 231 bytes (1 switches on core 0)
2026-04-25 12:11:42.381 7 INFO placement.requestlog [None req-d4185c6b-3139-4cb4-8d95-666f152e2525 edb86702644d49a283e9c68ad81c4b73 57617924f42a482bbee86b045a9b86a8 - - 391fb717537f4965859905fe0d54555f 391fb717537f4965859905fe0d54555f] 10.0.0.254 "GET /resource_providers/88154ddc-a3be-45e5-80db-28c919df7477/aggregates" status: 404 len: 235 microversion: 1.1 [pid: 7|app: 0|req: 334/669] 10.0.0.254 () {32 vars in 816 bytes} [Sat Apr 25 12:11:42 2026] GET /resource_providers/88154ddc-a3be-45e5-80db-28c919df7477/aggregates => generated 235 bytes in 9 msecs (HTTP/1.1 404) 5 headers in 202 bytes (1 switches on core 0)
2026-04-25 12:11:42.384 8 INFO placement.requestlog [None req-a693f099-12ae-41ff-a80f-84b792f4e8d4 edb86702644d49a283e9c68ad81c4b73 57617924f42a482bbee86b045a9b86a8 - - 391fb717537f4965859905fe0d54555f 391fb717537f4965859905fe0d54555f] 10.0.0.254 "GET /resource_providers/88154ddc-a3be-45e5-80db-28c919df7477/aggregates" status: 404 len: 235 microversion: 1.1 [pid: 8|app: 0|req: 336/670] 10.0.0.254 () {32 vars in 816 bytes} [Sat Apr 25 12:11:42 2026] GET /resource_providers/88154ddc-a3be-45e5-80db-28c919df7477/aggregates => generated 235 bytes in 10 msecs (HTTP/1.1 404) 5 headers in 202 bytes (1 switches on core 0)
2026-04-25 12:11:42.397 7 INFO placement.requestlog [None req-58b3bf4b-1cf5-48ed-a624-7df802782a93 edb86702644d49a283e9c68ad81c4b73 57617924f42a482bbee86b045a9b86a8 - - 391fb717537f4965859905fe0d54555f 391fb717537f4965859905fe0d54555f] 10.0.0.254 "DELETE /resource_providers/88154ddc-a3be-45e5-80db-28c919df7477" status: 404 len: 246 microversion: 1.1 [pid: 7|app: 0|req: 335/671] 10.0.0.254 () {34 vars in 816 bytes} [Sat Apr 25 12:11:42 2026] DELETE /resource_providers/88154ddc-a3be-45e5-80db-28c919df7477 => generated 246 bytes in 6 msecs (HTTP/1.1 404) 6 headers in 231 bytes (1 switches on core 0)
2026-04-25 12:11:42.400 8 INFO placement.requestlog [None req-fd47ee1b-5cbc-40cc-b672-9bc4f70f6fd5 edb86702644d49a283e9c68ad81c4b73 57617924f42a482bbee86b045a9b86a8 - - 391fb717537f4965859905fe0d54555f 391fb717537f4965859905fe0d54555f] 10.0.0.254 "DELETE /resource_providers/88154ddc-a3be-45e5-80db-28c919df7477" status: 404 len: 246 microversion: 1.1 [pid: 8|app: 0|req: 337/672] 10.0.0.254 () {34 vars in 816 bytes} [Sat Apr 25 12:11:42 2026] DELETE /resource_providers/88154ddc-a3be-45e5-80db-28c919df7477 => generated 246 bytes in 8 msecs (HTTP/1.1 404) 6 headers in 231 bytes (1 switches on core 0)
2026-04-25 12:11:45.106 7 INFO placement.requestlog [None req-52cfc98f-5ac7-4bbe-8034-db7e33ad7d15 edb86702644d49a283e9c68ad81c4b73 57617924f42a482bbee86b045a9b86a8 - - 391fb717537f4965859905fe0d54555f 391fb717537f4965859905fe0d54555f] 10.0.0.254 "GET /resource_providers/c10242a0-ecf7-4e73-ace3-43c07209aab5/aggregates" status: 404 len: 235 microversion: 1.1 [pid: 7|app: 0|req: 336/673] 10.0.0.254 () {32 vars in 816 bytes} [Sat Apr 25 12:11:45 2026] GET /resource_providers/c10242a0-ecf7-4e73-ace3-43c07209aab5/aggregates => generated 235 bytes in 13 msecs (HTTP/1.1 404) 5 headers in 202 bytes (1 switches on core 0)
2026-04-25 12:11:45.107 8 INFO placement.requestlog [None req-8ecbb82d-dfde-40c7-a36f-017f33a539a7 edb86702644d49a283e9c68ad81c4b73 57617924f42a482bbee86b045a9b86a8 - - 391fb717537f4965859905fe0d54555f 391fb717537f4965859905fe0d54555f] 10.0.0.254 "GET /resource_providers/c10242a0-ecf7-4e73-ace3-43c07209aab5/aggregates" status: 404 len: 235 microversion: 1.1 [pid: 8|app: 0|req: 338/674] 10.0.0.254 () {32 vars in 816 bytes} [Sat Apr 25 12:11:45 2026] GET /resource_providers/c10242a0-ecf7-4e73-ace3-43c07209aab5/aggregates => generated 235 bytes in 14 msecs (HTTP/1.1 404) 5 headers in 202 bytes (1 switches on core 0)
2026-04-25 12:11:45.131 8 INFO placement.requestlog [None req-615e82e9-003b-4ccc-b98a-97495576661d edb86702644d49a283e9c68ad81c4b73 57617924f42a482bbee86b045a9b86a8 - - 391fb717537f4965859905fe0d54555f 391fb717537f4965859905fe0d54555f] 10.0.0.254 "DELETE /resource_providers/c10242a0-ecf7-4e73-ace3-43c07209aab5" status: 404 len: 246 microversion: 1.1
2026-04-25 12:11:45.131 7 INFO placement.requestlog [None req-64a7e946-65e7-4e39-b966-3426722958ea edb86702644d49a283e9c68ad81c4b73 57617924f42a482bbee86b045a9b86a8 - - 391fb717537f4965859905fe0d54555f 391fb717537f4965859905fe0d54555f] 10.0.0.254 "DELETE /resource_providers/c10242a0-ecf7-4e73-ace3-43c07209aab5" status: 404 len: 246 microversion: 1.1 [pid: 8|app: 0|req: 339/675] 10.0.0.254 () {34 vars in 816 bytes} [Sat Apr 25 12:11:45 2026] DELETE /resource_providers/c10242a0-ecf7-4e73-ace3-43c07209aab5 => generated 246 bytes in 8 msecs (HTTP/1.1 404) 6 headers in 231 bytes (1 switches on core 0) [pid: 7|app: 0|req: 337/676] 10.0.0.254 () {34 vars in 816 bytes} [Sat Apr 25 12:11:45 2026] DELETE /resource_providers/c10242a0-ecf7-4e73-ace3-43c07209aab5 => generated 246 bytes in 10 msecs (HTTP/1.1 404) 6 headers in 231 bytes (1 switches on core 0)
2026-04-25 12:11:45.913 8 INFO placement.requestlog [None req-3b380231-0e22-414f-b980-1995610963d5 - - - - - -] 10.0.0.30 "GET /" status: 200 len: 136 microversion: 1.0
2026-04-25 12:11:45.917 7 INFO placement.requestlog [None req-0a7ea307-30e7-4857-b92d-e60a3de75597 - - - - - -] 10.0.0.30 "GET /" status: 200 len: 136 microversion: 1.0
